{"text_format":"1","workbook":"xlsx","n_sheets":8,"sheets":["Running Totals","Donation Averages","Income Source Analytics","Donations by Class","Fund Drive Budget History","Tables","Sanitized Raw Data","Sheet11"],"not_rendered":{"charts":10,"images":0,"macros":1,"external_links":0,"defined_names":1,"comments":0,"pivot_tables":1},"unopened":[],"bounds":{"document_bytes":16777216,"sheet_cells":100000,"rows_first":2000,"rows_last":500,"rows_between":2000,"halvings":0,"cell_chars":16384,"cell_head_chars":4096},"cells_cut":0,"cells_raw":0,"read":"whole","date_system":"1900"}

{"sheet":"Running Totals","index":0,"n_rows":0,"n_cols":0,"rows_kept":0,"cut":false,"hidden":false,"merged":[]}

{"sheet":"Donation Averages","index":1,"n_rows":0,"n_cols":0,"rows_kept":0,"cut":false,"hidden":false,"merged":[]}

{"sheet":"Income Source Analytics","index":2,"n_rows":0,"n_cols":0,"rows_kept":0,"cut":false,"hidden":false,"merged":[]}

{"sheet":"Donations by Class","index":3,"n_rows":90,"n_cols":4,"rows_kept":90,"cut":false,"hidden":false,"merged":[]}
[]
[]
[]
[]
[]
[]
[]
[]
[]
[]
[]
[]
[]
[]
[]
[]
[]
[]
[]
[]
[]
[]
[]
[]
[]
[]
[]
[]
[]
[]
[]
[]
[]
[]
[]
[]
[]
[]
[]
[]
["Row Labels","Count of donate_id","Sum of donate_amount","Average of donate_amount2"]
[1948,1,100,100]
[1950,1,50,50]
[1951,4,350,87.5]
[1952,1,100,100]
[1955,4,214.51999999999998,53.629999999999995]
[1956,17,360,21.176470588235293]
[1957,8,837,104.625]
[1958,20,1283.58,64.179000000000002]
[1959,8,1750,218.75]
[1960,10,825,82.5]
[1962,2,150,75]
[1963,11,423.89,38.535454545454542]
[1964,96,10088.92,105.09291666666667]
[1965,9,500,55.555555555555557]
[1966,57,5138,90.140350877192986]
[1967,2,1050,525]
[1968,26,2890,111.15384615384616]
[1969,22,1503.69,68.349545454545463]
[1972,2,200,100]
[1973,1,100,100]
[1974,1,197.8,197.8]
[1975,12,725,60.416666666666664]
[1976,3,1125,375]
[1977,16,950.84999999999991,59.428124999999994]
[1978,33,1841,55.787878787878789]
[1979,43,2690.8099999999995,62.576976744186034]
[1980,10,369.6,36.96]
[1981,6,60,10]
[1982,1,200,200]
[1984,1,50,50]
[1985,9,341,37.888888888888886]
[1986,10,356,35.6]
[1987,8,210,26.25]
[1989,8,1133.5700000000002,141.69625000000002]
[1992,1,100,100]
[1996,2,140,70]
[2004,1,50,50]
[2007,6,60,10]
[2008,1,40,40]
[2009,6,120.54,20.09]
[2011,1,25,25]
[2012,3,175,58.333333333333336]
[2013,1,75,75]
[2015,3,175,58.333333333333336]
[2016,3,125,41.666666666666664]
[2018,1,500,500]
[2021,1,500,500]
["(blank)",3,191,63.666666666666664]
["Grand Total",496,40441.770000000004,81.535826612903236]

{"sheet":"Fund Drive Budget History","index":4,"n_rows":50,"n_cols":3,"rows_kept":50,"cut":false,"hidden":false,"merged":[]}
[8,"Fall 2000",68617]
[9,"Spring 2001",102827]
[10,"Fall 2001",95623]
[11,"Spring 2002",111701]
[12,"Fall 2002",106844]
[13,"Spring 2003",102871]
[14,"Fall 2003",98477]
[15,"Spring 2004",108900]
[16,"Fall 2004",113124]
[17,"Spring 2005",118619]
[18,"Fall 2005",111051]
[19,"Spring 2006",113413]
[20,"Fall 2006",95079]
[21,"Spring 2007",103994]
[22,"Fall 2007",116556]
[23,"Spring 2008",107504]
[24,"Fall 2008",108019]
[25,"Spring 2009",113444]
[26,"Fall 2009",109229]
[27,"Spring 2010",98094]
[28,"Fall 2010",96500]
[29,"Spring 2011",104010]
[30,"Fall 2011",98593]
[31,"Spring 2012",104884]
[32,"Fall 2012",117343]
[33,"Spring 2013",104622]
[34,"Fall 2013",97167]
[35,"Spring 2014",99462]
[36,"Fall 2014",98667]
[37,"Spring 2015",101357]
[38,"Fall 2015",99590]
[39,"Spring 2016",89448]
[40,"Fall 2016",95352]
[41,"Spring 2017",96226]
[42,"Fall 2017",92344]
[43,"Spring 2018",96226]
[44,"Fall 2018",74104]
[45,"Spring 2019",74493]
[46,"Fall 2019",75511.820000000007]
[47,"Spring 2020",65854]
[48,"Fall 2020",45171.65]
[49,"Spring 2021",59014]
[50,"Fall 2021",52095]
[51,"Spring 2022",54096]
[52,"Fall 2022",51670]
[53,"Spring 2023",50252]
[54,"Fall 2023",48752]
[55,"Spring 2024",39822]
[56,"Fall 2024",40465]
[57,"Spring 2025",40092]

{"sheet":"Tables","index":5,"n_rows":47,"n_cols":204,"rows_kept":47,"cut":false,"hidden":false,"merged":[[0,164,0,203],[0,0,0,39],[0,41,0,80],[0,82,0,121],[0,123,0,162]]}
["FD57",null,null,null,null,null,null,null,null,null,null,null,null,null,null,null,null,null,null,null,null,null,null,null,null,null,null,null,null,null,null,null,null,null,null,null,null,null,null,null,null,"FD 56",null,null,null,null,null,null,null,null,null,null,null,null,null,null,null,null,null,null,null,null,null,null,null,null,null,null,null,null,null,null,null,null,null,null,null,null,null,null,null,null,"FD 55",null,null,null,null,null,null,null,null,null,null,null,null,null,null,null,null,null,null,null,null,null,null,null,null,null,null,null,null,null,null,null,null,null,null,null,null,null,null,null,null,"FD 54",null,null,null,null,null,null,null,null,null,null,null,null,null,null,null,null,null,null,null,null,null,null,null,null,null,null,null,null,null,null,null,null,null,null,null,null,null,null,null,null,"FD 53"]
["Day","Date","Goal","Matching Grant #","Matching Grant Amt","Cash #","Cash Amt","Credit Card #","Credit Card Amt","PayPal #","PayPal Amt","Check #","Check Amt","Operating Budget","Donations by Day","Total Donations","Avg Overall Donation Amt","Avg Donation/Day","Average Donated Daily","Daily % of Goal","Daily % Matching $","Daily % Matching #","Overall %Matching $","Overall % Matching #","Daily % Cash $","Daily % Cash #","Overall % Cash $","Overall % Cash #","Daily % CC $","Daily % CC #","Overall % CC $","Overall % CC #","Daily % PP $","Daily % PP #","Overall % PP $","Overall % PP #","Daily % Chk $","Daily % Chk #","Overall % Chk $","Overall % Chk #",null,"Day","Date","Goal","Matching Grant #","Matching Grant Amt","Cash #","Cash Amt","Credit Card #","Credit Card Amt","PayPal #","PayPal Amt","Check #","Check Amt","Operating Budget","Donations by Day","Total Donations","Avg Overall Donation Amt","Avg Donation/Day","Average Donated  Daily","Daily % of Goal","Daily % Matching $","Daily % Matching #","Overall %Matching $","Overall % Matching #","Daily % Cash $","Daily % Cash #","Overall % Cash $","Overall % Cash #","Daily % CC $","Daily % CC #","Overall % CC $","Overall % CC #","Daily % PP $","Daily % PP #","Overall % PP $","Overall % PP #","Daily % Chk $","Daily % Chk #","Overall % Chk $","Overall % Chk #",null,"Day","Date","Goal","Matching Grant #","Matching Grant Amt","Cash #","Cash Amt","Credit Card #","Credit Card Amt","PayPal #","PayPal Amt","Check #","Check Amt","Operating Budget","Donations by Day","Total Donations","Avg Overall Donation Amt","Avg Donation/Day","Average Donated Daily","Daily % of Goal","Daily % Matching $","Daily % Matching #","Overall %Matching $","Overall % Matching #","Daily % Cash $","Daily % Cash #","Overall % Cash $","Overall % Cash #","Daily % CC $","Daily % CC #","Overall % CC $","Overall % CC #","Daily % PP $","Daily % PP #","Overall % PP $","Overall % PP #","Daily % Chk $","Daily % Chk #","Overall % Chk $","Overall % Chk #",null,"Day","Date","Goal","Matching Grant #","Matching Grant Amt","Cash #","Cash Amt","Credit Card #","Credit Card Amt","PayPal #","PayPal Amt","Check #","Check Amt","Operating Budget","Donations by Day","Total Donations","Avg Overall Donation Amt","Avg Donation/Day","Average Donated Daily","Daily % of Goal","Daily % Matching $","Daily % Matching #","Overall %Matching $","Overall % Matching #","Daily % Cash $","Daily % Cash #","Overall % Cash $","Overall % Cash #","Daily % CC $","Daily % CC #","Overall % CC $","Overall % CC #","Daily % PP $","Daily % PP #","Overall % PP $","Overall % PP #","Daily % Chk $","Daily % Chk #","Overall % Chk $","Overall % Chk #",null,"Day","Date","Goal","Matching Grant #","Matching Grant Amt","Cash #","Cash Amt","Credit Card #","Credit Card Amt","PayPal #","PayPal Amt","Check #","Check Amt","Operating Budget","Donations by Day","Total Donations","Avg Overall Donation Amt","Avg Donation/Day","Average Donated Daily","Daily % of Goal","Daily % Matching $","Daily % Matching #","Overall %Matching $","Overall % Matching #","Daily % Cash $","Daily % Cash #","Overall % Cash $","Overall % Cash #","Daily % CC $","Daily % CC #","Overall % CC $","Overall % CC #","Daily % PP $","Daily % PP #","Overall % PP $","Overall % PP #","Daily % Chk $","Daily % Chk #","Overall % Chk $","Overall % Chk #"]
["Pre-Fund Drive",null,40092,{"$f":"COUNTIFS('Sanitized Raw Data'!$H:$H,\"<\"&B4,'Sanitized Raw Data'!$D:$D,\"Matching Grant\")","v":0},{"$f":"SUMIFS('Sanitized Raw Data'!$C:$C,'Sanitized Raw Data'!$H:$H,\"<\"&B4,'Sanitized Raw Data'!$D:$D,\"Matching Grant\")","v":0},{"$f":"COUNTIFS('Sanitized Raw Data'!$H:$H,\"<\"&B4,'Sanitized Raw Data'!$D:$D,\"Cash\")","v":0},{"$f":"SUMIFS('Sanitized Raw Data'!$C:$C,'Sanitized Raw Data'!$H:$H,\"<\"&B4,'Sanitized Raw Data'!$D:$D,\"Cash\")","v":0},{"$f":"COUNTIFS('Sanitized Raw Data'!$H:$H,\"<\"&B4,'Sanitized Raw Data'!$D:$D,\"CC\")","v":0},{"$f":"SUMIFS('Sanitized Raw Data'!$C:$C,'Sanitized Raw Data'!$H:$H,\"<\"&B4,'Sanitized Raw Data'!$D:$D,\"CC\")","v":0},{"$f":"COUNTIFS('Sanitized Raw Data'!$H:$H,\"<\"&B4,'Sanitized Raw Data'!$D:$D,\"PayPal\")","v":64},{"$f":"SUMIFS('Sanitized Raw Data'!$C:$C,'Sanitized Raw Data'!$H:$H,\"<\"&B4,'Sanitized Raw Data'!$D:$D,\"PayPal\")","v":3196.5400000000009},{"$f":"COUNTIFS('Sanitized Raw Data'!$H:$H,\"<\"&B4,'Sanitized Raw Data'!$D:$D,\"Personal Check\")+COUNTIFS('Sanitized Raw Data'!$H:$H,\"<\"&B4,'Sanitized Raw Data'!$D:$D,\"ACH Grant Deposit\")","v":33},{"$f":"SUMIFS('Sanitized Raw Data'!$C:$C,'Sanitized Raw Data'!$H:$H,\"<\"&B4,'Sanitized Raw Data'!$D:$D,\"Personal Check\")+SUMIFS('Sanitized Raw Data'!$C:$C,'Sanitized Raw Data'!$H:$H,\"<\"&B4,'Sanitized Raw Data'!$D:$D,\"ACH Grant Deposit\")","v":5016.1000000000004},{"$f":"SUM(G3,M3,K3,I3,E3)","v":8212.6400000000012},{"$f":"SUM(F3,H3,J3,L3)","v":97},{"$f":"SUM(F3,L3,J3,H3,D3)","v":97},{"$f":"N3/P3","v":84.666391752577326},{"$f":"(SUM(G3,M3,K3,I3,E3))/(SUM(F3,H3,J3,L3,D3))","v":84.666391752577326},null,{"$f":"(N3/C$3)","v":0.20484485682929265},{"$f":"E3/N3","v":0},{"$f":"D3/O3","v":0},{"$f":"E3/N3","v":0},{"$f":"D3/O3","v":0},{"$f":"G3/N3","v":0},{"$f":"F3/O3","v":0},{"$f":"B3/J3","v":0},{"$f":"F3/O3","v":0},{"$f":"I3/N3","v":0},{"$f":"H3/O3","v":0},{"$f":"H3/N3","v":0},{"$f":"H3/P3","v":0},{"$f":"K3/N3","v":0.38922197977751372},{"$f":"J3/O3","v":0.65979381443298968},{"$f":"K3/N3","v":0.38922197977751372},{"$f":"J3/P3","v":0.65979381443298968},{"$f":"M3/N3","v":0.61077802022248628},{"$f":"L3/O3","v":0.34020618556701032},{"$f":"M3/N3","v":0.61077802022248628},{"$f":"L3/P3","v":0.34020618556701032},null,"Pre-Fund Drive",null,40465,0,0,0,0,0,0,59,802.54,41,3337.58,4140.12,100,100,41.401199999999996,41.401199999999996,null,0.10231360434943779,0,0,0,0,0,0,0,0,0,0,0,0,0.1938446228611731,0.59,0.1938446228611731,0.59,0.8061553771388269,0.41,0.8061553771388269,0.41,null,"Pre-Fund Drive",null,39822,0,0,0,0,0,0,78,1229.5400000000002,41,5576.58,6806.12,119,119,57.194285714285712,57.194285714285712,null,0.17091356536587815,0,0,0,0,0,0,0,0,0,0,0,0,0.18065211897527522,0.65546218487394958,0.18065211897527522,0.65546218487394958,0.81934788102472478,0.34453781512605042,0.81934788102472478,0.34453781512605042,null,"Pre-Fund Drive",null,48752,1,50,0,0,1,19.63,96,2408.13,36,3986.0099999999998,6463.7699999999995,133,134,48.2370895522388,48.2370895522388,null,0.13258471447325237,7.7354237542486817E-3,7.5187969924812026E-3,7.7354237542486817E-3,7.5187969924812026E-3,0,0,0,0,3.0369273659180324E-3,7.5187969924812026E-3,1.5470847508497365E-4,7.462686567164179E-3,0.37255812010637757,0.72180451127819545,0.37255812010637757,0.71641791044776115,0.61666952877345571,0.27067669172932329,0.61666952877345571,0.26865671641791045,null,"Pre-Fund Drive",null,50252,3,250,0,0,0,0,67,1235.3300000000002,33,2932.45,4417.78,100,103,42.891067961165049,42.891067961165049,null,8.791252089469076E-2,5.6589508757792381E-2,0.03,5.6589508757792381E-2,0.03,0,0,0,0,0,0,0,0,0.27962687141505466,0.67,0.27962687141505466,0.65048543689320393,0.66378361982715295,0.33,0.66378361982715295,0.32038834951456313]
["Day 1","2025-04-07",40092,{"$f":"COUNTIFS('Sanitized Raw Data'!$H:$H,\">=\"&$B4,'Sanitized Raw Data'!$H:$H,\"<\"&$B5,'Sanitized Raw Data'!$D:$D,\"Matching Grant\")","v":0},{"$f":"SUMIFS('Sanitized Raw Data'!$C:$C,'Sanitized Raw Data'!$H:$H,\">=\"&$B4,'Sanitized Raw Data'!$H:$H,\"<\"&$B5,'Sanitized Raw Data'!$D:$D,\"Matching Grant\")","v":0},{"$f":"COUNTIFS('Sanitized Raw Data'!$H:$H,\">=\"&$B4,'Sanitized Raw Data'!$H:$H,\"<\"&$B5,'Sanitized Raw Data'!$D:$D,\"Cash\")","v":0},{"$f":"SUMIFS('Sanitized Raw Data'!$C:$C,'Sanitized Raw Data'!$H:$H,\">=\"&$B4,'Sanitized Raw Data'!$H:$H,\"<\"&$B5,'Sanitized Raw Data'!$D:$D,\"Cash\")","v":0},{"$f":"COUNTIFS('Sanitized Raw Data'!$H:$H,\">=\"&$B4,'Sanitized Raw Data'!$H:$H,\"<\"&$B5,'Sanitized Raw Data'!$D:$D,\"CC\")","v":9},{"$f":"SUMIFS('Sanitized Raw Data'!$C:$C,'Sanitized Raw Data'!$H:$H,\">=\"&$B4,'Sanitized Raw Data'!$H:$H,\"<\"&$B5,'Sanitized Raw Data'!$D:$D,\"CC\")","v":1205},{"$f":"COUNTIFS('Sanitized Raw Data'!$H:$H,\">=\"&$B4,'Sanitized Raw Data'!$H:$H,\"<\"&$B5,'Sanitized Raw Data'!$D:$D,\"PayPal\")","v":3},{"$f":"SUMIFS('Sanitized Raw Data'!$C:$C,'Sanitized Raw Data'!$H:$H,\">=\"&$B4,'Sanitized Raw Data'!$H:$H,\"<\"&$B5,'Sanitized Raw Data'!$D:$D,\"PayPal\")","v":159.88999999999999},{"$f":"COUNTIFS('Sanitized Raw Data'!$H:$H,\">=\"&$B4,'Sanitized Raw Data'!$H:$H,\"<\"&$B5,'Sanitized Raw Data'!$D:$D,\"Personal Check\")+COUNTIFS('Sanitized Raw Data'!$H:$H,\">=\"&$B4,'Sanitized Raw Data'!$H:$H,\"<\"&$B5,'Sanitized Raw Data'!$D:$D,\"ACH Grant Deposit\")","v":0},{"$f":"SUMIFS('Sanitized Raw Data'!$C:$C,'Sanitized Raw Data'!$H:$H,\">=\"&$B4,'Sanitized Raw Data'!$H:$H,\"<\"&$B5,'Sanitized Raw Data'!$D:$D,\"Personal Check\")+SUMIFS('Sanitized Raw Data'!$C:$C,'Sanitized Raw Data'!$H:$H,\">=\"&$B4,'Sanitized Raw Data'!$H:$H,\"<\"&$B5,'Sanitized Raw Data'!$D:$D,\"ACH Grant Deposit\")","v":0},{"$f":"SUM(G4,M4,K4,I4,N3,E4)","v":9577.5300000000007},{"$f":"SUM(F4,H4,J4,L4,D4)","v":12},{"$f":"SUM(F4,L4,J4,H4,P3,D4)","v":109},{"$f":"N4/P4","v":87.86724770642202},113.74083333333333,{"$f":"N4/Sheet11!$A1","v":9577.5300000000007},{"$f":"(N4-N3)/C$3","v":3.4043948917489762E-2},{"$f":"E4/(N4-N3)","v":0},0,{"$f":"SUM(E$3:E4)/N4","v":0},{"$f":"SUM(D$3:D4)/O4","v":0},{"$f":"G4/(N4-N3)","v":0},0,{"$f":"SUM(G$3:G4)/N4","v":0},{"$f":"SUM(F$3:F4)/O4","v":0},{"$f":"I4/(N4-N3)","v":0.88285502861036458},{"$f":"H4/O4","v":0.75},{"$f":"SUM(I$3:I4)/N4","v":0.1258153198162783},{"$f":"SUM(H$3:H4)/P4","v":8.2568807339449546E-2},{"$f":"K4/(N4-N3)","v":0.11714497138963584},{"$f":"J4/O4","v":0.25},{"$f":"SUM(K$3:K4)/N4","v":0.35044839327049881},{"$f":"SUM(J$3:J4)/P4","v":0.61467889908256879},{"$f":"M4/(N4-N3)","v":0},{"$f":"L4/O4","v":0},{"$f":"SUM(M$3:M4)/N4","v":0.52373628691322294},{"$f":"SUM(L$3:L4)/P4","v":0.30275229357798167},null,"Day 1","2024-10-07",40465,0,0,0,0,23,1909.17,5,309.79000000000002,0,0,6359.08,28,128,49.680312499999999,79.248571428571424,6359.08,5.4836525392314345E-2,0,0,0,0,0,0,0,0,0.86038955186213362,0.8214285714285714,0.30022739138365928,0.1796875,0.13961044813786638,0.17857142857142858,0.17491995697490831,0.5,0,0,0.52485265164143236,0.3203125,null,"Day 1","2024-04-16",39822,0,0,0,0,174,13785.690000000002,22,1416,8,864.63,22872.440000000002,204,323,70.812507739938084,78.756470588235317,22872.440000000002,0.40345336748530969,0,0,0,0,0,0,0,0,0.85804901184589877,0.8529411764705882,0.60272056676069541,0.53869969040247678,8.8134681744170398E-2,0.10784313725490197,0.11566496622135634,0.30959752321981426,5.3816306409930827E-2,3.9215686274509803E-2,0.28161446701794823,0.15170278637770898,null,"Day 1","2023-10-02",48752,0,0,0,0,40,3194.78,10,559.46999999999991,3,639.79,10857.81,53,187,58.063155080213903,82.906415094339621,10857.81,9.0130456186412869E-2,0,0,4.6049801939801859E-3,1.8867924528301886E-2,0,0,0,0,0.72707121464529234,0.75471698113207553,0.29604588770663703,0.21925133689839571,0.12732473987492146,0.18867924528301888,0.27331478447311197,0.5668449197860963,0.14560404547978625,5.6603773584905662E-2,0.42603434762627079,0.20855614973262032,null,"Day 1","2023-04-11",50252,0,0,0,0,17,1673.52,4,234,1,50,6375.2999999999993,22,125,51.002399999999994,88.978181818181824,6375.2999999999993,3.8954071479742093E-2,0,0,3.9213840917290174E-2,0.13636363636363635,0,0,0,0,0.8549184682659694,0.77272727272727271,0.26250058820761379,0.13600000000000001,0.11953900854141979,0.18181818181818182,0.23047229150000789,0.56799999999999995,2.5542523192611064E-2,4.5454545454545456E-2,0.46781327937508826,0.27200000000000002]
["Day 2","2025-04-08",40092,{"$f":"COUNTIFS('Sanitized Raw Data'!$H:$H,\">=\"&$B5,'Sanitized Raw Data'!$H:$H,\"<\"&$B6,'Sanitized Raw Data'!$D:$D,\"Matching Grant\")","v":0},{"$f":"SUMIFS('Sanitized Raw Data'!$C:$C,'Sanitized Raw Data'!$H:$H,\">=\"&$B5,'Sanitized Raw Data'!$H:$H,\"<\"&$B6,'Sanitized Raw Data'!$D:$D,\"Matching Grant\")","v":0},{"$f":"COUNTIFS('Sanitized Raw Data'!$H:$H,\">=\"&$B5,'Sanitized Raw Data'!$H:$H,\"<\"&$B6,'Sanitized Raw Data'!$D:$D,\"Cash\")","v":0},{"$f":"SUMIFS('Sanitized Raw Data'!$C:$C,'Sanitized Raw Data'!$H:$H,\">=\"&$B5,'Sanitized Raw Data'!$H:$H,\"<\"&$B6,'Sanitized Raw Data'!$D:$D,\"Cash\")","v":0},{"$f":"COUNTIFS('Sanitized Raw Data'!$H:$H,\">=\"&$B5,'Sanitized Raw Data'!$H:$H,\"<\"&$B6,'Sanitized Raw Data'!$D:$D,\"CC\")","v":143},{"$f":"SUMIFS('Sanitized Raw Data'!$C:$C,'Sanitized Raw Data'!$H:$H,\">=\"&$B5,'Sanitized Raw Data'!$H:$H,\"<\"&$B6,'Sanitized Raw Data'!$D:$D,\"CC\")","v":10875.62},{"$f":"COUNTIFS('Sanitized Raw Data'!$H:$H,\">=\"&$B5,'Sanitized Raw Data'!$H:$H,\"<\"&$B6,'Sanitized Raw Data'!$D:$D,\"PayPal\")","v":25},{"$f":"SUMIFS('Sanitized Raw Data'!$C:$C,'Sanitized Raw Data'!$H:$H,\">=\"&$B5,'Sanitized Raw Data'!$H:$H,\"<\"&$B6,'Sanitized Raw Data'!$D:$D,\"PayPal\")","v":1309.1399999999999},{"$f":"COUNTIFS('Sanitized Raw Data'!$H:$H,\">=\"&$B5,'Sanitized Raw Data'!$H:$H,\"<\"&$B6,'Sanitized Raw Data'!$D:$D,\"Personal Check\")+COUNTIFS('Sanitized Raw Data'!$H:$H,\">=\"&$B5,'Sanitized Raw Data'!$H:$H,\"<\"&$B6,'Sanitized Raw Data'!$D:$D,\"ACH Grant Deposit\")","v":5},{"$f":"SUMIFS('Sanitized Raw Data'!$C:$C,'Sanitized Raw Data'!$H:$H,\">=\"&$B5,'Sanitized Raw Data'!$H:$H,\"<\"&$B6,'Sanitized Raw Data'!$D:$D,\"Personal Check\")+SUMIFS('Sanitized Raw Data'!$C:$C,'Sanitized Raw Data'!$H:$H,\">=\"&$B5,'Sanitized Raw Data'!$H:$H,\"<\"&$B6,'Sanitized Raw Data'!$D:$D,\"ACH Grant Deposit\")","v":810},{"$f":"SUM(G5,M5,K5,I5,N4,E5)","v":22572.29},{"$f":"SUM(F5,H5,J5,L5,D5)","v":173},{"$f":"SUM(F5,L5,J5,H5,P4,D5)","v":282},{"$f":"N5/P5","v":80.043581560283684},{"$f":"(SUM(G5,M5,K5,I5,E5))/(SUM(F5,H5,J5,L5,D5))","v":75.114219653179191},{"$f":"N5/Sheet11!$A2","v":11286.145},{"$f":"(N5-N4)/C$3","v":0.32412351591339916},{"$f":"E5/(N5-N4)","v":0},{"$f":"D5/O5","v":0},{"$f":"SUM(E$3:E5)/N5","v":0},{"$f":"SUM(D$3:D5)/O5","v":0},{"$f":"G5/(N5-N4)","v":0},{"$f":"F5/O5","v":0},{"$f":"SUM(G$3:G5)/N5","v":0},{"$f":"SUM(F$3:F5)/O5","v":0},{"$f":"I5/(N5-N4)","v":0.83692349839473756},{"$f":"H5/O5","v":0.82658959537572252},{"$f":"SUM(I$3:I5)/N5","v":0.53519691621895693},{"$f":"SUM(H$3:H5)/P5","v":0.53900709219858156},{"$f":"K5/(N5-N4)","v":0.10074368437739518},{"$f":"J5/O5","v":0.14450867052023122},{"$f":"SUM(K$3:K5)/N5","v":0.20669457994736026},{"$f":"SUM(J$3:J5)/P5","v":0.32624113475177308},{"$f":"M5/(N5-N4)","v":6.2332817227867231E-2},{"$f":"L5/O5","v":2.8901734104046242E-2},{"$f":"SUM(M$3:M5)/N5","v":0.25810850383368283},{"$f":"SUM(L$3:L5)/P5","v":0.13475177304964539},null,"Day 2","2024-10-08",40465,0,0,0,0,143,10161.380000000001,14,768.46999999999991,14,1461.4299999999998,18750.36,171,299,62.710234113712374,72.463625730994153,9375.18,0.30622216730507845,0,0,0,0,0,0,0,0,0.82004280429463305,0.83625730994152048,0.64375030666077881,0.55518394648829428,6.2016999050945494E-2,8.1871345029239762E-2,0.10030740743111063,0.2608695652173913,0.11794019665442147,8.1871345029239762E-2,0.25594228590811058,0.18394648829431437,null,"Day 2","2024-04-17",39822,0,0,0,0,66,4377.3100000000004,5,234,3,250,27733.750000000004,74,397,69.858312342569278,65.693378378378384,13866.875000000002,0.12207598814725532,0,0,0,0,0,0,0,0,0.9004383592077031,0.89189189189189189,0.65490602605129133,0.60453400503778343,4.8135173440903775E-2,6.7567567567567571E-2,0.10382800739171585,0.26448362720403024,5.1426467351392925E-2,4.0540540540540543E-2,0.24126596655699281,0.13098236775818639,null,"Day 2","2023-10-03",48752,0,0,0,0,69,5796.7,20,1155,4,296,18105.509999999998,93,280,64.66253571428571,77.932258064516134,9052.7549999999992,0.14866467016737772,0,0,2.7615902562258673E-3,1.0752688172043012E-2,0,0,0,0,0.7997985567835314,0.74193548387096775,0.49769987147558953,0.39285714285714285,0.15936090069953229,0.21505376344086022,0.22769863980633523,0.45,4.0840542516936411E-2,4.3010752688172046E-2,0.27183989846184942,0.15357142857142858,null,"Day 2","2023-04-12",50252,0,0,0,0,153,11667.580000000002,38,1535.9999999999998,13,990,20568.88,204,329,62.519392097264443,69.576372549019609,10284.44,0.28244806176868587,0,0,1.2154283558463076E-2,1.4705882352941176E-2,0,0,0,0,0.82203221456461306,0.75,0.6486060495272471,0.51671732522796354,0.10821794078731367,0.18627450980392157,0.14611053202702334,0.33130699088145898,6.9749844648073281E-2,6.3725490196078427E-2,0.19312913488726657,0.14285714285714285]
["Day 3","2025-04-09",40092,{"$f":"COUNTIFS('Sanitized Raw Data'!$H:$H,\">=\"&$B6,'Sanitized Raw Data'!$H:$H,\"<\"&$B7,'Sanitized Raw Data'!$D:$D,\"Matching Grant\")","v":0},{"$f":"SUMIFS('Sanitized Raw Data'!$C:$C,'Sanitized Raw Data'!$H:$H,\">=\"&$B6,'Sanitized Raw Data'!$H:$H,\"<\"&$B7,'Sanitized Raw Data'!$D:$D,\"Matching Grant\")","v":0},{"$f":"COUNTIFS('Sanitized Raw Data'!$H:$H,\">=\"&$B6,'Sanitized Raw Data'!$H:$H,\"<\"&$B7,'Sanitized Raw Data'!$D:$D,\"Cash\")","v":0},{"$f":"SUMIFS('Sanitized Raw Data'!$C:$C,'Sanitized Raw Data'!$H:$H,\">=\"&$B6,'Sanitized Raw Data'!$H:$H,\"<\"&$B7,'Sanitized Raw Data'!$D:$D,\"Cash\")","v":0},{"$f":"COUNTIFS('Sanitized Raw Data'!$H:$H,\">=\"&$B6,'Sanitized Raw Data'!$H:$H,\"<\"&$B7,'Sanitized Raw Data'!$D:$D,\"CC\")","v":28},{"$f":"SUMIFS('Sanitized Raw Data'!$C:$C,'Sanitized Raw Data'!$H:$H,\">=\"&$B6,'Sanitized Raw Data'!$H:$H,\"<\"&$B7,'Sanitized Raw Data'!$D:$D,\"CC\")","v":1832.57},{"$f":"COUNTIFS('Sanitized Raw Data'!$H:$H,\">=\"&$B6,'Sanitized Raw Data'!$H:$H,\"<\"&$B7,'Sanitized Raw Data'!$D:$D,\"PayPal\")","v":6},{"$f":"SUMIFS('Sanitized Raw Data'!$C:$C,'Sanitized Raw Data'!$H:$H,\">=\"&$B6,'Sanitized Raw Data'!$H:$H,\"<\"&$B7,'Sanitized Raw Data'!$D:$D,\"PayPal\")","v":142.47},{"$f":"COUNTIFS('Sanitized Raw Data'!$H:$H,\">=\"&$B6,'Sanitized Raw Data'!$H:$H,\"<\"&$B7,'Sanitized Raw Data'!$D:$D,\"Personal Check\")+COUNTIFS('Sanitized Raw Data'!$H:$H,\">=\"&$B6,'Sanitized Raw Data'!$H:$H,\"<\"&$B7,'Sanitized Raw Data'!$D:$D,\"ACH Grant Deposit\")","v":1},{"$f":"SUMIFS('Sanitized Raw Data'!$C:$C,'Sanitized Raw Data'!$H:$H,\">=\"&$B6,'Sanitized Raw Data'!$H:$H,\"<\"&$B7,'Sanitized Raw Data'!$D:$D,\"Personal Check\")+SUMIFS('Sanitized Raw Data'!$C:$C,'Sanitized Raw Data'!$H:$H,\">=\"&$B6,'Sanitized Raw Data'!$H:$H,\"<\"&$B7,'Sanitized Raw Data'!$D:$D,\"ACH Grant Deposit\")","v":50},{"$f":"SUM(G6,M6,K6,I6,N5,E6)","v":24597.33},{"$f":"SUM(F6,H6,J6,L6,D6)","v":35},{"$f":"SUM(F6,L6,J6,H6,P5,D6)","v":317},{"$f":"N6/P6","v":77.594100946372251},{"$f":"(SUM(G6,M6,K6,I6,E6))/(SUM(F6,H6,J6,L6,D6))","v":57.858285714285714},{"$f":"N6/Sheet11!$A3","v":8199.11},{"$f":"(N6-N5)/C$3","v":5.050982739698695E-2},{"$f":"E6/(N6-N5)","v":0},{"$f":"D6/O6","v":0},{"$f":"SUM(E$3:E6)/N6","v":0},{"$f":"SUM(D$3:D6)/O6","v":0},{"$f":"G6/(N6-N5)","v":0},{"$f":"F6/O6","v":0},{"$f":"SUM(G$3:G6)/N6","v":0},{"$f":"SUM(F$3:F6)/O6","v":0},{"$f":"I6/(N6-N5)","v":0.90495496385256546},{"$f":"H6/O6","v":0.8},{"$f":"SUM(I$3:I6)/N6","v":0.56563822170942946},{"$f":"SUM(H$3:H6)/P6","v":0.56782334384858046},{"$f":"K6/(N6-N5)","v":7.0354165843637628E-2},{"$f":"J6/O6","v":0.17142857142857143},{"$f":"SUM(K$3:K6)/N6","v":0.19546999613372673},{"$f":"SUM(J$3:J6)/P6","v":0.30914826498422715},{"$f":"M6/(N6-N5)","v":2.4690870303796457E-2},{"$f":"L6/O6","v":2.8571428571428571E-2},{"$f":"SUM(M$3:M6)/N6","v":0.23889178215684384},{"$f":"SUM(L$3:L6)/P6","v":0.12302839116719243},null,"Day 3","2024-10-09",40465,0,0,0,0,20,1175.31,4,205,5,251,20381.670000000002,29,328,62.139237804878057,56.252068965517239,6793.89,4.0314098603731655E-2,0,0,0,0,0,0,0,0,0.72047005167625955,0.68965517241379315,0.64989080875119654,0.56707317073170727,0.12566587589115485,0.13793103448275862,0.10233705088935301,0.25,0.15386407243258474,0.17241379310344829,0.24777214035945042,0.18292682926829268,null,"Day 3","2024-04-18",39822,0,0,0,0,36,2458.58,1,19.79,2,94.789999999999992,30306.910000000003,39,436,69.511261467889909,65.978461538461531,10102.303333333335,6.4616543619105016E-2,0,0,0,0,0,0,0,0,0.95547109390787988,0.92307692307692313,0.6804250251840257,0.6330275229357798,7.6909325498608714E-3,2.564102564102564E-2,9.5665641927863962E-2,0.24311926605504589,3.6837973542259324E-2,5.128205128205128E-2,0.2239093328881103,0.12385321100917432,null,"Day 3","2023-10-04",48752,0,0,0,0,23,1980.77,6,283,4,185,20554.28,33,313,65.668626198083061,74.205151515151513,6851.4266666666663,5.0229118805382354E-2,0,0,2.4325833840932402E-3,3.0303030303030304E-2,0,0,0,0,0.80888364362516674,0.69696969696969702,0.53477329295893616,0.42492012779552718,0.11556822404717468,0.18181818181818182,0.21433978713922358,0.4217252396166134,7.5548132327658363E-2,0.12121212121212122,0.24845433651774712,0.15015974440894569,null,"Day 3","2023-04-13",50252,0,0,0,0,26,1638.29,8,459.79,9,1310,23976.959999999999,43,372,64.454193548387096,79.257674418604651,7992.32,6.7819788267133613E-2,0,0,1.0426676275891522E-2,6.9767441860465115E-2,0,0,0,0,0.48070761249735949,0.60465116279069764,0.62474100136130706,0.5268817204301075,0.13491173916105265,0.18604651162790697,0.14451873798846893,0.31451612903225806,0.38438064834158842,0.20930232558139536,0.22031358437433268,0.15053763440860216]
["Day 4","2025-04-10",40092,{"$f":"COUNTIFS('Sanitized Raw Data'!$H:$H,\">=\"&$B7,'Sanitized Raw Data'!$H:$H,\"<\"&$B8,'Sanitized Raw Data'!$D:$D,\"Matching Grant\")","v":0},{"$f":"SUMIFS('Sanitized Raw Data'!$C:$C,'Sanitized Raw Data'!$H:$H,\">=\"&$B7,'Sanitized Raw Data'!$H:$H,\"<\"&$B8,'Sanitized Raw Data'!$D:$D,\"Matching Grant\")","v":0},{"$f":"COUNTIFS('Sanitized Raw Data'!$H:$H,\">=\"&$B7,'Sanitized Raw Data'!$H:$H,\"<\"&$B8,'Sanitized Raw Data'!$D:$D,\"Cash\")","v":0},{"$f":"SUMIFS('Sanitized Raw Data'!$C:$C,'Sanitized Raw Data'!$H:$H,\">=\"&$B7,'Sanitized Raw Data'!$H:$H,\"<\"&$B8,'Sanitized Raw Data'!$D:$D,\"Cash\")","v":0},{"$f":"COUNTIFS('Sanitized Raw Data'!$H:$H,\">=\"&$B7,'Sanitized Raw Data'!$H:$H,\"<\"&$B8,'Sanitized Raw Data'!$D:$D,\"CC\")","v":10},{"$f":"SUMIFS('Sanitized Raw Data'!$C:$C,'Sanitized Raw Data'!$H:$H,\">=\"&$B7,'Sanitized Raw Data'!$H:$H,\"<\"&$B8,'Sanitized Raw Data'!$D:$D,\"CC\")","v":711},{"$f":"COUNTIFS('Sanitized Raw Data'!$H:$H,\">=\"&$B7,'Sanitized Raw Data'!$H:$H,\"<\"&$B8,'Sanitized Raw Data'!$D:$D,\"PayPal\")","v":5},{"$f":"SUMIFS('Sanitized Raw Data'!$C:$C,'Sanitized Raw Data'!$H:$H,\">=\"&$B7,'Sanitized Raw Data'!$H:$H,\"<\"&$B8,'Sanitized Raw Data'!$D:$D,\"PayPal\")","v":375},{"$f":"COUNTIFS('Sanitized Raw Data'!$H:$H,\">=\"&$B7,'Sanitized Raw Data'!$H:$H,\"<\"&$B8,'Sanitized Raw Data'!$D:$D,\"Personal Check\")+COUNTIFS('Sanitized Raw Data'!$H:$H,\">=\"&$B7,'Sanitized Raw Data'!$H:$H,\"<\"&$B8,'Sanitized Raw Data'!$D:$D,\"ACH Grant Deposit\")","v":0},{"$f":"SUMIFS('Sanitized Raw Data'!$C:$C,'Sanitized Raw Data'!$H:$H,\">=\"&$B7,'Sanitized Raw Data'!$H:$H,\"<\"&$B8,'Sanitized Raw Data'!$D:$D,\"Personal Check\")+SUMIFS('Sanitized Raw Data'!$C:$C,'Sanitized Raw Data'!$H:$H,\">=\"&$B7,'Sanitized Raw Data'!$H:$H,\"<\"&$B8,'Sanitized Raw Data'!$D:$D,\"ACH Grant Deposit\")","v":0},{"$f":"SUM(G7,M7,K7,I7,N6,E7)","v":25683.33},{"$f":"SUM(F7,H7,J7,L7,D7)","v":15},{"$f":"SUM(F7,L7,J7,H7,P6,D7)","v":332},{"$f":"N7/P7","v":77.359427710843377},{"$f":"(SUM(G7,M7,K7,I7,E7))/(SUM(F7,H7,J7,L7,D7))","v":72.400000000000006},{"$f":"N7/Sheet11!$A4","v":6420.8325000000004},{"$f":"(N7-N6)/C$3","v":2.7087698293923976E-2},{"$f":"E7/(N7-N6)","v":0},{"$f":"D7/O7","v":0},{"$f":"SUM(E$3:E7)/N7","v":0},{"$f":"SUM(D$3:D7)/O7","v":0},{"$f":"G7/(N7-N6)","v":0},{"$f":"F7/O7","v":0},{"$f":"SUM(G$3:G7)/N7","v":0},{"$f":"SUM(F$3:F7)/O7","v":0},{"$f":"I7/(N7-N6)","v":0.65469613259668513},{"$f":"H7/O7","v":0.66666666666666663},{"$f":"SUM(I$3:I7)/N7","v":0.56940396747618005},{"$f":"SUM(H$3:H7)/P7","v":0.57228915662650603},{"$f":"K7/(N7-N6)","v":0.34530386740331492},{"$f":"J7/O7","v":0.33333333333333331},{"$f":"SUM(K$3:K7)/N7","v":0.20180560698320663},{"$f":"SUM(J$3:J7)/P7","v":0.31024096385542171},{"$f":"M7/(N7-N6)","v":0},{"$f":"L7/O7","v":0},{"$f":"SUM(M$3:M7)/N7","v":0.2287904255406133},{"$f":"SUM(L$3:L7)/P7","v":0.11746987951807229},null,"Day 4","2024-10-10",40465,0,0,0,0,18,1622.56,0,0,1,50,22054.230000000003,19,347,63.556858789625366,88.029473684210529,5513.5575000000008,4.1333498084764643E-2,0,0,0,0,0,0,0,0,0.97010570622279535,0.94736842105263153,0.67417543029160387,0.58789625360230546,0,0,9.4575961164819602E-2,0.23631123919308358,2.9894293777203783E-2,5.2631578947368418E-2,0.23124860854357643,0.17579250720461095,null,"Day 4","2024-04-19",39822,0,0,0,0,38,3547.8,5,258,3,214,34326.710000000006,46,482,71.217240663900427,87.386956521739137,8581.6775000000016,0.10094420169755419,0,0,0,0,0,0,0,0,0.88258122294641461,0.82608695652173914,0.70409835373095753,0.65145228215767637,6.4182297626747556E-2,0.10869565217391304,9.1978811834865601E-2,0.23029045643153526,5.3236479426837117E-2,6.5217391304347824E-2,0.20392283443417672,0.11825726141078838,null,"Day 4","2023-10-05",48752,0,0,0,0,34,2879.3199999999997,5,267,1,51,23751.599999999999,40,353,67.284985835694044,79.932999999999993,5937.9,6.5583360682638661E-2,0,0,2.1051213391939912E-3,2.5000000000000001E-2,0,0,0,0,0.90054170367682929,0.85,0.58401118240455385,0.47308781869688388,8.3507437478888571E-2,0.125,0.19672779939035689,0.38810198300283288,1.5950858844282087E-2,2.5000000000000001E-2,0.21715589686589534,0.1359773371104816,null,"Day 4","2023-04-14",50252,0,0,0,0,13,1084.77,4,154.79,3,172,25388.52,20,392,64.766632653061222,70.578000000000003,6347.13,2.8089628273501577E-2,0,0,9.8469702054314306E-3,0.15,0,0,0,0,0.76849018107625533,0.65,0.6327332195811336,0.53316326530612246,0.10965881719515985,0.2,0.14258058366537316,0.30867346938775508,0.12185100172858386,0.15,0.21483922654806187,0.15051020408163265]
["Day 5","2025-04-11",40092,{"$f":"COUNTIFS('Sanitized Raw Data'!$H:$H,\">=\"&$B8,'Sanitized Raw Data'!$H:$H,\"<\"&$B9,'Sanitized Raw Data'!$D:$D,\"Matching Grant\")","v":0},{"$f":"SUMIFS('Sanitized Raw Data'!$C:$C,'Sanitized Raw Data'!$H:$H,\">=\"&$B8,'Sanitized Raw Data'!$H:$H,\"<\"&$B9,'Sanitized Raw Data'!$D:$D,\"Matching Grant\")","v":0},{"$f":"COUNTIFS('Sanitized Raw Data'!$H:$H,\">=\"&$B8,'Sanitized Raw Data'!$H:$H,\"<\"&$B9,'Sanitized Raw Data'!$D:$D,\"Cash\")","v":0},{"$f":"SUMIFS('Sanitized Raw Data'!$C:$C,'Sanitized Raw Data'!$H:$H,\">=\"&$B8,'Sanitized Raw Data'!$H:$H,\"<\"&$B9,'Sanitized Raw Data'!$D:$D,\"Cash\")","v":0},{"$f":"COUNTIFS('Sanitized Raw Data'!$H:$H,\">=\"&$B8,'Sanitized Raw Data'!$H:$H,\"<\"&$B9,'Sanitized Raw Data'!$D:$D,\"CC\")","v":17},{"$f":"SUMIFS('Sanitized Raw Data'!$C:$C,'Sanitized Raw Data'!$H:$H,\">=\"&$B8,'Sanitized Raw Data'!$H:$H,\"<\"&$B9,'Sanitized Raw Data'!$D:$D,\"CC\")","v":1669},{"$f":"COUNTIFS('Sanitized Raw Data'!$H:$H,\">=\"&$B8,'Sanitized Raw Data'!$H:$H,\"<\"&$B9,'Sanitized Raw Data'!$D:$D,\"PayPal\")","v":1},{"$f":"SUMIFS('Sanitized Raw Data'!$C:$C,'Sanitized Raw Data'!$H:$H,\">=\"&$B8,'Sanitized Raw Data'!$H:$H,\"<\"&$B9,'Sanitized Raw Data'!$D:$D,\"PayPal\")","v":10},{"$f":"COUNTIFS('Sanitized Raw Data'!$H:$H,\">=\"&$B8,'Sanitized Raw Data'!$H:$H,\"<\"&$B9,'Sanitized Raw Data'!$D:$D,\"Personal Check\")+COUNTIFS('Sanitized Raw Data'!$H:$H,\">=\"&$B8,'Sanitized Raw Data'!$H:$H,\"<\"&$B9,'Sanitized Raw Data'!$D:$D,\"ACH Grant Deposit\")","v":0},{"$f":"SUMIFS('Sanitized Raw Data'!$C:$C,'Sanitized Raw Data'!$H:$H,\">=\"&$B8,'Sanitized Raw Data'!$H:$H,\"<\"&$B9,'Sanitized Raw Data'!$D:$D,\"Personal Check\")+SUMIFS('Sanitized Raw Data'!$C:$C,'Sanitized Raw Data'!$H:$H,\">=\"&$B8,'Sanitized Raw Data'!$H:$H,\"<\"&$B9,'Sanitized Raw Data'!$D:$D,\"ACH Grant Deposit\")","v":0},{"$f":"SUM(G8,M8,K8,I8,N7,E8)","v":27362.33},{"$f":"SUM(F8,H8,J8,L8,D8)","v":18},{"$f":"SUM(F8,L8,J8,H8,P7,D8)","v":350},{"$f":"N8/P8","v":78.178085714285714},{"$f":"(SUM(G8,M8,K8,I8,E8))/(SUM(F8,H8,J8,L8,D8))","v":93.277777777777771},{"$f":"N8/Sheet11!$A5","v":5472.4660000000003},{"$f":"(N8-N7)/C$3","v":4.1878679038212109E-2},{"$f":"E8/(N8-N7)","v":0},{"$f":"D8/O8","v":0},{"$f":"SUM(E$3:E8)/N8","v":0},{"$f":"SUM(D$3:D8)/O8","v":0},{"$f":"G8/(N8-N7)","v":0},{"$f":"F8/O8","v":0},{"$f":"SUM(G$3:G8)/N8","v":0},{"$f":"SUM(F$3:F8)/O8","v":0},{"$f":"I8/(N8-N7)","v":0.99404407385348426},{"$f":"H8/O8","v":0.94444444444444442},{"$f":"SUM(I$3:I8)/N8","v":0.59546062049540371},{"$f":"SUM(H$3:H8)/P8","v":0.59142857142857141},{"$f":"K8/(N8-N7)","v":5.9559261465157833E-3},{"$f":"J8/O8","v":5.5555555555555552E-2},{"$f":"SUM(K$3:K8)/N8","v":0.18978793107165948},{"$f":"SUM(J$3:J8)/P8","v":0.29714285714285715},{"$f":"M8/(N8-N7)","v":0},{"$f":"L8/O8","v":0},{"$f":"SUM(M$3:M8)/N8","v":0.21475144843293681},{"$f":"SUM(L$3:L8)/P8","v":0.11142857142857143},null,"Day 5","2024-10-11",40465,0,0,0,0,15,1070,3,95,1,25,23244.230000000003,19,366,63.508825136612032,62.631578947368418,4648.8460000000005,2.9408130483133572E-2,0,0,0,0,0,0,0,0,0.89915966386554624,0.78947368421052633,0.68569361084449765,0.59836065573770492,7.9831932773109238E-2,0.15789473684210525,9.3821133244680485E-2,0.23224043715846995,2.100840336134454E-2,5.2631578947368418E-2,0.22048525591082171,0.16939890710382513,null,"Day 5","2024-04-20",39822,0,0,0,0,24,1741.79,0,0,3,739,36807.500000000007,27,509,72.31335952848724,91.88111111111111,7361.5000000000018,6.2296971523278614E-2,0,0,0,0,0,0,0,0,0.70211102108602474,0.88888888888888884,0.70396440942742644,0.66404715127701375,0,0,8.5779528628676202E-2,0.21807465618860511,0.29788897891397487,0.1111111111111111,0.21025606194389726,0.11787819253438114,null,"Day 5","2023-10-06",48752,0,0,0,0,10,678.54,2,115,3,216,24761.14,15,368,67.285706521739129,67.302666666666667,4952.2280000000001,2.0707663275352825E-2,0,0,2.0192931343225714E-3,6.6666666666666666E-2,0,0,0,0,0.67212789983556809,0.66666666666666663,0.58760380176356997,0.48097826086956524,0.11391326742872981,0.13333333333333333,0.19335135619765489,0.37771739130434784,0.21395883273570121,0.2,0.21702554890445269,0.13858695652173914,null,"Day 5","2023-04-15",50252,0,0,0,0,30,1733.1599999999999,3,144.76999999999998,5,285.77,27552.22,38,430,64.074930232558145,56.939473684210519,5510.4440000000004,4.305699275650722E-2,0,0,9.0736789993691967E-3,7.8947368421052627E-2,0,0,0,0,0.80101677681748817,0.78947368421052633,0.64594867491621377,0.55581395348837215,6.6908536303554061E-2,7.8947368421052627E-2,0.13663799142138092,0.28837209302325584,0.13207468687895729,0.13157894736842105,0.20833965466303619,0.14883720930232558]
["Day 6","2025-04-12",40092,{"$f":"COUNTIFS('Sanitized Raw Data'!$H:$H,\">=\"&$B9,'Sanitized Raw Data'!$H:$H,\"<\"&$B10,'Sanitized Raw Data'!$D:$D,\"Matching Grant\")","v":0},{"$f":"SUMIFS('Sanitized Raw Data'!$C:$C,'Sanitized Raw Data'!$H:$H,\">=\"&$B9,'Sanitized Raw Data'!$H:$H,\"<\"&$B10,'Sanitized Raw Data'!$D:$D,\"Matching Grant\")","v":0},{"$f":"COUNTIFS('Sanitized Raw Data'!$H:$H,\">=\"&$B9,'Sanitized Raw Data'!$H:$H,\"<\"&$B10,'Sanitized Raw Data'!$D:$D,\"Cash\")","v":0},{"$f":"SUMIFS('Sanitized Raw Data'!$C:$C,'Sanitized Raw Data'!$H:$H,\">=\"&$B9,'Sanitized Raw Data'!$H:$H,\"<\"&$B10,'Sanitized Raw Data'!$D:$D,\"Cash\")","v":0},{"$f":"COUNTIFS('Sanitized Raw Data'!$H:$H,\">=\"&$B9,'Sanitized Raw Data'!$H:$H,\"<\"&$B10,'Sanitized Raw Data'!$D:$D,\"CC\")","v":39},{"$f":"SUMIFS('Sanitized Raw Data'!$C:$C,'Sanitized Raw Data'!$H:$H,\">=\"&$B9,'Sanitized Raw Data'!$H:$H,\"<\"&$B10,'Sanitized Raw Data'!$D:$D,\"CC\")","v":4493.43},{"$f":"COUNTIFS('Sanitized Raw Data'!$H:$H,\">=\"&$B9,'Sanitized Raw Data'!$H:$H,\"<\"&$B10,'Sanitized Raw Data'!$D:$D,\"PayPal\")","v":0},{"$f":"SUMIFS('Sanitized Raw Data'!$C:$C,'Sanitized Raw Data'!$H:$H,\">=\"&$B9,'Sanitized Raw Data'!$H:$H,\"<\"&$B10,'Sanitized Raw Data'!$D:$D,\"PayPal\")","v":0},{"$f":"COUNTIFS('Sanitized Raw Data'!$H:$H,\">=\"&$B9,'Sanitized Raw Data'!$H:$H,\"<\"&$B10,'Sanitized Raw Data'!$D:$D,\"Personal Check\")+COUNTIFS('Sanitized Raw Data'!$H:$H,\">=\"&$B9,'Sanitized Raw Data'!$H:$H,\"<\"&$B10,'Sanitized Raw Data'!$D:$D,\"ACH Grant Deposit\")","v":0},{"$f":"SUMIFS('Sanitized Raw Data'!$C:$C,'Sanitized Raw Data'!$H:$H,\">=\"&$B9,'Sanitized Raw Data'!$H:$H,\"<\"&$B10,'Sanitized Raw Data'!$D:$D,\"Personal Check\")+SUMIFS('Sanitized Raw Data'!$C:$C,'Sanitized Raw Data'!$H:$H,\">=\"&$B9,'Sanitized Raw Data'!$H:$H,\"<\"&$B10,'Sanitized Raw Data'!$D:$D,\"ACH Grant Deposit\")","v":0},{"$f":"SUM(G9,M9,K9,I9,N8,E9)","v":31855.760000000002},{"$f":"SUM(F9,H9,J9,L9,D9)","v":39},{"$f":"SUM(F9,L9,J9,H9,P8,D9)","v":389},{"$f":"N9/P9","v":81.891413881748079},{"$f":"(SUM(G9,M9,K9,I9,E9))/(SUM(F9,H9,J9,L9,D9))","v":115.21615384615386},{"$f":"N9/Sheet11!$A6","v":5309.293333333334},{"$f":"(N9-N8)/C$3","v":0.11207797066746483},{"$f":"E9/(N9-N8)","v":0},{"$f":"D9/O9","v":0},{"$f":"SUM(E$3:E9)/N9","v":0},{"$f":"SUM(D$3:D9)/O9","v":0},{"$f":"G9/(N9-N8)","v":0},{"$f":"F9/O9","v":0},{"$f":"SUM(G$3:G9)/N9","v":0},{"$f":"SUM(F$3:F9)/O9","v":0},{"$f":"I9/(N9-N8)","v":1},{"$f":"H9/O9","v":1},{"$f":"SUM(I$3:I9)/N9","v":0.65252312297681803},{"$f":"SUM(H$3:H9)/P9","v":0.63239074550128538},{"$f":"K9/(N9-N8)","v":0},{"$f":"J9/O9","v":0},{"$f":"SUM(K$3:K9)/N9","v":0.16301730048192228},{"$f":"SUM(J$3:J9)/P9","v":0.26735218508997427},{"$f":"M9/(N9-N8)","v":0},{"$f":"L9/O9","v":0},{"$f":"SUM(M$3:M9)/N9","v":0.18445957654125972},{"$f":"SUM(L$3:L9)/P9","v":0.10025706940874037},null,"Day 6","2024-10-12",40465,0,0,0,0,30,2715,3,192,0,0,26151.230000000003,33,399,65.541929824561407,88.090909090909093,4358.5383333333339,7.1839861608797725E-2,0,0,0,0,0,0,0,0,0.93395252837977294,0.90909090909090906,0.71329035001412922,0.62406015037593987,6.6047471620227033E-2,9.0909090909090912E-2,9.0733781929186477E-2,0.22055137844611528,0,0,0.19597586805668413,0.15538847117794485,null,"Day 6","2024-04-21",39822,0,0,0,0,9,986,3,89.78,0,0,37883.280000000006,12,521,72.712629558541281,89.648333333333326,6313.880000000001,2.7014715483903339E-2,0,0,0,0,0,0,0,0,0.91654427485173651,0.75,0.71000108755102509,0.66602687140115158,8.3455725148264603E-2,0.25,8.5713539059975793E-2,0.21880998080614203,0,0,0.20428537338899902,0.11516314779270634,null,"Day 6","2023-10-07",48752,0,0,0,0,6,264.53999999999996,1,24,1,64,25113.68,8,376,66.791702127659576,44.067499999999995,4185.6133333333337,7.231293075155909E-3,0,0,1.9909467668617264E-3,0.125,0,0,0,0,0.75038293526975464,0.75,0.58988885738768682,0.48670212765957449,6.8077381290066213E-2,0.125,0.19159278926863765,0.37234042553191488,0.18153968344017654,0.125,0.21652740657681388,0.13829787234042554,null,"Day 6","2023-04-16",50252,0,0,0,0,13,837.96999999999991,1,100,0,0,28490.190000000002,14,444,64.167094594594602,66.997857142857143,4748.3650000000007,1.8665326753164076E-2,0,0,8.7749502548070055E-3,0.21428571428571427,0,0,0,0,0.89338678209324274,0.9285714285714286,0.65409497093560987,0.56756756756756754,0.10661321790675594,7.1428571428571425E-2,0.13564949900299014,0.28153153153153154,0,0,0.20148057980659304,0.14414414414414414]
["Day 7","2025-04-13",40092,{"$f":"COUNTIFS('Sanitized Raw Data'!$H:$H,\">=\"&$B10,'Sanitized Raw Data'!$H:$H,\"<\"&$B11,'Sanitized Raw Data'!$D:$D,\"Matching Grant\")","v":0},{"$f":"SUMIFS('Sanitized Raw Data'!$C:$C,'Sanitized Raw Data'!$H:$H,\">=\"&$B10,'Sanitized Raw Data'!$H:$H,\"<\"&$B11,'Sanitized Raw Data'!$D:$D,\"Matching Grant\")","v":0},{"$f":"COUNTIFS('Sanitized Raw Data'!$H:$H,\">=\"&$B10,'Sanitized Raw Data'!$H:$H,\"<\"&$B11,'Sanitized Raw Data'!$D:$D,\"Cash\")","v":0},{"$f":"SUMIFS('Sanitized Raw Data'!$C:$C,'Sanitized Raw Data'!$H:$H,\">=\"&$B10,'Sanitized Raw Data'!$H:$H,\"<\"&$B11,'Sanitized Raw Data'!$D:$D,\"Cash\")","v":0},{"$f":"COUNTIFS('Sanitized Raw Data'!$H:$H,\">=\"&$B10,'Sanitized Raw Data'!$H:$H,\"<\"&$B11,'Sanitized Raw Data'!$D:$D,\"CC\")","v":6},{"$f":"SUMIFS('Sanitized Raw Data'!$C:$C,'Sanitized Raw Data'!$H:$H,\">=\"&$B10,'Sanitized Raw Data'!$H:$H,\"<\"&$B11,'Sanitized Raw Data'!$D:$D,\"CC\")","v":367},{"$f":"COUNTIFS('Sanitized Raw Data'!$H:$H,\">=\"&$B10,'Sanitized Raw Data'!$H:$H,\"<\"&$B11,'Sanitized Raw Data'!$D:$D,\"PayPal\")","v":0},{"$f":"SUMIFS('Sanitized Raw Data'!$C:$C,'Sanitized Raw Data'!$H:$H,\">=\"&$B10,'Sanitized Raw Data'!$H:$H,\"<\"&$B11,'Sanitized Raw Data'!$D:$D,\"PayPal\")","v":0},{"$f":"COUNTIFS('Sanitized Raw Data'!$H:$H,\">=\"&$B10,'Sanitized Raw Data'!$H:$H,\"<\"&$B11,'Sanitized Raw Data'!$D:$D,\"Personal Check\")+COUNTIFS('Sanitized Raw Data'!$H:$H,\">=\"&$B10,'Sanitized Raw Data'!$H:$H,\"<\"&$B11,'Sanitized Raw Data'!$D:$D,\"ACH Grant Deposit\")","v":0},{"$f":"SUMIFS('Sanitized Raw Data'!$C:$C,'Sanitized Raw Data'!$H:$H,\">=\"&$B10,'Sanitized Raw Data'!$H:$H,\"<\"&$B11,'Sanitized Raw Data'!$D:$D,\"Personal Check\")+SUMIFS('Sanitized Raw Data'!$C:$C,'Sanitized Raw Data'!$H:$H,\">=\"&$B10,'Sanitized Raw Data'!$H:$H,\"<\"&$B11,'Sanitized Raw Data'!$D:$D,\"ACH Grant Deposit\")","v":0},{"$f":"SUM(G10,M10,K10,I10,N9,E10)","v":32222.760000000002},{"$f":"SUM(F10,H10,J10,L10,D10)","v":6},{"$f":"SUM(F10,L10,J10,H10,P9,D10)","v":395},{"$f":"N10/P10","v":81.576607594936718},{"$f":"(SUM(G10,M10,K10,I10,E10))/(SUM(F10,H10,J10,L10,D10))","v":61.166666666666664},{"$f":"N10/Sheet11!$A7","v":4603.2514285714287},{"$f":"(N10-N9)/C$3","v":9.1539459243739404E-3},{"$f":"E10/(N10-N9)","v":0},{"$f":"D10/O10","v":0},{"$f":"SUM(E$3:E10)/N10","v":0},{"$f":"SUM(D$3:D10)/O10","v":0},{"$f":"G10/(N10-N9)","v":0},{"$f":"F10/O10","v":0},{"$f":"SUM(G$3:G10)/N10","v":0},{"$f":"SUM(F$3:F10)/O10","v":0},{"$f":"I10/(N10-N9)","v":1},{"$f":"H10/O10","v":1},{"$f":"SUM(I$3:I10)/N10","v":0.65648069873592463},{"$f":"SUM(H$3:H10)/P10","v":0.63797468354430376},{"$f":"K10/(N10-N9)","v":0},{"$f":"J10/O10","v":0},{"$f":"SUM(K$3:K10)/N10","v":0.16116062062964193},{"$f":"SUM(J$3:J10)/P10","v":0.26329113924050634},{"$f":"M10/(N10-N9)","v":0},{"$f":"L10/O10","v":0},{"$f":"SUM(M$3:M10)/N10","v":0.18235868063443356},{"$f":"SUM(L$3:L10)/P10","v":9.8734177215189872E-2},null,"Day 7","2024-10-13",40465,0,0,0,0,12,811.43,1,100,0,0,27062.660000000003,13,412,65.686067961165051,70.11,3866.0942857142863,2.2523909551464237E-2,0,0,0,0,0,0,0,0,0.89028230363275263,0.92307692307692313,0.71925117486603296,0.63349514563106801,0.10971769636724704,7.6923076923076927E-2,9.1373131835525381E-2,0.21601941747572814,0,0,0.18937569329844145,0.15048543689320387,null,"Day 7","2024-04-22",39822,0,0,0,0,26,1811.48,2,200,0,0,39894.760000000009,28,549,72.66805100182151,71.838571428571427,5699.2514285714296,5.0511777409472235E-2,0,0,0,0,0,0,0,0,0.90057072404398608,0.9285714285714286,0.71960954270686162,0.67941712204007287,9.9429275956012336E-2,7.1428571428571425E-2,8.6405081770137213E-2,0.21129326047358835,0,0,0.19398537552300096,0.10928961748633879,null,"Day 7","2023-10-08",48752,0,0,0,0,23,1686,4,237,1,25,27061.68,28,404,66.984356435643562,69.571428571428569,3865.9542857142856,3.9957335083688872E-2,0,0,1.8476310413839791E-3,3.5714285714285712E-2,0,0,0,0,0.8655030800821355,0.8214285714285714,0.60972859039054494,0.50990099009900991,0.12166324435318275,0.14285714285714285,0.18655900151062316,0.35643564356435642,1.2833675564681724E-2,3.5714285714285712E-2,0.20186477705744799,0.13118811881188119,null,"Day 7","2023-04-17",50252,0,0,0,0,8,319.63,1,19.89,3,350,29179.710000000003,12,456,63.990592105263161,57.46,4168.5300000000007,1.372124492557511E-2,0,0,8.5675971419866739E-3,0.25,0,0,0,0,0.46355435665390388,0.66666666666666663,0.64959247367434436,0.57017543859649122,2.884615384615383E-2,8.3333333333333329E-2,0.13312572331938868,0.27631578947368424,0.50759948949994171,0.25,0.2087142058642803,0.14692982456140352]
["Day 8","2025-04-14",40092,{"$f":"COUNTIFS('Sanitized Raw Data'!$H:$H,\">=\"&$B11,'Sanitized Raw Data'!$H:$H,\"<\"&$B12,'Sanitized Raw Data'!$D:$D,\"Matching Grant\")","v":0},{"$f":"SUMIFS('Sanitized Raw Data'!$C:$C,'Sanitized Raw Data'!$H:$H,\">=\"&$B11,'Sanitized Raw Data'!$H:$H,\"<\"&$B12,'Sanitized Raw Data'!$D:$D,\"Matching Grant\")","v":0},{"$f":"COUNTIFS('Sanitized Raw Data'!$H:$H,\">=\"&$B11,'Sanitized Raw Data'!$H:$H,\"<\"&$B12,'Sanitized Raw Data'!$D:$D,\"Cash\")","v":0},{"$f":"SUMIFS('Sanitized Raw Data'!$C:$C,'Sanitized Raw Data'!$H:$H,\">=\"&$B11,'Sanitized Raw Data'!$H:$H,\"<\"&$B12,'Sanitized Raw Data'!$D:$D,\"Cash\")","v":0},{"$f":"COUNTIFS('Sanitized Raw Data'!$H:$H,\">=\"&$B11,'Sanitized Raw Data'!$H:$H,\"<\"&$B12,'Sanitized Raw Data'!$D:$D,\"CC\")","v":23},{"$f":"SUMIFS('Sanitized Raw Data'!$C:$C,'Sanitized Raw Data'!$H:$H,\">=\"&$B11,'Sanitized Raw Data'!$H:$H,\"<\"&$B12,'Sanitized Raw Data'!$D:$D,\"CC\")","v":1985},{"$f":"COUNTIFS('Sanitized Raw Data'!$H:$H,\">=\"&$B11,'Sanitized Raw Data'!$H:$H,\"<\"&$B12,'Sanitized Raw Data'!$D:$D,\"PayPal\")","v":0},{"$f":"SUMIFS('Sanitized Raw Data'!$C:$C,'Sanitized Raw Data'!$H:$H,\">=\"&$B11,'Sanitized Raw Data'!$H:$H,\"<\"&$B12,'Sanitized Raw Data'!$D:$D,\"PayPal\")","v":0},{"$f":"COUNTIFS('Sanitized Raw Data'!$H:$H,\">=\"&$B11,'Sanitized Raw Data'!$H:$H,\"<\"&$B12,'Sanitized Raw Data'!$D:$D,\"Personal Check\")+COUNTIFS('Sanitized Raw Data'!$H:$H,\">=\"&$B11,'Sanitized Raw Data'!$H:$H,\"<\"&$B12,'Sanitized Raw Data'!$D:$D,\"ACH Grant Deposit\")","v":0},{"$f":"SUMIFS('Sanitized Raw Data'!$C:$C,'Sanitized Raw Data'!$H:$H,\">=\"&$B11,'Sanitized Raw Data'!$H:$H,\"<\"&$B12,'Sanitized Raw Data'!$D:$D,\"Personal Check\")+SUMIFS('Sanitized Raw Data'!$C:$C,'Sanitized Raw Data'!$H:$H,\">=\"&$B11,'Sanitized Raw Data'!$H:$H,\"<\"&$B12,'Sanitized Raw Data'!$D:$D,\"ACH Grant Deposit\")","v":0},{"$f":"SUM(G11,M11,K11,I11,N10,E11)","v":34207.760000000002},{"$f":"SUM(F11,H11,J11,L11,D11)","v":23},{"$f":"SUM(F11,L11,J11,H11,P10,D11)","v":418},{"$f":"N11/P11","v":81.836746411483261},{"$f":"(SUM(G11,M11,K11,I11,E11))/(SUM(F11,H11,J11,L11,D11))","v":86.304347826086953},{"$f":"N11/Sheet11!$A8","v":4275.97},{"$f":"(N11-N10)/C$3","v":4.9511124413848147E-2},{"$f":"E11/(N11-N10)","v":0},{"$f":"D11/O11","v":0},{"$f":"SUM(E$3:E11)/N11","v":0},{"$f":"SUM(D$3:D11)/O11","v":0},{"$f":"G11/(N11-N10)","v":0},{"$f":"F11/O11","v":0},{"$f":"SUM(G$3:G11)/N11","v":0},{"$f":"SUM(F$3:F11)/O11","v":0},{"$f":"I11/(N11-N10)","v":1},{"$f":"H11/O11","v":1},{"$f":"SUM(I$3:I11)/N11","v":0.67641435744404199},{"$f":"SUM(H$3:H11)/P11","v":0.65789473684210531},{"$f":"K11/(N11-N10)","v":0},{"$f":"J11/O11","v":0},{"$f":"SUM(K$3:K11)/N11","v":0.15180882934164647},{"$f":"SUM(J$3:J11)/P11","v":0.24880382775119617},{"$f":"M11/(N11-N10)","v":0},{"$f":"L11/O11","v":0},{"$f":"SUM(M$3:M11)/N11","v":0.1717768132143116},{"$f":"SUM(L$3:L11)/P11","v":9.3301435406698566E-2},null,"Day 8","2024-10-14",40465,0,0,0,0,95,8039.31,11,379.24,0,0,35481.210000000006,106,518,68.496544401544412,79.420283018867934,4435.1512500000008,0.20804522426788591,0,0,0,0,0,0,0,0,0.95495186225656414,0.89622641509433965,0.77517536746914761,0.68725868725868722,4.5048137743435614E-2,0.10377358490566038,8.0381700624076791E-2,0.19305019305019305,0,0,0.14444293190677543,0.11969111969111969,null,"Day 8","2024-04-23",39822,null,null,null,null,null,null,null,null,null,null,null,null,null,null,null,null,null,null,null,null,null,null,null,null,null,null,null,null,null,null,null,null,null,null,null,null,null,null,"Day 8","2023-10-09",48752,0,0,0,0,11,799.79,4,149.88999999999999,1,25,28036.36,16,420,66.753238095238103,60.917499999999997,3504.5450000000001,1.9992615687561541E-2,0,0,1.7833984154861757E-3,6.25E-2,0,0,0,0,0.82056675011285729,0.6875,0.61705834851599861,0.51666666666666672,0.15378380596708657,0.25,0.18541957657841462,0.35238095238095241,2.5649443920055807E-2,6.25E-2,0.19573867649010068,0.12857142857142856,null,"Day 8","2023-04-18",50252,0,0,0,0,17,1100.47,2,69.789999999999992,0,0,30349.97,19,475,63.894673684210531,61.592631578947369,3793.7462500000001,2.3287829340125733E-2,0,0,8.2372404321981209E-3,0.15789473684210525,0,0,0,0,0.94036367986601399,0.89473684210526316,0.66080427756600768,0.5831578947368421,5.9636320133987397E-2,0.10526315789473684,0.13029205630186783,0.26947368421052631,0,0,0.20066642569992652,0.14105263157894737]
["Day 9","2025-04-15",40092,{"$f":"COUNTIFS('Sanitized Raw Data'!$H:$H,\">=\"&$B12,'Sanitized Raw Data'!$H:$H,\"<\"&$B13,'Sanitized Raw Data'!$D:$D,\"Matching Grant\")","v":0},{"$f":"SUMIFS('Sanitized Raw Data'!$C:$C,'Sanitized Raw Data'!$H:$H,\">=\"&$B12,'Sanitized Raw Data'!$H:$H,\"<\"&$B13,'Sanitized Raw Data'!$D:$D,\"Matching Grant\")","v":0},{"$f":"COUNTIFS('Sanitized Raw Data'!$H:$H,\">=\"&$B12,'Sanitized Raw Data'!$H:$H,\"<\"&$B13,'Sanitized Raw Data'!$D:$D,\"Cash\")","v":0},{"$f":"SUMIFS('Sanitized Raw Data'!$C:$C,'Sanitized Raw Data'!$H:$H,\">=\"&$B12,'Sanitized Raw Data'!$H:$H,\"<\"&$B13,'Sanitized Raw Data'!$D:$D,\"Cash\")","v":0},{"$f":"COUNTIFS('Sanitized Raw Data'!$H:$H,\">=\"&$B12,'Sanitized Raw Data'!$H:$H,\"<\"&$B13,'Sanitized Raw Data'!$D:$D,\"CC\")","v":78},{"$f":"SUMIFS('Sanitized Raw Data'!$C:$C,'Sanitized Raw Data'!$H:$H,\">=\"&$B12,'Sanitized Raw Data'!$H:$H,\"<\"&$B13,'Sanitized Raw Data'!$D:$D,\"CC\")","v":6234.01},{"$f":"COUNTIFS('Sanitized Raw Data'!$H:$H,\">=\"&$B12,'Sanitized Raw Data'!$H:$H,\"<\"&$B13,'Sanitized Raw Data'!$D:$D,\"PayPal\")","v":0},{"$f":"SUMIFS('Sanitized Raw Data'!$C:$C,'Sanitized Raw Data'!$H:$H,\">=\"&$B12,'Sanitized Raw Data'!$H:$H,\"<\"&$B13,'Sanitized Raw Data'!$D:$D,\"PayPal\")","v":0},{"$f":"COUNTIFS('Sanitized Raw Data'!$H:$H,\">=\"&$B12,'Sanitized Raw Data'!$H:$H,\"<\"&$B13,'Sanitized Raw Data'!$D:$D,\"Personal Check\")+COUNTIFS('Sanitized Raw Data'!$H:$H,\">=\"&$B12,'Sanitized Raw Data'!$H:$H,\"<\"&$B13,'Sanitized Raw Data'!$D:$D,\"ACH Grant Deposit\")","v":0},{"$f":"SUMIFS('Sanitized Raw Data'!$C:$C,'Sanitized Raw Data'!$H:$H,\">=\"&$B12,'Sanitized Raw Data'!$H:$H,\"<\"&$B13,'Sanitized Raw Data'!$D:$D,\"Personal Check\")+SUMIFS('Sanitized Raw Data'!$C:$C,'Sanitized Raw Data'!$H:$H,\">=\"&$B12,'Sanitized Raw Data'!$H:$H,\"<\"&$B13,'Sanitized Raw Data'!$D:$D,\"ACH Grant Deposit\")","v":0},{"$f":"SUM(G12,M12,K12,I12,N11,E12)","v":40441.770000000004},{"$f":"SUM(F12,H12,J12,L12,D12)","v":78},{"$f":"SUM(F12,L12,J12,H12,P11,D12)","v":496},{"$f":"N12/P12","v":81.535826612903236},{"$f":"(SUM(G12,M12,K12,I12,E12))/(SUM(F12,H12,J12,L12,D12))","v":79.923205128205126},{"$f":"N12/Sheet11!$A9","v":4493.5300000000007},{"$f":"(N12-N11)/C$3","v":0.15549261698094388},{"$f":"E12/(N12-N11)","v":0},{"$f":"D12/O12","v":0},{"$f":"SUM(E$3:E12)/N12","v":0},{"$f":"SUM(D$3:D12)/O12","v":0},{"$f":"G12/(N12-N11)","v":0},{"$f":"F12/O12","v":0},{"$f":"SUM(G$3:G12)/N12","v":0},{"$f":"SUM(F$3:F12)/O12","v":0},{"$f":"I12/(N12-N11)","v":0.99999999999999967},{"$f":"H12/O12","v":1},{"$f":"SUM(I$3:I12)/N12","v":0.72629437336694214},{"$f":"SUM(H$3:H12)/P12","v":0.71169354838709675},{"$f":"K12/(N12-N11)","v":0},{"$f":"J12/O12","v":0},{"$f":"SUM(K$3:K12)/N12","v":0.12840783180360307},{"$f":"SUM(J$3:J12)/P12","v":0.20967741935483872},{"$f":"M12/(N12-N11)","v":0},{"$f":"L12/O12","v":0},{"$f":"SUM(M$3:M12)/N12","v":0.14529779482945479},{"$f":"SUM(L$3:L12)/P12","v":7.8629032258064516E-2},null,"Day 9","2024-10-15",40465,0,0,0,0,23,2537.77,3,100,0,0,38118.980000000003,26,544,70.071654411764712,101.4526923076923,4235.4422222222229,6.5186457432348868E-2,0,0,0,0,0,0,0,0,0.96208918897402085,0.88461538461538458,0.78810949296124921,0.6966911764705882,3.7910811025980325E-2,0.11538461538461539,7.7442785719869733E-2,0.18933823529411764,0,0,0.13444772131888102,0.11397058823529412,null,"Day 9","2024-04-24",39822,null,null,null,null,null,null,null,null,null,null,null,null,null,null,null,null,null,null,null,null,null,null,null,null,null,null,null,null,null,null,null,null,null,null,null,null,null,null,"Day 9","2023-10-10",48752,0,0,0,0,92,6860.300000000002,18,892,4,318,36106.660000000003,114,534,67.615468164794009,70.792105263157907,4011.8511111111115,0.1655378240892682,0,0,1.384786075477488E-3,8.771929824561403E-3,0,0,0,0,0.8500675315663605,0.80701754385964908,0.66913887908768088,0.5786516853932584,0.11052872879570767,0.15789473684210525,0.16868051489669772,0.31086142322097376,3.9403739637931659E-2,3.5087719298245612E-2,0.16079581994014397,0.10861423220973783,null,"Day 9","2023-04-19",50252,0,0,0,0,85,6611.55,10,614,3,183,37758.520000000004,98,573,65.89619546247819,75.597448979591832,4195.391111111112,0.14742796306614667,0,0,6.6210222222693044E-3,3.0612244897959183E-2,0,0,0,0,0.8924215939691299,0.86734693877551017,0.70624960935968895,0.63176265270506105,8.2877216189402747E-2,0.10204081632653061,0.12098885231730479,0.24083769633507854,2.4701189841466943E-2,3.0612244897959183E-2,0.16614051610073696,0.12216404886561955]
["Day 10","2025-04-16",40092,null,null,null,null,null,null,null,null,null,null,null,null,null,null,null,null,null,null,null,null,null,null,null,null,null,null,null,null,null,null,null,null,null,null,null,null,null,null,"Day 10","2024-10-16",40465,0,0,0,0,32,2250.8200000000002,2,39.79,0,0,40409.590000000004,34,578,69.912785467128032,67.37088235294118,4040.9590000000003,5.6607191399975304E-2,0,0,0,0,0,0,0,0,0.98262908133641236,0.94117647058823528,0.79913579920014033,0.71107266435986161,1.7370918663587424E-2,5.8823529411764705E-2,7.4037623247352913E-2,0.18166089965397925,0,0,0.1268265775525067,0.10726643598615918,null,"Day 10","2024-04-25",39822,null,null,null,null,null,null,null,null,null,null,null,null,null,null,null,null,null,null,null,null,null,null,null,null,null,null,null,null,null,null,null,null,null,null,null,null,null,null,"Day 10","2023-10-11",48752,0,0,0,0,15,1015,3,79.789999999999992,2,208,37409.450000000004,20,554,67.526083032490988,65.139499999999998,3740.9450000000006,2.6722801115851676E-2,0,0,1.3365606818597972E-3,0.05,0,0,0,0,0.77909716838477372,0.75,0.67296819386545392,0.58483754512635377,6.1245480852631609E-2,0.15,0.16493907288131743,0.30505415162454874,0.15965735076259402,0.1,0.16075617257136895,0.10830324909747292,null,"Day 10","2023-04-20",50252,0,0,0,0,23,2011.79,3,350,5,731,40851.310000000005,31,604,67.634619205298023,99.767419354838708,4085.1310000000003,6.1545610124970167E-2,0,0,6.1197547887693188E-3,9.6774193548387094E-2,0,0,0,0,0.65047740066412507,0.74193548387096775,0.70202718101328954,0.63741721854304634,0.1131664290171657,9.6774193548387094E-2,0.12039662865156586,0.23344370860927152,0.23635617031870892,0.16129032258064516,0.17145643554637535,0.12417218543046357]
["Day 11","2025-04-17",40092,null,null,null,null,null,null,null,null,null,null,null,null,null,null,null,null,null,null,null,null,null,null,null,null,null,null,null,null,null,null,null,null,null,null,null,null,null,null,"Day 11","2024-10-17",40465,0,0,0,0,2,300,0,0,0,0,40709.590000000004,2,580,70.188948275862074,150,3700.8718181818185,7.4138144075126654E-3,0,0,0,0,0,0,0,0,1,1,0.80061602192505488,0.71206896551724141,0,0,7.3492019939282116E-2,0.18103448275862069,0,0,0.12589195813566287,0.10689655172413794,null,"Day 11","2024-04-26",39822,null,null,null,null,null,null,null,null,null,null,null,null,null,null,null,null,null,null,null,null,null,null,null,null,null,null,null,null,null,null,null,null,null,null,null,null,null,null,"Day 11","2023-10-12",48752,0,0,0,0,7,403,0,0,0,0,37812.450000000004,7,561,67.401871657754015,57.571428571428569,3437.4954545454548,8.2663275352806032E-3,0,0,1.3223157981035346E-3,0.14285714285714285,0,0,0,0,1,1,0.67645365481475028,0.59001782531194291,0,0,0.16318117445444555,0.30124777183600715,0,0,0.15904285493270071,0.10695187165775401,null,"Day 11","2023-04-21",50252,0,0,0,0,9,644.54,3,200,0,0,41695.850000000006,12,616,67.688068181818196,70.37833333333333,3790.5318181818188,1.6806097269760425E-2,0,0,5.9958005413008721E-3,0.25,0,0,0,0,0.76318469225850671,0.75,0.70326591255484672,0.63961038961038963,0.23681530774149218,0.25,0.12275466263429091,0.23376623376623376,0,0,0.16798362426956157,0.12175324675324675]
["Day 12","2025-04-18",40092,null,null,null,null,null,null,null,null,null,null,null,null,null,null,null,null,null,null,null,null,null,null,null,null,null,null,null,null,null,null,null,null,null,null,null,null,null,null,"Day 12","2024-10-18",40465,null,null,null,null,null,null,null,null,null,null,null,null,null,null,null,null,null,null,null,null,null,null,null,null,null,null,null,null,null,null,null,null,null,null,null,null,null,null,"Day 12","2024-04-27",39822,null,null,null,null,null,null,null,null,null,null,null,null,null,null,null,null,null,null,null,null,null,null,null,null,null,null,null,null,null,null,null,null,null,null,null,null,null,null,"Day 12","2023-10-13",48752,0,0,0,0,8,544.89,0,0,0,0,38357.340000000004,8,569,67.411845342706513,68.111249999999998,3196.4450000000002,1.117677223498522E-2,0,0,1.3035314753317095E-3,0.125,0,0,0,0,1.0000000000000011,1,0.68104983296547683,0.59578207381370829,0,0,0.16086308383219483,0.29701230228471004,0,0,0.15678355172699668,0.1054481546572935,null,"Day 12","2023-04-22",50252,0,0,0,0,9,809,0,0,0,0,42504.850000000006,9,625,68.007760000000005,89.888888888888886,3542.0708333333337,1.6098861736846295E-2,0,0,5.8816817374958376E-3,0.33333333333333331,0,0,0,0,1,1,0.70891368867317506,0.64480000000000004,0,0,0.12041825815171678,0.23039999999999999,0,0,0.16478637143761238,0.12]
["Day 13","2025-04-19",40092,null,null,null,null,null,null,null,null,null,null,null,null,null,null,null,null,null,null,null,null,null,null,null,null,null,null,null,null,null,null,null,null,null,null,null,null,null,null,"Day 13","2024-10-19",40465,null,null,null,null,null,null,null,null,null,null,null,null,null,null,null,null,null,null,null,null,null,null,null,null,null,null,null,null,null,null,null,null,null,null,null,null,null,null,"Day 13","2024-04-28",39822,null,null,null,null,null,null,null,null,null,null,null,null,null,null,null,null,null,null,null,null,null,null,null,null,null,null,null,null,null,null,null,null,null,null,null,null,null,null,"Day 13","2023-10-14",48752,0,0,0,0,4,475,0,0,0,0,38832.340000000004,4,573,67.77022687609076,118.75,2987.1030769230774,9.7431900229734171E-3,0,0,1.2875865837598248E-3,0.25,0,0,0,0,1,1,0.68495125454711214,0.59860383944153572,0,0,0.15889539492083146,0.29493891797556721,0,0,0.15486576394829668,0.10471204188481675,null,"Day 13","2023-04-23",50252,0,0,0,0,10,793.79,0,0,0,0,43298.640000000007,10,635,68.186834645669308,79.378999999999991,3330.6646153846159,1.5796187216429215E-2,0,0,5.7738534050954015E-3,0.3,0,0,0,0,0.99999999999999889,1,0.71425014734873904,0.65039370078740155,0,0,0.11821064125801639,0.22677165354330708,0,0,0.16176535798814923,0.11811023622047244]
["Day 14","2025-04-20",40092,null,null,null,null,null,null,null,null,null,null,null,null,null,null,null,null,null,null,null,null,null,null,null,null,null,null,null,null,null,null,null,null,null,null,null,null,null,null,"Day 14","2024-10-20",40465,null,null,null,null,null,null,null,null,null,null,null,null,null,null,null,null,null,null,null,null,null,null,null,null,null,null,null,null,null,null,null,null,null,null,null,null,null,null,"Day 14","2024-04-29",39822,null,null,null,null,null,null,null,null,null,null,null,null,null,null,null,null,null,null,null,null,null,null,null,null,null,null,null,null,null,null,null,null,null,null,null,null,null,null,"Day 14","2023-10-15",48752,0,0,0,0,5,450,0,0,0,0,39282.340000000004,5,578,67.962525951557097,90,2805.8814285714288,9.2303905480800794E-3,0,0,1.2728365978197835E-3,0.2,0,0,0,0,1,1,0.68856030470689888,0.60207612456747406,0,0,0.1570751640559091,0.29238754325259514,0,0,0.15309169463937228,0.10380622837370242,null,"Day 14","2023-04-24",50252,0,0,0,0,36,2539.98,0,0,1,64,45902.62000000001,37,672,68.307470238095249,70.377837837837845,3278.7585714285719,5.1818435087160775E-2,0,0,5.446312214858323E-3,8.1081081081081086E-2,0,0,0,0,0.97542223826603769,0.97297297297297303,0.72906600973974911,0.66815476190476186,0,0,0.11150474635216898,0.21428571428571427,2.4577761733961059E-2,2.7027027027027029E-2,0.15398293169322355,0.1130952380952381]
["Day 15","2025-04-21",40092,null,null,null,null,null,null,null,null,null,null,null,null,null,null,null,null,null,null,null,null,null,null,null,null,null,null,null,null,null,null,null,null,null,null,null,null,null,null,"Day 15","2024-10-21",40465,null,null,null,null,null,null,null,null,null,null,null,null,null,null,null,null,null,null,null,null,null,null,null,null,null,null,null,null,null,null,null,null,null,null,null,null,null,null,"Day 15","2024-04-30",39822,null,null,null,null,null,null,null,null,null,null,null,null,null,null,null,null,null,null,null,null,null,null,null,null,null,null,null,null,null,null,null,null,null,null,null,null,null,null,"Day 15","2023-10-16",48752,0,0,0,0,8,679,2,200,0,0,40161.340000000004,10,588,68.30159863945579,87.9,2677.4226666666668,1.8030029537249755E-2,0,0,1.2449783797054579E-3,0.1,0,0,0,0,0.77246871444823662,0.8,0.6903967845694392,0.60544217687074831,0.22753128555176336,0.2,0.15861721745340171,0.29081632653061223,0,0,0.14974101959745365,0.10204081632653061,null,"Day 15"]
["Day 16","2025-04-22",40092,null,null,null,null,null,null,null,null,null,null,null,null,null,null,null,null,null,null,null,null,null,null,null,null,null,null,null,null,null,null,null,null,null,null,null,null,null,null,"Day 16","2024-10-22",40465,null,null,null,null,null,null,null,null,null,null,null,null,null,null,null,null,null,null,null,null,null,null,null,null,null,null,null,null,null,null,null,null,null,null,null,null,null,null,"Day 16","2024-05-01",39822,null,null,null,null,null,null,null,null,null,null,null,null,null,null,null,null,null,null,null,null,null,null,null,null,null,null,null,null,null,null,null,null,null,null,null,null,null,null,"Day 16","2023-10-17",48752,0,0,0,0,64,5028.43,22,3106.56,0,0,48296.33,86,674,71.656275964391696,94.592906976744189,3018.5206250000001,0.16686474401050208,0,0,1.03527535114987E-3,1.1627906976744186E-2,0,0,0,0,0.61812368546242857,0.7441860465116279,0.67822316933812576,0.62314540059347179,0.38187631453757176,0.2558139534883721,0.19622277717582268,0.28635014836795253,0,0,0.12451877813490174,8.9020771513353122E-2,null,"Day 16"]
["Day 17","2025-04-23",40092,null,null,null,null,null,null,null,null,null,null,null,null,null,null,null,null,null,null,null,null,null,null,null,null,null,null,null,null,null,null,null,null,null,null,null,null,null,null,"Day 17","2024-10-23",40465,null,null,null,null,null,null,null,null,null,null,null,null,null,null,null,null,null,null,null,null,null,null,null,null,null,null,null,null,null,null,null,null,null,null,null,null,null,null,"Day 17","2024-05-02",39822,null,null,null,null,null,null,null,null,null,null,null,null,null,null,null,null,null,null,null,null,null,null,null,null,null,null,null,null,null,null,null,null,null,null,null,null,null,null,"Day 17","2023-10-18",48752,0,0,0,0,25,1275.7399999999998,0,0,0,0,49572.07,25,699,70.918555078683838,51.029599999999988,2916.0041176470586,2.6167952084017024E-2,0,0,1.0086324819601037E-3,0.04,0,0,0,0,1.0000000000000013,1,0.68650411411103085,0.63662374821173107,0,0,0.1911729730067758,0.27610872675250359,0,0,0.12131428040023343,8.5836909871244635E-2,null,"Day 17"]
["Day 18","2025-04-24",40092,null,null,null,null,null,null,null,null,null,null,null,null,null,null,null,null,null,null,null,null,null,null,null,null,null,null,null,null,null,null,null,null,null,null,null,null,null,null,"Day 18","2024-10-24",40465,null,null,null,null,null,null,null,null,null,null,null,null,null,null,null,null,null,null,null,null,null,null,null,null,null,null,null,null,null,null,null,null,null,null,null,null,null,null,"Day 18","2024-05-03",39822,null,null,null,null,null,null,null,null,null,null,null,null,null,null,null,null,null,null,null,null,null,null,null,null,null,null,null,null,null,null,null,null,null,null,null,null,null,null,"Day 18","2023-10-19",48752,null,null,null,null,null,null,null,null,null,null,null,null,null,null,null,null,null,null,null,null,null,null,null,null,null,null,null,null,null,null,null,null,null,null,null,null,null,null,"Day 18"]
["Day 19","2025-04-25",40092,null,null,null,null,null,null,null,null,null,null,null,null,null,null,null,null,null,null,null,null,null,null,null,null,null,null,null,null,null,null,null,null,null,null,null,null,null,null,"Day 19","2024-10-25",40465,null,null,null,null,null,null,null,null,null,null,null,null,null,null,null,null,null,null,null,null,null,null,null,null,null,null,null,null,null,null,null,null,null,null,null,null,null,null,"Day 19","2024-05-04",39822,null,null,null,null,null,null,null,null,null,null,null,null,null,null,null,null,null,null,null,null,null,null,null,null,null,null,null,null,null,null,null,null,null,null,null,null,null,null,"Day 19","2023-10-20",48752,null,null,null,null,null,null,null,null,null,null,null,null,null,null,null,null,null,null,null,null,null,null,null,null,null,null,null,null,null,null,null,null,null,null,null,null,null,null,"Day 19"]
["Day 20","2025-04-26",40092,null,null,null,null,null,null,null,null,null,null,null,null,null,null,null,null,null,null,null,null,null,null,null,null,null,null,null,null,null,null,null,null,null,null,null,null,null,null,"Day 20","2024-10-26",40465,null,null,null,null,null,null,null,null,null,null,null,null,null,null,null,null,null,null,null,null,null,null,null,null,null,null,null,null,null,null,null,null,null,null,null,null,null,null,"Day 20","2024-05-05",39822,null,null,null,null,null,null,null,null,null,null,null,null,null,null,null,null,null,null,null,null,null,null,null,null,null,null,null,null,null,null,null,null,null,null,null,null,null,null,"Day 20","2023-10-21",48752,null,null,null,null,null,null,null,null,null,null,null,null,null,null,null,null,null,null,null,null,null,null,null,null,null,null,null,null,null,null,null,null,null,null,null,null,null,null,"Day 20"]
["Day 21","2025-04-27",40092,null,null,null,null,null,null,null,null,null,null,null,null,null,null,null,null,null,null,null,null,null,null,null,null,null,null,null,null,null,null,null,null,null,null,null,null,null,null,"Day 21","2024-10-27",40465,null,null,null,null,null,null,null,null,null,null,null,null,null,null,null,null,null,null,null,null,null,null,null,null,null,null,null,null,null,null,null,null,null,null,null,null,null,null,"Day 21","2024-05-06",39822,null,null,null,null,null,null,null,null,null,null,null,null,null,null,null,null,null,null,null,null,null,null,null,null,null,null,null,null,null,null,null,null,null,null,null,null,null,null,"Day 21",null,null,null,null,null,null,null,null,null,null,null,null,null,null,null,null,null,null,null,null,null,null,null,null,null,null,null,null,null,null,null,null,null,null,null,null,null,null,null,null,"Day 21"]
["Day 22","2025-04-28",40092,null,null,null,null,null,null,null,null,null,null,null,null,null,null,null,null,null,null,null,null,null,null,null,null,null,null,null,null,null,null,null,null,null,null,null,null,null,null,"Day 22","2024-10-28",40465,null,null,null,null,null,null,null,null,null,null,null,null,null,null,null,null,null,null,null,null,null,null,null,null,null,null,null,null,null,null,null,null,null,null,null,null,null,null,"Day 22","2024-05-07",39822,null,null,null,null,null,null,null,null,null,null,null,null,null,null,null,null,null,null,null,null,null,null,null,null,null,null,null,null,null,null,null,null,null,null,null,null,null,null,"Day 22",null,null,null,null,null,null,null,null,null,null,null,null,null,null,null,null,null,null,null,null,null,null,null,null,null,null,null,null,null,null,null,null,null,null,null,null,null,null,null,null,"Day 22"]
["Day 23","2025-04-29",40092,null,null,null,null,null,null,null,null,null,null,null,null,null,null,null,null,null,null,null,null,null,null,null,null,null,null,null,null,null,null,null,null,null,null,null,null,null,null,"Day 23","2024-10-29",40465,null,null,null,null,null,null,null,null,null,null,null,null,null,null,null,null,null,null,null,null,null,null,null,null,null,null,null,null,null,null,null,null,null,null,null,null,null,null,"Day 23","2024-05-08",39822,null,null,null,null,null,null,null,null,null,null,null,null,null,null,null,null,null,null,null,null,null,null,null,null,null,null,null,null,null,null,null,null,null,null,null,null,null,null,"Day 23",null,null,null,null,null,null,null,null,null,null,null,null,null,null,null,null,null,null,null,null,null,null,null,null,null,null,null,null,null,null,null,null,null,null,null,null,null,null,null,null,"Day 23"]
["Day 24","2025-04-30",40092,null,null,null,null,null,null,null,null,null,null,null,null,null,null,null,null,null,null,null,null,null,null,null,null,null,null,null,null,null,null,null,null,null,null,null,null,null,null,"Day 24","2024-10-30",40465,null,null,null,null,null,null,null,null,null,null,null,null,null,null,null,null,null,null,null,null,null,null,null,null,null,null,null,null,null,null,null,null,null,null,null,null,null,null,"Day 24","2024-05-09",39822,null,null,null,null,null,null,null,null,null,null,null,null,null,null,null,null,null,null,null,null,null,null,null,null,null,null,null,null,null,null,null,null,null,null,null,null,null,null,"Day 24",null,null,null,null,null,null,null,null,null,null,null,null,null,null,null,null,null,null,null,null,null,null,null,null,null,null,null,null,null,null,null,null,null,null,null,null,null,null,null,null,"Day 24"]
["Day 25","2025-05-01",40092,null,null,null,null,null,null,null,null,null,null,null,null,null,null,null,null,null,null,null,null,null,null,null,null,null,null,null,null,null,null,null,null,null,null,null,null,null,null,"Day 25","2024-10-31",40465,null,null,null,null,null,null,null,null,null,null,null,null,null,null,null,null,null,null,null,null,null,null,null,null,null,null,null,null,null,null,null,null,null,null,null,null,null,null,"Day 25","2024-05-10",39822,null,null,null,null,null,null,null,null,null,null,null,null,null,null,null,null,null,null,null,null,null,null,null,null,null,null,null,null,null,null,null,null,null,null,null,null,null,null,"Day 25",null,null,null,null,null,null,null,null,null,null,null,null,null,null,null,null,null,null,null,null,null,null,null,null,null,null,null,null,null,null,null,null,null,null,null,null,null,null,null,null,"Day 25"]
["Day 26","2025-05-02",40092,null,null,null,null,null,null,null,null,null,null,null,null,null,null,null,null,null,null,null,null,null,null,null,null,null,null,null,null,null,null,null,null,null,null,null,null,null,null,"Day 26","2024-11-01",40465,null,null,null,null,null,null,null,null,null,null,null,null,null,null,null,null,null,null,null,null,null,null,null,null,null,null,null,null,null,null,null,null,null,null,null,null,null,null,"Day 26","2024-05-11",39822,null,null,null,null,null,null,null,null,null,null,null,null,null,null,null,null,null,null,null,null,null,null,null,null,null,null,null,null,null,null,null,null,null,null,null,null,null,null,"Day 26",null,null,null,null,null,null,null,null,null,null,null,null,null,null,null,null,null,null,null,null,null,null,null,null,null,null,null,null,null,null,null,null,null,null,null,null,null,null,null,null,"Day 26"]
["Day 27","2025-05-03",40092,null,null,null,null,null,null,null,null,null,null,null,null,null,null,null,null,null,null,null,null,null,null,null,null,null,null,null,null,null,null,null,null,null,null,null,null,null,null,"Day 27","2024-11-02",40465,null,null,null,null,null,null,null,null,null,null,null,null,null,null,null,null,null,null,null,null,null,null,null,null,null,null,null,null,null,null,null,null,null,null,null,null,null,null,"Day 27","2024-05-12",39822,null,null,null,null,null,null,null,null,null,null,null,null,null,null,null,null,null,null,null,null,null,null,null,null,null,null,null,null,null,null,null,null,null,null,null,null,null,null,"Day 27",null,null,null,null,null,null,null,null,null,null,null,null,null,null,null,null,null,null,null,null,null,null,null,null,null,null,null,null,null,null,null,null,null,null,null,null,null,null,null,null,"Day 27"]
["Day 28","2025-05-04",40092,null,null,null,null,null,null,null,null,null,null,null,null,null,null,null,null,null,null,null,null,null,null,null,null,null,null,null,null,null,null,null,null,null,null,null,null,null,null,"Day 28","2024-11-03",40465,null,null,null,null,null,null,null,null,null,null,null,null,null,null,null,null,null,null,null,null,null,null,null,null,null,null,null,null,null,null,null,null,null,null,null,null,null,null,"Day 28","2024-05-13",39822,null,null,null,null,null,null,null,null,null,null,null,null,null,null,null,null,null,null,null,null,null,null,null,null,null,null,null,null,null,null,null,null,null,null,null,null,null,null,"Day 28",null,null,null,null,null,null,null,null,null,null,null,null,null,null,null,null,null,null,null,null,null,null,null,null,null,null,null,null,null,null,null,null,null,null,null,null,null,null,null,null,"Day 28"]
["Day 29","2025-05-05",40092,null,null,null,null,null,null,null,null,null,null,null,null,null,null,null,null,null,null,null,null,null,null,null,null,null,null,null,null,null,null,null,null,null,null,null,null,null,null,"Day 29","2024-11-04",40465,null,null,null,null,null,null,null,null,null,null,null,null,null,null,null,null,null,null,null,null,null,null,null,null,null,null,null,null,null,null,null,null,null,null,null,null,null,null,"Day 29","2024-05-14",39822,null,null,null,null,null,null,null,null,null,null,null,null,null,null,null,null,null,null,null,null,null,null,null,null,null,null,null,null,null,null,null,null,null,null,null,null,null,null,"Day 29",null,null,null,null,null,null,null,null,null,null,null,null,null,null,null,null,null,null,null,null,null,null,null,null,null,null,null,null,null,null,null,null,null,null,null,null,null,null,null,null,"Day 29"]
["Day 30","2025-05-06",40092,null,null,null,null,null,null,null,null,null,null,null,null,null,null,null,null,null,null,null,null,null,null,null,null,null,null,null,null,null,null,null,null,null,null,null,null,null,null,"Day 30","2024-11-05",40465,null,null,null,null,null,null,null,null,null,null,null,null,null,null,null,null,null,null,null,null,null,null,null,null,null,null,null,null,null,null,null,null,null,null,null,null,null,null,"Day 30","2024-05-15",39822,null,null,null,null,null,null,null,null,null,null,null,null,null,null,null,null,null,null,null,null,null,null,null,null,null,null,null,null,null,null,null,null,null,null,null,null,null,null,"Day 30",null,null,null,null,null,null,null,null,null,null,null,null,null,null,null,null,null,null,null,null,null,null,null,null,null,null,null,null,null,null,null,null,null,null,null,null,null,null,null,null,"Day 30"]
["Day 31","2025-05-07",40092,null,null,null,null,null,null,null,null,null,null,null,null,null,null,null,null,null,null,null,null,null,null,null,null,null,null,null,null,null,null,null,null,null,null,null,null,null,null,"Day 31","2024-11-06",40465,null,null,null,null,null,null,null,null,null,null,null,null,null,null,null,null,null,null,null,null,null,null,null,null,null,null,null,null,null,null,null,null,null,null,null,null,null,null,"Day 31","2024-05-16",39822,null,null,null,null,null,null,null,null,null,null,null,null,null,null,null,null,null,null,null,null,null,null,null,null,null,null,null,null,null,null,null,null,null,null,null,null,null,null,"Day 31",null,null,null,null,null,null,null,null,null,null,null,null,null,null,null,null,null,null,null,null,null,null,null,null,null,null,null,null,null,null,null,null,null,null,null,null,null,null,null,null,"Day 31"]
["Day 32","2025-05-08",40092,null,null,null,null,null,null,null,null,null,null,null,null,null,null,null,null,null,null,null,null,null,null,null,null,null,null,null,null,null,null,null,null,null,null,null,null,null,null,"Day 32","2024-11-07",40465,null,null,null,null,null,null,null,null,null,null,null,null,null,null,null,null,null,null,null,null,null,null,null,null,null,null,null,null,null,null,null,null,null,null,null,null,null,null,"Day 32","2024-05-17",39822,null,null,null,null,null,null,null,null,null,null,null,null,null,null,null,null,null,null,null,null,null,null,null,null,null,null,null,null,null,null,null,null,null,null,null,null,null,null,"Day 32",null,null,null,null,null,null,null,null,null,null,null,null,null,null,null,null,null,null,null,null,null,null,null,null,null,null,null,null,null,null,null,null,null,null,null,null,null,null,null,null,"Day 32"]
["Day 33","2025-05-09",40092,null,null,null,null,null,null,null,null,null,null,null,null,null,null,null,null,null,null,null,null,null,null,null,null,null,null,null,null,null,null,null,null,null,null,null,null,null,null,"Day 33","2024-11-08",40465,null,null,null,null,null,null,null,null,null,null,null,null,null,null,null,null,null,null,null,null,null,null,null,null,null,null,null,null,null,null,null,null,null,null,null,null,null,null,"Day 33","2024-05-18",39822,null,null,null,null,null,null,null,null,null,null,null,null,null,null,null,null,null,null,null,null,null,null,null,null,null,null,null,null,null,null,null,null,null,null,null,null,null,null,"Day 33",null,null,null,null,null,null,null,null,null,null,null,null,null,null,null,null,null,null,null,null,null,null,null,null,null,null,null,null,null,null,null,null,null,null,null,null,null,null,null,null,"Day 33"]
["Day 34","2025-05-10",40092,null,null,null,null,null,null,null,null,null,null,null,null,null,null,null,null,null,null,null,null,null,null,null,null,null,null,null,null,null,null,null,null,null,null,null,null,null,null,"Day 34","2024-11-09",40465,null,null,null,null,null,null,null,null,null,null,null,null,null,null,null,null,null,null,null,null,null,null,null,null,null,null,null,null,null,null,null,null,null,null,null,null,null,null,"Day 34","2024-05-19",39822,null,null,null,null,null,null,null,null,null,null,null,null,null,null,null,null,null,null,null,null,null,null,null,null,null,null,null,null,null,null,null,null,null,null,null,null,null,null,"Day 34",null,null,null,null,null,null,null,null,null,null,null,null,null,null,null,null,null,null,null,null,null,null,null,null,null,null,null,null,null,null,null,null,null,null,null,null,null,null,null,null,"Day 34"]
["Day 35","2025-05-11",40092,null,null,null,null,null,null,null,null,null,null,null,null,null,null,null,null,null,null,null,null,null,null,null,null,null,null,null,null,null,null,null,null,null,null,null,null,null,null,"Day 35","2024-11-10",40465,null,null,null,null,null,null,null,null,null,null,null,null,null,null,null,null,null,null,null,null,null,null,null,null,null,null,null,null,null,null,null,null,null,null,null,null,null,null,"Day 35","2024-05-20",39822,null,null,null,null,null,null,null,null,null,null,null,null,null,null,null,null,null,null,null,null,null,null,null,null,null,null,null,null,null,null,null,null,null,null,null,null,null,null,"Day 35",null,null,null,null,null,null,null,null,null,null,null,null,null,null,null,null,null,null,null,null,null,null,null,null,null,null,null,null,null,null,null,null,null,null,null,null,null,null,null,null,"Day 35"]
["Day 36","2025-05-12",40092,null,null,null,null,null,null,null,null,null,null,null,null,null,null,null,null,null,null,null,null,null,null,null,null,null,null,null,null,null,null,null,null,null,null,null,null,null,null,"Day 36","2024-11-11",40465,null,null,null,null,null,null,null,null,null,null,null,null,null,null,null,null,null,null,null,null,null,null,null,null,null,null,null,null,null,null,null,null,null,null,null,null,null,null,"Day 36","2024-05-21",39822,null,null,null,null,null,null,null,null,null,null,null,null,null,null,null,null,null,null,null,null,null,null,null,null,null,null,null,null,null,null,null,null,null,null,null,null,null,null,"Day 36",null,null,null,null,null,null,null,null,null,null,null,null,null,null,null,null,null,null,null,null,null,null,null,null,null,null,null,null,null,null,null,null,null,null,null,null,null,null,null,null,"Day 36"]
["Day 37","2025-05-13",40092,null,null,null,null,null,null,null,null,null,null,null,null,null,null,null,null,null,null,null,null,null,null,null,null,null,null,null,null,null,null,null,null,null,null,null,null,null,null,"Day 37","2024-11-12",40465,null,null,null,null,null,null,null,null,null,null,null,null,null,null,null,null,null,null,null,null,null,null,null,null,null,null,null,null,null,null,null,null,null,null,null,null,null,null,"Day 37","2024-05-22",39822,null,null,null,null,null,null,null,null,null,null,null,null,null,null,null,null,null,null,null,null,null,null,null,null,null,null,null,null,null,null,null,null,null,null,null,null,null,null,"Day 37",null,null,null,null,null,null,null,null,null,null,null,null,null,null,null,null,null,null,null,null,null,null,null,null,null,null,null,null,null,null,null,null,null,null,null,null,null,null,null,null,"Day 37"]
["Day 38","2025-05-14",40092,null,null,null,null,null,null,null,null,null,null,null,null,null,null,null,null,null,null,null,null,null,null,null,null,null,null,null,null,null,null,null,null,null,null,null,null,null,null,"Day 38","2024-11-13",40465,null,null,null,null,null,null,null,null,null,null,null,null,null,null,null,null,null,null,null,null,null,null,null,null,null,null,null,null,null,null,null,null,null,null,null,null,null,null,"Day 38","2024-05-23",39822,null,null,null,null,null,null,null,null,null,null,null,null,null,null,null,null,null,null,null,null,null,null,null,null,null,null,null,null,null,null,null,null,null,null,null,null,null,null,"Day 38",null,null,null,null,null,null,null,null,null,null,null,null,null,null,null,null,null,null,null,null,null,null,null,null,null,null,null,null,null,null,null,null,null,null,null,null,null,null,null,null,"Day 38"]
["Day 39","2025-05-15",40092,null,null,null,null,null,null,null,null,null,null,null,null,null,null,null,null,null,null,null,null,null,null,null,null,null,null,null,null,null,null,null,null,null,null,null,null,null,null,"Day 39","2024-11-14",40465,null,null,null,null,null,null,null,null,null,null,null,null,null,null,null,null,null,null,null,null,null,null,null,null,null,null,null,null,null,null,null,null,null,null,null,null,null,null,"Day 39","2024-05-24",39822,null,null,null,null,null,null,null,null,null,null,null,null,null,null,null,null,null,null,null,null,null,null,null,null,null,null,null,null,null,null,null,null,null,null,null,null,null,null,"Day 39",null,null,null,null,null,null,null,null,null,null,null,null,null,null,null,null,null,null,null,null,null,null,null,null,null,null,null,null,null,null,null,null,null,null,null,null,null,null,null,null,"Day 39"]
["Day 40","2025-05-16",40092,null,null,null,null,null,null,null,null,null,null,null,null,null,null,null,null,null,null,null,null,null,null,null,null,null,null,null,null,null,null,null,null,null,null,null,null,null,null,"Day 40","2024-11-15",40465,null,null,null,null,null,null,null,null,null,null,null,null,null,null,null,null,null,null,null,null,null,null,null,null,null,null,null,null,null,null,null,null,null,null,null,null,null,null,"Day 40","2024-05-25",39822,null,null,null,null,null,null,null,null,null,null,null,null,null,null,null,null,null,null,null,null,null,null,null,null,null,null,null,null,null,null,null,null,null,null,null,null,null,null,"Day 40",null,null,null,null,null,null,null,null,null,null,null,null,null,null,null,null,null,null,null,null,null,null,null,null,null,null,null,null,null,null,null,null,null,null,null,null,null,null,null,null,"Day 40"]
["Day 41","2025-05-17",40092,null,null,null,null,null,null,null,null,null,null,null,null,null,null,null,null,null,null,null,null,null,null,null,null,null,null,null,null,null,null,null,null,null,null,null,null,null,null,"Day 41","2024-11-16",40465,null,null,null,null,null,null,null,null,null,null,null,null,null,null,null,null,null,null,null,null,null,null,null,null,null,null,null,null,null,null,null,null,null,null,null,null,null,null,"Day 41","2024-05-26",39822,null,null,null,null,null,null,null,null,null,null,null,null,null,null,null,null,null,null,null,null,null,null,null,null,null,null,null,null,null,null,null,null,null,null,null,null,null,null,"Day 41",null,null,null,null,null,null,null,null,null,null,null,null,null,null,null,null,null,null,null,null,null,null,null,null,null,null,null,null,null,null,null,null,null,null,null,null,null,null,null,null,"Day 41"]
["Day 42","2025-05-18",40092,null,null,null,null,null,null,null,null,null,null,null,null,null,null,null,null,null,null,null,null,null,null,null,null,null,null,null,null,null,null,null,null,null,null,null,null,null,null,"Day 42","2024-11-17",40465,null,null,null,null,null,null,null,null,null,null,null,null,null,null,null,null,null,null,null,null,null,null,null,null,null,null,null,null,null,null,null,null,null,null,null,null,null,null,"Day 42","2024-05-27",39822,null,null,null,null,null,null,null,null,null,null,null,null,null,null,null,null,null,null,null,null,null,null,null,null,null,null,null,null,null,null,null,null,null,null,null,null,null,null,"Day 42",null,null,null,null,null,null,null,null,null,null,null,null,null,null,null,null,null,null,null,null,null,null,null,null,null,null,null,null,null,null,null,null,null,null,null,null,null,null,null,null,"Day 42"]
["Day 43","2025-05-19",40092,null,null,null,null,null,null,null,null,null,null,null,null,null,null,null,null,null,null,null,null,null,null,null,null,null,null,null,null,null,null,null,null,null,null,null,null,null,null,"Day 43","2024-11-18",40465,null,null,null,null,null,null,null,null,null,null,null,null,null,null,null,null,null,null,null,null,null,null,null,null,null,null,null,null,null,null,null,null,null,null,null,null,null,null,"Day 43","2024-05-28",39822,null,null,null,null,null,null,null,null,null,null,null,null,null,null,null,null,null,null,null,null,null,null,null,null,null,null,null,null,null,null,null,null,null,null,null,null,null,null,"Day 43",null,null,null,null,null,null,null,null,null,null,null,null,null,null,null,null,null,null,null,null,null,null,null,null,null,null,null,null,null,null,null,null,null,null,null,null,null,null,null,null,"Day 43"]
[null,null,null,null,null,{"$f":"SUM(F3:F46)","v":0},{"$f":"SUM(G3:G46)","v":0},353,29372.630000000005,104,5193.0400000000009,39,5876.1,{"$f":"LARGE(N3:N46,1)","v":40441.770000000004},null,null,null,null,null,null,null,null,null,null,null,null,null,null,null,null,null,null,null,null,null,null,null,null,null,null,null,null,null,40465,null,null,0,0,413,32592.75,105,2991.83,62,5125.01,40709.590000000004,null,null,null,null,null,null,null,null,null,null,null,null,null,null,null,null,null,null,null,null,null,null,null,null,null,null,null,null,null,39822,null,null,0,0,373,28708.65,116,3447.11,60,7739,39894.760000000009,null,null,null,null,null,null,null,null,null,null,null,null,null,null,null,null,null,null,null,null,null,null,null,null,null,null,null,"Day 44",null,48752,null,null,{"$f":"SUM(DY3:DY46)","v":0},{"$f":"SUM(DZ3:DZ46)","v":0},445,34031.430000000008,193,9476.84,60,6013.7999999999993,{"$f":"LARGE(EG3:EG46,1)","v":49572.07},null,null,null,null,null,null,null,null,null,null,null,null,null,null,null,null,null,null,null,null,null,null,null,null,null,null,null,"Day 44",null,50252,null,null,0,0,449,33466.040000000008,144,5118.3599999999997,76,7068.2199999999993,45902.62000000001]

{"sheet":"Sanitized Raw Data","index":6,"n_rows":497,"n_cols":12,"rows_kept":497,"cut":false,"hidden":false,"merged":[]}
["donate_id","donate_invoice","donate_amount","donate_method","donate_affiliation","donate_classyear","donate_isthanked","donate_transac_date","donate_create_date","donate_mod_date","donate_num_recurring","donate_pledge"]
[61359,"EF57-000001",64,"Personal Check",1,1964,"N","2024-10-12","2024-10-19T02:04:03","2024-10-19T02:04:03",1,"None. Donation by check."]
[61360,"EF57-000002",40,"Personal Check",1,1968,"N","2024-10-09","2024-10-19T02:05:54","2024-10-19T02:05:54",1,"None. Donation by check."]
[61361,"EF57-000003",50,"Personal Check",1,1968,"N","2024-10-16","2024-10-19T02:07:29","2024-10-19T02:07:29",1,"None. Donation by check."]
[61362,"EF57-000004",50,"Personal Check",1,1975,"N","2024-10-08","2024-10-19T02:09:04","2024-10-19T02:10:28",1,"None. Donation by check."]
[61363,"EF57-000005",50,"Personal Check",1,1960,"N","2024-10-16","2024-10-28T14:09:52","2024-10-28T14:09:52",1,"None. Donation by check."]
[61364,"EF57-000006",50,"Personal Check",1,1960,"N","2024-10-13","2024-10-28T14:11:19","2024-10-28T14:11:19",1,"None. Donation by check."]
[61365,"EF57-000007",100,"Personal Check",1,1963,"N","2024-10-14","2024-10-28T14:13:45","2024-10-28T14:13:45",1,"None. Donation by check."]
[61366,"EF57-000008",64,"Personal Check",1,1964,"N","2024-10-14","2024-10-28T14:15:34","2024-10-28T14:15:34",1,"None. Donation by check."]
[61367,"EF57-000009",250,"Personal Check",1,1968,"N","2024-10-16","2024-10-28T14:17:05","2024-10-28T14:17:05",1,"None. Donation by check."]
[61368,"EF57-000010",128,"Personal Check",1,1964,"N","2024-10-20","2024-10-28T14:18:21","2024-10-28T14:18:21",1,"None. Donation by check."]
[61369,"EF57-000011",500,"Personal Check",1,1959,"N","2024-10-18","2024-10-28T14:20:26","2024-10-28T14:20:26",1,"None. Donation by check."]
[61370,"EF57-000012",100,"Personal Check",1,1977,"N","2024-10-17","2024-10-28T14:22:33","2024-10-28T14:22:33",1,"None. Donation by check."]
[61371,"EF57-000013",50,"Personal Check",1,1955,"N","2024-10-15","2024-10-28T14:24:57","2024-10-28T14:24:57",1,"None. Donation by check."]
[61372,"EF57-000014",50,"Personal Check",1,1958,"N","2024-10-07","2024-10-28T14:26:25","2024-10-28T14:26:25",1,"None. Donation by check."]
[61373,"EF57-000015",35,"Personal Check",1,1969,"N","2024-10-14","2024-10-28T14:28:04","2024-10-28T14:28:04",1,"None. Donation by check."]
[61374,"EF57-000016",50,"Personal Check",1,1977,"N","2024-10-15","2024-10-28T14:29:54","2024-10-28T14:29:54",1,"None. Donation by check."]
[61375,"EF57-000017",64,"Personal Check",1,1964,"N","2024-10-16","2024-10-28T14:31:33","2024-10-28T14:31:33",1,"None. Donation by check."]
[61376,"EF57-000018",40,"Personal Check",1,1968,"N","2024-10-11","2024-10-28T14:33:39","2024-10-28T14:33:39",1,"None. Donation by check."]
[61377,"EF57-000019",50,"Personal Check",1,1960,"N","2024-10-19","2024-10-28T14:35:32","2024-10-28T14:35:32",1,"None. Donation by check."]
[61378,"EF57-000020",100,"Personal Check",1,1968,"N","2024-10-15","2024-10-28T14:37:42","2024-10-28T14:37:42",1,"None. Donation by check."]
[61379,"EF57-000021",100,"Personal Check",1,1964,"N","2024-10-14","2024-10-28T14:40:32","2024-10-28T14:40:32",1,"None. Donation by check."]
[61380,"EF57-000022",100,"Personal Check",1,1986,"N","2024-10-16","2024-10-28T14:42:05","2024-10-28T14:42:05",1,"None. Donation by check."]
[61381,"EF57-000023",200,"Personal Check",1,1969,"N","2024-10-15","2024-10-28T14:44:10","2024-10-28T14:44:10",1,"None. Donation by check."]
[61382,"EF57-000024",50,"Personal Check",1,1968,"N","2024-10-15","2024-11-04T14:52:07","2024-11-04T14:52:07",1,"None. Donation by check."]
[61383,"EF57-000025",200,"Personal Check",1,1964,"N","2024-10-19","2024-11-04T14:53:52","2024-11-04T14:53:52",1,"None. Donation by check."]
[61384,"EF57-000026",64,"Personal Check",5,1964,"N","2024-10-13","2024-11-04T14:56:20","2024-11-04T14:56:20",1,"None. Donation by check."]
[61385,"EF57-000027",84.52,"Personal Check",1,1955,"N","2024-10-24","2024-11-04T15:03:13","2024-11-04T15:03:13",1,"None. Donation by check."]
[61386,"EF57-000028",58,"Personal Check",12,null,"N","2024-10-28","2024-11-18T19:16:38","2024-11-18T19:16:38",1,"None. Donation by check."]
[61387,"EF57-000029",1000,"Personal Check",1,1968,"N","2024-12-04","2024-12-29T18:20:24","2024-12-29T18:20:24",1,"None. Donation by check."]
[61389,"EF57-000030",1000,"Personal Check",1,1967,"N","2025-02-06","2025-02-17T15:25:27","2025-02-17T15:25:27",1,"None. Donation by check."]
[61390,"EF57-000031",250,"Personal Check",1,1968,"N","2025-01-03","2025-02-27T15:42:59","2025-02-27T15:42:59",1,"None. Donation by check."]
[61391,"EF57-000032",19.579999999999998,"Personal Check",1,1958,"N","2025-03-14","2025-03-20T19:43:09","2025-03-20T19:43:09",1,"None. Donation by check."]
[61392,"EF57-000033",40,"PayPal",1,1957,"N","2024-10-17","2025-03-25T00:00:34","2025-03-25T00:00:34",1,"None. Donation by check."]
[61393,"EF57-000034",500,"PayPal",5,1959,"N","2024-10-18","2025-03-25T00:04:12","2025-03-25T00:04:12",1,"None. Donation by check."]
[61394,"EF57-000035",5,"PayPal",1,1985,"N","2024-10-19","2025-03-25T00:11:21","2025-03-25T00:17:09",1,"None. Donation by check."]
[61395,"EF57-000036",500,"PayPal",1,1989,"N","2024-10-19","2025-03-25T00:15:08","2025-03-25T00:15:08",1,"None. Donation by check."]
[61396,"EF57-000037",20.09,"PayPal",3,2009,"N","2024-10-23","2025-03-25T00:16:37","2025-03-25T00:33:55",1,"None. Donation by check."]
[61397,"EF57-000038",33,"PayPal",4,null,"N","2024-10-25","2025-03-25T00:20:20","2025-03-25T00:20:20",1,"None. Donation by check."]
[61398,"EF57-000039",10,"PayPal",1,2007,"N","2024-10-27","2025-03-25T00:21:26","2025-03-25T00:21:26",1,"None. Donation by check."]
[61399,"EF57-000040",10,"PayPal",1,1986,"N","2024-10-29","2025-03-25T00:22:34","2025-03-25T00:22:34",1,"None. Donation by check."]
[61400,"EF57-000041",5,"PayPal",1,1956,"N","2024-11-03","2025-03-25T00:23:36","2025-03-25T00:23:36",1,"None. Donation by check."]
[61401,"EF57-000042",58,"PayPal",1,1958,"N","2024-11-04","2025-03-25T00:24:36","2025-03-25T00:24:36",1,"None. Donation by check."]
[61402,"EF57-000043",5,"PayPal",1,1978,"N","2024-11-06","2025-03-25T00:25:53","2025-03-25T00:25:53",1,"None. Donation by check."]
[61403,"EF57-000044",5,"PayPal",1,1956,"N","2024-11-09","2025-03-25T00:26:56","2025-03-25T00:26:56",1,"None. Donation by check."]
[61404,"EF57-000045",1000,"PayPal",1,1976,"N","2024-11-09","2025-03-25T00:28:49","2025-03-25T00:28:49",1,"None. Donation by check."]
[61405,"EF57-000046",10,"PayPal",1,1981,"N","2024-11-11","2025-03-25T00:30:03","2025-03-25T00:30:03",1,"None. Donation by check."]
[61406,"EF57-000047",10,"PayPal",1,1987,"N","2024-11-14","2025-03-25T00:31:11","2025-03-25T00:31:11",1,"None. Donation by check."]
[61407,"EF57-000048",5,"PayPal",1,1985,"N","2024-11-19","2025-03-25T00:32:14","2025-03-25T00:32:14",1,"None. Donation by check."]
[61408,"EF57-000049",20.09,"PayPal",3,2009,"N","2024-11-23","2025-03-25T00:33:30","2025-03-25T00:33:30",1,"None. Donation by check."]
[61409,"EF57-000050",10,"PayPal",1,2007,"N","2024-11-27","2025-03-25T00:34:52","2025-03-25T00:34:52",1,"None. Donation by check."]
[61410,"EF57-000051",10,"PayPal",1,1986,"N","2024-11-29","2025-03-25T00:35:53","2025-03-25T00:35:53",1,"None. Donation by check."]
[61411,"EF57-000052",5,"PayPal",1,1956,"N","2024-12-03","2025-03-25T00:39:20","2025-03-25T00:39:20",1,"None. Donation by check."]
[61412,"EF57-000053",58,"PayPal",1,1958,"N","2024-12-04","2025-03-25T00:40:07","2025-03-25T00:40:07",1,"None. Donation by check."]
[61413,"EF57-000054",5,"PayPal",1,1978,"N","2024-12-06","2025-03-25T00:41:00","2025-03-25T00:41:00",1,"None. Donation by check."]
[61414,"EF57-000055",5,"PayPal",1,1956,"N","2024-12-09","2025-03-25T00:41:45","2025-03-25T00:41:45",1,"None. Donation by check."]
[61415,"EF57-000056",10,"PayPal",1,1981,"N","2024-12-11","2025-03-25T00:42:38","2025-03-25T00:42:38",1,"None. Donation by check."]
[61416,"EF57-000057",10,"PayPal",1,1987,"N","2024-12-14","2025-03-25T00:43:38","2025-03-25T00:43:38",1,"None. Donation by check."]
[61417,"EF57-000058",5,"PayPal",1,1985,"N","2024-12-19","2025-03-25T00:44:49","2025-03-25T00:44:49",1,"None. Donation by check."]
[61418,"EF57-000059",20.09,"PayPal",3,2009,"N","2024-12-23","2025-03-25T00:45:43","2025-03-25T00:45:43",1,"None. Donation by check."]
[61419,"EF57-000060",25,"PayPal",1,1978,"N","2024-12-26","2025-03-25T00:47:30","2025-03-25T00:47:30",1,"None. Donation by check."]
[61420,"EF57-000061",10,"PayPal",1,2007,"N","2024-12-27","2025-03-25T00:48:48","2025-03-25T00:48:48",1,"None. Donation by check."]
[61421,"EF57-000062",10,"PayPal",1,1986,"N","2024-12-29","2025-03-25T00:49:39","2025-03-25T00:49:39",1,"None. Donation by check."]
[61422,"EF57-000063",50,"PayPal",1,1986,"N","2024-12-31","2025-03-25T00:51:20","2025-03-25T00:51:20",1,"None. Donation by check."]
[61423,"EF57-000064",5,"PayPal",1,1956,"N","2025-01-03","2025-03-25T00:52:21","2025-03-25T00:52:21",1,"None. Donation by check."]
[61424,"EF57-000065",58,"PayPal",1,1958,"N","2025-01-04","2025-03-25T00:53:12","2025-03-25T00:53:12",1,"None. Donation by check."]
[61425,"EF57-000066",5,"PayPal",1,1978,"N","2025-01-06","2025-03-25T00:54:00","2025-03-25T00:54:00",1,"None. Donation by check."]
[61426,"EF57-000067",5,"PayPal",1,1956,"N","2025-01-09","2025-03-25T01:03:26","2025-03-25T01:03:26",1,"None. Donation by check."]
[61427,"EF57-000068",10,"PayPal",1,1981,"N","2025-01-11","2025-03-25T01:04:23","2025-03-25T01:04:23",1,"None. Donation by check."]
[61428,"EF57-000069",10,"PayPal",1,1987,"N","2025-01-14","2025-03-25T01:06:46","2025-03-25T01:06:46",1,"None. Donation by check."]
[61429,"EF57-000070",5,"PayPal",1,1985,"N","2025-01-19","2025-03-25T01:07:46","2025-03-25T01:07:46",1,"None. Donation by check."]
[61430,"EF57-000071",20.09,"PayPal",3,2009,"N","2025-01-23","2025-03-25T01:08:56","2025-03-25T01:08:56",1,"None. Donation by check."]
[61431,"EF57-000072",10,"PayPal",1,2007,"N","2025-01-27","2025-03-25T01:19:51","2025-03-25T01:19:51",1,"None. Donation by check."]
[61432,"EF57-000073",10,"PayPal",1,1986,"N","2025-01-29","2025-03-25T01:20:47","2025-03-25T01:20:47",1,"None. Donation by check."]
[61433,"EF57-000074",5,"PayPal",1,1956,"N","2025-02-03","2025-03-25T01:22:05","2025-03-25T01:22:05",1,"None. Donation by check."]
[61434,"EF57-000075",58,"PayPal",1,1958,"N","2025-02-04","2025-03-25T01:23:04","2025-03-25T01:23:04",1,"None. Donation by check."]
[61435,"EF57-000076",5,"PayPal",1,1978,"N","2025-02-06","2025-03-25T01:23:55","2025-03-25T01:23:55",1,"None. Donation by check."]
[61436,"EF57-000077",5,"PayPal",1,1956,"N","2025-02-09","2025-03-25T01:24:38","2025-03-25T01:24:38",1,"None. Donation by check."]
[61437,"EF57-000078",10,"PayPal",1,1981,"N","2025-02-11","2025-03-25T01:25:28","2025-03-25T01:25:28",1,"None. Donation by check."]
[61438,"EF57-000079",10,"PayPal",1,1987,"N","2025-02-14","2025-03-25T01:26:15","2025-03-25T01:26:15",1,"None. Donation by check."]
[61439,"EF57-000080",5,"PayPal",1,1985,"N","2025-02-19","2025-03-25T01:27:06","2025-03-25T01:27:06",1,"None. Donation by check."]
[61440,"EF57-000081",20.09,"PayPal",3,2009,"N","2025-02-23","2025-03-25T01:28:04","2025-03-25T01:28:04",1,"None. Donation by check."]
[61441,"EF57-000082",10,"PayPal",1,2007,"N","2025-02-27","2025-03-25T01:30:56","2025-03-25T01:30:56",1,"None. Donation by check."]
[61442,"EF57-000083",10,"PayPal",1,1986,"N","2025-02-28","2025-03-25T01:31:45","2025-03-25T01:31:45",1,"None. Donation by check."]
[61443,"EF57-000084",5,"PayPal",1,1956,"N","2025-03-03","2025-03-25T01:32:23","2025-03-25T01:32:23",1,"None. Donation by check."]
[61444,"EF57-000085",58,"PayPal",1,1958,"N","2025-03-04","2025-03-25T01:33:01","2025-03-25T01:33:01",1,"None. Donation by check."]
[61445,"EF57-000086",5,"PayPal",1,1978,"N","2025-03-06","2025-03-25T01:33:40","2025-03-25T01:33:40",1,"None. Donation by check."]
[61446,"EF57-000087",5,"Personal Check",1,1956,"N","2025-03-09","2025-03-25T01:34:58","2025-03-25T01:34:58",1,"None. Donation by check."]
[61447,"EF57-000088",10,"PayPal",1,1981,"N","2025-03-11","2025-03-25T01:36:06","2025-03-25T01:36:06",1,"None. Donation by check."]
[61448,"EF57-000089",10,"PayPal",1,1987,"N","2025-03-14","2025-03-25T01:37:04","2025-03-25T01:37:04",1,"None. Donation by check."]
[61449,"EF57-000090",5,"PayPal",1,1985,"N","2025-03-19","2025-03-25T01:38:03","2025-03-25T01:38:03",1,"None. Donation by check."]
[61450,"EF57-000091",20.09,"PayPal",3,2009,"N","2025-03-23","2025-03-25T01:38:59","2025-03-25T01:38:59",1,"None. Donation by check."]
[61451,"F57-000003",50,"CC",2,2016,"N","2025-04-07T22:33:16","2025-04-07T22:33:18","2025-04-07T22:33:18",1,50]
[61452,"F57-000004",100,"CC",1,1966,"N","2025-04-07T22:34:57","2025-04-07T22:34:59","2025-04-07T22:34:59",1,100]
[61453,"F57-000005",100,"CC",1,1964,"N","2025-04-07T22:38:18","2025-04-07T22:38:19","2025-04-07T22:38:19",1,100]
[61454,"F57-000006",100,"CC",1,1965,"N","2025-04-07T22:40:29","2025-04-07T22:40:30","2025-04-07T22:40:30",1,100]
[61455,"F57-000007",500,"CC",1,1964,"N","2025-04-07T22:54:07","2025-04-07T22:54:09","2025-04-07T22:54:09",1,500]
[61456,"F57-000008",100,"CC",1,1958,"N","2025-04-07T22:59:25","2025-04-07T22:59:26","2025-04-07T22:59:26",1,100]
[61457,"F57-000009",5,"CC",1,1980,"N","2025-04-07T23:06:00","2025-04-07T23:06:01","2025-04-07T23:06:01",1,5]
[61458,"F57-000010",200,"CC",1,1964,"N","2025-04-07T23:25:58","2025-04-07T23:26:00","2025-04-07T23:26:00",1,200]
[61459,"F57-000011",50,"CC",1,1956,"N","2025-04-07T23:52:18","2025-04-07T23:52:20","2025-04-07T23:52:20",1,50]
[61460,"F57-000012",100,"CC",1,1968,"N","2025-04-08T01:18:49","2025-04-08T01:18:50","2025-04-08T01:18:50",1,100]
[61461,"F57-000013",100,"CC",1,1996,"N","2025-04-08T01:59:01","2025-04-08T01:59:03","2025-04-08T01:59:03",1,100]
[61462,"F57-000014",50,"CC",1,1968,"N","2025-04-08T03:29:04","2025-04-08T03:29:05","2025-04-08T03:29:05",1,50]
[61463,"F57-000015",100,"CC",1,1973,"N","2025-04-08T03:32:34","2025-04-08T03:32:35","2025-04-08T03:32:35",1,100]
[61464,"F57-000016",100,"CC",1,1977,"N","2025-04-08T03:37:46","2025-04-08T03:37:47","2025-04-08T03:37:47",1,100]
[61465,"F57-000017",10,"CC",1,1987,"N","2025-04-08T04:19:00","2025-04-08T04:19:01","2025-04-08T04:19:01",1,10]
[61466,"F57-000018",50,"CC",1,1980,"N","2025-04-08T04:36:26","2025-04-08T04:36:27","2025-04-08T04:36:27",1,50]
[61467,"F57-000019",19.63,"CC",1,1963,"N","2025-04-08T04:43:22","2025-04-08T04:43:23","2025-04-08T04:43:23",1,19.63]
[61468,"F57-000020",50,"CC",1,1975,"N","2025-04-08T05:14:42","2025-04-08T05:14:44","2025-04-08T05:14:44",1,50]
[61469,"F57-000021",19.8,"CC",1,1980,"N","2025-04-08T05:18:23","2025-04-08T05:18:24","2025-04-08T05:18:24",1,19.8]
[61470,"F57-000022",50,"CC",1,1969,"N","2025-04-08T05:32:05","2025-04-08T05:32:06","2025-04-08T05:32:06",1,50]
[61471,"F57-000023",64,"CC",6,1964,"N","2025-04-08T05:35:48","2025-04-08T05:35:50","2025-04-08T05:35:50",1,64]
[61472,"F57-000024",50,"CC",1,1977,"N","2025-04-08T05:45:48","2025-04-08T05:45:50","2025-04-08T05:45:50",1,50]
[61473,"F57-000025",25,"CC",1,1975,"N","2025-04-08T05:45:53","2025-04-08T05:45:54","2025-04-08T05:45:54",1,25]
[61474,"F57-000026",100,"CC",1,1969,"N","2025-04-08T05:55:55","2025-04-08T05:55:57","2025-04-08T05:55:57",1,100]
[61475,"F57-000027",50,"CC",1,1968,"N","2025-04-08T06:08:12","2025-04-08T06:08:13","2025-04-08T06:08:13",1,50]
[61476,"F57-000028",25,"CC",1,1966,"N","2025-04-08T06:10:38","2025-04-08T06:10:40","2025-04-08T06:10:40",1,25]
[61477,"F57-000029",40,"CC",1,1996,"N","2025-04-08T06:11:05","2025-04-08T06:11:06","2025-04-08T06:11:06",1,40]
[61478,"F57-000030",10,"CC",1,1978,"N","2025-04-08T06:18:52","2025-04-08T06:18:53","2025-04-08T06:18:53",1,10]
[61479,"F57-000031",150,"CC",1,1989,"N","2025-04-08T06:41:45","2025-04-08T06:41:46","2025-04-08T06:41:46",1,150]
[61480,"F57-000032",69.69,"CC",1,1969,"N","2025-04-08T06:42:20","2025-04-08T06:42:21","2025-04-08T06:42:21",1,69.69]
[61481,"F57-000033",60,"CC",1,1986,"N","2025-04-08T06:45:14","2025-04-08T06:45:16","2025-04-08T06:45:16",1,60]
[61482,"F57-000034",100,"CC",1,1958,"N","2025-04-08T06:52:25","2025-04-08T06:52:27","2025-04-08T06:52:27",1,100]
[61483,"F57-000035",50,"CC",1,1960,"N","2025-04-08T07:08:31","2025-04-08T07:08:32","2025-04-08T07:08:32",1,50]
[61484,"F57-000036",19.79,"CC",1,1979,"N","2025-04-08T07:09:06","2025-04-08T07:09:07","2025-04-08T07:09:07",1,19.79]
[61485,"F57-000037",100,"CC",1,1972,"N","2025-04-08T07:09:52","2025-04-08T07:09:53","2025-04-08T07:09:53",1,100]
[61486,"F57-000038",25,"CC",1,1977,"N","2025-04-08T07:23:26","2025-04-08T07:23:27","2025-04-08T07:23:27",1,25]
[61487,"F57-000039",40,"CC",2,2008,"N","2025-04-08T07:23:29","2025-04-08T07:23:30","2025-04-08T07:23:30",1,40]
[61488,"F57-000040",19.79,"CC",1,1979,"N","2025-04-08T07:26:21","2025-04-08T07:26:22","2025-04-08T07:26:22",1,19.79]
[61489,"F57-000041",79,"CC",1,1979,"N","2025-04-08T07:30:22","2025-04-08T07:30:23","2025-04-08T07:30:23",1,79]
[61490,"F57-000042",19.79,"CC",1,1979,"N","2025-04-08T07:33:00","2025-04-08T07:33:02","2025-04-08T07:33:02",1,19.79]
[61491,"F57-000043",100,"CC",null,1979,"N","2025-04-08T07:33:30","2025-04-08T07:33:32","2025-04-08T07:33:32",1,100]
[61492,"F57-000044",9.64,"CC",1,1964,"N","2025-04-08T07:37:57","2025-04-08T07:37:58","2025-04-08T07:37:58",1,9.64]
[61493,"F57-000045",100,"CC",1,1979,"N","2025-04-08T07:40:45","2025-04-08T07:40:46","2025-04-08T07:40:46",1,100]
[61494,"F57-000046",64,"CC",5,1964,"N","2025-04-08T07:44:39","2025-04-08T07:44:41","2025-04-08T07:44:41",1,64]
[61495,"F57-000047",50,"CC",1,1963,"N","2025-04-08T07:49:16","2025-04-08T07:49:17","2025-04-08T07:49:17",1,50]
[61496,"F57-000048",200,"CC",1,1982,"N","2025-04-08T07:49:45","2025-04-08T07:49:46","2025-04-08T07:49:46",1,200]
[61497,"F57-000049",50,"CC",1,1978,"N","2025-04-08T07:55:38","2025-04-08T07:55:39","2025-04-08T07:55:39",1,50]
[61498,"F57-000050",64,"CC",1,1964,"N","2025-04-08T07:57:41","2025-04-08T07:57:42","2025-04-08T07:57:42",1,64]
[61499,"F57-000051",25,"CC",1,1977,"N","2025-04-08T08:01:07","2025-04-08T08:01:09","2025-04-08T08:01:09",1,25]
[61500,"F57-000052",57,"CC",1,1957,"N","2025-04-08T08:12:24","2025-04-08T08:12:25","2025-04-08T08:12:25",1,57]
[61501,"F57-000053",19.79,"CC",1,1979,"N","2025-04-08T08:19:12","2025-04-08T08:19:13","2025-04-08T08:19:13",1,19.79]
[61502,"F57-000054",50,"CC",1,1978,"N","2025-04-08T08:19:30","2025-04-08T08:19:31","2025-04-08T08:19:31",1,50]
[61503,"F57-000055",100,"CC",1,1968,"N","2025-04-08T08:23:27","2025-04-08T08:23:29","2025-04-08T08:23:29",1,100]
[61504,"F57-000056",19.79,"CC",1,1979,"N","2025-04-08T08:32:01","2025-04-08T08:32:03","2025-04-08T08:32:03",1,19.79]
[61505,"F57-000057",78,"CC",1,1978,"N","2025-04-08T08:32:21","2025-04-08T08:32:22","2025-04-08T08:32:22",1,78]
[61506,"F57-000058",150,"CC",1,1989,"N","2025-04-08T08:43:11","2025-04-08T08:43:12","2025-04-08T08:43:12",1,150]
[61507,"F57-000060",19.79,"CC",6,1979,"N","2025-04-08T08:46:13","2025-04-08T08:46:14","2025-04-08T08:46:14",1,19.79]
[61508,"F57-000059",100,"CC",1,1975,"N","2025-04-08T08:46:13","2025-04-08T08:46:14","2025-04-08T08:46:14",1,100]
[61509,"F57-000061",75,"CC",1,1966,"N","2025-04-08T08:58:18","2025-04-08T08:58:20","2025-04-08T08:58:20",1,75]
[61510,"F57-000062",200,"CC",1,1979,"N","2025-04-08T09:00:35","2025-04-08T09:00:36","2025-04-08T09:00:36",1,200]
[61511,"F57-000063",25,"CC",1,1969,"N","2025-04-08T09:00:41","2025-04-08T09:00:43","2025-04-08T09:00:43",1,25]
[61512,"F57-000064",75,"CC",1,1960,"N","2025-04-08T09:06:16","2025-04-08T09:06:18","2025-04-08T09:06:18",1,75]
[61513,"F57-000065",50,"CC",1,1966,"N","2025-04-08T09:11:39","2025-04-08T09:11:40","2025-04-08T09:11:40",1,50]
[61514,"F57-000066",19.79,"CC",1,1979,"N","2025-04-08T09:15:06","2025-04-08T09:15:07","2025-04-08T09:15:07",1,19.79]
[61515,"F57-000067",25,"CC",1,1979,"N","2025-04-08T09:16:27","2025-04-08T09:16:29","2025-04-08T09:16:29",1,25]
[61516,"F57-000068",19.79,"CC",1,1979,"N","2025-04-08T09:20:03","2025-04-08T09:20:04","2025-04-08T09:20:04",1,19.79]
[61517,"F57-000069",50,"CC",1,1978,"N","2025-04-08T09:20:59","2025-04-08T09:21:01","2025-04-08T09:21:01",1,50]
[61518,"F57-000070",50,"CC",1,1959,"N","2025-04-08T09:29:10","2025-04-08T09:29:12","2025-04-08T09:29:12",1,50]
[61519,"F57-000071",69,"CC",1,1969,"N","2025-04-08T09:32:22","2025-04-08T09:32:24","2025-04-08T09:32:24",1,69]
[61520,"F57-000072",25,"CC",1,1963,"N","2025-04-08T09:52:05","2025-04-08T09:52:07","2025-04-08T09:52:07",1,25]
[61521,"F57-000073",100,"CC",6,1979,"N","2025-04-08T09:58:09","2025-04-08T09:58:11","2025-04-08T09:58:11",1,100]
[61522,"F57-000074",35,"CC",1,1969,"N","2025-04-08T10:12:27","2025-04-08T10:12:28","2025-04-08T10:12:28",1,35]
[61523,"F57-000075",50,"CC",1,1964,"N","2025-04-08T10:13:10","2025-04-08T10:13:11","2025-04-08T10:13:11",1,50]
[61524,"F57-000076",1000,"CC",1,1966,"N","2025-04-08T10:16:48","2025-04-08T10:16:49","2025-04-08T10:16:49",1,1000]
[61525,"F57-000077",25,"CC",2,2011,"N","2025-04-08T10:25:08","2025-04-08T10:25:09","2025-04-08T10:25:09",1,25]
[61526,"F57-000078",300,"CC",1,1966,"N","2025-04-08T10:30:35","2025-04-08T10:30:36","2025-04-08T10:30:36",1,300]
[61527,"F57-000079",50,"CC",1,1969,"N","2025-04-08T10:41:45","2025-04-08T10:41:46","2025-04-08T10:41:46",1,50]
[61528,"F57-000080",50,"CC",1,1966,"N","2025-04-08T10:42:43","2025-04-08T10:42:44","2025-04-08T10:42:44",1,50]
[61529,"F57-000081",100,"CC",1,1968,"N","2025-04-08T10:44:26","2025-04-08T10:44:27","2025-04-08T10:44:27",1,100]
[61530,"F57-000082",79,"CC",1,1979,"N","2025-04-08T10:47:00","2025-04-08T10:47:01","2025-04-08T10:47:01",1,79]
[61531,"F57-000083",50,"CC",1,1966,"N","2025-04-08T10:51:12","2025-04-08T10:51:13","2025-04-08T10:51:13",1,50]
[61532,"F57-000084",100,"CC",1,1966,"N","2025-04-08T10:52:39","2025-04-08T10:52:41","2025-04-08T10:52:41",1,100]
[61533,"F57-000085",50,"CC",null,1960,"N","2025-04-08T10:56:27","2025-04-08T10:56:28","2025-04-08T10:56:28",1,50]
[61534,"F57-000086",25,"CC",1,1969,"N","2025-04-08T10:57:26","2025-04-08T10:57:27","2025-04-08T10:57:27",1,25]
[61535,"F57-000087",50,"CC",1,1966,"N","2025-04-08T11:04:08","2025-04-08T11:04:10","2025-04-08T11:04:10",1,50]
[61536,"F57-000088",50,"CC",1,1959,"N","2025-04-08T11:04:25","2025-04-08T11:04:27","2025-04-08T11:04:27",1,50]
[61537,"F57-000089",100,"CC",1,1965,"N","2025-04-08T11:05:51","2025-04-08T11:05:53","2025-04-08T11:05:53",1,100]
[61538,"F57-000090",79.790000000000006,"CC",1,1979,"N","2025-04-08T11:11:52","2025-04-08T11:11:54","2025-04-08T11:11:54",1,79.790000000000006]
[61539,"F57-000091",19.79,"CC",1,1979,"N","2025-04-08T11:12:26","2025-04-08T11:12:27","2025-04-08T11:12:27",1,19.79]
[61540,"F57-000092",198.9,"CC",1,1989,"N","2025-04-08T11:13:38","2025-04-08T11:13:40","2025-04-08T11:13:40",1,198.9]
[61541,"F57-000093",100,"CC",1,1972,"N","2025-04-08T11:15:55","2025-04-08T11:15:56","2025-04-08T11:15:56",1,100]
[61542,"F57-000094",100,"CC",1,1969,"N","2025-04-08T11:17:47","2025-04-08T11:17:48","2025-04-08T11:17:48",1,100]
[61543,"F57-000095",25,"CC",6,1966,"N","2025-04-08T11:48:03","2025-04-08T11:48:05","2025-04-08T11:48:05",1,25]
[61544,"F57-000096",50,"CC",1,1966,"N","2025-04-08T11:53:29","2025-04-08T11:53:30","2025-04-08T11:53:30",1,50]
[61545,"F57-000097",250,"CC",1,1977,"N","2025-04-08T11:54:04","2025-04-08T11:54:06","2025-04-08T11:54:06",1,250]
[61546,"F57-000098",50,"CC",1,1977,"N","2025-04-08T12:14:12","2025-04-08T12:14:13","2025-04-08T12:14:13",1,50]
[61547,"F57-000099",500,"CC",2,2021,"N","2025-04-08T12:14:28","2025-04-08T12:14:29","2025-04-08T12:14:29",1,500]
[61548,"F57-000100",55,"CC",1,1955,"N","2025-04-08T12:40:41","2025-04-08T12:40:42","2025-04-08T12:40:42",1,55]
[61549,"F57-000101",64,"CC",1,1964,"N","2025-04-08T12:54:11","2025-04-08T12:54:12","2025-04-08T12:54:12",1,64]
[61550,"F57-000102",100,"CC",1,1966,"N","2025-04-08T12:57:41","2025-04-08T12:57:42","2025-04-08T12:57:42",1,100]
[61551,"F57-000103",75,"CC",1,1966,"N","2025-04-08T13:00:09","2025-04-08T13:00:11","2025-04-08T13:00:11",1,75]
[61552,"F57-000104",50,"CC",1,1956,"N","2025-04-08T13:25:37","2025-04-08T13:25:38","2025-04-08T13:25:38",1,50]
[61553,"F57-000105",25,"CC",1,1979,"N","2025-04-08T13:38:58","2025-04-08T13:38:59","2025-04-08T13:38:59",1,25]
[61554,"F57-000106",64,"CC",1,1964,"N","2025-04-08T13:49:57","2025-04-08T13:49:59","2025-04-08T13:49:59",1,64]
[61555,"F57-000107",25,"CC",1,1965,"N","2025-04-08T13:53:45","2025-04-08T13:53:46","2025-04-08T13:53:46",1,25]
[61556,"F57-000108",50,"CC",1,1978,"N","2025-04-08T13:55:33","2025-04-08T13:55:34","2025-04-08T13:55:34",1,50]
[61557,"F57-000109",100,"CC",1,1966,"N","2025-04-08T14:10:34","2025-04-08T14:10:35","2025-04-08T14:10:35",1,100]
[61558,"F57-000110",100,"CC",1,1966,"N","2025-04-08T14:11:35","2025-04-08T14:11:37","2025-04-08T14:11:37",1,100]
[61559,"F57-000111",25,"CC",1,1965,"N","2025-04-08T14:15:44","2025-04-08T14:15:45","2025-04-08T14:15:45",1,25]
[61560,"F57-000112",19.79,"CC",1,1979,"N","2025-04-08T14:34:52","2025-04-08T14:34:53","2025-04-08T14:34:53",1,19.79]
[61561,"F57-000113",100,"CC",1,1958,"N","2025-04-08T14:43:42","2025-04-08T14:43:43","2025-04-08T14:43:43",1,100]
[61562,"F57-000114",25,"CC",1,1969,"N","2025-04-08T14:44:10","2025-04-08T14:44:12","2025-04-08T14:44:12",1,25]
[61563,"F57-000115",100,"CC",1,1958,"N","2025-04-08T14:46:19","2025-04-08T14:46:21","2025-04-08T14:46:21",1,100]
[61564,"F57-000116",100,"CC",1,1966,"N","2025-04-08T14:53:40","2025-04-08T14:53:41","2025-04-08T14:53:41",1,100]
[61565,"F57-000117",100,"CC",1,1966,"N","2025-04-08T14:57:02","2025-04-08T14:57:04","2025-04-08T14:57:04",1,100]
[61566,"F57-000118",79,"CC",1,1979,"N","2025-04-08T14:57:59","2025-04-08T14:58:01","2025-04-08T14:58:01",1,79]
[61567,"F57-000119",25,"CC",1,1966,"N","2025-04-08T15:01:45","2025-04-08T15:01:47","2025-04-08T15:01:47",1,25]
[61568,"F57-000120",25,"CC",1,1978,"N","2025-04-08T15:04:19","2025-04-08T15:04:20","2025-04-08T15:04:20",1,25]
[61569,"F57-000121",50,"CC",1,1968,"N","2025-04-08T15:05:47","2025-04-08T15:05:48","2025-04-08T15:05:48",1,50]
[61570,"F57-000123",50,"CC",1,1966,"N","2025-04-08T15:07:48","2025-04-08T15:07:49","2025-04-08T15:07:49",1,50]
[61571,"F57-000124",15,"CC",1,1968,"N","2025-04-08T15:11:53","2025-04-08T15:11:54","2025-04-08T15:11:54",1,15]
[61572,"F57-000125",50,"CC",1,1966,"N","2025-04-08T15:14:31","2025-04-08T15:14:32","2025-04-08T15:14:32",1,50]
[61573,"F57-000126",50,"CC",1,1968,"N","2025-04-08T15:25:14","2025-04-08T15:25:16","2025-04-08T15:25:16",1,50]
[61574,"F57-000127",10,"CC",1,1965,"N","2025-04-08T15:26:19","2025-04-08T15:26:20","2025-04-08T15:26:20",1,10]
[61575,"F57-000128",50,"CC",2,2012,"N","2025-04-08T15:37:50","2025-04-08T15:37:51","2025-04-08T15:37:51",1,50]
[61576,"F57-000129",100,"CC",null,1966,"N","2025-04-08T15:48:42","2025-04-08T15:48:43","2025-04-08T15:48:43",1,100]
[61577,"F57-000130",100,"CC",1,1966,"N","2025-04-08T15:55:56","2025-04-08T15:55:57","2025-04-08T15:55:57",1,100]
[61578,"F57-000131",50,"CC",1,1966,"N","2025-04-08T16:14:06","2025-04-08T16:14:08","2025-04-08T16:14:08",1,50]
[61579,"F57-000132",100,"CC",1,1966,"N","2025-04-08T16:25:36","2025-04-08T16:25:37","2025-04-08T16:25:37",1,100]
[61580,"F57-000133",25,"CC",1,1966,"N","2025-04-08T16:26:29","2025-04-08T16:26:30","2025-04-08T16:26:30",1,25]
[61581,"F57-000134",20,"CC",1,1966,"N","2025-04-08T17:19:14","2025-04-08T17:19:16","2025-04-08T17:19:16",1,20]
[61582,"F57-000135",100,"CC",1,1951,"N","2025-04-08T17:23:45","2025-04-08T17:23:47","2025-04-08T17:23:47",1,100]
[61583,"F57-000136",100,"CC",1,1964,"N","2025-04-08T17:42:35","2025-04-08T17:42:36","2025-04-08T17:42:36",1,100]
[61584,"F57-000137",197.9,"CC",1,1979,"N","2025-04-08T17:43:32","2025-04-08T17:43:33","2025-04-08T17:43:33",1,197.9]
[61585,"F57-000138",64,"CC",1,1964,"N","2025-04-08T17:49:27","2025-04-08T17:49:29","2025-04-08T17:49:29",1,64]
[61586,"F57-000139",100,"CC",1,1966,"N","2025-04-08T17:54:02","2025-04-08T17:54:03","2025-04-08T17:54:03",1,100]
[61587,"F57-000140",50,"CC",5,1966,"N","2025-04-08T18:01:03","2025-04-08T18:01:04","2025-04-08T18:01:04",1,50]
[61588,"F57-000141",100,"CC",1,1966,"N","2025-04-08T19:03:34","2025-04-08T19:03:35","2025-04-08T19:03:35",1,100]
[61589,"F57-000142",100,"CC",1,1951,"N","2025-04-08T19:19:40","2025-04-08T19:19:41","2025-04-08T19:19:41",1,100]
[61590,"F57-000143",100,"CC",1,1965,"N","2025-04-08T19:32:22","2025-04-08T19:32:23","2025-04-08T19:32:23",1,100]
[61591,"F57-000144",100,"CC",1,1966,"N","2025-04-08T19:41:20","2025-04-08T19:41:21","2025-04-08T19:41:21",1,100]
[61592,"F57-000145",100,"CC",1,1968,"N","2025-04-08T19:55:35","2025-04-08T19:55:37","2025-04-08T19:55:37",1,100]
[61593,"F57-000146",100,"CC",1,1968,"N","2025-04-08T20:20:32","2025-04-08T20:20:34","2025-04-08T20:20:34",1,100]
[61594,"F57-000147",79,"CC",1,1979,"N","2025-04-08T20:58:21","2025-04-08T20:58:22","2025-04-08T20:58:22",1,79]
[61595,"F57-000148",100,"CC",1,1952,"N","2025-04-08T21:01:44","2025-04-08T21:01:45","2025-04-08T21:01:45",1,100]
[61596,"F57-000149",19.79,"CC",1,1979,"N","2025-04-08T21:02:07","2025-04-08T21:02:08","2025-04-08T21:02:08",1,19.79]
[61597,"F57-000150",19.79,"CC",1,1979,"N","2025-04-08T21:06:01","2025-04-08T21:06:02","2025-04-08T21:06:02",1,19.79]
[61598,"F57-000151",19.79,"CC",1,1979,"N","2025-04-08T21:32:54","2025-04-08T21:32:56","2025-04-08T21:32:56",1,19.79]
[61599,"F57-000152",26,"CC",1,1985,"N","2025-04-08T22:08:46","2025-04-08T22:08:48","2025-04-08T22:08:48",1,26]
[61600,"F57-000153",50,"CC",3,2012,"N","2025-04-08T22:12:51","2025-04-08T22:12:53","2025-04-08T22:12:53",1,50]
[61601,"F57-000154",65,"CC",1,1965,"N","2025-04-08T22:48:56","2025-04-08T22:48:58","2025-04-08T22:48:58",1,65]
[61602,"F57-000155",33,"CC",1,1966,"N","2025-04-08T23:16:57","2025-04-08T23:16:59","2025-04-08T23:16:59",1,33]
[61603,"F57-000156",15,"CC",1,1978,"N","2025-04-09T07:39:36","2025-04-09T07:39:37","2025-04-09T07:39:37",1,15]
[61604,"F57-000157",100,"CC",1,1966,"N","2025-04-09T08:02:14","2025-04-09T08:02:16","2025-04-09T08:02:16",1,100]
[61605,"F57-000158",50,"CC",1,1966,"N","2025-04-09T09:49:59","2025-04-09T09:50:00","2025-04-09T09:50:00",1,50]
[61606,"F57-000159",25,"CC",1,1964,"N","2025-04-09T09:52:16","2025-04-09T09:52:17","2025-04-09T09:52:17",1,25]
[61607,"F57-000160",100,"CC",1,1969,"N","2025-04-09T09:57:53","2025-04-09T09:57:54","2025-04-09T09:57:54",1,100]
[61608,"F57-000161",25,"CC",1,1975,"N","2025-04-09T09:58:56","2025-04-09T09:58:58","2025-04-09T09:58:58",1,25]
[61609,"F57-000162",100,"CC",1,1966,"N","2025-04-09T10:38:19","2025-04-09T10:38:20","2025-04-09T10:38:20",1,100]
[61610,"F57-000163",100,"CC",1,1978,"N","2025-04-09T10:52:42","2025-04-09T10:52:43","2025-04-09T10:52:43",1,100]
[61611,"F57-000164",25,"CC",1,1979,"N","2025-04-09T10:54:22","2025-04-09T10:54:23","2025-04-09T10:54:23",1,25]
[61612,"F57-000165",19.77,"CC",1,1977,"N","2025-04-09T10:56:08","2025-04-09T10:56:09","2025-04-09T10:56:09",1,19.77]
[61613,"F57-000166",50,"CC",1,1963,"N","2025-04-09T11:15:43","2025-04-09T11:15:44","2025-04-09T11:15:44",1,50]
[61614,"F57-000167",20,"CC",1,1968,"N","2025-04-09T11:40:54","2025-04-09T11:40:55","2025-04-09T11:40:55",1,20]
[61615,"F57-000168",100,"CC",1,1966,"N","2025-04-09T11:57:18","2025-04-09T11:57:20","2025-04-09T11:57:20",1,100]
[61616,"F57-000169",66,"CC",1,1966,"N","2025-04-09T12:55:38","2025-04-09T12:55:39","2025-04-09T12:55:39",1,66]
[61617,"F57-000170",25,"CC",1,1979,"N","2025-04-09T13:00:23","2025-04-09T13:00:24","2025-04-09T13:00:24",1,25]
[61618,"F57-000171",50,"CC",1,1968,"N","2025-04-09T13:40:30","2025-04-09T13:40:31","2025-04-09T13:40:31",1,50]
[61619,"F57-000172",50,"CC",1,1980,"N","2025-04-09T13:49:14","2025-04-09T13:49:15","2025-04-09T13:49:15",1,50]
[61620,"F57-000173",50,"CC",1,1967,"N","2025-04-09T14:41:33","2025-04-09T14:41:34","2025-04-09T14:41:34",1,50]
[61621,"F57-000174",25,"CC",null,1966,"N","2025-04-09T14:56:26","2025-04-09T14:56:27","2025-04-09T14:56:27",1,25]
[61622,"F57-000175",64,"CC",5,1964,"N","2025-04-09T15:27:12","2025-04-09T15:27:13","2025-04-09T15:27:13",1,64]
[61623,"F57-000178",100,"CC",1,1956,"N","2025-04-09T15:48:42","2025-04-09T15:48:43","2025-04-09T15:48:43",1,100]
[61624,"F57-000179",50,"CC",null,1958,"N","2025-04-09T15:49:52","2025-04-09T15:49:53","2025-04-09T15:49:53",1,50]
[61625,"F57-000180",100,"CC",1,1975,"N","2025-04-09T16:01:59","2025-04-09T16:02:00","2025-04-09T16:02:00",1,100]
[61626,"F57-000181",100,"CC",6,1966,"N","2025-04-09T17:13:22","2025-04-09T17:13:23","2025-04-09T17:13:23",1,100]
[61627,"F57-000182",100,"CC",1,1959,"N","2025-04-09T17:51:38","2025-04-09T17:51:39","2025-04-09T17:51:39",1,100]
[61628,"F57-000183",197.8,"CC",1,1974,"N","2025-04-09T19:07:03","2025-04-09T19:07:04","2025-04-09T19:07:04",1,197.8]
[61629,"F57-000184",25,"CC",1,1979,"N","2025-04-09T20:57:32","2025-04-09T20:57:33","2025-04-09T20:57:33",1,25]
[61630,"F57-000185",100,"CC",1,1985,"N","2025-04-09T21:17:05","2025-04-09T21:17:06","2025-04-09T21:17:06",1,100]
[61631,"F57-000186",25,"CC",1,1958,"N","2025-04-10T06:24:19","2025-04-10T06:24:20","2025-04-10T06:24:20",1,25]
[61632,"F57-000187",25,"CC",2,2015,"N","2025-04-10T06:28:35","2025-04-10T06:28:36","2025-04-10T06:28:36",1,25]
[61633,"F57-000188",86,"CC",1,1986,"N","2025-04-10T07:47:48","2025-04-10T07:47:49","2025-04-10T07:47:49",1,86]
[61634,"F57-000189",75,"CC",2,2013,"N","2025-04-10T09:49:06","2025-04-10T09:49:08","2025-04-10T09:49:08",1,75]
[61635,"F57-000190",25,"CC",1,1979,"N","2025-04-10T12:06:22","2025-04-10T12:06:24","2025-04-10T12:06:24",1,25]
[61636,"F57-000191",50,"CC",1,1964,"N","2025-04-10T14:37:15","2025-04-10T14:37:16","2025-04-10T14:37:16",1,50]
[61637,"F57-000192",50,"CC",1,1969,"N","2025-04-10T16:05:45","2025-04-10T16:05:47","2025-04-10T16:05:47",1,50]
[61638,"F57-000193",250,"CC",7,1969,"N","2025-04-10T17:37:18","2025-04-10T17:37:20","2025-04-10T17:37:20",1,250]
[61639,"F57-000194",75,"CC",1,1966,"N","2025-04-10T17:55:56","2025-04-10T17:55:57","2025-04-10T17:55:57",1,75]
[61640,"F57-000195",50,"CC",1,1966,"N","2025-04-10T18:36:17","2025-04-10T18:36:18","2025-04-10T18:36:18",1,50]
[61641,"F57-000196",75,"CC",1,1958,"N","2025-04-11T00:20:44","2025-04-11T00:20:46","2025-04-11T00:20:46",1,75]
[61642,"F57-000197",35,"CC",1,1964,"N","2025-04-11T08:37:28","2025-04-11T08:37:30","2025-04-11T08:37:30",1,35]
[61643,"F57-000198",50,"CC",1,1964,"N","2025-04-11T13:01:42","2025-04-11T13:01:44","2025-04-11T13:01:44",1,50]
[61644,"F57-000199",100,"CC",1,1964,"N","2025-04-11T15:03:39","2025-04-11T15:03:41","2025-04-11T15:03:41",1,100]
[61645,"F57-000200",100,"CC",1,1964,"N","2025-04-11T15:08:23","2025-04-11T15:08:24","2025-04-11T15:08:24",1,100]
[61646,"F57-000201",64,"CC",1,1964,"N","2025-04-11T15:59:31","2025-04-11T15:59:32","2025-04-11T15:59:32",1,64]
[61647,"F57-000205",64,"CC",1,1964,"N","2025-04-11T16:26:48","2025-04-11T16:26:49","2025-04-11T16:26:49",1,64]
[61648,"F57-000206",100,"CC",1,1964,"N","2025-04-11T17:42:59","2025-04-11T17:43:00","2025-04-11T17:43:00",1,100]
[61649,"F57-000207",100,"CC",1,1964,"N","2025-04-11T17:43:42","2025-04-11T17:43:43","2025-04-11T17:43:43",1,100]
[61650,"F57-000208",200,"CC",1,1964,"N","2025-04-11T18:24:05","2025-04-11T18:24:06","2025-04-11T18:24:06",1,200]
[61651,"EF57-000092",40,"Personal Check",1,1966,"N","2025-04-08","2025-04-11T19:28:33","2025-04-11T19:28:33",1,"None. Donation by check."]
[61652,"F57-000209",25,"CC",1,1964,"N","2025-04-11T19:28:56","2025-04-11T19:28:57","2025-04-11T19:28:57",1,25]
[61653,"EF57-000093",50,"Personal Check",1,1975,"N","2025-04-08","2025-04-11T19:30:42","2025-04-11T19:30:42",1,"None. Donation by check."]
[61654,"EF57-000094",100,"Personal Check",1,1960,"N","2025-04-08","2025-04-11T19:32:06","2025-04-11T19:32:06",1,"None. Donation by check."]
[61655,"EF57-000095",570,"Personal Check",1,1957,"N","2025-04-08","2025-04-11T19:34:46","2025-04-11T19:34:46",1,"None. Donation by check."]
[61656,"EF57-000096",10,"PayPal",1,2007,"N","2025-03-27","2025-04-11T20:05:24","2025-04-11T20:05:24",1,"None. Donation by check."]
[61657,"EF57-000097",10,"PayPal",1,1986,"N","2025-03-29","2025-04-11T20:06:19","2025-04-11T20:06:19",1,"None. Donation by check."]
[61658,"EF57-000098",5,"PayPal",1,1956,"N","2025-04-03","2025-04-11T20:07:12","2025-04-11T20:07:12",1,"None. Donation by check."]
[61659,"EF57-000099",250,"PayPal",1,1978,"N","2025-04-03","2025-04-11T20:10:06","2025-04-11T20:10:06",1,"None. Donation by check."]
[61660,"EF57-000100",58,"PayPal",1,1958,"N","2025-04-04","2025-04-11T20:10:57","2025-04-11T20:10:57",1,"None. Donation by check."]
[61661,"EF57-000101",5,"PayPal",1,1978,"N","2025-04-06","2025-04-11T20:11:40","2025-04-11T20:11:40",1,"None. Donation by check."]
[61662,"EF57-000102",19.89,"PayPal",1,1989,"N","2025-04-07","2025-04-11T20:13:11","2025-04-11T20:13:11",1,"None. Donation by check."]
[61663,"EF57-000103",40,"PayPal",1,1963,"N","2025-04-07","2025-04-11T20:34:04","2025-04-11T20:34:04",1,"None. Donation by check."]
[61664,"EF57-000104",100,"PayPal",1,1976,"N","2025-04-07","2025-04-11T20:34:57","2025-04-11T20:34:57",1,"None. Donation by check."]
[61665,"EF57-000105",25,"PayPal",1,1978,"N","2025-04-08","2025-04-11T20:36:26","2025-04-11T20:36:26",1,"None. Donation by check."]
[61666,"EF57-000106",100,"PayPal",1,1960,"N","2025-04-08","2025-04-11T20:37:19","2025-04-11T20:37:19",1,"None. Donation by check."]
[61667,"EF57-000107",50,"PayPal",2,2016,"N","2025-04-08","2025-04-11T20:38:37","2025-04-11T20:38:37",1,"None. Donation by check."]
[61668,"EF57-000108",50,"PayPal",1,1980,"N","2025-04-08","2025-04-11T20:40:30","2025-04-11T20:40:30",1,"None. Donation by check."]
[61669,"EF57-000109",50,"PayPal",1,1975,"N","2025-04-08","2025-04-11T20:43:08","2025-04-11T20:43:08",1,"None. Donation by check."]
[61670,"EF57-000110",19.79,"PayPal",1,1979,"N","2025-04-08","2025-04-11T20:44:10","2025-04-11T20:44:10",1,"None. Donation by check."]
[61671,"EF57-000111",19.79,"PayPal",1,1979,"N","2025-04-08","2025-04-11T20:45:07","2025-04-11T20:45:07",1,"None. Donation by check."]
[61672,"F57-000212",164,"CC",1,1964,"N","2025-04-11T20:46:00","2025-04-11T20:46:02","2025-04-11T20:46:02",1,164]
[61673,"EF57-000112",50,"PayPal",1,1978,"N","2025-04-08","2025-04-11T20:46:21","2025-04-11T20:46:21",1,"None. Donation by check."]
[61674,"EF57-000113",50,"PayPal",1,1979,"N","2025-04-08","2025-04-11T20:47:45","2025-04-11T20:47:45",1,"None. Donation by check."]
[61675,"EF57-000114",25,"PayPal",1,1965,"N","2025-04-08","2025-04-11T20:49:16","2025-04-11T20:49:16",1,"None. Donation by check."]
[61676,"EF57-000115",64,"PayPal",1,1964,"N","2025-04-08","2025-04-11T20:50:13","2025-04-11T20:50:13",1,"None. Donation by check."]
[61677,"EF57-000116",100,"PayPal",1,1979,"N","2025-04-08","2025-04-11T20:52:09","2025-04-11T20:52:09",1,"None. Donation by check."]
[61678,"EF57-000117",64,"PayPal",1,1964,"N","2025-04-08","2025-04-11T20:53:11","2025-04-11T20:53:11",1,"None. Donation by check."]
[61679,"EF57-000118",64,"PayPal",1,1964,"N","2025-04-08","2025-04-11T20:54:25","2025-04-11T20:54:25",1,"None. Donation by check."]
[61680,"EF57-000119",33,"PayPal",1,1966,"N","2025-04-08","2025-04-11T20:55:46","2025-04-11T20:55:46",1,"None. Donation by check."]
[61681,"EF57-000120",50,"PayPal",1,1978,"N","2025-04-08","2025-04-11T21:00:31","2025-04-11T21:00:31",1,"None. Donation by check."]
[61682,"EF57-000121",19.79,"PayPal",1,1979,"N","2025-04-08","2025-04-11T21:04:29","2025-04-11T21:04:29",1,"None. Donation by check."]
[61683,"EF57-000122",50,"PayPal",1,1978,"N","2025-04-08","2025-04-11T21:05:35","2025-04-11T21:05:35",1,"None. Donation by check."]
[61684,"EF57-000123",100,"PayPal",1,1975,"N","2025-04-08","2025-04-11T21:07:01","2025-04-11T21:07:01",1,"None. Donation by check."]
[61685,"EF57-000124",19.77,"PayPal",1,1977,"N","2025-04-08","2025-04-11T21:08:50","2025-04-11T21:08:50",1,"None. Donation by check."]
[61686,"EF57-000125",30,"PayPal",1,1966,"N","2025-04-08","2025-04-11T21:09:43","2025-04-11T21:09:43",1,"None. Donation by check."]
[61687,"EF57-000126",50,"PayPal",1,1978,"N","2025-04-08","2025-04-11T21:10:50","2025-04-11T21:10:50",1,"None. Donation by check."]
[61688,"EF57-000127",50,"PayPal",1,1969,"N","2025-04-08","2025-04-11T21:13:02","2025-04-11T21:13:02",1,"None. Donation by check."]
[61689,"EF57-000128",100,"PayPal",1,1966,"N","2025-04-08","2025-04-11T21:15:33","2025-04-11T21:15:33",1,"None. Donation by check."]
[61690,"EF57-000129",75,"PayPal",1,1966,"N","2025-04-08","2025-04-11T21:17:11","2025-04-11T21:17:11",1,"None. Donation by check."]
[61691,"EF57-000130",5,"PayPal",1,1956,"N","2025-04-09","2025-04-11T21:18:27","2025-04-11T21:18:27",1,"None. Donation by check."]
[61692,"EF57-000131",19.79,"PayPal",1,1979,"N","2025-04-09","2025-04-11T21:31:35","2025-04-11T21:31:35",1,"None. Donation by check."]
[61693,"EF57-000132",19.79,"PayPal",1,1979,"N","2025-04-09","2025-04-11T21:32:28","2025-04-11T21:32:28",1,"None. Donation by check."]
[61694,"EF57-000133",20,"PayPal",1,1968,"N","2025-04-09","2025-04-11T21:33:41","2025-04-11T21:33:41",1,"None. Donation by check."]
[61695,"EF57-000134",58,"PayPal",1,1958,"N","2025-04-09","2025-04-11T21:34:49","2025-04-11T21:34:49",1,"None. Donation by check."]
[61696,"EF57-000135",19.89,"PayPal",1,1989,"N","2025-04-09","2025-04-11T21:36:26","2025-04-11T21:36:26",1,"None. Donation by check."]
[61697,"F57-000213",250,"CC",1,1964,"N","2025-04-11T21:37:08","2025-04-11T21:37:09","2025-04-11T21:37:09",1,250]
[61698,"EF57-000136",50,"PayPal",5,1950,"N","2025-04-10","2025-04-11T21:48:19","2025-04-11T21:48:19",1,"None. Donation by check."]
[61699,"EF57-000137",50,"PayPal",1,1958,"N","2025-04-10","2025-04-11T21:52:03","2025-04-11T21:52:03",1,"None. Donation by check."]
[61700,"EF57-000138",100,"PayPal",1,1966,"N","2025-04-10","2025-04-11T21:54:42","2025-04-11T21:54:42",1,"None. Donation by check."]
[61701,"EF57-000139",100,"PayPal",1,1969,"N","2025-04-10","2025-04-11T21:55:55","2025-04-11T21:55:55",1,"None. Donation by check."]
[61702,"F57-000214",50,"CC",1,1963,"N","2025-04-11T21:56:50","2025-04-11T21:56:52","2025-04-11T21:56:52",1,50]
[61703,"EF57-000140",75,"PayPal",1,1989,"N","2025-04-10","2025-04-11T21:57:06","2025-04-11T21:57:06",1,"None. Donation by check."]
[61704,"EF57-000141",10,"PayPal",1,1981,"N","2025-04-11","2025-04-11T21:57:55","2025-04-11T21:57:55",1,"None. Donation by check."]
[61705,"F57-000215",100,"CC",1,1964,"N","2025-04-11T22:21:39","2025-04-11T22:21:40","2025-04-11T22:21:40",1,100]
[61706,"F57-000216",128,"CC",1,1964,"N","2025-04-11T22:41:32","2025-04-11T22:41:33","2025-04-11T22:41:33",1,128]
[61707,"F57-000217",64,"CC",5,1964,"N","2025-04-11T23:00:02","2025-04-11T23:00:05","2025-04-11T23:00:05",1,64]
[61708,"F57-000218",64,"CC",1,1964,"N","2025-04-12T01:12:45","2025-04-12T01:12:46","2025-04-12T01:12:46",1,64]
[61709,"F57-000219",64,"CC",1,1964,"N","2025-04-12T03:30:37","2025-04-12T03:30:39","2025-04-12T03:30:39",1,64]
[61710,"F57-000220",64,"CC",5,1964,"N","2025-04-12T07:09:56","2025-04-12T07:09:57","2025-04-12T07:09:57",1,64]
[61711,"F57-000221",64,"CC",1,1964,"N","2025-04-12T07:33:52","2025-04-12T07:33:54","2025-04-12T07:33:54",1,64]
[61712,"F57-000222",64,"CC",1,1964,"N","2025-04-12T07:36:34","2025-04-12T07:36:36","2025-04-12T07:36:36",1,64]
[61713,"F57-000223",20,"CC",1,1964,"N","2025-04-12T07:45:52","2025-04-12T07:45:53","2025-04-12T07:45:53",1,20]
[61714,"F57-000224",100,"CC",1,1964,"N","2025-04-12T07:57:19","2025-04-12T07:57:21","2025-04-12T07:57:21",1,100]
[61715,"F57-000225",64,"CC",5,1964,"N","2025-04-12T08:25:09","2025-04-12T08:25:10","2025-04-12T08:25:10",1,64]
[61716,"F57-000226",64,"CC",1,1964,"N","2025-04-12T08:31:30","2025-04-12T08:31:32","2025-04-12T08:31:32",1,64]
[61717,"F57-000227",64,"CC",1,1964,"N","2025-04-12T08:35:08","2025-04-12T08:35:10","2025-04-12T08:35:10",1,64]
[61718,"F57-000228",100,"CC",5,1964,"N","2025-04-12T08:39:16","2025-04-12T08:39:17","2025-04-12T08:39:17",1,100]
[61719,"F57-000229",64,"CC",1,1964,"N","2025-04-12T08:49:01","2025-04-12T08:49:02","2025-04-12T08:49:02",1,64]
[61720,"F57-000230",500,"CC",5,1964,"N","2025-04-12T09:23:13","2025-04-12T09:23:14","2025-04-12T09:23:14",1,500]
[61721,"F57-000231",64,"CC",1,1964,"N","2025-04-12T09:26:16","2025-04-12T09:26:17","2025-04-12T09:26:17",1,64]
[61722,"F57-000232",64,"CC",1,1964,"N","2025-04-12T09:47:03","2025-04-12T09:47:04","2025-04-12T09:47:04",1,64]
[61723,"F57-000233",64,"CC",1,1964,"N","2025-04-12T10:17:32","2025-04-12T10:17:34","2025-04-12T10:17:34",1,64]
[61724,"F57-000234",64,"CC",1,1964,"N","2025-04-12T10:18:33","2025-04-12T10:18:35","2025-04-12T10:18:35",1,64]
[61725,"F57-000235",100,"CC",1,1964,"N","2025-04-12T10:41:12","2025-04-12T10:41:14","2025-04-12T10:41:14",1,100]
[61726,"F57-000236",100,"CC",6,1964,"N","2025-04-12T10:42:07","2025-04-12T10:42:08","2025-04-12T10:42:08",1,100]
[61727,"F57-000237",1000.64,"CC",1,1964,"N","2025-04-12T11:05:38","2025-04-12T11:05:39","2025-04-12T11:05:39",1,1000.64]
[61728,"F57-000238",64,"CC",null,1964,"N","2025-04-12T11:16:18","2025-04-12T11:16:19","2025-04-12T11:16:19",1,64]
[61729,"F57-000239",197.9,"CC",1,1979,"N","2025-04-12T11:26:55","2025-04-12T11:26:56","2025-04-12T11:26:56",1,197.9]
[61730,"F57-000240",100,"CC",1,1966,"N","2025-04-12T11:46:19","2025-04-12T11:46:20","2025-04-12T11:46:20",1,100]
[61731,"F57-000241",100,"CC",null,1964,"N","2025-04-12T11:51:06","2025-04-12T11:51:07","2025-04-12T11:51:07",1,100]
[61732,"F57-000242",64,"CC",1,1964,"N","2025-04-12T12:04:05","2025-04-12T12:04:06","2025-04-12T12:04:06",1,64]
[61733,"F57-000243",100,"CC",null,1964,"N","2025-04-12T12:09:58","2025-04-12T12:09:59","2025-04-12T12:09:59",1,100]
[61734,"F57-000244",250,"CC",1,1964,"N","2025-04-12T12:53:39","2025-04-12T12:53:41","2025-04-12T12:53:41",1,250]
[61735,"F57-000245",19.89,"CC",1,1989,"N","2025-04-12T13:11:18","2025-04-12T13:11:20","2025-04-12T13:11:20",1,19.89]
[61736,"F57-000246",64,"CC",1,1964,"N","2025-04-12T14:48:15","2025-04-12T14:48:16","2025-04-12T14:48:16",1,64]
[61737,"F57-000247",64,"CC",5,1964,"N","2025-04-12T15:13:47","2025-04-12T15:13:49","2025-04-12T15:13:49",1,64]
[61738,"F57-000248",64,"CC",1,1964,"N","2025-04-12T15:22:35","2025-04-12T15:22:36","2025-04-12T15:22:36",1,64]
[61739,"F57-000249",50,"CC",1,1980,"N","2025-04-12T15:26:04","2025-04-12T15:26:05","2025-04-12T15:26:05",1,50]
[61740,"F57-000250",100,"CC",1,1964,"N","2025-04-12T15:39:40","2025-04-12T15:39:41","2025-04-12T15:39:41",1,100]
[61741,"F57-000251",64,"CC",null,1964,"N","2025-04-12T16:31:19","2025-04-12T16:31:20","2025-04-12T16:31:20",1,64]
[61742,"F57-000252",200,"CC",1,1964,"N","2025-04-12T16:53:33","2025-04-12T16:53:34","2025-04-12T16:53:34",1,200]
[61743,"F57-000253",50,"CC",1,1978,"N","2025-04-12T18:11:43","2025-04-12T18:11:45","2025-04-12T18:11:45",1,50]
[61744,"F57-000254",100,"CC",1,1966,"N","2025-04-12T18:23:43","2025-04-12T18:23:44","2025-04-12T18:23:44",1,100]
[61745,"F57-000255",64,"CC",1,1964,"N","2025-04-12T18:57:31","2025-04-12T18:57:33","2025-04-12T18:57:33",1,64]
[61746,"F57-000256",25,"CC",1,1959,"N","2025-04-12T21:33:11","2025-04-12T21:33:12","2025-04-12T21:33:12",1,25]
[61747,"F57-000257",64,"CC",1,1964,"N","2025-04-13T08:18:49","2025-04-13T08:18:51","2025-04-13T08:18:51",1,64]
[61748,"F57-000258",50,"CC",1,1964,"N","2025-04-13T11:03:40","2025-04-13T11:03:41","2025-04-13T11:03:41",1,50]
[61749,"F57-000259",64,"CC",1,1964,"N","2025-04-13T13:07:34","2025-04-13T13:07:35","2025-04-13T13:07:35",1,64]
[61750,"F57-000260",25,"CC",1,1964,"N","2025-04-13T13:16:59","2025-04-13T13:17:00","2025-04-13T13:17:00",1,25]
[61751,"F57-000263",100,"CC",1,1964,"N","2025-04-13T15:08:13","2025-04-13T15:08:15","2025-04-13T15:08:15",1,100]
[61752,"F57-000264",64,"CC",1,1964,"N","2025-04-13T18:32:56","2025-04-13T18:32:57","2025-04-13T18:32:57",1,64]
[61753,"EF57-000142",50,"Personal Check",1,1956,"N","2025-04-09","2025-04-14T02:28:19","2025-04-14T02:28:19",1,"None. Donation by check."]
[61754,"EF57-000143",50,"Personal Check",1,1966,"N","2025-04-08","2025-04-14T02:29:54","2025-04-14T02:29:54",1,"None. Donation by check."]
[61755,"F57-000265",100,"CC",1,1966,"N","2025-04-14T09:26:53","2025-04-14T09:26:55","2025-04-14T09:26:55",1,100]
[61756,"F57-000266",25,"CC",1,1966,"N","2025-04-14T09:45:19","2025-04-14T09:45:20","2025-04-14T09:45:20",1,25]
[61757,"F57-000267",78,"CC",1,1978,"N","2025-04-14T09:56:29","2025-04-14T09:56:30","2025-04-14T09:56:30",1,78]
[61758,"F57-000268",100,"CC",5,1964,"N","2025-04-14T10:02:18","2025-04-14T10:02:19","2025-04-14T10:02:19",1,100]
[61759,"F57-000269",25,"CC",1,1957,"N","2025-04-14T10:41:58","2025-04-14T10:41:59","2025-04-14T10:41:59",1,25]
[61760,"F57-000270",25,"CC",1,1957,"N","2025-04-14T10:43:05","2025-04-14T10:43:06","2025-04-14T10:43:06",1,25]
[61761,"F57-000271",500,"CC",5,1964,"N","2025-04-14T10:52:34","2025-04-14T10:52:36","2025-04-14T10:52:36",1,500]
[61762,"F57-000272",50,"CC",1,1980,"N","2025-04-14T13:31:39","2025-04-14T13:31:41","2025-04-14T13:31:41",1,50]
[61763,"F57-000273",64,"CC",1,1964,"N","2025-04-14T14:22:46","2025-04-14T14:22:47","2025-04-14T14:22:47",1,64]
[61764,"F57-000274",250,"CC",1,1964,"N","2025-04-14T15:20:30","2025-04-14T15:20:31","2025-04-14T15:20:31",1,250]
[61765,"F57-000275",50,"CC",1,1957,"N","2025-04-14T16:02:15","2025-04-14T16:02:16","2025-04-14T16:02:16",1,50]
[61766,"F57-000276",50,"CC",1,1969,"N","2025-04-14T16:23:42","2025-04-14T16:23:43","2025-04-14T16:23:43",1,50]
[61767,"F57-000277",50,"CC",1,1966,"N","2025-04-14T20:12:51","2025-04-14T20:12:53","2025-04-14T20:12:53",1,50]
[61768,"F57-000278",79,"CC",1,1979,"N","2025-04-14T20:25:34","2025-04-14T20:25:36","2025-04-14T20:25:36",1,79]
[61769,"F57-000279",64,"CC",1,1964,"N","2025-04-14T21:40:46","2025-04-14T21:40:47","2025-04-14T21:40:47",1,64]
[61770,"F57-000280",50,"CC",2,2004,"N","2025-04-14T23:13:16","2025-04-14T23:13:18","2025-04-14T23:13:18",1,50]
[61771,"F57-000281",25,"CC",1,1980,"N","2025-04-14T23:15:12","2025-04-14T23:15:14","2025-04-14T23:15:14",1,25]
[61772,"F57-000282",100,"CC",1,1951,"N","2025-04-14T23:21:47","2025-04-14T23:21:48","2025-04-14T23:21:48",1,100]
[61773,"F57-000283",25,"CC",1,1979,"N","2025-04-14T23:24:10","2025-04-14T23:24:11","2025-04-14T23:24:11",1,25]
[61774,"F57-000284",25,"CC",6,1963,"N","2025-04-14T23:29:54","2025-04-14T23:29:55","2025-04-14T23:29:55",1,25]
[61775,"F57-000285",100,"CC",1,1968,"N","2025-04-14T23:40:12","2025-04-14T23:40:13","2025-04-14T23:40:13",1,100]
[61776,"F57-000286",100,"CC",1,1962,"N","2025-04-14T23:52:12","2025-04-14T23:52:13","2025-04-14T23:52:13",1,100]
[61777,"F57-000287",50,"CC",1,1962,"N","2025-04-14T23:54:38","2025-04-14T23:54:40","2025-04-14T23:54:40",1,50]
[61778,"F57-000288",35,"CC",1,1979,"N","2025-04-15T00:02:49","2025-04-15T00:02:51","2025-04-15T00:02:51",1,35]
[61779,"F57-000289",100,"CC",1,1966,"N","2025-04-15T00:24:06","2025-04-15T00:24:07","2025-04-15T00:24:07",1,100]
[61780,"F57-000290",25,"CC",1,1975,"N","2025-04-15T00:57:02","2025-04-15T00:57:04","2025-04-15T00:57:04",1,25]
[61781,"F57-000291",19.63,"CC",null,1963,"N","2025-04-15T02:00:54","2025-04-15T02:00:56","2025-04-15T02:00:56",1,19.63]
[61782,"F57-000292",25,"CC",1,1979,"N","2025-04-15T03:10:33","2025-04-15T03:10:34","2025-04-15T03:10:34",1,25]
[61783,"F57-000293",50,"CC",1,1957,"N","2025-04-15T03:12:15","2025-04-15T03:12:17","2025-04-15T03:12:17",1,50]
[61784,"F57-000294",10,"CC",1,1978,"N","2025-04-15T04:54:51","2025-04-15T04:54:52","2025-04-15T04:54:52",1,10]
[61785,"F57-000295",50,"CC",1,1984,"N","2025-04-15T05:05:21","2025-04-15T05:05:22","2025-04-15T05:05:22",1,50]
[61786,"F57-000296",79,"CC",1,1979,"N","2025-04-15T05:15:32","2025-04-15T05:15:33","2025-04-15T05:15:33",1,79]
[61787,"F57-000297",50,"CC",1,1978,"N","2025-04-15T05:17:30","2025-04-15T05:17:31","2025-04-15T05:17:31",1,50]
[61788,"F57-000298",64,"CC",1,1964,"N","2025-04-15T05:23:46","2025-04-15T05:23:47","2025-04-15T05:23:47",1,64]
[61789,"F57-000299",100,"CC",5,1964,"N","2025-04-15T05:51:45","2025-04-15T05:51:46","2025-04-15T05:51:46",1,100]
[61790,"F57-000300",185,"CC",1,1985,"N","2025-04-15T06:00:57","2025-04-15T06:00:58","2025-04-15T06:00:58",1,185]
[61791,"F57-000301",100,"CC",null,null,"N","2025-04-15T06:26:17","2025-04-15T06:26:18","2025-04-15T06:26:18",1,100]
[61792,"F57-000302",25,"CC",1,1978,"N","2025-04-15T06:31:51","2025-04-15T06:31:53","2025-04-15T06:31:53",1,25]
[61793,"F57-000303",200,"CC",1,1960,"N","2025-04-15T06:36:32","2025-04-15T06:36:33","2025-04-15T06:36:33",1,200]
[61794,"F57-000304",25,"CC",1,1977,"N","2025-04-15T06:42:32","2025-04-15T06:42:33","2025-04-15T06:42:33",1,25]
[61795,"F57-000305",100,"CC",1,1960,"N","2025-04-15T07:21:52","2025-04-15T07:21:53","2025-04-15T07:21:53",1,100]
[61796,"F57-000306",75,"CC",8,2012,"N","2025-04-15T07:34:32","2025-04-15T07:34:33","2025-04-15T07:34:33",1,75]
[61797,"F57-000307",19.8,"CC",1,1980,"N","2025-04-15T07:47:52","2025-04-15T07:47:54","2025-04-15T07:47:54",1,19.8]
[61798,"F57-000308",25,"CC",1,1968,"N","2025-04-15T07:49:02","2025-04-15T07:49:03","2025-04-15T07:49:03",1,25]
[61799,"F57-000309",50,"CC",1,1978,"N","2025-04-15T08:21:01","2025-04-15T08:21:02","2025-04-15T08:21:02",1,50]
[61800,"F57-000310",25,"CC",1,1968,"N","2025-04-15T08:21:22","2025-04-15T08:21:23","2025-04-15T08:21:23",1,25]
[61801,"F57-000311",64,"CC",1,1964,"N","2025-04-15T08:24:54","2025-04-15T08:24:55","2025-04-15T08:24:55",1,64]
[61802,"F57-000312",20,"CC",1,1978,"N","2025-04-15T08:32:47","2025-04-15T08:32:49","2025-04-15T08:32:49",1,20]
[61803,"F57-000313",19.77,"CC",1,1977,"N","2025-04-15T08:54:20","2025-04-15T08:54:22","2025-04-15T08:54:22",1,19.77]
[61804,"F57-000314",100,"CC",1,1992,"N","2025-04-15T09:02:11","2025-04-15T09:02:12","2025-04-15T09:02:12",1,100]
[61805,"F57-000315",100,"CC",1,1964,"N","2025-04-15T09:04:03","2025-04-15T09:04:04","2025-04-15T09:04:04",1,100]
[61806,"F57-000316",50,"CC",2,2015,"N","2025-04-15T09:10:46","2025-04-15T09:10:47","2025-04-15T09:10:47",1,50]
[61807,"F57-000317",500,"CC",2,2018,"N","2025-04-15T09:11:37","2025-04-15T09:11:38","2025-04-15T09:11:38",1,500]
[61808,"F57-000318",300,"CC",1,1978,"N","2025-04-15T09:23:42","2025-04-15T09:23:44","2025-04-15T09:23:44",1,300]
[61809,"F57-000319",100,"CC",1,1987,"N","2025-04-15T09:34:42","2025-04-15T09:34:43","2025-04-15T09:34:43",1,100]
[61810,"F57-000320",64,"CC",1,1964,"N","2025-04-15T09:37:06","2025-04-15T09:37:07","2025-04-15T09:37:07",1,64]
[61811,"F57-000321",19.77,"CC",1,1977,"N","2025-04-15T09:39:59","2025-04-15T09:40:00","2025-04-15T09:40:00",1,19.77]
[61812,"F57-000322",25,"CC",1,1976,"N","2025-04-15T09:47:19","2025-04-15T09:47:20","2025-04-15T09:47:20",1,25]
[61813,"F57-000323",77,"CC",1,1977,"N","2025-04-15T09:48:12","2025-04-15T09:48:13","2025-04-15T09:48:13",1,77]
[61814,"F57-000324",64,"CC",1,1964,"N","2025-04-15T09:50:31","2025-04-15T09:50:33","2025-04-15T09:50:33",1,64]
[61815,"F57-000325",500,"CC",1,1979,"N","2025-04-15T09:51:51","2025-04-15T09:51:52","2025-04-15T09:51:52",1,500]
[61816,"F57-000326",50,"CC",5,1951,"N","2025-04-15T09:59:54","2025-04-15T09:59:55","2025-04-15T09:59:55",1,50]
[61817,"F57-000327",19.63,"CC",1,1963,"N","2025-04-15T10:01:05","2025-04-15T10:01:07","2025-04-15T10:01:07",1,19.63]
[61818,"F57-000328",50,"CC",1,1958,"N","2025-04-15T10:30:12","2025-04-15T10:30:13","2025-04-15T10:30:13",1,50]
[61819,"F57-000329",19.77,"CC",1,1977,"N","2025-04-15T10:51:49","2025-04-15T10:51:50","2025-04-15T10:51:50",1,19.77]
[61820,"F57-000330",64,"CC",1,1964,"N","2025-04-15T10:52:32","2025-04-15T10:52:33","2025-04-15T10:52:33",1,64]
[61821,"F57-000331",25,"CC",1,1955,"N","2025-04-15T11:02:03","2025-04-15T11:02:04","2025-04-15T11:02:04",1,25]
[61822,"F57-000332",105,"CC",1,1968,"N","2025-04-15T11:10:37","2025-04-15T11:10:38","2025-04-15T11:10:38",1,105]
[61823,"F57-000333",100,"CC",1,1977,"N","2025-04-15T11:25:23","2025-04-15T11:25:24","2025-04-15T11:25:24",1,100]
[61824,"F57-000334",64,"CC",1,1964,"N","2025-04-15T11:48:27","2025-04-15T11:48:29","2025-04-15T11:48:29",1,64]
[61825,"F57-000335",100,"CC",2,2015,"N","2025-04-15T11:48:47","2025-04-15T11:48:48","2025-04-15T11:48:48",1,100]
[61826,"F57-000336",50,"CC",1,1966,"N","2025-04-15T12:00:02","2025-04-15T12:00:08","2025-04-15T12:00:08",1,50]
[61827,"F57-000337",10,"CC",1,1969,"N","2025-04-15T12:06:10","2025-04-15T12:06:12","2025-04-15T12:06:12",1,10]
[61828,"F57-000338",25,"CC",1,1959,"N","2025-04-15T12:25:50","2025-04-15T12:25:51","2025-04-15T12:25:51",1,25]
[61829,"F57-000339",64,"CC",1,1964,"N","2025-04-15T12:45:15","2025-04-15T12:45:16","2025-04-15T12:45:16",1,64]
[61830,"F57-000340",25,"CC",8,2016,"N","2025-04-15T12:55:48","2025-04-15T12:55:49","2025-04-15T12:55:49",1,25]
[61831,"F57-000341",50,"CC",1,1965,"N","2025-04-15T12:56:42","2025-04-15T12:56:43","2025-04-15T12:56:43",1,50]
[61832,"F57-000342",20,"CC",5,1957,"N","2025-04-15T13:02:26","2025-04-15T13:02:27","2025-04-15T13:02:27",1,20]
[61833,"F57-000343",25,"CC",6,1978,"N","2025-04-15T13:07:18","2025-04-15T13:07:21","2025-04-15T13:07:21",1,25]
[61834,"F57-000344",100,"CC",1,1975,"N","2025-04-15T13:26:33","2025-04-15T13:26:34","2025-04-15T13:26:34",1,100]
[61835,"F57-000345",50,"CC",1,1968,"N","2025-04-15T14:07:34","2025-04-15T14:07:35","2025-04-15T14:07:35",1,50]
[61836,"F57-000346",25,"CC",1,1963,"N","2025-04-15T14:29:01","2025-04-15T14:29:02","2025-04-15T14:29:02",1,25]
[61837,"F57-000347",250,"CC",1,1978,"N","2025-04-15T14:53:20","2025-04-15T14:53:22","2025-04-15T14:53:22",1,250]
[61838,"F57-000348",50,"CC",1,1987,"N","2025-04-15T15:09:00","2025-04-15T15:09:01","2025-04-15T15:09:01",1,50]
[61839,"F57-000349",10,"CC",1,1969,"N","2025-04-15T15:10:00","2025-04-15T15:10:01","2025-04-15T15:10:01",1,10]
[61840,"F57-000350",100,"CC",1,1958,"N","2025-04-15T15:12:02","2025-04-15T15:12:03","2025-04-15T15:12:03",1,100]
[61841,"F57-000351",58,"CC",1,1958,"N","2025-04-15T15:19:32","2025-04-15T15:19:34","2025-04-15T15:19:34",1,58]
[61842,"F57-000352",50,"CC",1,1964,"N","2025-04-15T15:21:39","2025-04-15T15:21:40","2025-04-15T15:21:40",1,50]
[61843,"F57-000353",25,"CC",1,1978,"N","2025-04-15T15:24:37","2025-04-15T15:24:38","2025-04-15T15:24:38",1,25]
[61844,"F57-000354",64,"CC",1,1964,"N","2025-04-15T15:24:51","2025-04-15T15:24:52","2025-04-15T15:24:52",1,64]
[61845,"F57-000355",100,"CC",4,1948,"N","2025-04-15T15:29:58","2025-04-15T15:29:59","2025-04-15T15:29:59",1,100]
[61846,"F57-000356",100,"CC",1,1966,"N","2025-04-15T15:39:54","2025-04-15T15:39:56","2025-04-15T15:39:56",1,100]
[61847,"F57-000357",50,"CC",1,1969,"N","2025-04-15T15:54:14","2025-04-15T15:54:15","2025-04-15T15:54:15",1,50]
[61848,"F57-000358",50,"CC",1,1980,"N","2025-04-15T16:29:56","2025-04-15T16:29:57","2025-04-15T16:29:57",1,50]
[61849,"F57-000359",500,"CC",5,1959,"N","2025-04-15T16:34:42","2025-04-15T16:34:43","2025-04-15T16:34:43",1,500]
[61850,"F57-000360",64,"CC",1,1964,"N","2025-04-15T16:50:45","2025-04-15T16:50:46","2025-04-15T16:50:46",1,64]
[61851,"F57-000361",50,"CC",1,1975,"N","2025-04-15T16:56:32","2025-04-15T16:56:33","2025-04-15T16:56:33",1,50]
[61852,"F57-000362",50,"CC",1,1956,"N","2025-04-15T17:03:03","2025-04-15T17:03:04","2025-04-15T17:03:04",1,50]
[61853,"F57-000363",66,"CC",1,1966,"N","2025-04-15T17:11:27","2025-04-15T17:11:29","2025-04-15T17:11:29",1,66]
[61854,"F57-000364",64.64,"CC",1,1964,"N","2025-04-15T17:23:53","2025-04-15T17:23:55","2025-04-15T17:23:55",1,64.64]
[61855,"F57-000365",50,"CC",1,1969,"N","2025-04-15T17:47:35","2025-04-15T17:47:37","2025-04-15T17:47:37",1,50]

{"sheet":"Sheet11","index":7,"n_rows":62,"n_cols":1,"rows_kept":62,"cut":false,"hidden":true,"merged":[]}
[1]
[2]
[3]
[4]
[5]
[6]
[7]
[8]
[9]
[10]
[11]
[12]
[13]
[14]
[15]
[16]
[17]
[18]
[19]
[20]
[21]
[22]
[23]
[24]
[25]
[26]
[27]
[28]
[29]
[30]
[31]
[32]
[33]
[34]
[35]
[36]
[37]
[38]
[39]
[40]
[41]
[42]
[43]
[44]
[45]
[46]
[47]
[48]
[49]
[50]
[51]
[52]
[53]
[54]
[55]
[56]
[57]
[58]
[59]
[60]
[61]
[62]