{"text_format":"1","workbook":"xlsx","n_sheets":8,"sheets":["Running Totals","Donation Averages","Income Source Analytics","Donations by Class","Fund Drive Budget History","Tables","Sanitized Raw Data","Sheet11"],"not_rendered":{"charts":10,"images":0,"macros":1,"external_links":0,"defined_names":1,"comments":0,"pivot_tables":1},"unopened":[],"bounds":{"document_bytes":16777216,"sheet_cells":100000,"rows_first":2000,"rows_last":500,"rows_between":2000,"halvings":0,"cell_chars":16384,"cell_head_chars":4096},"cells_cut":0,"cells_raw":0,"read":"whole","date_system":"1900"}

{"sheet":"Running Totals","index":0,"n_rows":0,"n_cols":0,"rows_kept":0,"cut":false,"hidden":false,"merged":[]}

{"sheet":"Donation Averages","index":1,"n_rows":0,"n_cols":0,"rows_kept":0,"cut":false,"hidden":false,"merged":[]}

{"sheet":"Income Source Analytics","index":2,"n_rows":0,"n_cols":0,"rows_kept":0,"cut":false,"hidden":false,"merged":[]}

{"sheet":"Donations by Class","index":3,"n_rows":91,"n_cols":4,"rows_kept":91,"cut":false,"hidden":false,"merged":[]}
[]
[]
[]
[]
[]
[]
[]
[]
[]
[]
[]
[]
[]
[]
[]
[]
[]
[]
[]
[]
[]
[]
[]
[]
[]
[]
[]
[]
[]
[]
[]
[]
[]
[]
[]
[]
[]
[]
[]
[]
["Row Labels","Count of donate_id","Sum of donate_amount","Average of donate_amount2"]
[1948,2,150,75]
[1949,2,150,75]
[1951,5,277,55.4]
[1955,5,440,88]
[1956,21,585,27.857142857142858]
[1957,10,1127,112.7]
[1958,28,2875.58,102.69928571428571]
[1959,19,1989,104.68421052631579]
[1960,12,1160,96.666666666666671]
[1962,1,100,100]
[1963,13,787.63,60.586923076923078]
[1964,84,6908.5600000000013,82.244761904761916]
[1965,15,1120,74.666666666666671]
[1966,64,5692,88.9375]
[1967,10,915,91.5]
[1968,21,1349.68,64.270476190476188]
[1969,25,2164.0700000000002,86.56280000000001]
[1970,1,50,50]
[1972,1,100,100]
[1974,1,100,100]
[1975,27,1708,63.25925925925926]
[1976,2,50,25]
[1977,26,1814.33,69.781923076923078]
[1978,26,1425.78,54.837692307692308]
[1979,68,3595.849999999999,52.880147058823518]
[1980,8,309.8,38.725000000000001]
[1981,6,60,10]
[1982,1,25,25]
[1984,1,100,100]
[1985,7,135,19.285714285714285]
[1986,8,135,16.875]
[1987,9,257,28.555555555555557]
[1989,12,588.44999999999993,49.037499999999994]
[1992,1,100,100]
[1994,1,100,100]
[1995,1,50,50]
[1996,1,25,25]
[2001,1,100,100]
[2007,6,60,10]
[2008,1,40,40]
[2009,7,170.54000000000002,24.362857142857145]
[2011,1,150,150]
[2012,2,175,87.5]
[2013,1,75,75]
[2015,2,550,275]
[2016,5,165.32,33.064]
[2018,1,300,300]
[2020,1,50,50]
["(blank)",7,354,50.571428571428569]
["Grand Total",580,40709.590000000011,70.188948275862089]

{"sheet":"Fund Drive Budget History","index":4,"n_rows":47,"n_cols":3,"rows_kept":47,"cut":false,"hidden":false,"merged":[]}
[8,"Fall 2000",68617]
[9,"Spring 2001",102827]
[10,"Fall 2001",95623]
[11,"Spring 2002",111701]
[12,"Fall 2002",106844]
[13,"Spring 2003",102871]
[14,"Fall 2003",98477]
[15,"Spring 2004",108900]
[16,"Fall 2004",113124]
[17,"Spring 2005",118619]
[18,"Fall 2005",111051]
[19,"Spring 2006",113413]
[20,"Fall 2006",95079]
[21,"Spring 2007",103994]
[22,"Fall 2007",116556]
[23,"Spring 2008",107504]
[24,"Fall 2008",108019]
[25,"Spring 2009",113444]
[26,"Fall 2009",109229]
[27,"Spring 2010",98094]
[28,"Fall 2010",96500]
[29,"Spring 2011",104010]
[30,"Fall 2011",98593]
[31,"Spring 2012",104884]
[32,"Fall 2012",117343]
[33,"Spring 2013",104622]
[34,"Fall 2013",97167]
[35,"Spring 2014",99462]
[36,"Fall 2014",98667]
[37,"Spring 2015",101357]
[38,"Fall 2015",99590]
[39,"Spring 2016",89448]
[40,"Fall 2016",95352]
[41,"Spring 2017",96226]
[42,"Fall 2017",92344]
[43,"Spring 2018",96226]
[44,"Fall 2018",74104]
[45,"Spring 2019",74493]
[46,"Fall 2019",75511.820000000007]
[47,"Spring 2020",65854]
[48,"Fall 2020",45171.65]
[49,"Spring 2021",59014]
[50,"Fall 2021",52095]
[51,"Spring 2022",54096]
[52,"Fall 2022",51670]
[53,"Spring 2023",50252]
[54,"Fall 2023",48752]

{"sheet":"Tables","index":5,"n_rows":47,"n_cols":204,"rows_kept":47,"cut":false,"hidden":false,"merged":[[0,164,0,203],[0,0,0,39],[0,41,0,80],[0,82,0,121],[0,123,0,162]]}
["FD56",null,null,null,null,null,null,null,null,null,null,null,null,null,null,null,null,null,null,null,null,null,null,null,null,null,null,null,null,null,null,null,null,null,null,null,null,null,null,null,null,"FD 55",null,null,null,null,null,null,null,null,null,null,null,null,null,null,null,null,null,null,null,null,null,null,null,null,null,null,null,null,null,null,null,null,null,null,null,null,null,null,null,null,"FD 54",null,null,null,null,null,null,null,null,null,null,null,null,null,null,null,null,null,null,null,null,null,null,null,null,null,null,null,null,null,null,null,null,null,null,null,null,null,null,null,null,"FD 53",null,null,null,null,null,null,null,null,null,null,null,null,null,null,null,null,null,null,null,null,null,null,null,null,null,null,null,null,null,null,null,null,null,null,null,null,null,null,null,null,"FD 52"]
["Day","Date","Goal","Matching Grant #","Matching Grant Amt","Cash #","Cash Amt","Credit Card #","Credit Card Amt","PayPal #","PayPal Amt","Check #","Check Amt","Operating Budget","Donations by Day","Total Donations","Avg Overall Donation Amt","Avg Donation/Day","Average Donated Daily","Daily % of Goal","Daily % Matching $","Daily % Matching #","Overall %Matching $","Overall % Matching #","Daily % Cash $","Daily % Cash #","Overall % Cash $","Overall % Cash #","Daily % CC $","Daily % CC #","Overall % CC $","Overall % CC #","Daily % PP $","Daily % PP #","Overall % PP $","Overall % PP #","Daily % Chk $","Daily % Chk #","Overall % Chk $","Overall % Chk #",null,"Day","Date","Goal","Matching Grant #","Matching Grant Amt","Cash #","Cash Amt","Credit Card #","Credit Card Amt","PayPal #","PayPal Amt","Check #","Check Amt","Operating Budget","Donations by Day","Total Donations","Avg Overall Donation Amt","Avg Donation/Day","Average Donated  Daily","Daily % of Goal","Daily % Matching $","Daily % Matching #","Overall %Matching $","Overall % Matching #","Daily % Cash $","Daily % Cash #","Overall % Cash $","Overall % Cash #","Daily % CC $","Daily % CC #","Overall % CC $","Overall % CC #","Daily % PP $","Daily % PP #","Overall % PP $","Overall % PP #","Daily % Chk $","Daily % Chk #","Overall % Chk $","Overall % Chk #",null,"Day","Date","Goal","Matching Grant #","Matching Grant Amt","Cash #","Cash Amt","Credit Card #","Credit Card Amt","PayPal #","PayPal Amt","Check #","Check Amt","Operating Budget","Donations by Day","Total Donations","Avg Overall Donation Amt","Avg Donation/Day","Average Donated Daily","Daily % of Goal","Daily % Matching $","Daily % Matching #","Overall %Matching $","Overall % Matching #","Daily % Cash $","Daily % Cash #","Overall % Cash $","Overall % Cash #","Daily % CC $","Daily % CC #","Overall % CC $","Overall % CC #","Daily % PP $","Daily % PP #","Overall % PP $","Overall % PP #","Daily % Chk $","Daily % Chk #","Overall % Chk $","Overall % Chk #",null,"Day","Date","Goal","Matching Grant #","Matching Grant Amt","Cash #","Cash Amt","Credit Card #","Credit Card Amt","PayPal #","PayPal Amt","Check #","Check Amt","Operating Budget","Donations by Day","Total Donations","Avg Overall Donation Amt","Avg Donation/Day","Average Donated Daily","Daily % of Goal","Daily % Matching $","Daily % Matching #","Overall %Matching $","Overall % Matching #","Daily % Cash $","Daily % Cash #","Overall % Cash $","Overall % Cash #","Daily % CC $","Daily % CC #","Overall % CC $","Overall % CC #","Daily % PP $","Daily % PP #","Overall % PP $","Overall % PP #","Daily % Chk $","Daily % Chk #","Overall % Chk $","Overall % Chk #",null,"Day","Date","Goal","Matching Grant #","Matching Grant Amt","Cash #","Cash Amt","Credit Card #","Credit Card Amt","PayPal #","PayPal Amt","Check #","Check Amt","Operating Budget","Donations by Day","Total Donations","Avg Overall Donation Amt","Avg Donation/Day","Average Donated Daily","Daily % of Goal","Daily % Matching $","Daily % Matching #","Overall %Matching $","Overall % Matching #","Daily % Cash $","Daily % Cash #","Overall % Cash $","Overall % Cash #","Daily % CC $","Daily % CC #","Overall % CC $","Overall % CC #","Daily % PP $","Daily % PP #","Overall % PP $","Overall % PP #","Daily % Chk $","Daily % Chk #","Overall % Chk $","Overall % Chk #"]
["Pre-Fund Drive",null,40465,{"$f":"COUNTIFS('Sanitized Raw Data'!$H:$H,\"<\"&B4,'Sanitized Raw Data'!$D:$D,\"Matching Grant\")","v":0},{"$f":"SUMIFS('Sanitized Raw Data'!$C:$C,'Sanitized Raw Data'!$H:$H,\"<\"&B4,'Sanitized Raw Data'!$D:$D,\"Matching Grant\")","v":0},{"$f":"COUNTIFS('Sanitized Raw Data'!$H:$H,\"<\"&B4,'Sanitized Raw Data'!$D:$D,\"Cash\")","v":0},{"$f":"SUMIFS('Sanitized Raw Data'!$C:$C,'Sanitized Raw Data'!$H:$H,\"<\"&B4,'Sanitized Raw Data'!$D:$D,\"Cash\")","v":0},{"$f":"COUNTIFS('Sanitized Raw Data'!$H:$H,\"<\"&B4,'Sanitized Raw Data'!$D:$D,\"CC\")","v":0},{"$f":"SUMIFS('Sanitized Raw Data'!$C:$C,'Sanitized Raw Data'!$H:$H,\"<\"&B4,'Sanitized Raw Data'!$D:$D,\"CC\")","v":0},{"$f":"COUNTIFS('Sanitized Raw Data'!$H:$H,\"<\"&B4,'Sanitized Raw Data'!$D:$D,\"PayPal\")","v":59},{"$f":"SUMIFS('Sanitized Raw Data'!$C:$C,'Sanitized Raw Data'!$H:$H,\"<\"&B4,'Sanitized Raw Data'!$D:$D,\"PayPal\")","v":802.54},{"$f":"COUNTIFS('Sanitized Raw Data'!$H:$H,\"<\"&B4,'Sanitized Raw Data'!$D:$D,\"Personal Check\")+COUNTIFS('Sanitized Raw Data'!$H:$H,\"<\"&B4,'Sanitized Raw Data'!$D:$D,\"ACH Grant Deposit\")","v":41},{"$f":"SUMIFS('Sanitized Raw Data'!$C:$C,'Sanitized Raw Data'!$H:$H,\"<\"&B4,'Sanitized Raw Data'!$D:$D,\"Personal Check\")+SUMIFS('Sanitized Raw Data'!$C:$C,'Sanitized Raw Data'!$H:$H,\"<\"&B4,'Sanitized Raw Data'!$D:$D,\"ACH Grant Deposit\")","v":3337.58},{"$f":"SUM(G3,M3,K3,I3,E3)","v":4140.12},{"$f":"SUM(F3,H3,J3,L3)","v":100},{"$f":"SUM(F3,L3,J3,H3,D3)","v":100},{"$f":"N3/P3","v":41.401199999999996},{"$f":"(SUM(G3,M3,K3,I3,E3))/(SUM(F3,H3,J3,L3,D3))","v":41.401199999999996},null,{"$f":"(N3/C$3)","v":0.10231360434943779},{"$f":"E3/N3","v":0},{"$f":"D3/O3","v":0},{"$f":"E3/N3","v":0},{"$f":"D3/O3","v":0},{"$f":"G3/N3","v":0},{"$f":"F3/O3","v":0},{"$f":"B3/J3","v":0},{"$f":"F3/O3","v":0},{"$f":"I3/N3","v":0},{"$f":"H3/O3","v":0},{"$f":"H3/N3","v":0},{"$f":"H3/P3","v":0},{"$f":"K3/N3","v":0.1938446228611731},{"$f":"J3/O3","v":0.59},{"$f":"K3/N3","v":0.1938446228611731},{"$f":"J3/P3","v":0.59},{"$f":"M3/N3","v":0.8061553771388269},{"$f":"L3/O3","v":0.41},{"$f":"M3/N3","v":0.8061553771388269},{"$f":"L3/P3","v":0.41},null,"Pre-Fund Drive",null,39822,0,0,0,0,0,0,78,1229.5400000000002,41,5576.58,6806.12,119,119,57.194285714285712,57.194285714285712,null,0.17091356536587815,0,0,0,0,0,0,0,0,0,0,0,0,0.18065211897527522,0.65546218487394958,0.18065211897527522,0.65546218487394958,0.81934788102472478,0.34453781512605042,0.81934788102472478,0.34453781512605042,null,"Pre-Fund Drive",null,48752,1,50,0,0,1,19.63,96,2408.13,36,3986.0099999999998,6463.7699999999995,133,134,48.2370895522388,48.2370895522388,null,0.13258471447325237,7.7354237542486817E-3,7.5187969924812026E-3,7.7354237542486817E-3,7.5187969924812026E-3,0,0,0,0,3.0369273659180324E-3,7.5187969924812026E-3,1.5470847508497365E-4,7.462686567164179E-3,0.37255812010637757,0.72180451127819545,0.37255812010637757,0.71641791044776115,0.61666952877345571,0.27067669172932329,0.61666952877345571,0.26865671641791045,null,"Pre-Fund Drive",null,50252,3,250,0,0,0,0,67,1235.3300000000002,33,2932.45,4417.78,100,103,42.891067961165049,42.891067961165049,null,8.791252089469076E-2,5.6589508757792381E-2,0.03,5.6589508757792381E-2,0.03,0,0,0,0,0,0,0,0,0.27962687141505466,0.67,0.27962687141505466,0.65048543689320393,0.66378361982715295,0.33,0.66378361982715295,0.32038834951456313,null,"Pre-Fund Drive",null,51670,4,255.69,0,0,0,0,75,1575.5399999999997,43,4064.27,5895.4999999999991,118,122,48.323770491803273,48.323770491803273,null,0.11409909038126571,4.3370367229242646E-2,3.3898305084745763E-2,4.3370367229242646E-2,3.3898305084745763E-2,0,0,0,0,0,0,0,0,0.26724450852345011,0.63559322033898302,0.26724450852345011,0.61475409836065575,0.68938512424730736,0.36440677966101692,0.68938512424730736,0.35245901639344263]
["Day 1","2024-10-07",40465,{"$f":"COUNTIFS('Sanitized Raw Data'!$H:$H,\">=\"&$B4,'Sanitized Raw Data'!$H:$H,\"<\"&$B5,'Sanitized Raw Data'!$D:$D,\"Matching Grant\")","v":0},{"$f":"SUMIFS('Sanitized Raw Data'!$C:$C,'Sanitized Raw Data'!$H:$H,\">=\"&$B4,'Sanitized Raw Data'!$H:$H,\"<\"&$B5,'Sanitized Raw Data'!$D:$D,\"Matching Grant\")","v":0},{"$f":"COUNTIFS('Sanitized Raw Data'!$H:$H,\">=\"&$B4,'Sanitized Raw Data'!$H:$H,\"<\"&$B5,'Sanitized Raw Data'!$D:$D,\"Cash\")","v":0},{"$f":"SUMIFS('Sanitized Raw Data'!$C:$C,'Sanitized Raw Data'!$H:$H,\">=\"&$B4,'Sanitized Raw Data'!$H:$H,\"<\"&$B5,'Sanitized Raw Data'!$D:$D,\"Cash\")","v":0},{"$f":"COUNTIFS('Sanitized Raw Data'!$H:$H,\">=\"&$B4,'Sanitized Raw Data'!$H:$H,\"<\"&$B5,'Sanitized Raw Data'!$D:$D,\"CC\")","v":23},{"$f":"SUMIFS('Sanitized Raw Data'!$C:$C,'Sanitized Raw Data'!$H:$H,\">=\"&$B4,'Sanitized Raw Data'!$H:$H,\"<\"&$B5,'Sanitized Raw Data'!$D:$D,\"CC\")","v":1909.17},{"$f":"COUNTIFS('Sanitized Raw Data'!$H:$H,\">=\"&$B4,'Sanitized Raw Data'!$H:$H,\"<\"&$B5,'Sanitized Raw Data'!$D:$D,\"PayPal\")","v":5},{"$f":"SUMIFS('Sanitized Raw Data'!$C:$C,'Sanitized Raw Data'!$H:$H,\">=\"&$B4,'Sanitized Raw Data'!$H:$H,\"<\"&$B5,'Sanitized Raw Data'!$D:$D,\"PayPal\")","v":309.79000000000002},{"$f":"COUNTIFS('Sanitized Raw Data'!$H:$H,\">=\"&$B4,'Sanitized Raw Data'!$H:$H,\"<\"&$B5,'Sanitized Raw Data'!$D:$D,\"Personal Check\")+COUNTIFS('Sanitized Raw Data'!$H:$H,\">=\"&$B4,'Sanitized Raw Data'!$H:$H,\"<\"&$B5,'Sanitized Raw Data'!$D:$D,\"ACH Grant Deposit\")","v":0},{"$f":"SUMIFS('Sanitized Raw Data'!$C:$C,'Sanitized Raw Data'!$H:$H,\">=\"&$B4,'Sanitized Raw Data'!$H:$H,\"<\"&$B5,'Sanitized Raw Data'!$D:$D,\"Personal Check\")+SUMIFS('Sanitized Raw Data'!$C:$C,'Sanitized Raw Data'!$H:$H,\">=\"&$B4,'Sanitized Raw Data'!$H:$H,\"<\"&$B5,'Sanitized Raw Data'!$D:$D,\"ACH Grant Deposit\")","v":0},{"$f":"SUM(G4,M4,K4,I4,N3,E4)","v":6359.08},{"$f":"SUM(F4,H4,J4,L4,D4)","v":28},{"$f":"SUM(F4,L4,J4,H4,P3,D4)","v":128},{"$f":"N4/P4","v":49.680312499999999},79.248571428571424,{"$f":"N4/Sheet11!$A1","v":6359.08},{"$f":"(N4-N3)/C$3","v":5.4836525392314345E-2},{"$f":"E4/(N4-N3)","v":0},0,{"$f":"SUM(E$3:E4)/N4","v":0},{"$f":"SUM(D$3:D4)/O4","v":0},{"$f":"G4/(N4-N3)","v":0},0,{"$f":"SUM(G$3:G4)/N4","v":0},{"$f":"SUM(F$3:F4)/O4","v":0},{"$f":"I4/(N4-N3)","v":0.86038955186213362},{"$f":"H4/O4","v":0.8214285714285714},{"$f":"SUM(I$3:I4)/N4","v":0.30022739138365928},{"$f":"SUM(H$3:H4)/P4","v":0.1796875},{"$f":"K4/(N4-N3)","v":0.13961044813786638},{"$f":"J4/O4","v":0.17857142857142858},{"$f":"SUM(K$3:K4)/N4","v":0.17491995697490831},{"$f":"SUM(J$3:J4)/P4","v":0.5},{"$f":"M4/(N4-N3)","v":0},{"$f":"L4/O4","v":0},{"$f":"SUM(M$3:M4)/N4","v":0.52485265164143236},{"$f":"SUM(L$3:L4)/P4","v":0.3203125},null,"Day 1","2024-04-16",39822,0,0,0,0,174,13785.690000000002,22,1416,8,864.63,22872.440000000002,204,323,70.812507739938084,78.756470588235317,22872.440000000002,0.40345336748530969,0,0,0,0,0,0,0,0,0.85804901184589877,0.8529411764705882,0.60272056676069541,0.53869969040247678,8.8134681744170398E-2,0.10784313725490197,0.11566496622135634,0.30959752321981426,5.3816306409930827E-2,3.9215686274509803E-2,0.28161446701794823,0.15170278637770898,null,"Day 1","2023-10-02",48752,0,0,0,0,40,3194.78,10,559.46999999999991,3,639.79,10857.81,53,187,58.063155080213903,82.906415094339621,10857.81,9.0130456186412869E-2,0,0,4.6049801939801859E-3,1.8867924528301886E-2,0,0,0,0,0.72707121464529234,0.75471698113207553,0.29604588770663703,0.21925133689839571,0.12732473987492146,0.18867924528301888,0.27331478447311197,0.5668449197860963,0.14560404547978625,5.6603773584905662E-2,0.42603434762627079,0.20855614973262032,null,"Day 1","2023-04-11",50252,0,0,0,0,17,1673.52,4,234,1,50,6375.2999999999993,22,125,51.002399999999994,88.978181818181824,6375.2999999999993,3.8954071479742093E-2,0,0,3.9213840917290174E-2,0.13636363636363635,0,0,0,0,0.8549184682659694,0.77272727272727271,0.26250058820761379,0.13600000000000001,0.11953900854141979,0.18181818181818182,0.23047229150000789,0.56799999999999995,2.5542523192611064E-2,4.5454545454545456E-2,0.46781327937508826,0.27200000000000002,null,"Day 1","2022-10-03",51670,0,0,0,0,104,9077.6000000000022,25,1332.6799999999998,8,1032.79,17338.57,137,259,66.944285714285712,83.5260583941606,17338.57,0.22146448616218309,0,0,1.4746890891232668E-2,2.9197080291970802E-2,0,0,0,0,0.79328362056685853,0.75912408759124084,0.52354951994310961,0.40154440154440152,0.11646175370770255,0.18248175182481752,0.16773124888615379,0.38610038610038611,9.0254625725439061E-2,5.8394160583941604E-2,0.29397234027950397,0.19691119691119691]
["Day 2","2024-10-08",40465,{"$f":"COUNTIFS('Sanitized Raw Data'!$H:$H,\">=\"&$B5,'Sanitized Raw Data'!$H:$H,\"<\"&$B6,'Sanitized Raw Data'!$D:$D,\"Matching Grant\")","v":0},{"$f":"SUMIFS('Sanitized Raw Data'!$C:$C,'Sanitized Raw Data'!$H:$H,\">=\"&$B5,'Sanitized Raw Data'!$H:$H,\"<\"&$B6,'Sanitized Raw Data'!$D:$D,\"Matching Grant\")","v":0},{"$f":"COUNTIFS('Sanitized Raw Data'!$H:$H,\">=\"&$B5,'Sanitized Raw Data'!$H:$H,\"<\"&$B6,'Sanitized Raw Data'!$D:$D,\"Cash\")","v":0},{"$f":"SUMIFS('Sanitized Raw Data'!$C:$C,'Sanitized Raw Data'!$H:$H,\">=\"&$B5,'Sanitized Raw Data'!$H:$H,\"<\"&$B6,'Sanitized Raw Data'!$D:$D,\"Cash\")","v":0},{"$f":"COUNTIFS('Sanitized Raw Data'!$H:$H,\">=\"&$B5,'Sanitized Raw Data'!$H:$H,\"<\"&$B6,'Sanitized Raw Data'!$D:$D,\"CC\")","v":143},{"$f":"SUMIFS('Sanitized Raw Data'!$C:$C,'Sanitized Raw Data'!$H:$H,\">=\"&$B5,'Sanitized Raw Data'!$H:$H,\"<\"&$B6,'Sanitized Raw Data'!$D:$D,\"CC\")","v":10161.380000000001},{"$f":"COUNTIFS('Sanitized Raw Data'!$H:$H,\">=\"&$B5,'Sanitized Raw Data'!$H:$H,\"<\"&$B6,'Sanitized Raw Data'!$D:$D,\"PayPal\")","v":14},{"$f":"SUMIFS('Sanitized Raw Data'!$C:$C,'Sanitized Raw Data'!$H:$H,\">=\"&$B5,'Sanitized Raw Data'!$H:$H,\"<\"&$B6,'Sanitized Raw Data'!$D:$D,\"PayPal\")","v":768.46999999999991},{"$f":"COUNTIFS('Sanitized Raw Data'!$H:$H,\">=\"&$B5,'Sanitized Raw Data'!$H:$H,\"<\"&$B6,'Sanitized Raw Data'!$D:$D,\"Personal Check\")+COUNTIFS('Sanitized Raw Data'!$H:$H,\">=\"&$B5,'Sanitized Raw Data'!$H:$H,\"<\"&$B6,'Sanitized Raw Data'!$D:$D,\"ACH Grant Deposit\")","v":14},{"$f":"SUMIFS('Sanitized Raw Data'!$C:$C,'Sanitized Raw Data'!$H:$H,\">=\"&$B5,'Sanitized Raw Data'!$H:$H,\"<\"&$B6,'Sanitized Raw Data'!$D:$D,\"Personal Check\")+SUMIFS('Sanitized Raw Data'!$C:$C,'Sanitized Raw Data'!$H:$H,\">=\"&$B5,'Sanitized Raw Data'!$H:$H,\"<\"&$B6,'Sanitized Raw Data'!$D:$D,\"ACH Grant Deposit\")","v":1461.4299999999998},{"$f":"SUM(G5,M5,K5,I5,N4,E5)","v":18750.36},{"$f":"SUM(F5,H5,J5,L5,D5)","v":171},{"$f":"SUM(F5,L5,J5,H5,P4,D5)","v":299},{"$f":"N5/P5","v":62.710234113712374},{"$f":"(SUM(G5,M5,K5,I5,E5))/(SUM(F5,H5,J5,L5,D5))","v":72.463625730994153},{"$f":"N5/Sheet11!$A2","v":9375.18},{"$f":"(N5-N4)/C$3","v":0.30622216730507845},{"$f":"E5/(N5-N4)","v":0},{"$f":"D5/O5","v":0},{"$f":"SUM(E$3:E5)/N5","v":0},{"$f":"SUM(D$3:D5)/O5","v":0},{"$f":"G5/(N5-N4)","v":0},{"$f":"F5/O5","v":0},{"$f":"SUM(G$3:G5)/N5","v":0},{"$f":"SUM(F$3:F5)/O5","v":0},{"$f":"I5/(N5-N4)","v":0.82004280429463305},{"$f":"H5/O5","v":0.83625730994152048},{"$f":"SUM(I$3:I5)/N5","v":0.64375030666077881},{"$f":"SUM(H$3:H5)/P5","v":0.55518394648829428},{"$f":"K5/(N5-N4)","v":6.2016999050945494E-2},{"$f":"J5/O5","v":8.1871345029239762E-2},{"$f":"SUM(K$3:K5)/N5","v":0.10030740743111063},{"$f":"SUM(J$3:J5)/P5","v":0.2608695652173913},{"$f":"M5/(N5-N4)","v":0.11794019665442147},{"$f":"L5/O5","v":8.1871345029239762E-2},{"$f":"SUM(M$3:M5)/N5","v":0.25594228590811058},{"$f":"SUM(L$3:L5)/P5","v":0.18394648829431437},null,"Day 2","2024-04-17",39822,0,0,0,0,66,4377.3100000000004,5,234,3,250,27733.750000000004,74,397,69.858312342569278,65.693378378378384,13866.875000000002,0.12207598814725532,0,0,0,0,0,0,0,0,0.9004383592077031,0.89189189189189189,0.65490602605129133,0.60453400503778343,4.8135173440903775E-2,6.7567567567567571E-2,0.10382800739171585,0.26448362720403024,5.1426467351392925E-2,4.0540540540540543E-2,0.24126596655699281,0.13098236775818639,null,"Day 2","2023-10-03",48752,0,0,0,0,69,5796.7,20,1155,4,296,18105.509999999998,93,280,64.66253571428571,77.932258064516134,9052.7549999999992,0.14866467016737772,0,0,2.7615902562258673E-3,1.0752688172043012E-2,0,0,0,0,0.7997985567835314,0.74193548387096775,0.49769987147558953,0.39285714285714285,0.15936090069953229,0.21505376344086022,0.22769863980633523,0.45,4.0840542516936411E-2,4.3010752688172046E-2,0.27183989846184942,0.15357142857142858,null,"Day 2","2023-04-12",50252,0,0,0,0,153,11667.580000000002,38,1535.9999999999998,13,990,20568.88,204,329,62.519392097264443,69.576372549019609,10284.44,0.28244806176868587,0,0,1.2154283558463076E-2,1.4705882352941176E-2,0,0,0,0,0.82203221456461306,0.75,0.6486060495272471,0.51671732522796354,0.10821794078731367,0.18627450980392157,0.14611053202702334,0.33130699088145898,6.9749844648073281E-2,6.3725490196078427E-2,0.19312913488726657,0.14285714285714285,null,"Day 2","2022-10-04",51670,0,0,0,0,38,2696.56,9,483,12,1136.97,21655.1,59,318,68.097798742138366,73.161525423728804,10827.55,8.3540352235339635E-2,0,0,1.180738024760911E-2,6.7796610169491525E-2,0,0,0,0,0.62470549260632979,0.64406779661016944,0.54371302833974455,0.44654088050314467,0.11189543452727078,0.15254237288135594,0.15660144723413882,0.34276729559748426,0.26339907286639969,0.20338983050847459,0.2878781441785076,0.19811320754716982]
["Day 3","2024-10-09",40465,{"$f":"COUNTIFS('Sanitized Raw Data'!$H:$H,\">=\"&$B6,'Sanitized Raw Data'!$H:$H,\"<\"&$B7,'Sanitized Raw Data'!$D:$D,\"Matching Grant\")","v":0},{"$f":"SUMIFS('Sanitized Raw Data'!$C:$C,'Sanitized Raw Data'!$H:$H,\">=\"&$B6,'Sanitized Raw Data'!$H:$H,\"<\"&$B7,'Sanitized Raw Data'!$D:$D,\"Matching Grant\")","v":0},{"$f":"COUNTIFS('Sanitized Raw Data'!$H:$H,\">=\"&$B6,'Sanitized Raw Data'!$H:$H,\"<\"&$B7,'Sanitized Raw Data'!$D:$D,\"Cash\")","v":0},{"$f":"SUMIFS('Sanitized Raw Data'!$C:$C,'Sanitized Raw Data'!$H:$H,\">=\"&$B6,'Sanitized Raw Data'!$H:$H,\"<\"&$B7,'Sanitized Raw Data'!$D:$D,\"Cash\")","v":0},{"$f":"COUNTIFS('Sanitized Raw Data'!$H:$H,\">=\"&$B6,'Sanitized Raw Data'!$H:$H,\"<\"&$B7,'Sanitized Raw Data'!$D:$D,\"CC\")","v":20},{"$f":"SUMIFS('Sanitized Raw Data'!$C:$C,'Sanitized Raw Data'!$H:$H,\">=\"&$B6,'Sanitized Raw Data'!$H:$H,\"<\"&$B7,'Sanitized Raw Data'!$D:$D,\"CC\")","v":1175.31},{"$f":"COUNTIFS('Sanitized Raw Data'!$H:$H,\">=\"&$B6,'Sanitized Raw Data'!$H:$H,\"<\"&$B7,'Sanitized Raw Data'!$D:$D,\"PayPal\")","v":4},{"$f":"SUMIFS('Sanitized Raw Data'!$C:$C,'Sanitized Raw Data'!$H:$H,\">=\"&$B6,'Sanitized Raw Data'!$H:$H,\"<\"&$B7,'Sanitized Raw Data'!$D:$D,\"PayPal\")","v":205},{"$f":"COUNTIFS('Sanitized Raw Data'!$H:$H,\">=\"&$B6,'Sanitized Raw Data'!$H:$H,\"<\"&$B7,'Sanitized Raw Data'!$D:$D,\"Personal Check\")+COUNTIFS('Sanitized Raw Data'!$H:$H,\">=\"&$B6,'Sanitized Raw Data'!$H:$H,\"<\"&$B7,'Sanitized Raw Data'!$D:$D,\"ACH Grant Deposit\")","v":5},{"$f":"SUMIFS('Sanitized Raw Data'!$C:$C,'Sanitized Raw Data'!$H:$H,\">=\"&$B6,'Sanitized Raw Data'!$H:$H,\"<\"&$B7,'Sanitized Raw Data'!$D:$D,\"Personal Check\")+SUMIFS('Sanitized Raw Data'!$C:$C,'Sanitized Raw Data'!$H:$H,\">=\"&$B6,'Sanitized Raw Data'!$H:$H,\"<\"&$B7,'Sanitized Raw Data'!$D:$D,\"ACH Grant Deposit\")","v":251},20381.670000000002,29,328,62.139237804878057,56.252068965517239,{"$f":"N6/Sheet11!$A3","v":6793.89},4.0314098603731655E-2,0,0,{"$f":"SUM(E$3:E6)/N6","v":0},{"$f":"SUM(D$3:D6)/O6","v":0},0,0,{"$f":"SUM(G$3:G6)/N6","v":0},{"$f":"SUM(F$3:F6)/O6","v":0},0.72047005167625955,0.68965517241379315,{"$f":"SUM(I$3:I6)/N6","v":0.64989080875119654},{"$f":"SUM(H$3:H6)/P6","v":0.56707317073170727},0.12566587589115485,0.13793103448275862,{"$f":"SUM(K$3:K6)/N6","v":0.10233705088935301},{"$f":"SUM(J$3:J6)/P6","v":0.25},0.15386407243258474,0.17241379310344829,{"$f":"SUM(M$3:M6)/N6","v":0.24777214035945042},{"$f":"SUM(L$3:L6)/P6","v":0.18292682926829268},null,"Day 3","2024-04-18",39822,0,0,0,0,36,2458.58,1,19.79,2,94.789999999999992,30306.910000000003,39,436,69.511261467889909,65.978461538461531,10102.303333333335,6.4616543619105016E-2,0,0,0,0,0,0,0,0,0.95547109390787988,0.92307692307692313,0.6804250251840257,0.6330275229357798,7.6909325498608714E-3,2.564102564102564E-2,9.5665641927863962E-2,0.24311926605504589,3.6837973542259324E-2,5.128205128205128E-2,0.2239093328881103,0.12385321100917432,null,"Day 3","2023-10-04",48752,0,0,0,0,23,1980.77,6,283,4,185,20554.28,33,313,65.668626198083061,74.205151515151513,6851.4266666666663,5.0229118805382354E-2,0,0,2.4325833840932402E-3,3.0303030303030304E-2,0,0,0,0,0.80888364362516674,0.69696969696969702,0.53477329295893616,0.42492012779552718,0.11556822404717468,0.18181818181818182,0.21433978713922358,0.4217252396166134,7.5548132327658363E-2,0.12121212121212122,0.24845433651774712,0.15015974440894569,null,"Day 3","2023-04-13",50252,0,0,0,0,26,1638.29,8,459.79,9,1310,23976.959999999999,43,372,64.454193548387096,79.257674418604651,7992.32,6.7819788267133613E-2,0,0,1.0426676275891522E-2,6.9767441860465115E-2,0,0,0,0,0.48070761249735949,0.60465116279069764,0.62474100136130706,0.5268817204301075,0.13491173916105265,0.18604651162790697,0.14451873798846893,0.31451612903225806,0.38438064834158842,0.20930232558139536,0.22031358437433268,0.15053763440860216,null,"Day 3","2022-10-05",51670,0,0,0,0,21,1891.41,2,50,7,394,23990.51,30,348,68.938247126436778,77.846999999999994,7996.8366666666661,4.5198567834333264E-2,0,0,1.0657964336731484E-2,0.13333333333333333,0,0,0,0,0.80988348940871202,0.7,0.5696239888189123,0.46839080459770116,2.1409516958478383E-2,6.6666666666666666E-2,0.14344088558350779,0.31896551724137934,0.16870699363280967,0.23333333333333334,0.27627716126084856,0.20114942528735633]
["Day 4","2024-10-10",40465,{"$f":"COUNTIFS('Sanitized Raw Data'!$H:$H,\">=\"&$B7,'Sanitized Raw Data'!$H:$H,\"<\"&$B8,'Sanitized Raw Data'!$D:$D,\"Matching Grant\")","v":0},{"$f":"SUMIFS('Sanitized Raw Data'!$C:$C,'Sanitized Raw Data'!$H:$H,\">=\"&$B7,'Sanitized Raw Data'!$H:$H,\"<\"&$B8,'Sanitized Raw Data'!$D:$D,\"Matching Grant\")","v":0},{"$f":"COUNTIFS('Sanitized Raw Data'!$H:$H,\">=\"&$B7,'Sanitized Raw Data'!$H:$H,\"<\"&$B8,'Sanitized Raw Data'!$D:$D,\"Cash\")","v":0},{"$f":"SUMIFS('Sanitized Raw Data'!$C:$C,'Sanitized Raw Data'!$H:$H,\">=\"&$B7,'Sanitized Raw Data'!$H:$H,\"<\"&$B8,'Sanitized Raw Data'!$D:$D,\"Cash\")","v":0},{"$f":"COUNTIFS('Sanitized Raw Data'!$H:$H,\">=\"&$B7,'Sanitized Raw Data'!$H:$H,\"<\"&$B8,'Sanitized Raw Data'!$D:$D,\"CC\")","v":18},{"$f":"SUMIFS('Sanitized Raw Data'!$C:$C,'Sanitized Raw Data'!$H:$H,\">=\"&$B7,'Sanitized Raw Data'!$H:$H,\"<\"&$B8,'Sanitized Raw Data'!$D:$D,\"CC\")","v":1622.56},{"$f":"COUNTIFS('Sanitized Raw Data'!$H:$H,\">=\"&$B7,'Sanitized Raw Data'!$H:$H,\"<\"&$B8,'Sanitized Raw Data'!$D:$D,\"PayPal\")","v":0},{"$f":"SUMIFS('Sanitized Raw Data'!$C:$C,'Sanitized Raw Data'!$H:$H,\">=\"&$B7,'Sanitized Raw Data'!$H:$H,\"<\"&$B8,'Sanitized Raw Data'!$D:$D,\"PayPal\")","v":0},{"$f":"COUNTIFS('Sanitized Raw Data'!$H:$H,\">=\"&$B7,'Sanitized Raw Data'!$H:$H,\"<\"&$B8,'Sanitized Raw Data'!$D:$D,\"Personal Check\")+COUNTIFS('Sanitized Raw Data'!$H:$H,\">=\"&$B7,'Sanitized Raw Data'!$H:$H,\"<\"&$B8,'Sanitized Raw Data'!$D:$D,\"ACH Grant Deposit\")","v":1},{"$f":"SUMIFS('Sanitized Raw Data'!$C:$C,'Sanitized Raw Data'!$H:$H,\">=\"&$B7,'Sanitized Raw Data'!$H:$H,\"<\"&$B8,'Sanitized Raw Data'!$D:$D,\"Personal Check\")+SUMIFS('Sanitized Raw Data'!$C:$C,'Sanitized Raw Data'!$H:$H,\">=\"&$B7,'Sanitized Raw Data'!$H:$H,\"<\"&$B8,'Sanitized Raw Data'!$D:$D,\"ACH Grant Deposit\")","v":50},22054.230000000003,19,347,63.556858789625366,88.029473684210529,{"$f":"N7/Sheet11!$A4","v":5513.5575000000008},4.1333498084764643E-2,0,0,{"$f":"SUM(E$3:E7)/N7","v":0},{"$f":"SUM(D$3:D7)/O7","v":0},0,0,{"$f":"SUM(G$3:G7)/N7","v":0},{"$f":"SUM(F$3:F7)/O7","v":0},0.97010570622279535,0.94736842105263153,{"$f":"SUM(I$3:I7)/N7","v":0.67417543029160387},{"$f":"SUM(H$3:H7)/P7","v":0.58789625360230546},0,0,{"$f":"SUM(K$3:K7)/N7","v":9.4575961164819602E-2},{"$f":"SUM(J$3:J7)/P7","v":0.23631123919308358},2.9894293777203783E-2,5.2631578947368418E-2,{"$f":"SUM(M$3:M7)/N7","v":0.23124860854357643},{"$f":"SUM(L$3:L7)/P7","v":0.17579250720461095},null,"Day 4","2024-04-19",39822,0,0,0,0,38,3547.8,5,258,3,214,34326.710000000006,46,482,71.217240663900427,87.386956521739137,8581.6775000000016,0.10094420169755419,0,0,0,0,0,0,0,0,0.88258122294641461,0.82608695652173914,0.70409835373095753,0.65145228215767637,6.4182297626747556E-2,0.10869565217391304,9.1978811834865601E-2,0.23029045643153526,5.3236479426837117E-2,6.5217391304347824E-2,0.20392283443417672,0.11825726141078838,null,"Day 4","2023-10-05",48752,0,0,0,0,34,2879.3199999999997,5,267,1,51,23751.599999999999,40,353,67.284985835694044,79.932999999999993,5937.9,6.5583360682638661E-2,0,0,2.1051213391939912E-3,2.5000000000000001E-2,0,0,0,0,0.90054170367682929,0.85,0.58401118240455385,0.47308781869688388,8.3507437478888571E-2,0.125,0.19672779939035689,0.38810198300283288,1.5950858844282087E-2,2.5000000000000001E-2,0.21715589686589534,0.1359773371104816,null,"Day 4","2023-04-14",50252,0,0,0,0,13,1084.77,4,154.79,3,172,25388.52,20,392,64.766632653061222,70.578000000000003,6347.13,2.8089628273501577E-2,0,0,9.8469702054314306E-3,0.15,0,0,0,0,0.76849018107625533,0.65,0.6327332195811336,0.53316326530612246,0.10965881719515985,0.2,0.14258058366537316,0.30867346938775508,0.12185100172858386,0.15,0.21483922654806187,0.15051020408163265,null,"Day 4","2022-10-06",51670,0,0,0,0,10,904,1,5,6,409.64,25309.149999999998,17,365,69.34013698630136,77.567058823529408,6327.2874999999995,2.5520418037545952E-2,0,0,1.0102670378104361E-2,0.23529411764705882,0,0,0,0,0.68555481405084051,0.58823529411764708,0.57566413727841526,0.47397260273972602,3.7917854759449148E-3,5.8823529411764705E-2,0.13616498381020301,0.30684931506849317,0.31065340047321494,0.35294117647058826,0.27806820853327752,0.20821917808219179]
["Day 5","2024-10-11",40465,{"$f":"COUNTIFS('Sanitized Raw Data'!$H:$H,\">=\"&$B8,'Sanitized Raw Data'!$H:$H,\"<\"&$B9,'Sanitized Raw Data'!$D:$D,\"Matching Grant\")","v":0},{"$f":"SUMIFS('Sanitized Raw Data'!$C:$C,'Sanitized Raw Data'!$H:$H,\">=\"&$B8,'Sanitized Raw Data'!$H:$H,\"<\"&$B9,'Sanitized Raw Data'!$D:$D,\"Matching Grant\")","v":0},{"$f":"COUNTIFS('Sanitized Raw Data'!$H:$H,\">=\"&$B8,'Sanitized Raw Data'!$H:$H,\"<\"&$B9,'Sanitized Raw Data'!$D:$D,\"Cash\")","v":0},{"$f":"SUMIFS('Sanitized Raw Data'!$C:$C,'Sanitized Raw Data'!$H:$H,\">=\"&$B8,'Sanitized Raw Data'!$H:$H,\"<\"&$B9,'Sanitized Raw Data'!$D:$D,\"Cash\")","v":0},{"$f":"COUNTIFS('Sanitized Raw Data'!$H:$H,\">=\"&$B8,'Sanitized Raw Data'!$H:$H,\"<\"&$B9,'Sanitized Raw Data'!$D:$D,\"CC\")","v":15},{"$f":"SUMIFS('Sanitized Raw Data'!$C:$C,'Sanitized Raw Data'!$H:$H,\">=\"&$B8,'Sanitized Raw Data'!$H:$H,\"<\"&$B9,'Sanitized Raw Data'!$D:$D,\"CC\")","v":1070},{"$f":"COUNTIFS('Sanitized Raw Data'!$H:$H,\">=\"&$B8,'Sanitized Raw Data'!$H:$H,\"<\"&$B9,'Sanitized Raw Data'!$D:$D,\"PayPal\")","v":3},{"$f":"SUMIFS('Sanitized Raw Data'!$C:$C,'Sanitized Raw Data'!$H:$H,\">=\"&$B8,'Sanitized Raw Data'!$H:$H,\"<\"&$B9,'Sanitized Raw Data'!$D:$D,\"PayPal\")","v":95},{"$f":"COUNTIFS('Sanitized Raw Data'!$H:$H,\">=\"&$B8,'Sanitized Raw Data'!$H:$H,\"<\"&$B9,'Sanitized Raw Data'!$D:$D,\"Personal Check\")+COUNTIFS('Sanitized Raw Data'!$H:$H,\">=\"&$B8,'Sanitized Raw Data'!$H:$H,\"<\"&$B9,'Sanitized Raw Data'!$D:$D,\"ACH Grant Deposit\")","v":1},{"$f":"SUMIFS('Sanitized Raw Data'!$C:$C,'Sanitized Raw Data'!$H:$H,\">=\"&$B8,'Sanitized Raw Data'!$H:$H,\"<\"&$B9,'Sanitized Raw Data'!$D:$D,\"Personal Check\")+SUMIFS('Sanitized Raw Data'!$C:$C,'Sanitized Raw Data'!$H:$H,\">=\"&$B8,'Sanitized Raw Data'!$H:$H,\"<\"&$B9,'Sanitized Raw Data'!$D:$D,\"ACH Grant Deposit\")","v":25},23244.230000000003,19,366,63.508825136612032,62.631578947368418,{"$f":"N8/Sheet11!$A5","v":4648.8460000000005},2.9408130483133572E-2,0,0,{"$f":"SUM(E$3:E8)/N8","v":0},{"$f":"SUM(D$3:D8)/O8","v":0},0,0,{"$f":"SUM(G$3:G8)/N8","v":0},{"$f":"SUM(F$3:F8)/O8","v":0},0.89915966386554624,0.78947368421052633,{"$f":"SUM(I$3:I8)/N8","v":0.68569361084449765},{"$f":"SUM(H$3:H8)/P8","v":0.59836065573770492},7.9831932773109238E-2,0.15789473684210525,{"$f":"SUM(K$3:K8)/N8","v":9.3821133244680485E-2},{"$f":"SUM(J$3:J8)/P8","v":0.23224043715846995},2.100840336134454E-2,5.2631578947368418E-2,{"$f":"SUM(M$3:M8)/N8","v":0.22048525591082171},{"$f":"SUM(L$3:L8)/P8","v":0.16939890710382513},null,"Day 5","2024-04-20",39822,0,0,0,0,24,1741.79,0,0,3,739,36807.500000000007,27,509,72.31335952848724,91.88111111111111,7361.5000000000018,6.2296971523278614E-2,0,0,0,0,0,0,0,0,0.70211102108602474,0.88888888888888884,0.70396440942742644,0.66404715127701375,0,0,8.5779528628676202E-2,0.21807465618860511,0.29788897891397487,0.1111111111111111,0.21025606194389726,0.11787819253438114,null,"Day 5","2023-10-06",48752,0,0,0,0,10,678.54,2,115,3,216,24761.14,15,368,67.285706521739129,67.302666666666667,4952.2280000000001,2.0707663275352825E-2,0,0,2.0192931343225714E-3,6.6666666666666666E-2,0,0,0,0,0.67212789983556809,0.66666666666666663,0.58760380176356997,0.48097826086956524,0.11391326742872981,0.13333333333333333,0.19335135619765489,0.37771739130434784,0.21395883273570121,0.2,0.21702554890445269,0.13858695652173914,null,"Day 5","2023-04-15",50252,0,0,0,0,30,1733.1599999999999,3,144.76999999999998,5,285.77,27552.22,38,430,64.074930232558145,56.939473684210519,5510.4440000000004,4.305699275650722E-2,0,0,9.0736789993691967E-3,7.8947368421052627E-2,0,0,0,0,0.80101677681748817,0.78947368421052633,0.64594867491621377,0.55581395348837215,6.6908536303554061E-2,7.8947368421052627E-2,0.13663799142138092,0.28837209302325584,0.13207468687895729,0.13157894736842105,0.20833965466303619,0.14883720930232558,null,"Day 5","2022-10-07",51670,0,0,0,0,5,300,1,50,0,0,25659.149999999998,6,371,69.162129380053898,58.333333333333336,5131.83,6.773756531836656E-3,0,0,9.9648663342316486E-3,0.66666666666666663,0,0,0,0,0.8571428571428571,0.83333333333333337,0.57950360787477384,0.47978436657681939,0.14285714285714285,0.16666666666666666,0.13625626725748902,0.30458221024258758,0,0,0.27427525853350559,0.20485175202156333]
["Day 6","2024-10-12",40465,{"$f":"COUNTIFS('Sanitized Raw Data'!$H:$H,\">=\"&$B9,'Sanitized Raw Data'!$H:$H,\"<\"&$B10,'Sanitized Raw Data'!$D:$D,\"Matching Grant\")","v":0},{"$f":"SUMIFS('Sanitized Raw Data'!$C:$C,'Sanitized Raw Data'!$H:$H,\">=\"&$B9,'Sanitized Raw Data'!$H:$H,\"<\"&$B10,'Sanitized Raw Data'!$D:$D,\"Matching Grant\")","v":0},{"$f":"COUNTIFS('Sanitized Raw Data'!$H:$H,\">=\"&$B9,'Sanitized Raw Data'!$H:$H,\"<\"&$B10,'Sanitized Raw Data'!$D:$D,\"Cash\")","v":0},{"$f":"SUMIFS('Sanitized Raw Data'!$C:$C,'Sanitized Raw Data'!$H:$H,\">=\"&$B9,'Sanitized Raw Data'!$H:$H,\"<\"&$B10,'Sanitized Raw Data'!$D:$D,\"Cash\")","v":0},{"$f":"COUNTIFS('Sanitized Raw Data'!$H:$H,\">=\"&$B9,'Sanitized Raw Data'!$H:$H,\"<\"&$B10,'Sanitized Raw Data'!$D:$D,\"CC\")","v":30},{"$f":"SUMIFS('Sanitized Raw Data'!$C:$C,'Sanitized Raw Data'!$H:$H,\">=\"&$B9,'Sanitized Raw Data'!$H:$H,\"<\"&$B10,'Sanitized Raw Data'!$D:$D,\"CC\")","v":2715},{"$f":"COUNTIFS('Sanitized Raw Data'!$H:$H,\">=\"&$B9,'Sanitized Raw Data'!$H:$H,\"<\"&$B10,'Sanitized Raw Data'!$D:$D,\"PayPal\")","v":3},{"$f":"SUMIFS('Sanitized Raw Data'!$C:$C,'Sanitized Raw Data'!$H:$H,\">=\"&$B9,'Sanitized Raw Data'!$H:$H,\"<\"&$B10,'Sanitized Raw Data'!$D:$D,\"PayPal\")","v":192},{"$f":"COUNTIFS('Sanitized Raw Data'!$H:$H,\">=\"&$B9,'Sanitized Raw Data'!$H:$H,\"<\"&$B10,'Sanitized Raw Data'!$D:$D,\"Personal Check\")+COUNTIFS('Sanitized Raw Data'!$H:$H,\">=\"&$B9,'Sanitized Raw Data'!$H:$H,\"<\"&$B10,'Sanitized Raw Data'!$D:$D,\"ACH Grant Deposit\")","v":0},{"$f":"SUMIFS('Sanitized Raw Data'!$C:$C,'Sanitized Raw Data'!$H:$H,\">=\"&$B9,'Sanitized Raw Data'!$H:$H,\"<\"&$B10,'Sanitized Raw Data'!$D:$D,\"Personal Check\")+SUMIFS('Sanitized Raw Data'!$C:$C,'Sanitized Raw Data'!$H:$H,\">=\"&$B9,'Sanitized Raw Data'!$H:$H,\"<\"&$B10,'Sanitized Raw Data'!$D:$D,\"ACH Grant Deposit\")","v":0},26151.230000000003,33,399,65.541929824561407,88.090909090909093,{"$f":"N9/Sheet11!$A6","v":4358.5383333333339},7.1839861608797725E-2,0,0,{"$f":"SUM(E$3:E9)/N9","v":0},{"$f":"SUM(D$3:D9)/O9","v":0},0,0,{"$f":"SUM(G$3:G9)/N9","v":0},{"$f":"SUM(F$3:F9)/O9","v":0},0.93395252837977294,0.90909090909090906,{"$f":"SUM(I$3:I9)/N9","v":0.71329035001412922},{"$f":"SUM(H$3:H9)/P9","v":0.62406015037593987},6.6047471620227033E-2,9.0909090909090912E-2,{"$f":"SUM(K$3:K9)/N9","v":9.0733781929186477E-2},{"$f":"SUM(J$3:J9)/P9","v":0.22055137844611528},0,0,{"$f":"SUM(M$3:M9)/N9","v":0.19597586805668413},{"$f":"SUM(L$3:L9)/P9","v":0.15538847117794485},null,"Day 6","2024-04-21",39822,0,0,0,0,9,986,3,89.78,0,0,37883.280000000006,12,521,72.712629558541281,89.648333333333326,6313.880000000001,2.7014715483903339E-2,0,0,0,0,0,0,0,0,0.91654427485173651,0.75,0.71000108755102509,0.66602687140115158,8.3455725148264603E-2,0.25,8.5713539059975793E-2,0.21880998080614203,0,0,0.20428537338899902,0.11516314779270634,null,"Day 6","2023-10-07",48752,0,0,0,0,6,264.53999999999996,1,24,1,64,25113.68,8,376,66.791702127659576,44.067499999999995,4185.6133333333337,7.231293075155909E-3,0,0,1.9909467668617264E-3,0.125,0,0,0,0,0.75038293526975464,0.75,0.58988885738768682,0.48670212765957449,6.8077381290066213E-2,0.125,0.19159278926863765,0.37234042553191488,0.18153968344017654,0.125,0.21652740657681388,0.13829787234042554,null,"Day 6","2023-04-16",50252,0,0,0,0,13,837.96999999999991,1,100,0,0,28490.190000000002,14,444,64.167094594594602,66.997857142857143,4748.3650000000007,1.8665326753164076E-2,0,0,8.7749502548070055E-3,0.21428571428571427,0,0,0,0,0.89338678209324274,0.9285714285714286,0.65409497093560987,0.56756756756756754,0.10661321790675594,7.1428571428571425E-2,0.13564949900299014,0.28153153153153154,0,0,0.20148057980659304,0.14414414414414414,null,"Day 6","2022-10-08",51670,0,0,0,0,3,125,0,0,1,55,25839.149999999998,4,375,68.904399999999995,45,4306.5249999999996,3.4836462163731373E-3,0,0,9.8954493472114997E-3,1,0,0,0,0,0.69444444444444442,0.75,0.58030430567568991,0.48266666666666669,0,0,0.13530708246981807,0.30133333333333334,0.30555555555555558,0.25,0.27449316250728062,0.20533333333333334]
["Day 7","2024-10-13",40465,{"$f":"COUNTIFS('Sanitized Raw Data'!$H:$H,\">=\"&$B10,'Sanitized Raw Data'!$H:$H,\"<\"&$B11,'Sanitized Raw Data'!$D:$D,\"Matching Grant\")","v":0},{"$f":"SUMIFS('Sanitized Raw Data'!$C:$C,'Sanitized Raw Data'!$H:$H,\">=\"&$B10,'Sanitized Raw Data'!$H:$H,\"<\"&$B11,'Sanitized Raw Data'!$D:$D,\"Matching Grant\")","v":0},{"$f":"COUNTIFS('Sanitized Raw Data'!$H:$H,\">=\"&$B10,'Sanitized Raw Data'!$H:$H,\"<\"&$B11,'Sanitized Raw Data'!$D:$D,\"Cash\")","v":0},{"$f":"SUMIFS('Sanitized Raw Data'!$C:$C,'Sanitized Raw Data'!$H:$H,\">=\"&$B10,'Sanitized Raw Data'!$H:$H,\"<\"&$B11,'Sanitized Raw Data'!$D:$D,\"Cash\")","v":0},{"$f":"COUNTIFS('Sanitized Raw Data'!$H:$H,\">=\"&$B10,'Sanitized Raw Data'!$H:$H,\"<\"&$B11,'Sanitized Raw Data'!$D:$D,\"CC\")","v":12},{"$f":"SUMIFS('Sanitized Raw Data'!$C:$C,'Sanitized Raw Data'!$H:$H,\">=\"&$B10,'Sanitized Raw Data'!$H:$H,\"<\"&$B11,'Sanitized Raw Data'!$D:$D,\"CC\")","v":811.43},{"$f":"COUNTIFS('Sanitized Raw Data'!$H:$H,\">=\"&$B10,'Sanitized Raw Data'!$H:$H,\"<\"&$B11,'Sanitized Raw Data'!$D:$D,\"PayPal\")","v":1},{"$f":"SUMIFS('Sanitized Raw Data'!$C:$C,'Sanitized Raw Data'!$H:$H,\">=\"&$B10,'Sanitized Raw Data'!$H:$H,\"<\"&$B11,'Sanitized Raw Data'!$D:$D,\"PayPal\")","v":100},{"$f":"COUNTIFS('Sanitized Raw Data'!$H:$H,\">=\"&$B10,'Sanitized Raw Data'!$H:$H,\"<\"&$B11,'Sanitized Raw Data'!$D:$D,\"Personal Check\")+COUNTIFS('Sanitized Raw Data'!$H:$H,\">=\"&$B10,'Sanitized Raw Data'!$H:$H,\"<\"&$B11,'Sanitized Raw Data'!$D:$D,\"ACH Grant Deposit\")","v":0},{"$f":"SUMIFS('Sanitized Raw Data'!$C:$C,'Sanitized Raw Data'!$H:$H,\">=\"&$B10,'Sanitized Raw Data'!$H:$H,\"<\"&$B11,'Sanitized Raw Data'!$D:$D,\"Personal Check\")+SUMIFS('Sanitized Raw Data'!$C:$C,'Sanitized Raw Data'!$H:$H,\">=\"&$B10,'Sanitized Raw Data'!$H:$H,\"<\"&$B11,'Sanitized Raw Data'!$D:$D,\"ACH Grant Deposit\")","v":0},{"$f":"SUM(G10,M10,K10,I10,N9,E10)","v":27062.660000000003},{"$f":"SUM(F10,H10,J10,L10,D10)","v":13},{"$f":"SUM(F10,L10,J10,H10,P9,D10)","v":412},{"$f":"N10/P10","v":65.686067961165051},{"$f":"(SUM(G10,M10,K10,I10,E10))/(SUM(F10,H10,J10,L10,D10))","v":70.11},{"$f":"N10/Sheet11!$A7","v":3866.0942857142863},{"$f":"(N10-N9)/C$3","v":2.2523909551464237E-2},{"$f":"E10/(N10-N9)","v":0},{"$f":"D10/O10","v":0},{"$f":"SUM(E$3:E10)/N10","v":0},{"$f":"SUM(D$3:D10)/O10","v":0},{"$f":"G10/(N10-N9)","v":0},{"$f":"F10/O10","v":0},{"$f":"SUM(G$3:G10)/N10","v":0},{"$f":"SUM(F$3:F10)/O10","v":0},{"$f":"I10/(N10-N9)","v":0.89028230363275263},{"$f":"H10/O10","v":0.92307692307692313},{"$f":"SUM(I$3:I10)/N10","v":0.71925117486603296},{"$f":"SUM(H$3:H10)/P10","v":0.63349514563106801},{"$f":"K10/(N10-N9)","v":0.10971769636724704},{"$f":"J10/O10","v":7.6923076923076927E-2},{"$f":"SUM(K$3:K10)/N10","v":9.1373131835525381E-2},{"$f":"SUM(J$3:J10)/P10","v":0.21601941747572814},{"$f":"M10/(N10-N9)","v":0},{"$f":"L10/O10","v":0},{"$f":"SUM(M$3:M10)/N10","v":0.18937569329844145},{"$f":"SUM(L$3:L10)/P10","v":0.15048543689320387},null,"Day 7","2024-04-22",39822,0,0,0,0,26,1811.48,2,200,0,0,39894.760000000009,28,549,72.66805100182151,71.838571428571427,5699.2514285714296,5.0511777409472235E-2,0,0,0,0,0,0,0,0,0.90057072404398608,0.9285714285714286,0.71960954270686162,0.67941712204007287,9.9429275956012336E-2,7.1428571428571425E-2,8.6405081770137213E-2,0.21129326047358835,0,0,0.19398537552300096,0.10928961748633879,null,"Day 7","2023-10-08",48752,0,0,0,0,23,1686,4,237,1,25,27061.68,28,404,66.984356435643562,69.571428571428569,3865.9542857142856,3.9957335083688872E-2,0,0,1.8476310413839791E-3,3.5714285714285712E-2,0,0,0,0,0.8655030800821355,0.8214285714285714,0.60972859039054494,0.50990099009900991,0.12166324435318275,0.14285714285714285,0.18655900151062316,0.35643564356435642,1.2833675564681724E-2,3.5714285714285712E-2,0.20186477705744799,0.13118811881188119,null,"Day 7","2023-04-17",50252,0,0,0,0,8,319.63,1,19.89,3,350,29179.710000000003,12,456,63.990592105263161,57.46,4168.5300000000007,1.372124492557511E-2,0,0,8.5675971419866739E-3,0.25,0,0,0,0,0.46355435665390388,0.66666666666666663,0.64959247367434436,0.57017543859649122,2.884615384615383E-2,8.3333333333333329E-2,0.13312572331938868,0.27631578947368424,0.50759948949994171,0.25,0.2087142058642803,0.14692982456140352,null,"Day 7","2022-10-09",51670,0,0,0,0,5,214.77,1,5,1,500,26558.92,7,382,69.525968586387435,102.82428571428571,3794.1314285714284,1.3930133539771636E-2,0,0,9.6272740005994232E-3,0.5714285714285714,0,0,0,0,0.29838698473123343,0.7142857142857143,0.57266409929319428,0.48691099476439792,6.9466635175125342E-3,0.14285714285714285,0.13182840266095155,0.29842931937172773,0.69466635175125346,0.14285714285714285,0.28588022404525487,0.20418848167539266]
["Day 8","2024-10-14",40465,{"$f":"COUNTIFS('Sanitized Raw Data'!$H:$H,\">=\"&$B11,'Sanitized Raw Data'!$H:$H,\"<\"&$B12,'Sanitized Raw Data'!$D:$D,\"Matching Grant\")","v":0},{"$f":"SUMIFS('Sanitized Raw Data'!$C:$C,'Sanitized Raw Data'!$H:$H,\">=\"&$B11,'Sanitized Raw Data'!$H:$H,\"<\"&$B12,'Sanitized Raw Data'!$D:$D,\"Matching Grant\")","v":0},{"$f":"COUNTIFS('Sanitized Raw Data'!$H:$H,\">=\"&$B11,'Sanitized Raw Data'!$H:$H,\"<\"&$B12,'Sanitized Raw Data'!$D:$D,\"Cash\")","v":0},{"$f":"SUMIFS('Sanitized Raw Data'!$C:$C,'Sanitized Raw Data'!$H:$H,\">=\"&$B11,'Sanitized Raw Data'!$H:$H,\"<\"&$B12,'Sanitized Raw Data'!$D:$D,\"Cash\")","v":0},{"$f":"COUNTIFS('Sanitized Raw Data'!$H:$H,\">=\"&$B11,'Sanitized Raw Data'!$H:$H,\"<\"&$B12,'Sanitized Raw Data'!$D:$D,\"CC\")","v":95},{"$f":"SUMIFS('Sanitized Raw Data'!$C:$C,'Sanitized Raw Data'!$H:$H,\">=\"&$B11,'Sanitized Raw Data'!$H:$H,\"<\"&$B12,'Sanitized Raw Data'!$D:$D,\"CC\")","v":8039.31},{"$f":"COUNTIFS('Sanitized Raw Data'!$H:$H,\">=\"&$B11,'Sanitized Raw Data'!$H:$H,\"<\"&$B12,'Sanitized Raw Data'!$D:$D,\"PayPal\")","v":11},{"$f":"SUMIFS('Sanitized Raw Data'!$C:$C,'Sanitized Raw Data'!$H:$H,\">=\"&$B11,'Sanitized Raw Data'!$H:$H,\"<\"&$B12,'Sanitized Raw Data'!$D:$D,\"PayPal\")","v":379.24},{"$f":"COUNTIFS('Sanitized Raw Data'!$H:$H,\">=\"&$B11,'Sanitized Raw Data'!$H:$H,\"<\"&$B12,'Sanitized Raw Data'!$D:$D,\"Personal Check\")+COUNTIFS('Sanitized Raw Data'!$H:$H,\">=\"&$B11,'Sanitized Raw Data'!$H:$H,\"<\"&$B12,'Sanitized Raw Data'!$D:$D,\"ACH Grant Deposit\")","v":0},{"$f":"SUMIFS('Sanitized Raw Data'!$C:$C,'Sanitized Raw Data'!$H:$H,\">=\"&$B11,'Sanitized Raw Data'!$H:$H,\"<\"&$B12,'Sanitized Raw Data'!$D:$D,\"Personal Check\")+SUMIFS('Sanitized Raw Data'!$C:$C,'Sanitized Raw Data'!$H:$H,\">=\"&$B11,'Sanitized Raw Data'!$H:$H,\"<\"&$B12,'Sanitized Raw Data'!$D:$D,\"ACH Grant Deposit\")","v":0},{"$f":"SUM(G11,M11,K11,I11,N10,E11)","v":35481.210000000006},{"$f":"SUM(F11,H11,J11,L11,D11)","v":106},{"$f":"SUM(F11,L11,J11,H11,P10,D11)","v":518},{"$f":"N11/P11","v":68.496544401544412},{"$f":"(SUM(G11,M11,K11,I11,E11))/(SUM(F11,H11,J11,L11,D11))","v":79.420283018867934},{"$f":"N11/Sheet11!$A8","v":4435.1512500000008},{"$f":"(N11-N10)/C$3","v":0.20804522426788591},{"$f":"E11/(N11-N10)","v":0},{"$f":"D11/O11","v":0},{"$f":"SUM(E$3:E11)/N11","v":0},{"$f":"SUM(D$3:D11)/O11","v":0},{"$f":"G11/(N11-N10)","v":0},{"$f":"F11/O11","v":0},{"$f":"SUM(G$3:G11)/N11","v":0},{"$f":"SUM(F$3:F11)/O11","v":0},{"$f":"I11/(N11-N10)","v":0.95495186225656414},{"$f":"H11/O11","v":0.89622641509433965},{"$f":"SUM(I$3:I11)/N11","v":0.77517536746914761},{"$f":"SUM(H$3:H11)/P11","v":0.68725868725868722},{"$f":"K11/(N11-N10)","v":4.5048137743435614E-2},{"$f":"J11/O11","v":0.10377358490566038},{"$f":"SUM(K$3:K11)/N11","v":8.0381700624076791E-2},{"$f":"SUM(J$3:J11)/P11","v":0.19305019305019305},{"$f":"M11/(N11-N10)","v":0},{"$f":"L11/O11","v":0},{"$f":"SUM(M$3:M11)/N11","v":0.14444293190677543},{"$f":"SUM(L$3:L11)/P11","v":0.11969111969111969},null,"Day 8","2024-04-23",39822,null,null,null,null,null,null,null,null,null,null,null,null,null,null,null,null,null,null,null,null,null,null,null,null,null,null,null,null,null,null,null,null,null,null,null,null,null,null,"Day 8","2023-10-09",48752,0,0,0,0,11,799.79,4,149.88999999999999,1,25,28036.36,16,420,66.753238095238103,60.917499999999997,3504.5450000000001,1.9992615687561541E-2,0,0,1.7833984154861757E-3,6.25E-2,0,0,0,0,0.82056675011285729,0.6875,0.61705834851599861,0.51666666666666672,0.15378380596708657,0.25,0.18541957657841462,0.35238095238095241,2.5649443920055807E-2,6.25E-2,0.19573867649010068,0.12857142857142856,null,"Day 8","2023-04-18",50252,0,0,0,0,17,1100.47,2,69.789999999999992,0,0,30349.97,19,475,63.894673684210531,61.592631578947369,3793.7462500000001,2.3287829340125733E-2,0,0,8.2372404321981209E-3,0.15789473684210525,0,0,0,0,0.94036367986601399,0.89473684210526316,0.66080427756600768,0.5831578947368421,5.9636320133987397E-2,0.10526315789473684,0.13029205630186783,0.26947368421052631,0,0,0.20066642569992652,0.14105263157894737,null,"Day 8","2022-10-10",51670,0,0,0,0,109,7196.39,34,2233.2599999999998,13,1180,37168.57,156,538,69.086561338289968,68.010576923076925,4646.07125,0.20533481710857368,0,0,6.8791992804673411E-3,2.564102564102564E-2,0,0,0,0,0.67828721965380567,0.69871794871794868,0.60281388280474613,0.54832713754646845,0.2104932773465665,0.21794871794871795,0.15428304075190408,0.27509293680297398,0.11121950299962768,8.3333333333333329E-2,0.23602387716288251,0.16914498141263939]
["Day 9","2024-10-15",40465,{"$f":"COUNTIFS('Sanitized Raw Data'!$H:$H,\">=\"&$B12,'Sanitized Raw Data'!$H:$H,\"<\"&$B13,'Sanitized Raw Data'!$D:$D,\"Matching Grant\")","v":0},{"$f":"SUMIFS('Sanitized Raw Data'!$C:$C,'Sanitized Raw Data'!$H:$H,\">=\"&$B12,'Sanitized Raw Data'!$H:$H,\"<\"&$B13,'Sanitized Raw Data'!$D:$D,\"Matching Grant\")","v":0},{"$f":"COUNTIFS('Sanitized Raw Data'!$H:$H,\">=\"&$B12,'Sanitized Raw Data'!$H:$H,\"<\"&$B13,'Sanitized Raw Data'!$D:$D,\"Cash\")","v":0},{"$f":"SUMIFS('Sanitized Raw Data'!$C:$C,'Sanitized Raw Data'!$H:$H,\">=\"&$B12,'Sanitized Raw Data'!$H:$H,\"<\"&$B13,'Sanitized Raw Data'!$D:$D,\"Cash\")","v":0},{"$f":"COUNTIFS('Sanitized Raw Data'!$H:$H,\">=\"&$B12,'Sanitized Raw Data'!$H:$H,\"<\"&$B13,'Sanitized Raw Data'!$D:$D,\"CC\")","v":23},{"$f":"SUMIFS('Sanitized Raw Data'!$C:$C,'Sanitized Raw Data'!$H:$H,\">=\"&$B12,'Sanitized Raw Data'!$H:$H,\"<\"&$B13,'Sanitized Raw Data'!$D:$D,\"CC\")","v":2537.77},{"$f":"COUNTIFS('Sanitized Raw Data'!$H:$H,\">=\"&$B12,'Sanitized Raw Data'!$H:$H,\"<\"&$B13,'Sanitized Raw Data'!$D:$D,\"PayPal\")","v":3},{"$f":"SUMIFS('Sanitized Raw Data'!$C:$C,'Sanitized Raw Data'!$H:$H,\">=\"&$B12,'Sanitized Raw Data'!$H:$H,\"<\"&$B13,'Sanitized Raw Data'!$D:$D,\"PayPal\")","v":100},{"$f":"COUNTIFS('Sanitized Raw Data'!$H:$H,\">=\"&$B12,'Sanitized Raw Data'!$H:$H,\"<\"&$B13,'Sanitized Raw Data'!$D:$D,\"Personal Check\")+COUNTIFS('Sanitized Raw Data'!$H:$H,\">=\"&$B12,'Sanitized Raw Data'!$H:$H,\"<\"&$B13,'Sanitized Raw Data'!$D:$D,\"ACH Grant Deposit\")","v":0},{"$f":"SUMIFS('Sanitized Raw Data'!$C:$C,'Sanitized Raw Data'!$H:$H,\">=\"&$B12,'Sanitized Raw Data'!$H:$H,\"<\"&$B13,'Sanitized Raw Data'!$D:$D,\"Personal Check\")+SUMIFS('Sanitized Raw Data'!$C:$C,'Sanitized Raw Data'!$H:$H,\">=\"&$B12,'Sanitized Raw Data'!$H:$H,\"<\"&$B13,'Sanitized Raw Data'!$D:$D,\"ACH Grant Deposit\")","v":0},{"$f":"SUM(G12,M12,K12,I12,N11,E12)","v":38118.980000000003},{"$f":"SUM(F12,H12,J12,L12,D12)","v":26},{"$f":"SUM(F12,L12,J12,H12,P11,D12)","v":544},{"$f":"N12/P12","v":70.071654411764712},{"$f":"(SUM(G12,M12,K12,I12,E12))/(SUM(F12,H12,J12,L12,D12))","v":101.4526923076923},{"$f":"N12/Sheet11!$A9","v":4235.4422222222229},{"$f":"(N12-N11)/C$3","v":6.5186457432348868E-2},{"$f":"E12/(N12-N11)","v":0},{"$f":"D12/O12","v":0},{"$f":"SUM(E$3:E12)/N12","v":0},{"$f":"SUM(D$3:D12)/O12","v":0},{"$f":"G12/(N12-N11)","v":0},{"$f":"F12/O12","v":0},{"$f":"SUM(G$3:G12)/N12","v":0},{"$f":"SUM(F$3:F12)/O12","v":0},{"$f":"I12/(N12-N11)","v":0.96208918897402085},{"$f":"H12/O12","v":0.88461538461538458},{"$f":"SUM(I$3:I12)/N12","v":0.78810949296124921},{"$f":"SUM(H$3:H12)/P12","v":0.6966911764705882},{"$f":"K12/(N12-N11)","v":3.7910811025980325E-2},{"$f":"J12/O12","v":0.11538461538461539},{"$f":"SUM(K$3:K12)/N12","v":7.7442785719869733E-2},{"$f":"SUM(J$3:J12)/P12","v":0.18933823529411764},{"$f":"M12/(N12-N11)","v":0},{"$f":"L12/O12","v":0},{"$f":"SUM(M$3:M12)/N12","v":0.13444772131888102},{"$f":"SUM(L$3:L12)/P12","v":0.11397058823529412},null,"Day 9","2024-04-24",39822,null,null,null,null,null,null,null,null,null,null,null,null,null,null,null,null,null,null,null,null,null,null,null,null,null,null,null,null,null,null,null,null,null,null,null,null,null,null,"Day 9","2023-10-10",48752,0,0,0,0,92,6860.300000000002,18,892,4,318,36106.660000000003,114,534,67.615468164794009,70.792105263157907,4011.8511111111115,0.1655378240892682,0,0,1.384786075477488E-3,8.771929824561403E-3,0,0,0,0,0.8500675315663605,0.80701754385964908,0.66913887908768088,0.5786516853932584,0.11052872879570767,0.15789473684210525,0.16868051489669772,0.31086142322097376,3.9403739637931659E-2,3.5087719298245612E-2,0.16079581994014397,0.10861423220973783,null,"Day 9","2023-04-19",50252,0,0,0,0,85,6611.55,10,614,3,183,37758.520000000004,98,573,65.89619546247819,75.597448979591832,4195.391111111112,0.14742796306614667,0,0,6.6210222222693044E-3,3.0612244897959183E-2,0,0,0,0,0.8924215939691299,0.86734693877551017,0.70624960935968895,0.63176265270506105,8.2877216189402747E-2,0.10204081632653061,0.12098885231730479,0.24083769633507854,2.4701189841466943E-2,3.0612244897959183E-2,0.16614051610073696,0.12216404886561955,null,"Day 9","2022-10-11",51670,0,0,0,0,18,1503.5200000000002,2,35,3,90,38797.089999999997,23,561,69.157023172905525,70.805217391304353,4310.7877777777776,3.1517708534933166E-2,0,0,6.5904427368135088E-3,0.17391304347826086,0,0,0,0,0.92324319013583078,0.78260869565217395,0.61626400330540265,0.5579322638146168,2.1491906761967963E-2,8.6956521739130432E-2,0.14870909132617935,0.26737967914438504,5.5264903102203333E-2,0.13043478260869565,0.22843646263160461,0.16755793226381463]
["Day 10","2024-10-16",40465,{"$f":"COUNTIFS('Sanitized Raw Data'!$H:$H,\">=\"&$B13,'Sanitized Raw Data'!$H:$H,\"<\"&$B14,'Sanitized Raw Data'!$D:$D,\"Matching Grant\")","v":0},{"$f":"SUMIFS('Sanitized Raw Data'!$C:$C,'Sanitized Raw Data'!$H:$H,\">=\"&$B13,'Sanitized Raw Data'!$H:$H,\"<\"&$B14,'Sanitized Raw Data'!$D:$D,\"Matching Grant\")","v":0},{"$f":"COUNTIFS('Sanitized Raw Data'!$H:$H,\">=\"&$B13,'Sanitized Raw Data'!$H:$H,\"<\"&$B14,'Sanitized Raw Data'!$D:$D,\"Cash\")","v":0},{"$f":"SUMIFS('Sanitized Raw Data'!$C:$C,'Sanitized Raw Data'!$H:$H,\">=\"&$B13,'Sanitized Raw Data'!$H:$H,\"<\"&$B14,'Sanitized Raw Data'!$D:$D,\"Cash\")","v":0},{"$f":"COUNTIFS('Sanitized Raw Data'!$H:$H,\">=\"&$B13,'Sanitized Raw Data'!$H:$H,\"<\"&$B14,'Sanitized Raw Data'!$D:$D,\"CC\")","v":32},{"$f":"SUMIFS('Sanitized Raw Data'!$C:$C,'Sanitized Raw Data'!$H:$H,\">=\"&$B13,'Sanitized Raw Data'!$H:$H,\"<\"&$B14,'Sanitized Raw Data'!$D:$D,\"CC\")","v":2250.8200000000002},{"$f":"COUNTIFS('Sanitized Raw Data'!$H:$H,\">=\"&$B13,'Sanitized Raw Data'!$H:$H,\"<\"&$B14,'Sanitized Raw Data'!$D:$D,\"PayPal\")","v":2},{"$f":"SUMIFS('Sanitized Raw Data'!$C:$C,'Sanitized Raw Data'!$H:$H,\">=\"&$B13,'Sanitized Raw Data'!$H:$H,\"<\"&$B14,'Sanitized Raw Data'!$D:$D,\"PayPal\")","v":39.79},{"$f":"COUNTIFS('Sanitized Raw Data'!$H:$H,\">=\"&$B13,'Sanitized Raw Data'!$H:$H,\"<\"&$B14,'Sanitized Raw Data'!$D:$D,\"Personal Check\")+COUNTIFS('Sanitized Raw Data'!$H:$H,\">=\"&$B13,'Sanitized Raw Data'!$H:$H,\"<\"&$B14,'Sanitized Raw Data'!$D:$D,\"ACH Grant Deposit\")","v":0},{"$f":"SUMIFS('Sanitized Raw Data'!$C:$C,'Sanitized Raw Data'!$H:$H,\">=\"&$B13,'Sanitized Raw Data'!$H:$H,\"<\"&$B14,'Sanitized Raw Data'!$D:$D,\"Personal Check\")+SUMIFS('Sanitized Raw Data'!$C:$C,'Sanitized Raw Data'!$H:$H,\">=\"&$B13,'Sanitized Raw Data'!$H:$H,\"<\"&$B14,'Sanitized Raw Data'!$D:$D,\"ACH Grant Deposit\")","v":0},{"$f":"SUM(G13,M13,K13,I13,N12,E13)","v":40409.590000000004},{"$f":"SUM(F13,H13,J13,L13,D13)","v":34},{"$f":"SUM(F13,L13,J13,H13,P12,D13)","v":578},{"$f":"N13/P13","v":69.912785467128032},{"$f":"(SUM(G13,M13,K13,I13,E13))/(SUM(F13,H13,J13,L13,D13))","v":67.37088235294118},{"$f":"N13/Sheet11!$A10","v":4040.9590000000003},{"$f":"(N13-N12)/C$3","v":5.6607191399975304E-2},{"$f":"E13/(N13-N12)","v":0},{"$f":"D13/O13","v":0},{"$f":"SUM(E$3:E13)/N13","v":0},{"$f":"SUM(D$3:D13)/O13","v":0},{"$f":"G13/(N13-N12)","v":0},{"$f":"F13/O13","v":0},{"$f":"SUM(G$3:G13)/N13","v":0},{"$f":"SUM(F$3:F13)/O13","v":0},{"$f":"I13/(N13-N12)","v":0.98262908133641236},{"$f":"H13/O13","v":0.94117647058823528},{"$f":"SUM(I$3:I13)/N13","v":0.79913579920014033},{"$f":"SUM(H$3:H13)/P13","v":0.71107266435986161},{"$f":"K13/(N13-N12)","v":1.7370918663587424E-2},{"$f":"J13/O13","v":5.8823529411764705E-2},{"$f":"SUM(K$3:K13)/N13","v":7.4037623247352913E-2},{"$f":"SUM(J$3:J13)/P13","v":0.18166089965397925},{"$f":"M13/(N13-N12)","v":0},{"$f":"L13/O13","v":0},{"$f":"SUM(M$3:M13)/N13","v":0.1268265775525067},{"$f":"SUM(L$3:L13)/P13","v":0.10726643598615918},null,"Day 10","2024-04-25",39822,null,null,null,null,null,null,null,null,null,null,null,null,null,null,null,null,null,null,null,null,null,null,null,null,null,null,null,null,null,null,null,null,null,null,null,null,null,null,"Day 10","2023-10-11",48752,0,0,0,0,15,1015,3,79.789999999999992,2,208,37409.450000000004,20,554,67.526083032490988,65.139499999999998,3740.9450000000006,2.6722801115851676E-2,0,0,1.3365606818597972E-3,0.05,0,0,0,0,0.77909716838477372,0.75,0.67296819386545392,0.58483754512635377,6.1245480852631609E-2,0.15,0.16493907288131743,0.30505415162454874,0.15965735076259402,0.1,0.16075617257136895,0.10830324909747292,null,"Day 10","2023-04-20",50252,0,0,0,0,23,2011.79,3,350,5,731,40851.310000000005,31,604,67.634619205298023,99.767419354838708,4085.1310000000003,6.1545610124970167E-2,0,0,6.1197547887693188E-3,9.6774193548387094E-2,0,0,0,0,0.65047740066412507,0.74193548387096775,0.70202718101328954,0.63741721854304634,0.1131664290171657,9.6774193548387094E-2,0.12039662865156586,0.23344370860927152,0.23635617031870892,0.16129032258064516,0.17145643554637535,0.12417218543046357,null,"Day 10","2022-10-12",51670,0,0,0,0,15,1167.19,0,0,4,921,40885.279999999999,19,580,70.491862068965517,109.90473684210527,4088.5279999999998,4.041397329204572E-2,0,0,6.2538400128359156E-3,0.21052631578947367,0,0,0,0,0.55894818000277691,0.78947368421052633,0.61333663362461999,0.56551724137931036,0,0,0.14111386787616473,0.25862068965517243,0.44105181999722198,0.21052631578947367,0.23929565848637946,0.16896551724137931]
["Day 11","2024-10-17",40465,{"$f":"COUNTIFS('Sanitized Raw Data'!$H:$H,\">=\"&$B14,'Sanitized Raw Data'!$H:$H,\"<\"&$B15,'Sanitized Raw Data'!$D:$D,\"Matching Grant\")","v":0},{"$f":"SUMIFS('Sanitized Raw Data'!$C:$C,'Sanitized Raw Data'!$H:$H,\">=\"&$B14,'Sanitized Raw Data'!$H:$H,\"<\"&$B15,'Sanitized Raw Data'!$D:$D,\"Matching Grant\")","v":0},{"$f":"COUNTIFS('Sanitized Raw Data'!$H:$H,\">=\"&$B14,'Sanitized Raw Data'!$H:$H,\"<\"&$B15,'Sanitized Raw Data'!$D:$D,\"Cash\")","v":0},{"$f":"SUMIFS('Sanitized Raw Data'!$C:$C,'Sanitized Raw Data'!$H:$H,\">=\"&$B14,'Sanitized Raw Data'!$H:$H,\"<\"&$B15,'Sanitized Raw Data'!$D:$D,\"Cash\")","v":0},{"$f":"COUNTIFS('Sanitized Raw Data'!$H:$H,\">=\"&$B14,'Sanitized Raw Data'!$H:$H,\"<\"&$B15,'Sanitized Raw Data'!$D:$D,\"CC\")","v":2},{"$f":"SUMIFS('Sanitized Raw Data'!$C:$C,'Sanitized Raw Data'!$H:$H,\">=\"&$B14,'Sanitized Raw Data'!$H:$H,\"<\"&$B15,'Sanitized Raw Data'!$D:$D,\"CC\")","v":300},{"$f":"COUNTIFS('Sanitized Raw Data'!$H:$H,\">=\"&$B14,'Sanitized Raw Data'!$H:$H,\"<\"&$B15,'Sanitized Raw Data'!$D:$D,\"PayPal\")","v":0},{"$f":"SUMIFS('Sanitized Raw Data'!$C:$C,'Sanitized Raw Data'!$H:$H,\">=\"&$B14,'Sanitized Raw Data'!$H:$H,\"<\"&$B15,'Sanitized Raw Data'!$D:$D,\"PayPal\")","v":0},{"$f":"COUNTIFS('Sanitized Raw Data'!$H:$H,\">=\"&$B14,'Sanitized Raw Data'!$H:$H,\"<\"&$B15,'Sanitized Raw Data'!$D:$D,\"Personal Check\")+COUNTIFS('Sanitized Raw Data'!$H:$H,\">=\"&$B14,'Sanitized Raw Data'!$H:$H,\"<\"&$B15,'Sanitized Raw Data'!$D:$D,\"ACH Grant Deposit\")","v":0},{"$f":"SUMIFS('Sanitized Raw Data'!$C:$C,'Sanitized Raw Data'!$H:$H,\">=\"&$B14,'Sanitized Raw Data'!$H:$H,\"<\"&$B15,'Sanitized Raw Data'!$D:$D,\"Personal Check\")+SUMIFS('Sanitized Raw Data'!$C:$C,'Sanitized Raw Data'!$H:$H,\">=\"&$B14,'Sanitized Raw Data'!$H:$H,\"<\"&$B15,'Sanitized Raw Data'!$D:$D,\"ACH Grant Deposit\")","v":0},{"$f":"SUM(G14,M14,K14,I14,N13,E14)","v":40709.590000000004},{"$f":"SUM(F14,H14,J14,L14,D14)","v":2},{"$f":"SUM(F14,L14,J14,H14,P13,D14)","v":580},{"$f":"N14/P14","v":70.188948275862074},{"$f":"(SUM(G14,M14,K14,I14,E14))/(SUM(F14,H14,J14,L14,D14))","v":150},{"$f":"N14/Sheet11!$A11","v":3700.8718181818185},{"$f":"(N14-N13)/C$3","v":7.4138144075126654E-3},{"$f":"E14/(N14-N13)","v":0},{"$f":"D14/O14","v":0},{"$f":"SUM(E$3:E14)/N14","v":0},{"$f":"SUM(D$3:D14)/O14","v":0},{"$f":"G14/(N14-N13)","v":0},{"$f":"F14/O14","v":0},{"$f":"SUM(G$3:G14)/N14","v":0},{"$f":"SUM(F$3:F14)/O14","v":0},{"$f":"I14/(N14-N13)","v":1},{"$f":"H14/O14","v":1},{"$f":"SUM(I$3:I14)/N14","v":0.80061602192505488},{"$f":"SUM(H$3:H14)/P14","v":0.71206896551724141},{"$f":"K14/(N14-N13)","v":0},{"$f":"J14/O14","v":0},{"$f":"SUM(K$3:K14)/N14","v":7.3492019939282116E-2},{"$f":"SUM(J$3:J14)/P14","v":0.18103448275862069},{"$f":"M14/(N14-N13)","v":0},{"$f":"L14/O14","v":0},{"$f":"SUM(M$3:M14)/N14","v":0.12589195813566287},{"$f":"SUM(L$3:L14)/P14","v":0.10689655172413794},null,"Day 11","2024-04-26",39822,null,null,null,null,null,null,null,null,null,null,null,null,null,null,null,null,null,null,null,null,null,null,null,null,null,null,null,null,null,null,null,null,null,null,null,null,null,null,"Day 11","2023-10-12",48752,0,0,0,0,7,403,0,0,0,0,37812.450000000004,7,561,67.401871657754015,57.571428571428569,3437.4954545454548,8.2663275352806032E-3,0,0,1.3223157981035346E-3,0.14285714285714285,0,0,0,0,1,1,0.67645365481475028,0.59001782531194291,0,0,0.16318117445444555,0.30124777183600715,0,0,0.15904285493270071,0.10695187165775401,null,"Day 11","2023-04-21",50252,0,0,0,0,9,644.54,3,200,0,0,41695.850000000006,12,616,67.688068181818196,70.37833333333333,3790.5318181818188,1.6806097269760425E-2,0,0,5.9958005413008721E-3,0.25,0,0,0,0,0.76318469225850671,0.75,0.70326591255484672,0.63961038961038963,0.23681530774149218,0.25,0.12275466263429091,0.23376623376623376,0,0,0.16798362426956157,0.12175324675324675,null,"Day 11","2022-10-13",51670,0,0,0,0,8,275,1,25,3,190,41375.279999999999,12,592,69.890675675675681,40.833333333333336,3761.389090909091,9.4832591445713176E-3,0,0,6.1797769102710605E-3,0.33333333333333331,0,0,0,0,0.56122448979591832,0.66666666666666663,0.61271947887724276,0.56756756756756754,5.1020408163265307E-2,8.3333333333333329E-2,0.14004690723543139,0.25506756756756754,0.38775510204081631,0.25,0.2410538369770549,0.17060810810810811]
["Day 12","2024-10-18",40465,null,null,null,null,null,null,null,null,null,null,null,null,null,null,null,null,null,null,null,null,null,null,null,null,null,null,null,null,null,null,null,null,null,null,null,null,null,null,"Day 12","2024-04-27",39822,null,null,null,null,null,null,null,null,null,null,null,null,null,null,null,null,null,null,null,null,null,null,null,null,null,null,null,null,null,null,null,null,null,null,null,null,null,null,"Day 12","2023-10-13",48752,0,0,0,0,8,544.89,0,0,0,0,38357.340000000004,8,569,67.411845342706513,68.111249999999998,3196.4450000000002,1.117677223498522E-2,0,0,1.3035314753317095E-3,0.125,0,0,0,0,1.0000000000000011,1,0.68104983296547683,0.59578207381370829,0,0,0.16086308383219483,0.29701230228471004,0,0,0.15678355172699668,0.1054481546572935,null,"Day 12","2023-04-22",50252,0,0,0,0,9,809,0,0,0,0,42504.850000000006,9,625,68.007760000000005,89.888888888888886,3542.0708333333337,1.6098861736846295E-2,0,0,5.8816817374958376E-3,0.33333333333333331,0,0,0,0,1,1,0.70891368867317506,0.64480000000000004,0,0,0.12041825815171678,0.23039999999999999,0,0,0.16478637143761238,0.12,null,"Day 12","2022-10-14",51670,0,0,0,0,3,100,1,25,1,1000,42500.28,5,597,71.189748743718596,225,3541.69,2.1772788852332109E-2,0,0,6.0161956580050769E-3,0.8,0,0,0,0,8.8888888888888892E-2,0.6,0.59885346637716275,0.56783919597989951,2.2222222222222223E-2,0.2,0.13692803906233086,0.25460636515912899,0.88888888888888884,0.2,0.25820229890250135,0.17085427135678391]
["Day 13","2024-10-19",40465,null,null,null,null,null,null,null,null,null,null,null,null,null,null,null,null,null,null,null,null,null,null,null,null,null,null,null,null,null,null,null,null,null,null,null,null,null,null,"Day 13","2024-04-28",39822,null,null,null,null,null,null,null,null,null,null,null,null,null,null,null,null,null,null,null,null,null,null,null,null,null,null,null,null,null,null,null,null,null,null,null,null,null,null,"Day 13","2023-10-14",48752,0,0,0,0,4,475,0,0,0,0,38832.340000000004,4,573,67.77022687609076,118.75,2987.1030769230774,9.7431900229734171E-3,0,0,1.2875865837598248E-3,0.25,0,0,0,0,1,1,0.68495125454711214,0.59860383944153572,0,0,0.15889539492083146,0.29493891797556721,0,0,0.15486576394829668,0.10471204188481675,null,"Day 13","2023-04-23",50252,0,0,0,0,10,793.79,0,0,0,0,43298.640000000007,10,635,68.186834645669308,79.378999999999991,3330.6646153846159,1.5796187216429215E-2,0,0,5.7738534050954015E-3,0.3,0,0,0,0,0.99999999999999889,1,0.71425014734873904,0.65039370078740155,0,0,0.11821064125801639,0.22677165354330708,0,0,0.16176535798814923,0.11811023622047244,null,"Day 13","2022-10-15",51670,0,0,0,0,2,127.77,0,0,1,500,43128.049999999996,3,600,71.880083333333332,209.25666666666666,3317.5423076923075,1.2149603251403074E-2,0,0,5.9286241784639003E-3,1.3333333333333333,0,0,0,0,0.20352995523838452,0.66666666666666663,0.59309915472644847,0.56833333333333336,0,0,0.13493492054474987,0.25333333333333335,0.79647004476162053,0.33333333333333331,0.26603730055033792,0.17166666666666666]
["Day 14","2024-10-20",40465,null,null,null,null,null,null,null,null,null,null,null,null,null,null,null,null,null,null,null,null,null,null,null,null,null,null,null,null,null,null,null,null,null,null,null,null,null,null,"Day 14","2024-04-29",39822,null,null,null,null,null,null,null,null,null,null,null,null,null,null,null,null,null,null,null,null,null,null,null,null,null,null,null,null,null,null,null,null,null,null,null,null,null,null,"Day 14","2023-10-15",48752,0,0,0,0,5,450,0,0,0,0,39282.340000000004,5,578,67.962525951557097,90,2805.8814285714288,9.2303905480800794E-3,0,0,1.2728365978197835E-3,0.2,0,0,0,0,1,1,0.68856030470689888,0.60207612456747406,0,0,0.1570751640559091,0.29238754325259514,0,0,0.15309169463937228,0.10380622837370242,null,"Day 14","2023-04-24",50252,0,0,0,0,36,2539.98,0,0,1,64,45902.62000000001,37,672,68.307470238095249,70.377837837837845,3278.7585714285719,5.1818435087160775E-2,0,0,5.446312214858323E-3,8.1081081081081086E-2,0,0,0,0,0.97542223826603769,0.97297297297297303,0.72906600973974911,0.66815476190476186,0,0,0.11150474635216898,0.21428571428571427,2.4577761733961059E-2,2.7027027027027029E-2,0.15398293169322355,0.1130952380952381,null,"Day 14","2022-10-16",51670,0,0,0,0,3,105,1,100,0,0,43333.049999999996,4,604,71.743460264900662,51.25,3095.2178571428567,3.9674859686471839E-3,0,0,5.9005770422345073E-3,1,0,0,0,0,0.51219512195121952,0.75,0.59271641391501417,0.56953642384105962,0.48780487804878048,0.25,0.136604277797201,0.25331125827814571,0,0,0.26477873124555046,0.17052980132450332]
["Day 15","2024-10-21",40465,null,null,null,null,null,null,null,null,null,null,null,null,null,null,null,null,null,null,null,null,null,null,null,null,null,null,null,null,null,null,null,null,null,null,null,null,null,null,"Day 15","2024-04-30",39822,null,null,null,null,null,null,null,null,null,null,null,null,null,null,null,null,null,null,null,null,null,null,null,null,null,null,null,null,null,null,null,null,null,null,null,null,null,null,"Day 15","2023-10-16",48752,0,0,0,0,8,679,2,200,0,0,40161.340000000004,10,588,68.30159863945579,87.9,2677.4226666666668,1.8030029537249755E-2,0,0,1.2449783797054579E-3,0.1,0,0,0,0,0.77246871444823662,0.8,0.6903967845694392,0.60544217687074831,0.22753128555176336,0.2,0.15861721745340171,0.29081632653061223,0,0,0.14974101959745365,0.10204081632653061,null,"Day 15",null,null,null,null,null,null,null,null,null,null,null,null,null,null,null,null,null,null,null,null,null,null,null,null,null,null,null,null,null,null,null,null,null,null,null,null,null,null,null,null,"Day 15","2022-10-17",51670,0,0,0,0,39,2439.5800000000004,10,722,2,159,46653.63,51,655,71.226916030534341,65.109411764705897,3110.2419999999997,6.4265144184246212E-2,0,0,5.4806024740197065E-3,7.8431372549019607E-2,0,0,0,0,0.73468490444440404,0.76470588235294112,0.60282104522199031,0.58473282442748087,0.21743189442808172,0.19607843137254902,0.14235719707126754,0.24885496183206107,4.788320112751384E-2,3.9215686274509803E-2,0.24934115523272252,0.16030534351145037]
["Day 16","2024-10-22",40465,null,null,null,null,null,null,null,null,null,null,null,null,null,null,null,null,null,null,null,null,null,null,null,null,null,null,null,null,null,null,null,null,null,null,null,null,null,null,"Day 16","2024-05-01",39822,null,null,null,null,null,null,null,null,null,null,null,null,null,null,null,null,null,null,null,null,null,null,null,null,null,null,null,null,null,null,null,null,null,null,null,null,null,null,"Day 16","2023-10-17",48752,0,0,0,0,64,5028.43,22,3106.56,0,0,48296.33,86,674,71.656275964391696,94.592906976744189,3018.5206250000001,0.16686474401050208,0,0,1.03527535114987E-3,1.1627906976744186E-2,0,0,0,0,0.61812368546242857,0.7441860465116279,0.67822316933812576,0.62314540059347179,0.38187631453757176,0.2558139534883721,0.19622277717582268,0.28635014836795253,0,0,0.12451877813490174,8.9020771513353122E-2,null,"Day 16",null,null,null,null,null,null,null,null,null,null,null,null,null,null,null,null,null,null,null,null,null,null,null,null,null,null,null,null,null,null,null,null,null,null,null,null,null,null,null,null,"Day 16","2022-10-18",51670,0,0,0,0,24,1614.9,5,180,3,125,48573.53,32,687,70.703828238719069,59.996875000000003,3035.8456249999999,3.7156957615637726E-2,0,0,5.2639781378870341E-3,0.125,0,0,0,0,0.84113755924787692,0.75,0.61224065864679811,0.59243085880640467,9.3754883066826319E-2,0.15625,0.14043615936498746,0.24454148471615719,6.5107557685296066E-2,9.375E-2,0.24205920385032753,0.15720524017467249]
["Day 17","2024-10-23",40465,null,null,null,null,null,null,null,null,null,null,null,null,null,null,null,null,null,null,null,null,null,null,null,null,null,null,null,null,null,null,null,null,null,null,null,null,null,null,"Day 17","2024-05-02",39822,null,null,null,null,null,null,null,null,null,null,null,null,null,null,null,null,null,null,null,null,null,null,null,null,null,null,null,null,null,null,null,null,null,null,null,null,null,null,"Day 17","2023-10-18",48752,0,0,0,0,25,1275.7399999999998,0,0,0,0,49572.07,25,699,70.918555078683838,51.029599999999988,2916.0041176470586,2.6167952084017024E-2,0,0,1.0086324819601037E-3,0.04,0,0,0,0,1.0000000000000013,1,0.68650411411103085,0.63662374821173107,0,0,0.1911729730067758,0.27610872675250359,0,0,0.12131428040023343,8.5836909871244635E-2,null,"Day 17",null,null,null,null,null,null,null,null,null,null,null,null,null,null,null,null,null,null,null,null,null,null,null,null,null,null,null,null,null,null,null,null,null,null,null,null,null,null,null,null,"Day 17","2022-10-19",51670,0,0,0,0,14,1234.47,4,299.89,0,0,50107.89,18,705,71.075021276595749,85.242222222222225,2947.5229411764703,2.9695374491968272E-2,0,0,5.1027892014610873E-3,0.22222222222222221,0,0,0,0,0.80455043145024607,0.77777777777777779,0.61812940037986053,0.59716312056737586,0.19544956854975357,0.22222222222222221,0.14212073188473912,0.24397163120567375,0,0,0.23464707853393946,0.15319148936170213]
["Day 18","2024-10-24",40465,null,null,null,null,null,null,null,null,null,null,null,null,null,null,null,null,null,null,null,null,null,null,null,null,null,null,null,null,null,null,null,null,null,null,null,null,null,null,"Day 18","2024-05-03",39822,null,null,null,null,null,null,null,null,null,null,null,null,null,null,null,null,null,null,null,null,null,null,null,null,null,null,null,null,null,null,null,null,null,null,null,null,null,null,"Day 18","2023-10-19",48752,null,null,null,null,null,null,null,null,null,null,null,null,null,null,null,null,null,null,null,null,null,null,null,null,null,null,null,null,null,null,null,null,null,null,null,null,null,null,"Day 18",null,null,null,null,null,null,null,null,null,null,null,null,null,null,null,null,null,null,null,null,null,null,null,null,null,null,null,null,null,null,null,null,null,null,null,null,null,null,null,null,"Day 18","2022-10-20",51670,0,0,0,0,6,919.69,1,64,1,50,51141.58,8,713,71.727321178120619,129.21125000000001,2841.1988888888891,2.0005612541126424E-2,0,0,4.9996499912595581E-3,0.5,0,0,0,0,0.88971548530023314,0.75,0.62361878534061721,0.59887798036465634,6.1914113515657357E-2,0.125,0.1404995700171954,0.2426367461430575,4.8370401184107313E-2,0.125,0.23088199465092787,0.15287517531556802]
["Day 19","2024-10-25",40465,null,null,null,null,null,null,null,null,null,null,null,null,null,null,null,null,null,null,null,null,null,null,null,null,null,null,null,null,null,null,null,null,null,null,null,null,null,null,"Day 19","2024-05-04",39822,null,null,null,null,null,null,null,null,null,null,null,null,null,null,null,null,null,null,null,null,null,null,null,null,null,null,null,null,null,null,null,null,null,null,null,null,null,null,"Day 19","2023-10-20",48752,null,null,null,null,null,null,null,null,null,null,null,null,null,null,null,null,null,null,null,null,null,null,null,null,null,null,null,null,null,null,null,null,null,null,null,null,null,null,"Day 19",null,null,null,null,null,null,null,null,null,null,null,null,null,null,null,null,null,null,null,null,null,null,null,null,null,null,null,null,null,null,null,null,null,null,null,null,null,null,null,null,"Day 19","2022-10-21",51670,0,0,0,0,8,370,1,50,0,0,51561.58,9,722,71.41493074792244,46.666666666666664,2713.7673684210527,8.1285078382039872E-3,0,0,4.958924842877196E-3,0.44444444444444442,0,0,0,0,0.88095238095238093,0.88888888888888884,0.62571492184684807,0.60249307479224379,0.11904761904761904,0.1111111111111111,0.14032483100789386,0.24099722991689751,0,0,0.22900132230238096,0.15096952908587258]
["Day 20","2024-10-26",40465,null,null,null,null,null,null,null,null,null,null,null,null,null,null,null,null,null,null,null,null,null,null,null,null,null,null,null,null,null,null,null,null,null,null,null,null,null,null,"Day 20","2024-05-05",39822,null,null,null,null,null,null,null,null,null,null,null,null,null,null,null,null,null,null,null,null,null,null,null,null,null,null,null,null,null,null,null,null,null,null,null,null,null,null,"Day 20","2023-10-21",48752,null,null,null,null,null,null,null,null,null,null,null,null,null,null,null,null,null,null,null,null,null,null,null,null,null,null,null,null,null,null,null,null,null,null,null,null,null,null,"Day 20",null,null,null,null,null,null,null,null,null,null,null,null,null,null,null,null,null,null,null,null,null,null,null,null,null,null,null,null,null,null,null,null,null,null,null,null,null,null,null,null,"Day 20","2022-10-22",51670,0,0,0,0,2,150,0,0,0,0,51711.58,2,724,71.424834254143647,75,2585.5790000000002,2.9030385136442809E-3,0,0,4.9445404684985454E-3,2,0,0,0,0,1,1,0.62680061216462546,0.60359116022099446,0,0,0.13991779017388367,0.24033149171270718,0,0,0.22833705719299235,0.15055248618784531]
["Day 21","2024-10-27",40465,null,null,null,null,null,null,null,null,null,null,null,null,null,null,null,null,null,null,null,null,null,null,null,null,null,null,null,null,null,null,null,null,null,null,null,null,null,null,"Day 21","2024-05-06",39822,null,null,null,null,null,null,null,null,null,null,null,null,null,null,null,null,null,null,null,null,null,null,null,null,null,null,null,null,null,null,null,null,null,null,null,null,null,null,"Day 21",null,null,null,null,null,null,null,null,null,null,null,null,null,null,null,null,null,null,null,null,null,null,null,null,null,null,null,null,null,null,null,null,null,null,null,null,null,null,null,null,"Day 21",null,null,null,null,null,null,null,null,null,null,null,null,null,null,null,null,null,null,null,null,null,null,null,null,null,null,null,null,null,null,null,null,null,null,null,null,null,null,null,null,"Day 21"]
["Day 22","2024-10-28",40465,null,null,null,null,null,null,null,null,null,null,null,null,null,null,null,null,null,null,null,null,null,null,null,null,null,null,null,null,null,null,null,null,null,null,null,null,null,null,"Day 22","2024-05-07",39822,null,null,null,null,null,null,null,null,null,null,null,null,null,null,null,null,null,null,null,null,null,null,null,null,null,null,null,null,null,null,null,null,null,null,null,null,null,null,"Day 22",null,null,null,null,null,null,null,null,null,null,null,null,null,null,null,null,null,null,null,null,null,null,null,null,null,null,null,null,null,null,null,null,null,null,null,null,null,null,null,null,"Day 22",null,null,null,null,null,null,null,null,null,null,null,null,null,null,null,null,null,null,null,null,null,null,null,null,null,null,null,null,null,null,null,null,null,null,null,null,null,null,null,null,"Day 22"]
["Day 23","2024-10-29",40465,null,null,null,null,null,null,null,null,null,null,null,null,null,null,null,null,null,null,null,null,null,null,null,null,null,null,null,null,null,null,null,null,null,null,null,null,null,null,"Day 23","2024-05-08",39822,null,null,null,null,null,null,null,null,null,null,null,null,null,null,null,null,null,null,null,null,null,null,null,null,null,null,null,null,null,null,null,null,null,null,null,null,null,null,"Day 23",null,null,null,null,null,null,null,null,null,null,null,null,null,null,null,null,null,null,null,null,null,null,null,null,null,null,null,null,null,null,null,null,null,null,null,null,null,null,null,null,"Day 23",null,null,null,null,null,null,null,null,null,null,null,null,null,null,null,null,null,null,null,null,null,null,null,null,null,null,null,null,null,null,null,null,null,null,null,null,null,null,null,null,"Day 23"]
["Day 24","2024-10-30",40465,null,null,null,null,null,null,null,null,null,null,null,null,null,null,null,null,null,null,null,null,null,null,null,null,null,null,null,null,null,null,null,null,null,null,null,null,null,null,"Day 24","2024-05-09",39822,null,null,null,null,null,null,null,null,null,null,null,null,null,null,null,null,null,null,null,null,null,null,null,null,null,null,null,null,null,null,null,null,null,null,null,null,null,null,"Day 24",null,null,null,null,null,null,null,null,null,null,null,null,null,null,null,null,null,null,null,null,null,null,null,null,null,null,null,null,null,null,null,null,null,null,null,null,null,null,null,null,"Day 24",null,null,null,null,null,null,null,null,null,null,null,null,null,null,null,null,null,null,null,null,null,null,null,null,null,null,null,null,null,null,null,null,null,null,null,null,null,null,null,null,"Day 24"]
["Day 25","2024-10-31",40465,null,null,null,null,null,null,null,null,null,null,null,null,null,null,null,null,null,null,null,null,null,null,null,null,null,null,null,null,null,null,null,null,null,null,null,null,null,null,"Day 25","2024-05-10",39822,null,null,null,null,null,null,null,null,null,null,null,null,null,null,null,null,null,null,null,null,null,null,null,null,null,null,null,null,null,null,null,null,null,null,null,null,null,null,"Day 25",null,null,null,null,null,null,null,null,null,null,null,null,null,null,null,null,null,null,null,null,null,null,null,null,null,null,null,null,null,null,null,null,null,null,null,null,null,null,null,null,"Day 25",null,null,null,null,null,null,null,null,null,null,null,null,null,null,null,null,null,null,null,null,null,null,null,null,null,null,null,null,null,null,null,null,null,null,null,null,null,null,null,null,"Day 25"]
["Day 26","2024-11-01",40465,null,null,null,null,null,null,null,null,null,null,null,null,null,null,null,null,null,null,null,null,null,null,null,null,null,null,null,null,null,null,null,null,null,null,null,null,null,null,"Day 26","2024-05-11",39822,null,null,null,null,null,null,null,null,null,null,null,null,null,null,null,null,null,null,null,null,null,null,null,null,null,null,null,null,null,null,null,null,null,null,null,null,null,null,"Day 26",null,null,null,null,null,null,null,null,null,null,null,null,null,null,null,null,null,null,null,null,null,null,null,null,null,null,null,null,null,null,null,null,null,null,null,null,null,null,null,null,"Day 26",null,null,null,null,null,null,null,null,null,null,null,null,null,null,null,null,null,null,null,null,null,null,null,null,null,null,null,null,null,null,null,null,null,null,null,null,null,null,null,null,"Day 26"]
["Day 27","2024-11-02",40465,null,null,null,null,null,null,null,null,null,null,null,null,null,null,null,null,null,null,null,null,null,null,null,null,null,null,null,null,null,null,null,null,null,null,null,null,null,null,"Day 27","2024-05-12",39822,null,null,null,null,null,null,null,null,null,null,null,null,null,null,null,null,null,null,null,null,null,null,null,null,null,null,null,null,null,null,null,null,null,null,null,null,null,null,"Day 27",null,null,null,null,null,null,null,null,null,null,null,null,null,null,null,null,null,null,null,null,null,null,null,null,null,null,null,null,null,null,null,null,null,null,null,null,null,null,null,null,"Day 27",null,null,null,null,null,null,null,null,null,null,null,null,null,null,null,null,null,null,null,null,null,null,null,null,null,null,null,null,null,null,null,null,null,null,null,null,null,null,null,null,"Day 27"]
["Day 28","2024-11-03",40465,null,null,null,null,null,null,null,null,null,null,null,null,null,null,null,null,null,null,null,null,null,null,null,null,null,null,null,null,null,null,null,null,null,null,null,null,null,null,"Day 28","2024-05-13",39822,null,null,null,null,null,null,null,null,null,null,null,null,null,null,null,null,null,null,null,null,null,null,null,null,null,null,null,null,null,null,null,null,null,null,null,null,null,null,"Day 28",null,null,null,null,null,null,null,null,null,null,null,null,null,null,null,null,null,null,null,null,null,null,null,null,null,null,null,null,null,null,null,null,null,null,null,null,null,null,null,null,"Day 28",null,null,null,null,null,null,null,null,null,null,null,null,null,null,null,null,null,null,null,null,null,null,null,null,null,null,null,null,null,null,null,null,null,null,null,null,null,null,null,null,"Day 28"]
["Day 29","2024-11-04",40465,null,null,null,null,null,null,null,null,null,null,null,null,null,null,null,null,null,null,null,null,null,null,null,null,null,null,null,null,null,null,null,null,null,null,null,null,null,null,"Day 29","2024-05-14",39822,null,null,null,null,null,null,null,null,null,null,null,null,null,null,null,null,null,null,null,null,null,null,null,null,null,null,null,null,null,null,null,null,null,null,null,null,null,null,"Day 29",null,null,null,null,null,null,null,null,null,null,null,null,null,null,null,null,null,null,null,null,null,null,null,null,null,null,null,null,null,null,null,null,null,null,null,null,null,null,null,null,"Day 29",null,null,null,null,null,null,null,null,null,null,null,null,null,null,null,null,null,null,null,null,null,null,null,null,null,null,null,null,null,null,null,null,null,null,null,null,null,null,null,null,"Day 29"]
["Day 30","2024-11-05",40465,null,null,null,null,null,null,null,null,null,null,null,null,null,null,null,null,null,null,null,null,null,null,null,null,null,null,null,null,null,null,null,null,null,null,null,null,null,null,"Day 30","2024-05-15",39822,null,null,null,null,null,null,null,null,null,null,null,null,null,null,null,null,null,null,null,null,null,null,null,null,null,null,null,null,null,null,null,null,null,null,null,null,null,null,"Day 30",null,null,null,null,null,null,null,null,null,null,null,null,null,null,null,null,null,null,null,null,null,null,null,null,null,null,null,null,null,null,null,null,null,null,null,null,null,null,null,null,"Day 30",null,null,null,null,null,null,null,null,null,null,null,null,null,null,null,null,null,null,null,null,null,null,null,null,null,null,null,null,null,null,null,null,null,null,null,null,null,null,null,null,"Day 30"]
["Day 31","2024-11-06",40465,null,null,null,null,null,null,null,null,null,null,null,null,null,null,null,null,null,null,null,null,null,null,null,null,null,null,null,null,null,null,null,null,null,null,null,null,null,null,"Day 31","2024-05-16",39822,null,null,null,null,null,null,null,null,null,null,null,null,null,null,null,null,null,null,null,null,null,null,null,null,null,null,null,null,null,null,null,null,null,null,null,null,null,null,"Day 31",null,null,null,null,null,null,null,null,null,null,null,null,null,null,null,null,null,null,null,null,null,null,null,null,null,null,null,null,null,null,null,null,null,null,null,null,null,null,null,null,"Day 31",null,null,null,null,null,null,null,null,null,null,null,null,null,null,null,null,null,null,null,null,null,null,null,null,null,null,null,null,null,null,null,null,null,null,null,null,null,null,null,null,"Day 31"]
["Day 32","2024-11-07",40465,null,null,null,null,null,null,null,null,null,null,null,null,null,null,null,null,null,null,null,null,null,null,null,null,null,null,null,null,null,null,null,null,null,null,null,null,null,null,"Day 32","2024-05-17",39822,null,null,null,null,null,null,null,null,null,null,null,null,null,null,null,null,null,null,null,null,null,null,null,null,null,null,null,null,null,null,null,null,null,null,null,null,null,null,"Day 32",null,null,null,null,null,null,null,null,null,null,null,null,null,null,null,null,null,null,null,null,null,null,null,null,null,null,null,null,null,null,null,null,null,null,null,null,null,null,null,null,"Day 32",null,null,null,null,null,null,null,null,null,null,null,null,null,null,null,null,null,null,null,null,null,null,null,null,null,null,null,null,null,null,null,null,null,null,null,null,null,null,null,null,"Day 32"]
["Day 33","2024-11-08",40465,null,null,null,null,null,null,null,null,null,null,null,null,null,null,null,null,null,null,null,null,null,null,null,null,null,null,null,null,null,null,null,null,null,null,null,null,null,null,"Day 33","2024-05-18",39822,null,null,null,null,null,null,null,null,null,null,null,null,null,null,null,null,null,null,null,null,null,null,null,null,null,null,null,null,null,null,null,null,null,null,null,null,null,null,"Day 33",null,null,null,null,null,null,null,null,null,null,null,null,null,null,null,null,null,null,null,null,null,null,null,null,null,null,null,null,null,null,null,null,null,null,null,null,null,null,null,null,"Day 33",null,null,null,null,null,null,null,null,null,null,null,null,null,null,null,null,null,null,null,null,null,null,null,null,null,null,null,null,null,null,null,null,null,null,null,null,null,null,null,null,"Day 33"]
["Day 34","2024-11-09",40465,null,null,null,null,null,null,null,null,null,null,null,null,null,null,null,null,null,null,null,null,null,null,null,null,null,null,null,null,null,null,null,null,null,null,null,null,null,null,"Day 34","2024-05-19",39822,null,null,null,null,null,null,null,null,null,null,null,null,null,null,null,null,null,null,null,null,null,null,null,null,null,null,null,null,null,null,null,null,null,null,null,null,null,null,"Day 34",null,null,null,null,null,null,null,null,null,null,null,null,null,null,null,null,null,null,null,null,null,null,null,null,null,null,null,null,null,null,null,null,null,null,null,null,null,null,null,null,"Day 34",null,null,null,null,null,null,null,null,null,null,null,null,null,null,null,null,null,null,null,null,null,null,null,null,null,null,null,null,null,null,null,null,null,null,null,null,null,null,null,null,"Day 34"]
["Day 35","2024-11-10",40465,null,null,null,null,null,null,null,null,null,null,null,null,null,null,null,null,null,null,null,null,null,null,null,null,null,null,null,null,null,null,null,null,null,null,null,null,null,null,"Day 35","2024-05-20",39822,null,null,null,null,null,null,null,null,null,null,null,null,null,null,null,null,null,null,null,null,null,null,null,null,null,null,null,null,null,null,null,null,null,null,null,null,null,null,"Day 35",null,null,null,null,null,null,null,null,null,null,null,null,null,null,null,null,null,null,null,null,null,null,null,null,null,null,null,null,null,null,null,null,null,null,null,null,null,null,null,null,"Day 35",null,null,null,null,null,null,null,null,null,null,null,null,null,null,null,null,null,null,null,null,null,null,null,null,null,null,null,null,null,null,null,null,null,null,null,null,null,null,null,null,"Day 35"]
["Day 36","2024-11-11",40465,null,null,null,null,null,null,null,null,null,null,null,null,null,null,null,null,null,null,null,null,null,null,null,null,null,null,null,null,null,null,null,null,null,null,null,null,null,null,"Day 36","2024-05-21",39822,null,null,null,null,null,null,null,null,null,null,null,null,null,null,null,null,null,null,null,null,null,null,null,null,null,null,null,null,null,null,null,null,null,null,null,null,null,null,"Day 36",null,null,null,null,null,null,null,null,null,null,null,null,null,null,null,null,null,null,null,null,null,null,null,null,null,null,null,null,null,null,null,null,null,null,null,null,null,null,null,null,"Day 36",null,null,null,null,null,null,null,null,null,null,null,null,null,null,null,null,null,null,null,null,null,null,null,null,null,null,null,null,null,null,null,null,null,null,null,null,null,null,null,null,"Day 36"]
["Day 37","2024-11-12",40465,null,null,null,null,null,null,null,null,null,null,null,null,null,null,null,null,null,null,null,null,null,null,null,null,null,null,null,null,null,null,null,null,null,null,null,null,null,null,"Day 37","2024-05-22",39822,null,null,null,null,null,null,null,null,null,null,null,null,null,null,null,null,null,null,null,null,null,null,null,null,null,null,null,null,null,null,null,null,null,null,null,null,null,null,"Day 37",null,null,null,null,null,null,null,null,null,null,null,null,null,null,null,null,null,null,null,null,null,null,null,null,null,null,null,null,null,null,null,null,null,null,null,null,null,null,null,null,"Day 37",null,null,null,null,null,null,null,null,null,null,null,null,null,null,null,null,null,null,null,null,null,null,null,null,null,null,null,null,null,null,null,null,null,null,null,null,null,null,null,null,"Day 37"]
["Day 38","2024-11-13",40465,null,null,null,null,null,null,null,null,null,null,null,null,null,null,null,null,null,null,null,null,null,null,null,null,null,null,null,null,null,null,null,null,null,null,null,null,null,null,"Day 38","2024-05-23",39822,null,null,null,null,null,null,null,null,null,null,null,null,null,null,null,null,null,null,null,null,null,null,null,null,null,null,null,null,null,null,null,null,null,null,null,null,null,null,"Day 38",null,null,null,null,null,null,null,null,null,null,null,null,null,null,null,null,null,null,null,null,null,null,null,null,null,null,null,null,null,null,null,null,null,null,null,null,null,null,null,null,"Day 38",null,null,null,null,null,null,null,null,null,null,null,null,null,null,null,null,null,null,null,null,null,null,null,null,null,null,null,null,null,null,null,null,null,null,null,null,null,null,null,null,"Day 38"]
["Day 39","2024-11-14",40465,null,null,null,null,null,null,null,null,null,null,null,null,null,null,null,null,null,null,null,null,null,null,null,null,null,null,null,null,null,null,null,null,null,null,null,null,null,null,"Day 39","2024-05-24",39822,null,null,null,null,null,null,null,null,null,null,null,null,null,null,null,null,null,null,null,null,null,null,null,null,null,null,null,null,null,null,null,null,null,null,null,null,null,null,"Day 39",null,null,null,null,null,null,null,null,null,null,null,null,null,null,null,null,null,null,null,null,null,null,null,null,null,null,null,null,null,null,null,null,null,null,null,null,null,null,null,null,"Day 39",null,null,null,null,null,null,null,null,null,null,null,null,null,null,null,null,null,null,null,null,null,null,null,null,null,null,null,null,null,null,null,null,null,null,null,null,null,null,null,null,"Day 39"]
["Day 40","2024-11-15",40465,null,null,null,null,null,null,null,null,null,null,null,null,null,null,null,null,null,null,null,null,null,null,null,null,null,null,null,null,null,null,null,null,null,null,null,null,null,null,"Day 40","2024-05-25",39822,null,null,null,null,null,null,null,null,null,null,null,null,null,null,null,null,null,null,null,null,null,null,null,null,null,null,null,null,null,null,null,null,null,null,null,null,null,null,"Day 40",null,null,null,null,null,null,null,null,null,null,null,null,null,null,null,null,null,null,null,null,null,null,null,null,null,null,null,null,null,null,null,null,null,null,null,null,null,null,null,null,"Day 40",null,null,null,null,null,null,null,null,null,null,null,null,null,null,null,null,null,null,null,null,null,null,null,null,null,null,null,null,null,null,null,null,null,null,null,null,null,null,null,null,"Day 40"]
["Day 41","2024-11-16",40465,null,null,null,null,null,null,null,null,null,null,null,null,null,null,null,null,null,null,null,null,null,null,null,null,null,null,null,null,null,null,null,null,null,null,null,null,null,null,"Day 41","2024-05-26",39822,null,null,null,null,null,null,null,null,null,null,null,null,null,null,null,null,null,null,null,null,null,null,null,null,null,null,null,null,null,null,null,null,null,null,null,null,null,null,"Day 41",null,null,null,null,null,null,null,null,null,null,null,null,null,null,null,null,null,null,null,null,null,null,null,null,null,null,null,null,null,null,null,null,null,null,null,null,null,null,null,null,"Day 41",null,null,null,null,null,null,null,null,null,null,null,null,null,null,null,null,null,null,null,null,null,null,null,null,null,null,null,null,null,null,null,null,null,null,null,null,null,null,null,null,"Day 41"]
["Day 42","2024-11-17",40465,null,null,null,null,null,null,null,null,null,null,null,null,null,null,null,null,null,null,null,null,null,null,null,null,null,null,null,null,null,null,null,null,null,null,null,null,null,null,"Day 42","2024-05-27",39822,null,null,null,null,null,null,null,null,null,null,null,null,null,null,null,null,null,null,null,null,null,null,null,null,null,null,null,null,null,null,null,null,null,null,null,null,null,null,"Day 42",null,null,null,null,null,null,null,null,null,null,null,null,null,null,null,null,null,null,null,null,null,null,null,null,null,null,null,null,null,null,null,null,null,null,null,null,null,null,null,null,"Day 42",null,null,null,null,null,null,null,null,null,null,null,null,null,null,null,null,null,null,null,null,null,null,null,null,null,null,null,null,null,null,null,null,null,null,null,null,null,null,null,null,"Day 42"]
["Day 43","2024-11-18",40465,null,null,null,null,null,null,null,null,null,null,null,null,null,null,null,null,null,null,null,null,null,null,null,null,null,null,null,null,null,null,null,null,null,null,null,null,null,null,"Day 43","2024-05-28",39822,null,null,null,null,null,null,null,null,null,null,null,null,null,null,null,null,null,null,null,null,null,null,null,null,null,null,null,null,null,null,null,null,null,null,null,null,null,null,"Day 43",null,null,null,null,null,null,null,null,null,null,null,null,null,null,null,null,null,null,null,null,null,null,null,null,null,null,null,null,null,null,null,null,null,null,null,null,null,null,null,null,"Day 43",null,null,null,null,null,null,null,null,null,null,null,null,null,null,null,null,null,null,null,null,null,null,null,null,null,null,null,null,null,null,null,null,null,null,null,null,null,null,null,null,"Day 43"]
[null,null,40465,null,null,{"$f":"SUM(F3:F46)","v":0},{"$f":"SUM(G3:G46)","v":0},413,32592.75,105,2991.83,62,5125.01,{"$f":"LARGE(N3:N46,1)","v":40709.590000000004},null,null,null,null,null,null,null,null,null,null,null,null,null,null,null,null,null,null,null,null,null,null,null,null,null,null,null,null,null,39822,null,null,0,0,373,28708.65,116,3447.11,60,7739,39894.760000000009,null,null,null,null,null,null,null,null,null,null,null,null,null,null,null,null,null,null,null,null,null,null,null,null,null,null,null,null,null,48752,null,null,{"$f":"SUM(CJ3:CJ46)","v":0},{"$f":"SUM(CK3:CK46)","v":0},445,34031.430000000008,193,9476.84,60,6013.7999999999993,{"$f":"LARGE(CR3:CR46,1)","v":49572.07},null,null,null,null,null,null,null,null,null,null,null,null,null,null,null,null,null,null,null,null,null,null,null,null,null,null,null,"Day 44",null,50252,null,null,0,0,449,33466.040000000008,144,5118.3599999999997,76,7068.2199999999993,45902.62000000001,null,null,null,null,null,null,null,null,null,null,null,null,null,null,null,null,null,null,null,null,null,null,null,null,null,null,null,"Day 44",null,51670,null,null,0,0,437,32412.850000000006,174,7235.37,109,11807.67,51711.58]

{"sheet":"Sanitized Raw Data","index":6,"n_rows":581,"n_cols":12,"rows_kept":581,"cut":false,"hidden":false,"merged":[]}
["donate_id","donate_invoice","donate_amount","donate_method","donate_affiliation","donate_classyear","donate_isthanked","donate_transac_date","donate_create_date","donate_mod_date","donate_num_recurring","donate_pledge"]
[60779,"EF56-000001",128,"Personal Check",1,1964,"N","2024-04-17","2024-04-30T01:59:28","2024-04-30T01:59:28",1,"None. Donation by check."]
[60780,"EF56-000002",25,"Personal Check",7,null,"N","2024-04-16","2024-04-30T02:03:38","2024-04-30T02:03:38",1,"None. Donation by check."]
[60781,"EF56-000003",50,"Personal Check",1,1951,"N","2024-04-17","2024-04-30T02:05:36","2024-04-30T02:05:36",1,"None. Donation by check."]
[60782,"EF56-000004",55,"Personal Check",1,1955,"N","2024-04-16","2024-04-30T02:07:16","2024-04-30T02:07:16",1,"None. Donation by check."]
[60783,"EF56-000005",100,"Personal Check",1,1966,"N","2024-04-20","2024-04-30T02:09:00","2024-04-30T02:09:00",1,"None. Donation by check."]
[60784,"EF56-000006",25,"Personal Check",2,2016,"N","2024-04-18","2024-04-30T02:10:32","2024-04-30T02:10:32",1,"None. Donation by check."]
[60785,"EF56-000007",64,"Personal Check",1,1964,"N","2024-04-20","2024-04-30T02:11:59","2024-04-30T02:11:59",1,"None. Donation by check."]
[60786,"EF56-000008",100,"Personal Check",1,1966,"N","2024-04-17","2024-04-30T02:15:37","2024-04-30T02:15:37",1,"None. Donation by check."]
[60787,"EF56-000009",50,"Personal Check",1,1979,"N","2024-04-16","2024-04-30T02:18:31","2024-04-30T02:18:31",1,"None. Donation by check."]
[60788,"EF56-000010",100,"Personal Check",1,1979,"N","2024-04-16","2024-04-30T02:21:17","2024-04-30T02:21:17",1,"None. Donation by check."]
[60789,"EF56-000011",66,"Personal Check",1,1966,"N","2024-04-16","2024-04-30T02:22:57","2024-04-30T02:22:57",1,"None. Donation by check."]
[60790,"EF56-000012",100,"Personal Check",1,1964,"N","2024-04-13","2024-04-30T02:25:19","2024-04-30T02:25:19",1,"None. Donation by check."]
[60791,"EF56-000013",5,"Personal Check",1,1966,"N","2024-04-26","2024-04-30T02:27:02","2024-04-30T02:27:02",1,"None. Donation by check."]
[60792,"EF56-000014",64,"Personal Check",1,1964,"N","2024-04-20","2024-04-30T02:28:45","2024-04-30T02:28:45",1,"None. Donation by check."]
[60793,"EF56-000015",25,"Personal Check",1,1955,"N","2024-04-16","2024-04-30T02:30:47","2024-04-30T02:30:47",1,"None. Donation by check."]
[60794,"EF56-000016",100,"Personal Check",1,1960,"N","2024-04-16","2024-04-30T02:32:13","2024-04-30T02:32:42",1,"None. Donation by check."]
[60795,"EF56-000017",50,"Personal Check",1,1975,"N","2024-04-16","2024-04-30T02:34:43","2024-04-30T02:34:43",1,"None. Donation by check."]
[60796,"EF56-000018",40,"Personal Check",1,1968,"N","2024-04-17","2024-04-30T02:36:20","2024-04-30T02:36:20",1,"None. Donation by check."]
[60797,"EF56-000019",64,"Personal Check",1,1964,"N","2024-04-18","2024-04-30T02:37:51","2024-04-30T02:37:51",1,"None. Donation by check."]
[60798,"EF56-000020",50,"Personal Check",1,1965,"N","2024-04-20","2024-04-30T02:39:15","2024-04-30T02:39:15",1,"None. Donation by check."]
[60799,"EF56-000021",250,"Personal Check",1,1959,"N","2024-04-19","2024-04-30T02:40:32","2024-04-30T02:40:32",1,"None. Donation by check."]
[60800,"EF56-000022",100,"Personal Check",1,1964,"N","2024-04-18","2024-04-30T02:44:20","2024-04-30T02:44:20",1,"None. Donation by check."]
[60801,"EF56-000023",51,"Personal Check",1,1951,"N","2024-04-22","2024-05-01T07:57:23","2024-05-01T07:57:23",1,"None. Donation by check."]
[60802,"EF56-000024",50,"Personal Check",1,1979,"N","2024-04-23","2024-05-01T08:00:21","2024-05-01T08:00:21",1,"None. Donation by check."]
[60803,"EF56-000025",128,"Personal Check",1,1964,"N","2024-04-21","2024-05-01T08:02:00","2024-05-01T08:02:00",1,"None. Donation by check."]
[60804,"EF56-000026",50,"Personal Check",1,1959,"N","2024-04-19","2024-05-01T08:04:33","2024-05-01T08:04:33",1,"None. Donation by check."]
[60805,"EF56-000027",100,"Personal Check",1,1964,"N","2024-04-20","2024-05-01T08:06:31","2024-05-01T08:06:31",1,"None. Donation by check."]
[60806,"EF56-000028",64,"Personal Check",1,1964,"N","2024-04-20","2024-05-03T11:23:46","2024-05-03T11:23:46",1,"None. Donation by check."]
[60807,"EF56-000029",50,"Personal Check",1,1957,"N","2024-04-17","2024-05-03T11:25:25","2024-05-03T11:25:25",1,"None. Donation by check."]
[60808,"EF56-000030",50,"Personal Check",1,1975,"N","2024-04-26","2024-05-03T11:27:29","2024-05-03T11:27:29",1,"None. Donation by check."]
[60809,"EF56-000031",100,"Personal Check",5,1958,"N","2024-04-24","2024-05-06T13:17:14","2024-05-06T13:17:14",1,"None. Donation by check."]
[60810,"EF56-000032",100,"Personal Check",2,2012,"N","2024-05-02","2024-05-06T13:19:41","2024-05-06T13:19:41",1,"None. Donation by check."]
[60811,"EF56-000033",100,"Personal Check",1,1958,"N","2024-04-20","2024-05-15T14:41:16","2024-05-15T14:41:16",1,"None. Donation by check."]
[60812,"EF56-000034",200,"Personal Check",1,1969,"N","2024-04-25","2024-05-21T13:29:27","2024-05-21T13:29:27",1,"None. Donation by check."]
[60813,"EF56-000035",50,"Personal Check",1,1979,"N","2024-05-08","2024-05-21T13:31:56","2024-05-21T13:31:56",1,"None. Donation by check."]
[60814,"EF56-000036",20.09,"PayPal",3,2009,"N","2024-04-23","2024-06-06T18:09:51","2024-06-06T18:09:51",1,"None. Donation by check."]
[60815,"EF56-000037",2,"PayPal",4,null,"N","2024-04-23","2024-06-06T18:11:08","2024-06-06T18:11:08",1,"None. Donation by check."]
[60816,"EF56-000038",10,"PayPal",1,2007,"N","2024-04-27","2024-06-06T18:12:29","2024-06-06T18:12:29",1,"None. Donation by check."]
[60817,"EF56-000039",10,"PayPal",1,1986,"N","2024-04-29","2024-06-06T18:13:29","2024-06-06T18:13:29",1,"None. Donation by check."]
[60818,"EF56-000040",5,"PayPal",1,1956,"N","2024-05-03","2024-06-06T18:14:19","2024-06-06T18:14:19",1,"None. Donation by check."]
[60819,"EF56-000041",58,"PayPal",1,1958,"N","2024-05-04","2024-06-06T18:15:12","2024-06-06T18:15:12",1,"None. Donation by check."]
[60820,"EF56-000042",5,"PayPal",1,1978,"N","2024-05-06","2024-06-06T18:16:21","2024-06-06T18:16:21",1,"None. Donation by check."]
[60821,"EF56-000043",5,"PayPal",1,1956,"N","2024-05-09","2024-06-06T18:18:04","2024-06-06T18:18:04",1,"None. Donation by check."]
[60822,"EF56-000044",10,"PayPal",1,1981,"N","2024-05-11","2024-06-06T18:19:13","2024-06-06T18:19:13",1,"None. Donation by check."]
[60823,"EF56-000045",10,"PayPal",1,1987,"N","2024-05-14","2024-06-06T18:20:27","2024-06-06T18:20:27",1,"None. Donation by check."]
[60824,"EF56-000046",5,"PayPal",1,1985,"N","2024-05-19","2024-06-06T18:21:52","2024-06-06T18:21:52",1,"None. Donation by check."]
[60825,"EF56-000047",20.09,"PayPal",3,2009,"N","2024-05-23","2024-06-06T18:23:04","2024-06-06T18:23:04",1,"None. Donation by check."]
[60826,"EF56-000048",1,"PayPal",4,null,"N","2024-05-24","2024-06-06T18:23:53","2024-06-06T18:23:53",1,"None. Donation by check."]
[60827,"EF56-000049",10,"PayPal",1,2007,"N","2024-05-27","2024-06-06T18:24:45","2024-06-06T18:24:45",1,"None. Donation by check."]
[60828,"EF56-000050",10,"PayPal",1,1986,"N","2024-05-29","2024-06-06T18:25:53","2024-06-06T18:25:53",1,"None. Donation by check."]
[60829,"EF56-000051",5,"PayPal",1,1956,"N","2024-06-03","2024-06-06T18:26:41","2024-06-06T18:26:41",1,"None. Donation by check."]
[60830,"EF56-000052",58,"PayPal",1,1958,"N","2024-06-04","2024-06-06T18:27:49","2024-06-06T18:27:49",1,"None. Donation by check."]
[60831,"EF56-000053",5,"PayPal",1,1978,"N","2024-06-06","2024-06-06T18:28:43","2024-06-06T18:28:43",1,"None. Donation by check."]
[60832,"EF56-000054",100,"Personal Check",5,1949,"N","2024-06-27","2024-07-11T02:58:12","2024-07-11T02:58:12",1,"None. Donation by check."]
[60833,"EF56-000055",100,"Personal Check",1,1963,"N","2024-08-05","2024-08-13T21:43:32","2024-08-13T21:43:32",1,"None. Donation by check."]
[60834,"EF56-000056",100,"Personal Check",1,1968,"N","2024-08-14","2024-08-30T22:45:49","2024-09-05T13:04:14",1,"None. Donation by check."]
[60835,"EF56-000057",64,"Personal Check",1,1964,"N","2024-08-27","2024-09-05T12:56:12","2024-09-05T12:56:12",1,"None. Donation by check."]
[60836,"EF56-000058",250,"Personal Check",1,1955,"N","2024-08-23","2024-09-09T12:24:00","2024-09-09T12:24:00",1,"None. Donation by check."]
[60837,"EF56-000059",19.579999999999998,"Personal Check",1,1958,"N","2024-09-16","2024-09-24T14:54:45","2024-09-24T14:54:45",1,"None. Donation by check."]
[60838,"EF56-000060",5,"PayPal",1,1956,"N","2024-06-09","2024-10-05T14:05:14","2024-10-05T14:05:14",1,"None. Donation by check."]
[60839,"EF56-000061",10,"PayPal",1,1981,"N","2024-06-11","2024-10-05T14:06:25","2024-10-05T14:06:25",1,"None. Donation by check."]
[60840,"EF56-000062",10,"PayPal",1,1987,"N","2024-06-14","2024-10-05T14:07:41","2024-10-05T14:07:41",1,"None. Donation by check."]
[60841,"EF56-000063",5,"PayPal",1,1985,"N","2024-06-19","2024-10-05T14:09:41","2024-10-05T14:09:41",1,"None. Donation by check."]
[60842,"EF56-000064",20.09,"PayPal",3,2009,"N","2024-06-23","2024-10-05T14:10:37","2024-10-05T14:10:37",1,"None. Donation by check."]
[60843,"EF56-000065",10,"PayPal",1,2007,"N","2024-06-27","2024-10-05T14:11:40","2024-10-05T14:11:40",1,"None. Donation by check."]
[60844,"EF56-000066",10,"PayPal",1,1986,"N","2024-06-29","2024-10-05T14:13:34","2024-10-05T14:13:34",1,"None. Donation by check."]
[60845,"EF56-000067",5,"PayPal",1,1956,"N","2024-07-03","2024-10-05T14:14:34","2024-10-05T14:14:34",1,"None. Donation by check."]
[60846,"EF56-000068",58,"PayPal",1,1958,"N","2024-07-04","2024-10-05T14:16:36","2024-10-05T14:16:36",1,"None. Donation by check."]
[60847,"EF56-000069",5,"PayPal",1,1978,"N","2024-07-06","2024-10-05T14:17:29","2024-10-05T14:17:29",1,"None. Donation by check."]
[60848,"EF56-000070",5,"PayPal",1,1956,"N","2024-07-09","2024-10-05T14:18:35","2024-10-05T14:18:35",1,"None. Donation by check."]
[60849,"EF56-000071",10,"PayPal",1,1981,"N","2024-07-11","2024-10-05T14:33:35","2024-10-05T14:33:35",1,"None. Donation by check."]
[60850,"EF56-000072",10,"PayPal",1,1987,"N","2024-07-14","2024-10-05T14:38:33","2024-10-05T14:38:33",1,"None. Donation by check."]
[60851,"EF56-000073",5,"PayPal",1,1985,"N","2024-07-19","2024-10-05T14:39:19","2024-10-05T14:39:19",1,"None. Donation by check."]
[60852,"EF56-000074",20.09,"PayPal",3,2009,"N","2024-07-23","2024-10-05T14:41:01","2024-10-05T14:41:01",1,"None. Donation by check."]
[60853,"EF56-000075",1,"PayPal",4,null,"N","2024-07-23","2024-10-05T14:42:05","2024-10-05T14:42:05",1,"None. Donation by check."]
[60854,"EF56-000076",10,"PayPal",1,2007,"N","2024-07-27","2024-10-05T14:42:53","2024-10-05T14:42:53",1,"None. Donation by check."]
[60855,"EF56-000077",10,"PayPal",1,1986,"N","2024-07-29","2024-10-05T14:43:51","2024-10-05T14:43:51",1,"None. Donation by check."]
[60856,"EF56-000078",5,"PayPal",1,1956,"N","2024-08-03","2024-10-05T14:44:34","2024-10-05T14:44:34",1,"None. Donation by check."]
[60857,"EF56-000079",58,"PayPal",1,1958,"N","2024-08-04","2024-10-05T14:45:28","2024-10-05T14:45:28",1,"None. Donation by check."]
[60858,"EF56-000080",5,"PayPal",1,1978,"N","2024-08-06","2024-10-05T14:46:16","2024-10-05T14:46:16",1,"None. Donation by check."]
[60859,"EF56-000081",5,"PayPal",1,1956,"N","2024-08-09","2024-10-05T14:47:07","2024-10-05T14:47:07",1,"None. Donation by check."]
[60860,"EF56-000082",10,"PayPal",1,1981,"N","2024-08-11","2024-10-05T14:48:03","2024-10-05T14:48:03",1,"None. Donation by check."]
[60861,"EF56-000083",10,"PayPal",1,1987,"N","2024-08-14","2024-10-05T14:49:03","2024-10-05T14:49:03",1,"None. Donation by check."]
[60862,"EF56-000084",5,"PayPal",1,1985,"N","2024-08-19","2024-10-05T14:51:53","2024-10-05T14:51:53",1,"None. Donation by check."]
[60863,"EF56-000085",20.09,"PayPal",3,2009,"N","2024-08-23","2024-10-05T14:53:43","2024-10-05T14:53:43",1,"None. Donation by check."]
[60864,"EF56-000086",10,"PayPal",1,2007,"N","2024-08-27","2024-10-05T14:54:37","2024-10-05T14:54:37",1,"None. Donation by check."]
[60865,"EF56-000087",10,"PayPal",1,1986,"N","2024-08-29","2024-10-05T14:55:24","2024-10-05T14:55:24",1,"None. Donation by check."]
[60866,"EF56-000088",5,"PayPal",1,1956,"N","2024-09-03","2024-10-05T14:56:04","2024-10-05T14:56:04",1,"None. Donation by check."]
[60867,"EF56-000089",58,"PayPal",1,1958,"N","2024-09-04","2024-10-05T14:56:57","2024-10-05T14:56:57",1,"None. Donation by check."]
[60868,"EF56-000090",5,"PayPal",1,1978,"N","2024-09-06","2024-10-05T14:58:03","2024-10-05T14:58:03",1,"None. Donation by check."]
[60869,"EF56-000091",5,"PayPal",1,1956,"N","2024-09-09","2024-10-05T14:58:54","2024-10-05T14:58:54",1,"None. Donation by check."]
[60870,"EF56-000092",10,"PayPal",1,1981,"N","2024-09-11","2024-10-05T14:59:46","2024-10-05T14:59:46",1,"None. Donation by check."]
[60871,"EF56-000093",10,"PayPal",1,1987,"N","2024-09-14","2024-10-05T15:00:44","2024-10-05T15:00:44",1,"None. Donation by check."]
[60872,"EF56-000094",5,"PayPal",1,1985,"N","2024-09-19","2024-10-05T15:01:33","2024-10-05T15:01:33",1,"None. Donation by check."]
[60873,"EF56-000095",20.09,"PayPal",3,2009,"N","2024-09-23","2024-10-05T15:02:26","2024-10-05T15:02:26",1,"None. Donation by check."]
[60874,"EF56-000096",10,"PayPal",1,2007,"N","2024-09-27","2024-10-05T15:03:12","2024-10-05T15:03:12",1,"None. Donation by check."]
[60875,"EF56-000097",10,"PayPal",1,1986,"N","2024-09-29","2024-10-05T15:04:15","2024-10-05T15:04:15",1,"None. Donation by check."]
[60876,"EF56-000098",5,"PayPal",1,1956,"N","2024-10-03","2024-10-05T15:05:02","2024-10-05T15:05:02",1,"None. Donation by check."]
[60877,"EF56-000099",58,"PayPal",1,1958,"N","2024-10-04","2024-10-05T15:05:44","2024-10-05T15:05:44",1,"None. Donation by check."]
[60878,"F56-000003",25,"CC",1,1964,"N","2024-10-07T20:21:19","2024-10-07T20:21:21","2024-10-07T20:21:21",1,25]
[60879,"F56-000004",35,"CC",null,1959,"N","2024-10-07T20:33:01","2024-10-07T20:33:03","2024-10-07T20:33:03",1,35]
[60880,"F56-000005",25,"CC",1,1956,"N","2024-10-07T20:33:34","2024-10-07T20:33:35","2024-10-07T20:33:35",1,25]
[60881,"F56-000006",79,"CC",1,1979,"N","2024-10-07T20:34:22","2024-10-07T20:34:23","2024-10-07T20:34:23",1,79]
[60882,"F56-000007",50,"CC",1,1966,"N","2024-10-07T20:36:11","2024-10-07T20:36:12","2024-10-07T20:36:12",1,50]
[60883,"F56-000019",75,"CC",2,2013,"N","2024-10-07T21:10:59","2024-10-07T21:11:00","2024-10-07T21:11:00",1,75]
[60884,"F56-000020",50,"CC",1,1978,"N","2024-10-07T21:15:15","2024-10-07T21:15:17","2024-10-07T21:15:17",1,50]
[60885,"F56-000021",50,"CC",1,1963,"N","2024-10-07T21:33:42","2024-10-07T21:33:44","2024-10-07T21:33:44",1,50]
[60886,"F56-000022",100,"CC",1,1965,"N","2024-10-07T21:36:09","2024-10-07T21:36:11","2024-10-07T21:36:11",1,100]
[60887,"F56-000023",100,"CC",1,1962,"N","2024-10-07T21:36:44","2024-10-07T21:36:45","2024-10-07T21:36:45",1,100]
[60888,"F56-000024",79,"CC",1,1979,"N","2024-10-07T21:37:37","2024-10-07T21:37:38","2024-10-07T21:37:38",1,79]
[60889,"F56-000025",200,"CC",null,1964,"N","2024-10-07T21:43:33","2024-10-07T21:43:34","2024-10-07T21:43:34",1,200]
[60890,"F56-000026",40,"CC",2,2008,"N","2024-10-07T21:45:52","2024-10-07T21:45:53","2024-10-07T21:45:53",1,40]
[60891,"F56-000027",19.79,"CC",1,1979,"N","2024-10-07T22:05:16","2024-10-07T22:05:17","2024-10-07T22:05:17",1,19.79]
[60892,"F56-000028",197.9,"CC",1,1979,"N","2024-10-07T22:06:19","2024-10-07T22:06:20","2024-10-07T22:06:20",1,197.9]
[60893,"F56-000029",19.79,"CC",1,1979,"N","2024-10-07T22:07:02","2024-10-07T22:07:03","2024-10-07T22:07:03",1,19.79]
[60894,"F56-000030",25,"CC",1,1969,"N","2024-10-07T22:14:59","2024-10-07T22:15:00","2024-10-07T22:15:00",1,25]
[60895,"F56-000031",25,"CC",1,1968,"N","2024-10-07T22:20:40","2024-10-07T22:20:41","2024-10-07T22:20:41",1,25]
[60896,"F56-000032",234.69,"CC",1,1969,"N","2024-10-07T22:56:28","2024-10-07T22:56:29","2024-10-07T22:56:29",1,234.69]
[60897,"F56-000033",100,"CC",1,1956,"N","2024-10-07T23:26:40","2024-10-07T23:26:42","2024-10-07T23:26:42",1,100]
[60898,"F56-000034",64,"CC",1,1964,"N","2024-10-07T23:36:44","2024-10-07T23:36:46","2024-10-07T23:36:46",1,64]
[60899,"F56-000037",65,"CC",1,1965,"N","2024-10-07T23:52:55","2024-10-07T23:52:56","2024-10-07T23:52:56",1,65]
[60900,"F56-000038",250,"CC",1,1967,"N","2024-10-07T23:53:39","2024-10-07T23:53:41","2024-10-07T23:53:41",1,250]
[60901,"F56-000039",50,"CC",null,1979,"N","2024-10-08T02:54:57","2024-10-08T02:54:59","2024-10-08T02:54:59",1,50]
[60902,"F56-000040",50,"CC",1,1970,"N","2024-10-08T03:36:28","2024-10-08T03:36:29","2024-10-08T03:36:29",1,50]
[60903,"F56-000041",25,"CC",1,1989,"N","2024-10-08T04:24:52","2024-10-08T04:24:53","2024-10-08T04:24:53",1,25]
[60904,"F56-000042",50,"CC",1,1966,"N","2024-10-08T04:33:42","2024-10-08T04:33:44","2024-10-08T04:33:44",1,50]
[60905,"F56-000043",50,"CC",1,1980,"N","2024-10-08T05:16:19","2024-10-08T05:16:20","2024-10-08T05:16:20",1,50]
[60906,"F56-000044",64,"CC",1,1964,"N","2024-10-08T05:27:55","2024-10-08T05:27:57","2024-10-08T05:27:57",1,64]
[60907,"F56-000045",25,"CC",1,1958,"N","2024-10-08T05:31:47","2024-10-08T05:31:49","2024-10-08T05:31:49",1,25]
[60908,"F56-000046",77,"CC",1,1977,"N","2024-10-08T05:46:41","2024-10-08T05:46:42","2024-10-08T05:46:42",1,77]
[60909,"F56-000048",100,"CC",1,1960,"N","2024-10-08T06:11:05","2024-10-08T06:11:07","2024-10-08T06:11:07",1,100]
[60910,"F56-000049",19.89,"CC",1,1989,"N","2024-10-08T06:29:05","2024-10-08T06:29:07","2024-10-08T06:29:07",1,19.89]
[60911,"F56-000050",100,"CC",null,1975,"N","2024-10-08T06:36:27","2024-10-08T06:36:28","2024-10-08T06:36:28",1,100]
[60912,"F56-000051",100,"CC",1,1987,"N","2024-10-08T06:49:07","2024-10-08T06:49:08","2024-10-08T06:49:08",1,100]
[60913,"F56-000052",19.89,"CC",1,1989,"N","2024-10-08T06:50:38","2024-10-08T06:50:39","2024-10-08T06:50:39",1,19.89]
[60914,"F56-000053",100,"CC",1,1966,"N","2024-10-08T06:52:39","2024-10-08T06:52:41","2024-10-08T06:52:41",1,100]
[60915,"F56-000054",1000,"CC",1,1966,"N","2024-10-08T06:55:20","2024-10-08T06:55:22","2024-10-08T06:55:22",1,1000]
[60916,"F56-000055",19.79,"CC",1,1979,"N","2024-10-08T06:57:07","2024-10-08T06:57:08","2024-10-08T06:57:08",1,19.79]
[60917,"F56-000056",100,"CC",1,1989,"N","2024-10-08T07:13:42","2024-10-08T07:13:43","2024-10-08T07:13:43",1,100]
[60918,"F56-000057",50,"CC",1,1975,"N","2024-10-08T07:17:37","2024-10-08T07:17:38","2024-10-08T07:17:38",1,50]
[60919,"F56-000058",55,"CC",1,1955,"N","2024-10-08T07:23:34","2024-10-08T07:23:35","2024-10-08T07:23:35",1,55]
[60920,"F56-000059",43,"CC",1,1963,"N","2024-10-08T07:28:39","2024-10-08T07:28:41","2024-10-08T07:28:41",1,43]
[60921,"F56-000060",78,"CC",1,1978,"N","2024-10-08T07:31:47","2024-10-08T07:31:48","2024-10-08T07:31:48",1,78]
[60922,"F56-000061",25,"CC",1,1969,"N","2024-10-08T07:35:37","2024-10-08T07:35:38","2024-10-08T07:35:38",1,25]
[60923,"F56-000062",105,"CC",null,1966,"N","2024-10-08T07:37:40","2024-10-08T07:37:41","2024-10-08T07:37:41",1,105]
[60924,"F56-000063",19.79,"CC",1,1979,"N","2024-10-08T07:38:31","2024-10-08T07:38:33","2024-10-08T07:38:33",1,19.79]
[60925,"F56-000064",50,"CC",1,1986,"N","2024-10-08T07:38:38","2024-10-08T07:38:39","2024-10-08T07:38:39",1,50]
[60926,"F56-000065",250,"CC",1,1978,"N","2024-10-08T07:39:42","2024-10-08T07:39:44","2024-10-08T07:39:44",1,250]
[60927,"F56-000066",69.69,"CC",1,1969,"N","2024-10-08T07:42:33","2024-10-08T07:42:34","2024-10-08T07:42:34",1,69.69]
[60928,"F56-000067",50,"CC",1,1975,"N","2024-10-08T07:43:02","2024-10-08T07:43:03","2024-10-08T07:43:03",1,50]
[60929,"F56-000068",50,"CC",1,1969,"N","2024-10-08T07:50:25","2024-10-08T07:50:26","2024-10-08T07:50:26",1,50]
[60930,"F56-000069",57,"CC",1,1957,"N","2024-10-08T07:53:13","2024-10-08T07:53:14","2024-10-08T07:53:14",1,57]
[60931,"F56-000070",19.79,"CC",1,1979,"N","2024-10-08T07:53:58","2024-10-08T07:53:59","2024-10-08T07:53:59",1,19.79]
[60932,"F56-000071",19.79,"CC",1,1979,"N","2024-10-08T08:07:21","2024-10-08T08:07:22","2024-10-08T08:07:22",1,19.79]
[60933,"F56-000072",19.79,"CC",1,1979,"N","2024-10-08T08:07:22","2024-10-08T08:07:23","2024-10-08T08:07:23",1,19.79]
[60934,"F56-000073",75,"CC",1,1969,"N","2024-10-08T08:12:44","2024-10-08T08:12:46","2024-10-08T08:12:46",1,75]
[60935,"F56-000074",19.8,"CC",1,1980,"N","2024-10-08T08:12:45","2024-10-08T08:12:46","2024-10-08T08:12:46",1,19.8]
[60936,"F56-000075",25,"CC",1,1989,"N","2024-10-08T08:15:26","2024-10-08T08:15:28","2024-10-08T08:15:28",1,25]
[60937,"F56-000076",30,"CC",1,1978,"N","2024-10-08T08:21:41","2024-10-08T08:21:42","2024-10-08T08:21:42",1,30]
[60938,"F56-000077",25,"CC",1,1996,"N","2024-10-08T08:25:45","2024-10-08T08:25:46","2024-10-08T08:25:46",1,25]
[60939,"F56-000078",100,"CC",1,1964,"N","2024-10-08T08:26:58","2024-10-08T08:26:59","2024-10-08T08:26:59",1,100]
[60940,"F56-000079",25,"CC",1,1979,"N","2024-10-08T08:27:16","2024-10-08T08:27:17","2024-10-08T08:27:17",1,25]
[60941,"F56-000080",100,"CC",1,1979,"N","2024-10-08T08:27:43","2024-10-08T08:27:45","2024-10-08T08:27:45",1,100]
[60942,"F56-000081",69,"CC",1,1969,"N","2024-10-08T08:40:32","2024-10-08T08:40:34","2024-10-08T08:40:34",1,69]
[60943,"F56-000082",150,"CC",1,1989,"N","2024-10-08T08:43:49","2024-10-08T08:43:51","2024-10-08T08:43:51",1,150]
[60944,"F56-000083",50,"CC",1,1980,"N","2024-10-08T08:44:24","2024-10-08T08:44:25","2024-10-08T08:44:25",1,50]
[60945,"F56-000084",77,"CC",1,1977,"N","2024-10-08T08:48:38","2024-10-08T08:48:40","2024-10-08T08:48:40",1,77]
[60946,"F56-000085",19.77,"CC",1,1977,"N","2024-10-08T08:49:52","2024-10-08T08:49:53","2024-10-08T08:49:53",1,19.77]
[60947,"F56-000086",105,"CC",1,1964,"N","2024-10-08T08:51:19","2024-10-08T08:51:20","2024-10-08T08:51:20",1,105]
[60948,"F56-000087",85,"CC",1,1985,"N","2024-10-08T09:03:11","2024-10-08T09:03:12","2024-10-08T09:03:12",1,85]
[60949,"F56-000088",100,"CC",1,1965,"N","2024-10-08T09:11:27","2024-10-08T09:11:28","2024-10-08T09:11:28",1,100]
[60950,"F56-000089",100,"CC",1,1966,"N","2024-10-08T09:19:20","2024-10-08T09:19:22","2024-10-08T09:19:22",1,100]
[60951,"F56-000090",64,"CC",6,1964,"N","2024-10-08T09:24:59","2024-10-08T09:25:00","2024-10-08T09:25:00",1,64]
[60952,"F56-000091",25,"CC",1,1957,"N","2024-10-08T09:30:34","2024-10-08T09:30:36","2024-10-08T09:30:36",1,25]
[60953,"F56-000092",50,"CC",1,1968,"N","2024-10-08T09:35:13","2024-10-08T09:35:14","2024-10-08T09:35:14",1,50]
[60954,"F56-000093",25,"CC",1,1979,"N","2024-10-08T09:44:09","2024-10-08T09:44:10","2024-10-08T09:44:10",1,25]
[60955,"F56-000094",100,"CC",1,1975,"N","2024-10-08T09:45:02","2024-10-08T09:45:03","2024-10-08T09:45:03",1,100]
[60956,"F56-000095",25,"CC",1,1969,"N","2024-10-08T09:46:34","2024-10-08T09:46:35","2024-10-08T09:46:35",1,25]
[60957,"F56-000096",50,"CC",1,1964,"N","2024-10-08T09:48:38","2024-10-08T09:48:39","2024-10-08T09:48:39",1,50]
[60958,"F56-000097",100,"CC",1,1975,"N","2024-10-08T09:49:23","2024-10-08T09:49:24","2024-10-08T09:49:24",1,100]
[60959,"F56-000098",50,"CC",1,1957,"N","2024-10-08T09:51:43","2024-10-08T09:51:44","2024-10-08T09:51:44",1,50]
[60960,"F56-000099",77,"CC",1,1977,"N","2024-10-08T10:08:49","2024-10-08T10:08:51","2024-10-08T10:08:51",1,77]
[60961,"F56-000100",100,"CC",6,1979,"N","2024-10-08T10:11:46","2024-10-08T10:11:47","2024-10-08T10:11:47",1,100]
[60962,"F56-000101",75,"CC",1,1966,"N","2024-10-08T10:20:08","2024-10-08T10:20:10","2024-10-08T10:20:10",1,75]
[60963,"F56-000102",100,"CC",6,1966,"N","2024-10-08T10:21:35","2024-10-08T10:21:37","2024-10-08T10:21:37",1,100]
[60964,"F56-000103",100,"CC",1,1958,"N","2024-10-08T10:33:28","2024-10-08T10:33:30","2024-10-08T10:33:30",1,100]
[60965,"F56-000104",50,"CC",1,1963,"N","2024-10-08T10:34:16","2024-10-08T10:34:17","2024-10-08T10:34:17",1,50]
[60966,"F56-000105",25,"CC",1,1966,"N","2024-10-08T10:43:19","2024-10-08T10:43:20","2024-10-08T10:43:20",1,25]
[60967,"F56-000106",50,"CC",1,1958,"N","2024-10-08T10:43:42","2024-10-08T10:43:43","2024-10-08T10:43:43",1,50]
[60968,"F56-000107",50,"CC",1,1966,"N","2024-10-08T10:48:50","2024-10-08T10:48:51","2024-10-08T10:48:51",1,50]
[60969,"F56-000108",100,"CC",1,1966,"N","2024-10-08T10:56:29","2024-10-08T10:56:30","2024-10-08T10:56:30",1,100]
[60970,"F56-000109",33,"CC",1,1966,"N","2024-10-08T10:56:59","2024-10-08T10:57:00","2024-10-08T10:57:00",1,33]
[60971,"F56-000110",200,"CC",1,1969,"N","2024-10-08T11:03:18","2024-10-08T11:03:19","2024-10-08T11:03:19",1,200]
[60972,"F56-000111",50,"CC",6,1966,"N","2024-10-08T11:07:08","2024-10-08T11:07:09","2024-10-08T11:07:09",1,50]
[60973,"F56-000112",50,"CC",1,1969,"N","2024-10-08T11:07:49","2024-10-08T11:07:50","2024-10-08T11:07:50",1,50]
[60974,"F56-000113",50,"CC",2,2015,"N","2024-10-08T11:12:01","2024-10-08T11:12:02","2024-10-08T11:12:02",1,50]
[60975,"F56-000114",50,"CC",1,1966,"N","2024-10-08T11:23:26","2024-10-08T11:23:27","2024-10-08T11:23:27",1,50]
[60976,"F56-000115",50,"CC",1,1967,"N","2024-10-08T11:25:56","2024-10-08T11:25:57","2024-10-08T11:25:57",1,50]
[60977,"F56-000116",100,"CC",1,1966,"N","2024-10-08T11:30:11","2024-10-08T11:30:12","2024-10-08T11:30:12",1,100]
[60978,"F56-000117",75,"CC",1,1966,"N","2024-10-08T11:33:05","2024-10-08T11:33:06","2024-10-08T11:33:06",1,75]
[60979,"F56-000118",50,"CC",1,1978,"N","2024-10-08T11:36:33","2024-10-08T11:36:34","2024-10-08T11:36:34",1,50]
[60980,"F56-000119",79,"CC",1,1979,"N","2024-10-08T11:43:22","2024-10-08T11:43:23","2024-10-08T11:43:23",1,79]
[60981,"F56-000120",50,"CC",1,1979,"N","2024-10-08T11:44:05","2024-10-08T11:44:07","2024-10-08T11:44:07",1,50]
[60982,"F56-000121",75,"CC",1,1951,"N","2024-10-08T11:48:50","2024-10-08T11:48:51","2024-10-08T11:48:51",1,75]
[60983,"F56-000122",50,"CC",1,1968,"N","2024-10-08T11:50:17","2024-10-08T11:50:19","2024-10-08T11:50:19",1,50]
[60984,"F56-000123",64,"CC",1,1964,"N","2024-10-08T11:51:15","2024-10-08T11:51:16","2024-10-08T11:51:16",1,64]
[60985,"F56-000124",50,"CC",1,1959,"N","2024-10-08T11:55:28","2024-10-08T11:55:29","2024-10-08T11:55:29",1,50]
[60986,"F56-000125",25,"CC",1,1975,"N","2024-10-08T11:56:24","2024-10-08T11:56:25","2024-10-08T11:56:25",1,25]
[60987,"F56-000126",50,"CC",null,1975,"N","2024-10-08T11:58:51","2024-10-08T11:58:53","2024-10-08T11:58:53",1,50]
[60988,"F56-000127",50,"CC",1,1959,"N","2024-10-08T11:59:33","2024-10-08T11:59:34","2024-10-08T11:59:34",1,50]
[60989,"F56-000128",55,"CC",1,1955,"N","2024-10-08T12:03:17","2024-10-08T12:03:18","2024-10-08T12:03:18",1,55]
[60990,"F56-000129",25,"CC",1,1959,"N","2024-10-08T12:05:30","2024-10-08T12:05:32","2024-10-08T12:05:32",1,25]
[60991,"F56-000130",20,"CC",1,1979,"N","2024-10-08T12:08:56","2024-10-08T12:08:58","2024-10-08T12:08:58",1,20]
[60992,"F56-000131",100,"CC",1,1966,"N","2024-10-08T12:12:13","2024-10-08T12:12:14","2024-10-08T12:12:14",1,100]
[60993,"F56-000132",50,"CC",1,1958,"N","2024-10-08T12:19:35","2024-10-08T12:19:36","2024-10-08T12:19:36",1,50]
[60994,"F56-000133",75,"CC",1,1966,"N","2024-10-08T12:19:41","2024-10-08T12:19:42","2024-10-08T12:19:42",1,75]
[60995,"F56-000134",100,"CC",1,1960,"N","2024-10-08T12:19:51","2024-10-08T12:19:52","2024-10-08T12:19:52",1,100]
[60996,"F56-000135",50,"CC",1,1966,"N","2024-10-08T12:23:49","2024-10-08T12:23:50","2024-10-08T12:23:50",1,50]
[60997,"F56-000136",19.79,"CC",1,1979,"N","2024-10-08T12:27:39","2024-10-08T12:27:40","2024-10-08T12:27:40",1,19.79]
[60998,"F56-000137",19.79,"CC",1,1979,"N","2024-10-08T12:29:46","2024-10-08T12:29:47","2024-10-08T12:29:47",1,19.79]
[60999,"F56-000138",20.16,"CC",2,2016,"N","2024-10-08T12:43:39","2024-10-08T12:43:41","2024-10-08T12:43:41",1,20.16]
[61000,"F56-000139",25,"CC",1,1966,"N","2024-10-08T12:46:43","2024-10-08T12:46:44","2024-10-08T12:46:44",1,25]
[61001,"F56-000140",50,"CC",2,2016,"N","2024-10-08T13:09:40","2024-10-08T13:09:41","2024-10-08T13:09:41",1,50]
[61002,"F56-000141",197.7,"CC",1,1977,"N","2024-10-08T13:15:33","2024-10-08T13:15:36","2024-10-08T13:15:36",1,197.7]
[61003,"F56-000142",25,"CC",1,1980,"N","2024-10-08T13:16:25","2024-10-08T13:16:26","2024-10-08T13:16:26",1,25]
[61004,"F56-000143",100,"CC",1,1959,"N","2024-10-08T13:16:41","2024-10-08T13:16:42","2024-10-08T13:16:42",1,100]
[61005,"F56-000144",100,"CC",1,1966,"N","2024-10-08T13:17:43","2024-10-08T13:17:45","2024-10-08T13:17:45",1,100]
[61006,"F56-000145",100,"CC",1,1958,"N","2024-10-08T13:19:02","2024-10-08T13:19:03","2024-10-08T13:19:03",1,100]
[61007,"F56-000146",5,"CC",1,1980,"N","2024-10-08T13:21:01","2024-10-08T13:21:03","2024-10-08T13:21:03",1,5]
[61008,"F56-000147",20.16,"CC",3,2016,"N","2024-10-08T13:21:18","2024-10-08T13:21:19","2024-10-08T13:21:19",1,20.16]
[61009,"F56-000148",25,"CC",1,1966,"N","2024-10-08T13:28:51","2024-10-08T13:28:52","2024-10-08T13:28:52",1,25]
[61010,"F56-000149",50,"CC",1,1959,"N","2024-10-08T13:28:53","2024-10-08T13:28:54","2024-10-08T13:28:54",1,50]
[61011,"F56-000150",100,"CC",1,1975,"N","2024-10-08T13:33:32","2024-10-08T13:33:34","2024-10-08T13:33:34",1,100]
[61012,"F56-000151",25,"CC",1,1986,"N","2024-10-08T13:41:40","2024-10-08T13:41:41","2024-10-08T13:41:41",1,25]
[61013,"F56-000152",50,"CC",1,1975,"N","2024-10-08T13:45:38","2024-10-08T13:45:39","2024-10-08T13:45:39",1,50]
[61014,"F56-000153",150,"CC",1,1966,"N","2024-10-08T13:53:21","2024-10-08T13:53:22","2024-10-08T13:53:22",1,150]
[61015,"F56-000154",50,"CC",1,1966,"N","2024-10-08T13:56:00","2024-10-08T13:56:02","2024-10-08T13:56:02",1,50]
[61016,"F56-000155",50,"CC",1,1966,"N","2024-10-08T14:00:44","2024-10-08T14:00:46","2024-10-08T14:00:46",1,50]
[61017,"F56-000156",200,"CC",1,1958,"N","2024-10-08T14:06:31","2024-10-08T14:06:32","2024-10-08T14:06:32",1,200]
[61018,"F56-000157",100,"CC",1,1966,"N","2024-10-08T14:11:07","2024-10-08T14:11:08","2024-10-08T14:11:08",1,100]
[61019,"F56-000158",100,"CC",1,1957,"N","2024-10-08T14:15:28","2024-10-08T14:15:30","2024-10-08T14:15:30",1,100]
[61020,"F56-000159",50,"CC",1,1966,"N","2024-10-08T14:21:21","2024-10-08T14:21:23","2024-10-08T14:21:23",1,50]
[61021,"F56-000160",25,"CC",1,1965,"N","2024-10-08T14:31:48","2024-10-08T14:31:49","2024-10-08T14:31:49",1,25]
[61022,"F56-000161",100,"CC",1,1966,"N","2024-10-08T14:53:21","2024-10-08T14:53:23","2024-10-08T14:53:23",1,100]
[61023,"F56-000162",100,"CC",1,1959,"N","2024-10-08T15:03:10","2024-10-08T15:03:11","2024-10-08T15:03:11",1,100]
[61024,"F56-000163",50,"CC",8,2009,"N","2024-10-08T15:26:03","2024-10-08T15:26:04","2024-10-08T15:26:04",1,50]
[61025,"F56-000164",15,"CC",6,1968,"N","2024-10-08T15:30:09","2024-10-08T15:30:10","2024-10-08T15:30:10",1,15]
[61026,"F56-000165",100,"CC",1,1967,"N","2024-10-08T15:38:35","2024-10-08T15:38:37","2024-10-08T15:38:37",1,100]
[61027,"F56-000166",100,"CC",1,1959,"N","2024-10-08T15:58:35","2024-10-08T15:58:36","2024-10-08T15:58:36",1,100]
[61028,"F56-000167",75,"CC",1,1967,"N","2024-10-08T16:05:48","2024-10-08T16:05:50","2024-10-08T16:05:50",1,75]
[61029,"F56-000168",59,"CC",1,1959,"N","2024-10-08T16:20:22","2024-10-08T16:20:23","2024-10-08T16:20:23",1,59]
[61030,"F56-000169",50,"CC",1,1959,"N","2024-10-08T16:20:54","2024-10-08T16:20:55","2024-10-08T16:20:55",1,50]
[61031,"F56-000170",200,"CC",1,1959,"N","2024-10-08T16:34:29","2024-10-08T16:34:30","2024-10-08T16:34:30",1,200]
[61032,"F56-000171",100,"CC",1,1964,"N","2024-10-08T16:35:38","2024-10-08T16:35:40","2024-10-08T16:35:40",1,100]
[61033,"F56-000174",100,"CC",1,1975,"N","2024-10-08T16:54:37","2024-10-08T16:54:38","2024-10-08T16:54:38",1,100]
[61034,"F56-000175",25,"CC",1,1965,"N","2024-10-08T17:10:52","2024-10-08T17:10:53","2024-10-08T17:10:53",1,25]
[61035,"F56-000176",100,"CC",1,1965,"N","2024-10-08T17:13:20","2024-10-08T17:13:21","2024-10-08T17:13:21",1,100]
[61036,"F56-000177",19.79,"CC",1,1979,"N","2024-10-08T17:17:50","2024-10-08T17:17:51","2024-10-08T17:17:51",1,19.79]
[61037,"F56-000178",100,"CC",1,1966,"N","2024-10-08T17:28:19","2024-10-08T17:28:20","2024-10-08T17:28:20",1,100]
[61038,"F56-000179",25,"CC",1,1969,"N","2024-10-08T17:35:51","2024-10-08T17:35:53","2024-10-08T17:35:53",1,25]
[61039,"F56-000180",25,"CC",1,1977,"N","2024-10-08T18:24:17","2024-10-08T18:24:18","2024-10-08T18:24:18",1,25]
[61040,"F56-000181",50,"CC",1,1966,"N","2024-10-08T18:31:05","2024-10-08T18:31:06","2024-10-08T18:31:06",1,50]
[61041,"F56-000182",50,"CC",1,1979,"N","2024-10-08T20:34:29","2024-10-08T20:34:31","2024-10-08T20:34:31",1,50]
[61042,"F56-000183",50,"CC",1,1958,"N","2024-10-08T21:09:34","2024-10-08T21:09:35","2024-10-08T21:09:35",1,50]
[61043,"F56-000184",50,"CC",1,1979,"N","2024-10-08T22:35:00","2024-10-08T22:35:02","2024-10-08T22:35:02",1,50]
[61044,"F56-000185",75,"CC",1,1958,"N","2024-10-09T01:16:07","2024-10-09T01:16:08","2024-10-09T01:16:08",1,75]
[61045,"F56-000186",100.77,"CC",1,1977,"N","2024-10-09T06:31:44","2024-10-09T06:31:45","2024-10-09T06:31:45",1,100.77]
[61046,"F56-000187",100,"CC",1,1979,"N","2024-10-09T07:02:40","2024-10-09T07:02:42","2024-10-09T07:02:42",1,100]
[61047,"F56-000188",100,"CC",1,1959,"N","2024-10-09T08:09:51","2024-10-09T08:09:52","2024-10-09T08:09:52",1,100]
[61048,"F56-000189",25,"CC",1,1966,"N","2024-10-09T08:22:27","2024-10-09T08:22:28","2024-10-09T08:22:28",1,25]
[61049,"F56-000190",19.77,"CC",1,1977,"N","2024-10-09T09:21:22","2024-10-09T09:21:23","2024-10-09T09:21:23",1,19.77]
[61050,"F56-000191",100,"CC",1,1965,"N","2024-10-09T09:58:55","2024-10-09T09:58:56","2024-10-09T09:58:56",1,100]
[61051,"F56-000192",25,"CC",1,1964,"N","2024-10-09T11:10:17","2024-10-09T11:10:18","2024-10-09T11:10:18",1,25]
[61052,"F56-000193",100,"CC",1,1972,"N","2024-10-09T11:13:58","2024-10-09T11:14:00","2024-10-09T11:14:00",1,100]
[61053,"F56-000194",100,"CC",1,1969,"N","2024-10-09T12:32:00","2024-10-09T12:32:02","2024-10-09T12:32:02",1,100]
[61054,"F56-000195",25,"CC",1,1978,"N","2024-10-09T12:42:45","2024-10-09T12:42:47","2024-10-09T12:42:47",1,25]
[61055,"F56-000196",10,"CC",1,1980,"N","2024-10-09T13:13:17","2024-10-09T13:13:18","2024-10-09T13:13:18",1,10]
[61056,"F56-000197",100,"CC",1,1975,"N","2024-10-09T13:14:59","2024-10-09T13:15:01","2024-10-09T13:15:01",1,100]
[61057,"F56-000198",50,"CC",1,1966,"N","2024-10-09T13:15:52","2024-10-09T13:15:53","2024-10-09T13:15:53",1,50]
[61058,"F56-000199",19.77,"CC",1,1977,"N","2024-10-09T13:32:25","2024-10-09T13:32:27","2024-10-09T13:32:27",1,19.77]
[61059,"F56-000200",30,"CC",1,1975,"N","2024-10-09T14:47:10","2024-10-09T14:47:11","2024-10-09T14:47:11",1,30]
[61060,"F56-000201",100,"CC",1,1968,"N","2024-10-09T15:06:38","2024-10-09T15:06:39","2024-10-09T15:06:39",1,100]
[61061,"F56-000202",25,"CC",1,1975,"N","2024-10-09T17:32:33","2024-10-09T17:32:34","2024-10-09T17:32:34",1,25]
[61062,"F56-000203",50,"CC",1,1989,"N","2024-10-09T20:18:19","2024-10-09T20:18:20","2024-10-09T20:18:20",1,50]
[61063,"F56-000204",20,"CC",1,1964,"N","2024-10-09T21:14:49","2024-10-09T21:14:50","2024-10-09T21:14:50",1,20]
[61064,"F56-000205",100,"CC",1,1975,"N","2024-10-10T03:36:50","2024-10-10T03:36:52","2024-10-10T03:36:52",1,100]
[61065,"F56-000206",19.79,"CC",1,1979,"N","2024-10-10T08:00:27","2024-10-10T08:00:30","2024-10-10T08:00:30",1,19.79]
[61066,"F56-000207",50,"CC",1,1963,"N","2024-10-10T09:09:30","2024-10-10T09:09:31","2024-10-10T09:09:31",1,50]
[61067,"F56-000208",66,"CC",1,1966,"N","2024-10-10T09:18:22","2024-10-10T09:18:23","2024-10-10T09:18:23",1,66]
[61068,"F56-000209",100,"CC",1,1964,"N","2024-10-10T09:35:44","2024-10-10T09:35:45","2024-10-10T09:35:45",1,100]
[61069,"F56-000210",25,"CC",1,1963,"N","2024-10-10T10:38:09","2024-10-10T10:38:10","2024-10-10T10:38:10",1,25]
[61070,"F56-000211",64,"CC",5,1964,"N","2024-10-10T11:54:58","2024-10-10T11:54:59","2024-10-10T11:54:59",1,64]
[61071,"F56-000212",150,"CC",2,2011,"N","2024-10-10T12:12:19","2024-10-10T12:12:21","2024-10-10T12:12:21",1,150]
[61072,"F56-000213",78,"CC",1,1978,"N","2024-10-10T13:05:42","2024-10-10T13:05:43","2024-10-10T13:05:43",1,78]
[61073,"F56-000214",50,"CC",1,1956,"N","2024-10-10T13:16:07","2024-10-10T13:16:08","2024-10-10T13:16:08",1,50]
[61074,"F56-000215",25,"CC",5,1957,"N","2024-10-10T16:02:11","2024-10-10T16:02:12","2024-10-10T16:02:12",1,25]
[61075,"F56-000216",300,"CC",1,1966,"N","2024-10-10T16:29:06","2024-10-10T16:29:07","2024-10-10T16:29:07",1,300]
[61076,"F56-000217",25,"CC",1,1964,"N","2024-10-10T17:11:39","2024-10-10T17:11:41","2024-10-10T17:11:41",1,25]
[61077,"F56-000218",300,"CC",2,2018,"N","2024-10-10T18:58:41","2024-10-10T18:58:43","2024-10-10T18:58:43",1,300]
[61078,"F56-000219",100,"CC",1,1966,"N","2024-10-10T20:31:58","2024-10-10T20:31:59","2024-10-10T20:31:59",1,100]
[61079,"F56-000220",50,"CC",1,1968,"N","2024-10-10T20:51:34","2024-10-10T20:51:36","2024-10-10T20:51:36",1,50]
[61080,"F56-000221",19.77,"CC",1,1977,"N","2024-10-10T21:19:22","2024-10-10T21:19:23","2024-10-10T21:19:23",1,19.77]
[61081,"F56-000222",100,"CC",1,1966,"N","2024-10-10T22:52:59","2024-10-10T22:53:00","2024-10-10T22:53:00",1,100]
[61082,"F56-000223",25,"CC",1,1979,"N","2024-10-11T06:35:49","2024-10-11T06:35:51","2024-10-11T06:35:51",1,25]
[61083,"F56-000224",100,"CC",1,1966,"N","2024-10-11T08:27:01","2024-10-11T08:27:02","2024-10-11T08:27:02",1,100]
[61084,"F56-000225",20,"CC",1,1978,"N","2024-10-11T09:36:17","2024-10-11T09:36:18","2024-10-11T09:36:18",1,20]
[61085,"F56-000226",100,"CC",1,1966,"N","2024-10-11T10:35:25","2024-10-11T10:35:27","2024-10-11T10:35:27",1,100]
[61086,"F56-000227",25,"CC",1,1978,"N","2024-10-11T12:43:17","2024-10-11T12:43:18","2024-10-11T12:43:18",1,25]
[61087,"F56-000228",20,"CC",1,1966,"N","2024-10-11T12:54:49","2024-10-11T12:54:51","2024-10-11T12:54:51",1,20]
[61088,"F56-000229",50,"CC",6,1966,"N","2024-10-11T13:46:46","2024-10-11T13:46:48","2024-10-11T13:46:48",1,50]
[61089,"F56-000230",89,"CC",1,1989,"N","2024-10-11T13:56:01","2024-10-11T13:56:02","2024-10-11T13:56:02",1,89]
[61090,"F56-000231",50,"CC",1,1966,"N","2024-10-11T14:12:47","2024-10-11T14:12:49","2024-10-11T14:12:49",1,50]
[61091,"F56-000232",66,"CC",1,1966,"N","2024-10-11T14:39:50","2024-10-11T14:39:52","2024-10-11T14:39:52",1,66]
[61092,"F56-000233",25,"CC",1,1985,"N","2024-10-11T14:44:00","2024-10-11T14:44:01","2024-10-11T14:44:01",1,25]
[61093,"F56-000234",250,"CC",1,1966,"N","2024-10-11T16:52:09","2024-10-11T16:52:11","2024-10-11T16:52:11",1,250]
[61094,"F56-000235",50,"CC",1,1966,"N","2024-10-11T17:57:27","2024-10-11T17:57:29","2024-10-11T17:57:29",1,50]
[61095,"F56-000236",100,"CC",1,1958,"N","2024-10-11T19:20:28","2024-10-11T19:20:29","2024-10-11T19:20:29",1,100]
[61096,"F56-000237",100,"CC",1,1966,"N","2024-10-11T19:22:39","2024-10-11T19:22:40","2024-10-11T19:22:40",1,100]
[61097,"F56-000238",50,"CC",1,1964,"N","2024-10-12T03:11:03","2024-10-12T03:11:04","2024-10-12T03:11:04",1,50]
[61098,"F56-000239",25,"CC",1,1964,"N","2024-10-12T03:24:38","2024-10-12T03:24:39","2024-10-12T03:24:39",1,25]
[61099,"F56-000240",64,"CC",1,1964,"N","2024-10-12T05:35:29","2024-10-12T05:35:31","2024-10-12T05:35:31",1,64]
[61100,"F56-000241",64,"CC",1,1964,"N","2024-10-12T06:04:09","2024-10-12T06:04:10","2024-10-12T06:04:10",1,64]
[61101,"F56-000242",64,"CC",1,1964,"N","2024-10-12T06:21:55","2024-10-12T06:21:57","2024-10-12T06:21:57",1,64]
[61102,"F56-000243",100,"CC",1,1964,"N","2024-10-12T07:21:52","2024-10-12T07:21:54","2024-10-12T07:21:54",1,100]
[61103,"F56-000244",35,"CC",1,1964,"N","2024-10-12T07:30:13","2024-10-12T07:30:16","2024-10-12T07:30:16",1,35]
[61104,"F56-000245",300,"CC",1,1964,"N","2024-10-12T08:01:52","2024-10-12T08:01:54","2024-10-12T08:01:54",1,300]
[61105,"F56-000247",100,"CC",1,1974,"N","2024-10-12T08:28:01","2024-10-12T08:28:02","2024-10-12T08:28:02",1,100]
[61106,"F56-000248",100,"CC",1,1964,"N","2024-10-12T08:41:30","2024-10-12T08:41:32","2024-10-12T08:41:32",1,100]
[61107,"F56-000249",200,"CC",1,1964,"N","2024-10-12T08:49:04","2024-10-12T08:49:05","2024-10-12T08:49:05",1,200]
[61108,"F56-000250",90,"CC",1,1964,"N","2024-10-12T08:52:52","2024-10-12T08:52:53","2024-10-12T08:52:53",1,90]
[61109,"F56-000251",50,"CC",1,1963,"N","2024-10-12T09:22:06","2024-10-12T09:22:08","2024-10-12T09:22:08",1,50]
[61110,"F56-000252",64,"CC",1,1964,"N","2024-10-12T09:43:11","2024-10-12T09:43:12","2024-10-12T09:43:12",1,64]
[61111,"F56-000253",64,"CC",1,1964,"N","2024-10-12T10:01:58","2024-10-12T10:02:00","2024-10-12T10:02:00",1,64]
[61112,"F56-000254",100,"CC",1,1968,"N","2024-10-12T10:02:30","2024-10-12T10:02:31","2024-10-12T10:02:31",1,100]
[61113,"F56-000255",64,"CC",1,1964,"N","2024-10-12T10:04:19","2024-10-12T10:04:21","2024-10-12T10:04:21",1,64]
[61114,"F56-000256",64,"CC",1,1964,"N","2024-10-12T10:17:22","2024-10-12T10:17:23","2024-10-12T10:17:23",1,64]
[61115,"F56-000257",64,"CC",1,1964,"N","2024-10-12T10:28:18","2024-10-12T10:28:19","2024-10-12T10:28:19",1,64]
[61116,"F56-000258",100,"CC",1,1964,"N","2024-10-12T10:58:06","2024-10-12T10:58:07","2024-10-12T10:58:07",1,100]
[61117,"F56-000259",64,"CC",1,1964,"N","2024-10-12T11:12:24","2024-10-12T11:12:26","2024-10-12T11:12:26",1,64]
[61118,"F56-000260",164,"CC",1,1964,"N","2024-10-12T12:41:35","2024-10-12T12:41:37","2024-10-12T12:41:37",1,164]
[61119,"F56-000261",100,"CC",1,1964,"N","2024-10-12T12:47:47","2024-10-12T12:47:48","2024-10-12T12:47:48",1,100]
[61120,"F56-000262",100,"CC",1,1964,"N","2024-10-12T13:13:36","2024-10-12T13:13:37","2024-10-12T13:13:37",1,100]
[61121,"F56-000263",25,"CC",1,1966,"N","2024-10-12T14:20:32","2024-10-12T14:20:33","2024-10-12T14:20:33",1,25]
[61122,"F56-000264",200,"CC",1,1964,"N","2024-10-12T14:25:33","2024-10-12T14:25:35","2024-10-12T14:25:35",1,200]
[61123,"F56-000265",100,"CC",1,1966,"N","2024-10-12T15:12:53","2024-10-12T15:12:54","2024-10-12T15:12:54",1,100]
[61124,"F56-000266",100,"CC",1,1964,"N","2024-10-12T15:35:47","2024-10-12T15:35:49","2024-10-12T15:35:49",1,100]
[61125,"F56-000267",75,"CC",5,1964,"N","2024-10-12T16:47:35","2024-10-12T16:47:36","2024-10-12T16:47:36",1,75]
[61126,"F56-000268",25,"CC",1,1964,"N","2024-10-12T17:49:33","2024-10-12T17:49:34","2024-10-12T17:49:34",1,25]
[61127,"F56-000270",64,"CC",1,1964,"N","2024-10-13T07:42:52","2024-10-13T07:42:54","2024-10-13T07:42:54",1,64]
[61128,"F56-000271",100,"CC",1,1967,"N","2024-10-13T09:43:09","2024-10-13T09:43:11","2024-10-13T09:43:11",1,100]
[61129,"F56-000272",25,"CC",5,1956,"N","2024-10-13T11:30:52","2024-10-13T11:30:54","2024-10-13T11:30:54",1,25]
[61130,"F56-000273",164,"CC",1,1964,"N","2024-10-13T12:40:37","2024-10-13T12:40:39","2024-10-13T12:40:39",1,164]
[61131,"F56-000274",50,"CC",1,1978,"N","2024-10-13T13:47:54","2024-10-13T13:47:56","2024-10-13T13:47:56",1,50]
[61132,"F56-000275",64,"CC",1,1964,"N","2024-10-13T13:59:00","2024-10-13T13:59:02","2024-10-13T13:59:02",1,64]
[61133,"F56-000276",50,"CC",1,1958,"N","2024-10-13T14:58:00","2024-10-13T14:58:02","2024-10-13T14:58:02",1,50]
[61134,"F56-000277",25,"CC",1,1966,"N","2024-10-13T15:21:29","2024-10-13T15:21:31","2024-10-13T15:21:31",1,25]
[61135,"F56-000278",79.790000000000006,"CC",1,1979,"N","2024-10-13T16:13:17","2024-10-13T16:13:18","2024-10-13T16:13:18",1,79.790000000000006]
[61136,"EF56-000100",19.79,"Personal Check",1,1979,"N","2024-10-08","2024-10-13T17:52:36","2024-10-13T17:52:36",1,"None. Donation by check."]
[61137,"EF56-000101",570,"Personal Check",1,1957,"N","2024-10-08","2024-10-13T17:54:20","2024-10-13T17:54:20",1,"None. Donation by check."]
[61138,"EF56-000102",25,"Personal Check",1,1968,"N","2024-10-08","2024-10-13T17:57:33","2024-10-13T17:57:33",1,"None. Donation by check."]
[61139,"EF56-000103",20,"Personal Check",1,1959,"N","2024-10-08","2024-10-13T17:58:56","2024-10-13T17:58:56",1,"None. Donation by check."]
[61140,"EF56-000104",40,"Personal Check",1,1966,"N","2024-10-08","2024-10-13T18:00:36","2024-10-13T18:00:36",1,"None. Donation by check."]
[61141,"EF56-000105",50,"Personal Check",1,1949,"N","2024-10-08","2024-10-13T18:01:49","2024-10-13T18:01:49",1,"None. Donation by check."]
[61142,"EF56-000106",58,"Personal Check",1,1958,"N","2024-10-08","2024-10-13T18:03:12","2024-10-13T18:03:12",1,"None. Donation by check."]
[61143,"EF56-000107",50,"Personal Check",1,1956,"N","2024-10-09","2024-10-13T18:04:54","2024-10-13T18:04:54",1,"None. Donation by check."]
[61144,"F56-000279",25,"CC",1,1964,"N","2024-10-13T18:26:13","2024-10-13T18:26:14","2024-10-13T18:26:14",1,25]
[61145,"EF56-000108",5,"PayPal",1,1978,"N","2024-10-06","2024-10-13T18:38:54","2024-10-13T18:38:54",1,"None. Donation by check."]
[61146,"EF56-000109",100,"PayPal",1,1958,"N","2024-10-07","2024-10-13T18:40:34","2024-10-13T18:40:34",1,"None. Donation by check."]
[61147,"EF56-000110",100,"PayPal",1,1960,"N","2024-10-07","2024-10-13T18:41:21","2024-10-13T18:41:21",1,"None. Donation by check."]
[61148,"EF56-000111",50,"PayPal",1,1969,"N","2024-10-07","2024-10-13T18:42:25","2024-10-13T18:42:25",1,"None. Donation by check."]
[61149,"EF56-000112",19.79,"PayPal",1,1979,"N","2024-10-07","2024-10-13T18:43:47","2024-10-13T18:43:47",1,"None. Donation by check."]
[61150,"EF56-000113",40,"PayPal",1,1965,"N","2024-10-07","2024-10-13T18:44:38","2024-10-13T18:44:38",1,"None. Donation by check."]
[61151,"EF56-000114",19.89,"PayPal",1,1989,"N","2024-10-08","2024-10-13T18:45:33","2024-10-13T18:45:33",1,"None. Donation by check."]
[61152,"EF56-000115",50,"PayPal",2,2016,"N","2024-10-08","2024-10-13T18:46:46","2024-10-13T20:07:45",1,"None. Donation by check."]
[61153,"F56-000280",100,"CC",1,1964,"N","2024-10-13T19:03:08","2024-10-13T19:03:10","2024-10-13T19:03:10",1,100]
[61154,"EF56-000116",100,"PayPal",1,1967,"N","2024-10-08","2024-10-13T19:56:11","2024-10-13T19:56:11",1,"None. Donation by check."]
[61155,"EF56-000117",50,"PayPal",1,1989,"N","2024-10-08","2024-10-13T19:57:29","2024-10-13T19:57:29",1,"None. Donation by check."]
[61156,"EF56-000118",100,"Personal Check",4,null,"N","2024-10-08","2024-10-13T19:59:19","2024-10-13T19:59:19",1,"None. Donation by check."]
[61157,"EF56-000119",50,"PayPal",1,1975,"N","2024-10-08","2024-10-13T20:01:42","2024-10-13T20:01:42",1,"None. Donation by check."]
[61158,"EF56-000120",64,"PayPal",1,1964,"N","2024-10-08","2024-10-13T20:03:38","2024-10-13T20:03:38",1,"None. Donation by check."]
[61159,"EF56-000121",100,"PayPal",1,1977,"N","2024-10-08","2024-10-13T20:05:00","2024-10-13T20:05:00",1,"None. Donation by check."]
[61160,"EF56-000122",50,"PayPal",1,1975,"N","2024-10-08","2024-10-13T20:07:02","2024-10-13T20:07:02",1,"None. Donation by check."]
[61161,"EF56-000123",100,"PayPal",1,1959,"N","2024-10-08","2024-10-13T20:35:42","2024-10-13T20:35:42",1,"None. Donation by check."]
[61162,"EF56-000124",19.79,"PayPal",1,1979,"N","2024-10-08","2024-10-13T20:37:04","2024-10-13T20:37:04",1,"None. Donation by check."]
[61163,"EF56-000125",19.79,"PayPal",1,1979,"N","2024-10-08","2024-10-13T20:38:09","2024-10-13T20:38:09",1,"None. Donation by check."]
[61164,"EF56-000126",30,"PayPal",1,1966,"N","2024-10-08","2024-10-13T20:39:22","2024-10-13T20:39:22",1,"None. Donation by check."]
[61165,"EF56-000127",15,"PayPal",1,1969,"N","2024-10-08","2024-10-13T20:40:20","2024-10-13T20:40:20",1,"None. Donation by check."]
[61166,"EF56-000128",100,"PayPal",1,1978,"N","2024-10-08","2024-10-13T21:12:09","2024-10-13T21:12:09",1,"None. Donation by check."]
[61167,"EF56-000129",5,"PayPal",1,1956,"N","2024-10-09","2024-10-13T21:12:57","2024-10-13T21:12:57",1,"None. Donation by check."]
[61168,"EF56-000130",100,"PayPal",1,1966,"N","2024-10-09","2024-10-13T21:14:29","2024-10-13T21:14:50",1,"None. Donation by check."]
[61169,"EF56-000131",50,"PayPal",1,1995,"N","2024-10-09","2024-10-13T21:16:02","2024-10-13T21:16:02",1,"None. Donation by check."]
[61170,"EF56-000132",50,"PayPal",1,1975,"N","2024-10-09","2024-10-13T21:17:06","2024-10-13T21:17:06",1,"None. Donation by check."]
[61171,"EF56-000133",10,"PayPal",1,1981,"N","2024-10-11","2024-10-13T21:17:58","2024-10-13T21:17:58",1,"None. Donation by check."]
[61172,"EF56-000134",75,"PayPal",1,1975,"N","2024-10-11","2024-10-13T21:19:14","2024-10-13T21:19:35",1,"None. Donation by check."]
[61173,"EF56-000135",10,"PayPal",1,1966,"N","2024-10-11","2024-10-13T21:23:20","2024-10-13T21:23:20",1,"None. Donation by check."]
[61174,"EF56-000136",64,"PayPal",1,1964,"N","2024-10-12","2024-10-13T21:24:54","2024-10-13T21:24:54",1,"None. Donation by check."]
[61175,"EF56-000137",64,"PayPal",1,1964,"N","2024-10-12","2024-10-13T21:25:38","2024-10-13T21:25:38",1,"None. Donation by check."]
[61176,"EF56-000138",64,"PayPal",1,1964,"N","2024-10-12","2024-10-13T21:26:19","2024-10-13T21:26:19",1,"None. Donation by check."]
[61177,"EF56-000139",100,"PayPal",1,1969,"N","2024-10-13","2024-10-13T21:28:03","2024-10-13T21:28:03",1,"None. Donation by check."]
[61178,"F56-000281",64.64,"CC",1,1964,"N","2024-10-13T22:18:06","2024-10-13T22:18:08","2024-10-13T22:18:08",1,64.64]
[61179,"F56-000282",64,"CC",1,1964,"N","2024-10-14T08:21:16","2024-10-14T08:21:18","2024-10-14T08:21:18",1,64]
[61180,"F56-000283",64,"CC",1,1964,"N","2024-10-14T08:43:36","2024-10-14T08:43:37","2024-10-14T08:43:37",1,64]
[61181,"F56-000284",200,"CC",4,null,"N","2024-10-14T11:20:18","2024-10-14T11:20:20","2024-10-14T11:20:20",1,200]
[61182,"F56-000285",50,"CC",1,1957,"N","2024-10-14T12:42:09","2024-10-14T12:42:10","2024-10-14T12:42:10",1,50]
[61183,"F56-000286",79,"CC",1,1979,"N","2024-10-14T12:44:23","2024-10-14T12:44:25","2024-10-14T12:44:25",1,79]
[61184,"F56-000287",50,"CC",1,1964,"N","2024-10-14T12:48:10","2024-10-14T12:48:11","2024-10-14T12:48:11",1,50]
[61185,"F56-000288",9.64,"CC",1,1964,"N","2024-10-14T12:49:27","2024-10-14T12:49:29","2024-10-14T12:49:29",1,9.64]
[61186,"F56-000289",250,"CC",1,1978,"N","2024-10-14T12:49:54","2024-10-14T12:49:56","2024-10-14T12:49:56",1,250]
[61187,"F56-000290",19.77,"CC",1,1977,"N","2024-10-14T12:50:13","2024-10-14T12:50:14","2024-10-14T12:50:14",1,19.77]
[61188,"F56-000291",25,"CC",1,1958,"N","2024-10-14T12:50:14","2024-10-14T12:50:16","2024-10-14T12:50:16",1,25]
[61189,"F56-000292",64.64,"CC",1,1964,"N","2024-10-14T12:53:20","2024-10-14T12:53:21","2024-10-14T12:53:21",1,64.64]
[61190,"F56-000293",50,"CC",1,1977,"N","2024-10-14T12:53:21","2024-10-14T12:53:22","2024-10-14T12:53:22",1,50]
[61191,"F56-000294",500,"CC",5,1959,"N","2024-10-14T12:54:29","2024-10-14T12:54:31","2024-10-14T12:54:31",1,500]
[61192,"F56-000295",100,"CC",1,1966,"N","2024-10-14T12:55:37","2024-10-14T12:55:39","2024-10-14T12:55:39",1,100]
[61193,"F56-000296",19.63,"CC",null,1963,"N","2024-10-14T12:57:18","2024-10-14T12:57:19","2024-10-14T12:57:19",1,19.63]
[61194,"F56-000297",100,"CC",1,1977,"N","2024-10-14T12:59:52","2024-10-14T12:59:53","2024-10-14T12:59:53",1,100]
[61195,"F56-000298",500,"CC",2,2015,"N","2024-10-14T13:01:09","2024-10-14T13:01:10","2024-10-14T13:01:10",1,500]
[61196,"F56-000299",164,"CC",1,1964,"N","2024-10-14T13:03:32","2024-10-14T13:03:36","2024-10-14T13:03:36",1,164]
[61197,"F56-000300",100,"CC",1,1964,"N","2024-10-14T13:05:31","2024-10-14T13:05:32","2024-10-14T13:05:32",1,100]
[61198,"F56-000301",100,"CC",1,1965,"N","2024-10-14T13:05:43","2024-10-14T13:05:44","2024-10-14T13:05:44",1,100]
[61199,"F56-000302",3,"CC",1,1975,"N","2024-10-14T13:05:43","2024-10-14T13:05:44","2024-10-14T13:05:44",1,3]
[61200,"F56-000303",100,"CC",1,1965,"N","2024-10-14T13:10:41","2024-10-14T13:10:42","2024-10-14T13:10:42",1,100]
[61201,"F56-000304",100,"CC",1,1978,"N","2024-10-14T13:10:52","2024-10-14T13:10:54","2024-10-14T13:10:54",1,100]
[61202,"F56-000305",50,"CC",1,1958,"N","2024-10-14T13:14:24","2024-10-14T13:14:25","2024-10-14T13:14:25",1,50]
[61203,"F56-000306",100,"CC",1,1958,"N","2024-10-14T13:16:01","2024-10-14T13:16:03","2024-10-14T13:16:03",1,100]
[61204,"F56-000307",50,"CC",1,1978,"N","2024-10-14T13:17:43","2024-10-14T13:17:45","2024-10-14T13:17:45",1,50]
[61205,"F56-000308",100,"CC",1,1965,"N","2024-10-14T13:18:26","2024-10-14T13:18:27","2024-10-14T13:18:27",1,100]
[61206,"F56-000309",100,"CC",1,1978,"N","2024-10-14T13:21:45","2024-10-14T13:21:46","2024-10-14T13:21:46",1,100]
[61207,"F56-000310",19.77,"CC",1,1977,"N","2024-10-14T13:27:07","2024-10-14T13:27:09","2024-10-14T13:27:09",1,19.77]
[61208,"F56-000311",100,"CC",1,1968,"N","2024-10-14T13:28:30","2024-10-14T13:28:31","2024-10-14T13:28:31",1,100]
[61209,"F56-000312",50,"CC",1,1960,"N","2024-10-14T13:31:47","2024-10-14T13:31:48","2024-10-14T13:31:48",1,50]
[61210,"F56-000313",50,"CC",1,1975,"N","2024-10-14T13:34:35","2024-10-14T13:34:37","2024-10-14T13:34:37",1,50]
[61211,"F56-000314",60,"CC",1,1966,"N","2024-10-14T13:39:37","2024-10-14T13:39:39","2024-10-14T13:39:39",1,60]
[61212,"F56-000315",25,"CC",4,1978,"N","2024-10-14T13:39:38","2024-10-14T13:39:39","2024-10-14T13:39:39",1,25]
[61213,"F56-000316",50,"CC",1,1980,"N","2024-10-14T13:43:16","2024-10-14T13:43:18","2024-10-14T13:43:18",1,50]
[61214,"F56-000317",50,"CC",1,1964,"N","2024-10-14T13:45:48","2024-10-14T13:45:50","2024-10-14T13:45:50",1,50]
[61215,"F56-000318",100,"CC",1,1979,"N","2024-10-14T13:52:18","2024-10-14T13:52:20","2024-10-14T13:52:20",1,100]
[61216,"F56-000319",50,"CC",1,1979,"N","2024-10-14T13:54:16","2024-10-14T13:54:18","2024-10-14T13:54:18",1,50]
[61217,"F56-000320",100,"CC",5,1948,"N","2024-10-14T13:56:12","2024-10-14T13:56:13","2024-10-14T13:56:13",1,100]
[61218,"F56-000321",25,"CC",1,1977,"N","2024-10-14T13:57:18","2024-10-14T13:57:19","2024-10-14T13:57:19",1,25]
[61219,"F56-000322",64,"CC",1,1964,"N","2024-10-14T14:01:03","2024-10-14T14:01:04","2024-10-14T14:01:04",1,64]
[61220,"F56-000323",50,"CC",1,1968,"N","2024-10-14T14:03:31","2024-10-14T14:03:33","2024-10-14T14:03:33",1,50]
[61221,"F56-000324",197.7,"CC",1,1977,"N","2024-10-14T14:03:38","2024-10-14T14:03:39","2024-10-14T14:03:39",1,197.7]
[61222,"F56-000325",64,"CC",1,1964,"N","2024-10-14T14:04:12","2024-10-14T14:04:14","2024-10-14T14:04:14",1,64]
[61223,"F56-000326",50,"CC",1,1979,"N","2024-10-14T14:06:40","2024-10-14T14:06:41","2024-10-14T14:06:41",1,50]
[61224,"F56-000327",25,"CC",1,1963,"N","2024-10-14T14:11:12","2024-10-14T14:11:13","2024-10-14T14:11:13",1,25]
[61225,"F56-000328",250,"CC",1,1969,"N","2024-10-14T14:11:36","2024-10-14T14:11:38","2024-10-14T14:11:38",1,250]
[61226,"F56-000329",50,"CC",5,1967,"N","2024-10-14T14:16:54","2024-10-14T14:16:55","2024-10-14T14:16:55",1,50]
[61227,"F56-000330",64,"CC",1,1964,"N","2024-10-14T14:20:04","2024-10-14T14:20:06","2024-10-14T14:20:06",1,64]
[61228,"F56-000331",50,"CC",1,1968,"N","2024-10-14T14:23:06","2024-10-14T14:23:07","2024-10-14T14:23:07",1,50]
[61229,"F56-000332",100,"CC",1,1963,"N","2024-10-14T14:24:23","2024-10-14T14:24:25","2024-10-14T14:24:25",1,100]
[61230,"F56-000333",25,"CC",1,1976,"N","2024-10-14T14:25:19","2024-10-14T14:25:20","2024-10-14T14:25:20",1,25]
[61231,"F56-000334",25,"CC",1,1979,"N","2024-10-14T14:28:05","2024-10-14T14:28:06","2024-10-14T14:28:06",1,25]
[61232,"F56-000335",100,"CC",1,1968,"N","2024-10-14T14:29:06","2024-10-14T14:29:07","2024-10-14T14:29:07",1,100]
[61233,"F56-000336",100,"CC",1,1968,"N","2024-10-14T14:29:28","2024-10-14T14:29:29","2024-10-14T14:29:29",1,100]
[61234,"F56-000337",200,"CC",1,1960,"N","2024-10-14T14:31:28","2024-10-14T14:31:30","2024-10-14T14:31:30",1,200]
[61235,"F56-000338",100,"CC",1,1979,"N","2024-10-14T14:36:23","2024-10-14T14:36:25","2024-10-14T14:36:25",1,100]
[61236,"F56-000339",25,"CC",1,1979,"N","2024-10-14T14:37:06","2024-10-14T14:37:07","2024-10-14T14:37:07",1,25]
[61237,"F56-000340",100,"CC",1,1966,"N","2024-10-14T14:42:50","2024-10-14T14:42:51","2024-10-14T14:42:51",1,100]
[61238,"F56-000341",64,"CC",1,1964,"N","2024-10-14T14:51:06","2024-10-14T14:51:07","2024-10-14T14:51:07",1,64]
[61239,"F56-000342",100,"CC",1,1969,"N","2024-10-14T14:52:07","2024-10-14T14:52:08","2024-10-14T14:52:08",1,100]
[61240,"F56-000343",19.79,"CC",1,1979,"N","2024-10-14T14:53:40","2024-10-14T14:53:41","2024-10-14T14:53:41",1,19.79]
[61241,"F56-000344",100,"CC",1,1975,"N","2024-10-14T14:55:07","2024-10-14T14:55:08","2024-10-14T14:55:08",1,100]
[61242,"F56-000345",75,"CC",1,1975,"N","2024-10-14T14:59:05","2024-10-14T14:59:06","2024-10-14T14:59:06",1,75]
[61243,"F56-000346",50,"CC",1,1967,"N","2024-10-14T15:21:08","2024-10-14T15:21:09","2024-10-14T15:21:09",1,50]
[61244,"F56-000347",75,"CC",1,1975,"N","2024-10-14T15:21:56","2024-10-14T15:21:58","2024-10-14T15:21:58",1,75]
[61245,"F56-000348",100,"CC",1,1980,"N","2024-10-14T15:23:10","2024-10-14T15:23:11","2024-10-14T15:23:11",1,100]
[61246,"F56-000349",25,"CC",1,1976,"N","2024-10-14T15:34:54","2024-10-14T15:34:55","2024-10-14T15:34:55",1,25]
[61247,"F56-000350",100,"CC",1,1965,"N","2024-10-14T15:37:48","2024-10-14T15:37:49","2024-10-14T15:37:49",1,100]
[61248,"F56-000351",19.79,"CC",1,1979,"N","2024-10-14T15:44:33","2024-10-14T15:44:34","2024-10-14T15:44:34",1,19.79]
[61249,"F56-000352",50,"CC",1,1956,"N","2024-10-14T15:46:31","2024-10-14T15:46:33","2024-10-14T15:46:33",1,50]
[61250,"F56-000353",100,"CC",5,1956,"N","2024-10-14T15:46:41","2024-10-14T15:46:43","2024-10-14T15:46:43",1,100]
[61251,"F56-000354",50,"CC",1,1969,"N","2024-10-14T15:50:28","2024-10-14T15:50:29","2024-10-14T15:50:29",1,50]
[61252,"F56-000355",100,"CC",1,1966,"N","2024-10-14T16:00:57","2024-10-14T16:00:58","2024-10-14T16:00:58",1,100]
[61253,"F56-000356",100,"CC",2,2001,"N","2024-10-14T16:01:20","2024-10-14T16:01:22","2024-10-14T16:01:22",1,100]
[61254,"F56-000357",200,"CC",1,1964,"N","2024-10-14T16:41:50","2024-10-14T16:41:51","2024-10-14T16:41:51",1,200]
[61255,"F56-000358",19.79,"CC",6,1979,"N","2024-10-14T16:53:09","2024-10-14T16:53:11","2024-10-14T16:53:11",1,19.79]
[61256,"F56-000359",20,"CC",1,1978,"N","2024-10-14T16:54:27","2024-10-14T16:54:29","2024-10-14T16:54:29",1,20]
[61257,"F56-000360",25,"CC",1,1978,"N","2024-10-14T16:55:47","2024-10-14T16:55:48","2024-10-14T16:55:48",1,25]
[61258,"F56-000361",100,"CC",1,1956,"N","2024-10-14T17:06:57","2024-10-14T17:06:58","2024-10-14T17:06:58",1,100]
[61259,"F56-000362",100,"CC",5,1964,"N","2024-10-14T17:07:38","2024-10-14T17:07:39","2024-10-14T17:07:39",1,100]
[61260,"F56-000363",50,"CC",1,1966,"N","2024-10-14T18:05:56","2024-10-14T18:05:58","2024-10-14T18:05:58",1,50]
[61261,"F56-000364",64,"CC",1,1964,"N","2024-10-14T18:13:52","2024-10-14T18:13:54","2024-10-14T18:13:54",1,64]
[61262,"F56-000365",50,"CC",1,1969,"N","2024-10-14T18:17:18","2024-10-14T18:17:19","2024-10-14T18:17:19",1,50]
[61263,"F56-000366",100,"CC",1,1958,"N","2024-10-14T19:04:18","2024-10-14T19:04:20","2024-10-14T19:04:20",1,100]
[61264,"F56-000367",25,"CC",1,1977,"N","2024-10-14T19:11:29","2024-10-14T19:11:31","2024-10-14T19:11:31",1,25]
[61265,"F56-000368",64,"CC",5,1964,"N","2024-10-14T20:34:38","2024-10-14T20:34:39","2024-10-14T20:34:39",1,64]
[61266,"F56-000369",25,"CC",1,1968,"N","2024-10-14T20:44:33","2024-10-14T20:44:34","2024-10-14T20:44:34",1,25]
[61267,"F56-000370",50,"CC",1,1969,"N","2024-10-14T20:50:11","2024-10-14T20:50:13","2024-10-14T20:50:13",1,50]
[61268,"F56-000371",100,"CC",1,1977,"N","2024-10-14T20:52:36","2024-10-14T20:52:38","2024-10-14T20:52:38",1,100]
[61269,"F56-000372",50,"CC",1,1948,"N","2024-10-14T21:03:46","2024-10-14T21:03:47","2024-10-14T21:03:47",1,50]
[61270,"F56-000373",250,"CC",7,1969,"N","2024-10-14T21:26:27","2024-10-14T21:26:29","2024-10-14T21:26:29",1,250]
[61271,"F56-000374",100,"CC",5,1964,"N","2024-10-14T21:27:58","2024-10-14T21:28:00","2024-10-14T21:28:00",1,100]
[61272,"F56-000375",19.79,"CC",1,1979,"N","2024-10-14T21:51:34","2024-10-14T21:51:36","2024-10-14T21:51:36",1,19.79]
[61273,"F56-000376",66,"CC",1,1966,"N","2024-10-14T22:27:20","2024-10-14T22:27:22","2024-10-14T22:27:22",1,66]
[61274,"F56-000377",50,"CC",1,1977,"N","2024-10-15T01:03:06","2024-10-15T01:03:08","2024-10-15T01:03:08",1,50]
[61275,"F56-000378",100,"CC",1,1984,"N","2024-10-15T05:20:43","2024-10-15T05:20:45","2024-10-15T05:20:45",1,100]
[61276,"F56-000379",25,"CC",1,1979,"N","2024-10-15T05:41:15","2024-10-15T05:41:16","2024-10-15T05:41:16",1,25]
[61277,"F56-000380",1000,"CC",null,1958,"N","2024-10-15T06:56:26","2024-10-15T06:56:28","2024-10-15T06:56:28",1,1000]
[61278,"F56-000381",79,"CC",1,1979,"N","2024-10-15T07:16:21","2024-10-15T07:16:23","2024-10-15T07:16:23",1,79]
[61279,"F56-000382",100,"CC",1,1964,"N","2024-10-15T08:50:46","2024-10-15T08:50:47","2024-10-15T08:50:47",1,100]
[61280,"F56-000383",100,"CC",1,1968,"N","2024-10-15T09:10:01","2024-10-15T09:10:03","2024-10-15T09:10:03",1,100]
[61281,"F56-000384",100,"CC",1,1994,"N","2024-10-15T09:16:56","2024-10-15T09:16:58","2024-10-15T09:16:58",1,100]
[61282,"F56-000385",25,"CC",1,1982,"N","2024-10-15T10:36:34","2024-10-15T10:36:36","2024-10-15T10:36:36",1,25]
[61283,"F56-000386",50,"CC",1,1975,"N","2024-10-15T11:00:04","2024-10-15T11:00:06","2024-10-15T11:00:06",1,50]
[61284,"F56-000387",100,"CC",1,1957,"N","2024-10-15T12:46:18","2024-10-15T12:46:20","2024-10-15T12:46:20",1,100]
[61285,"F56-000388",50,"CC",1,1963,"N","2024-10-15T14:20:10","2024-10-15T14:20:12","2024-10-15T14:20:12",1,50]
[61286,"F56-000389",200,"CC",1,1963,"N","2024-10-15T14:40:04","2024-10-15T14:40:05","2024-10-15T14:40:05",1,200]
[61287,"F56-000390",50,"CC",2,2020,"N","2024-10-15T14:43:27","2024-10-15T14:43:28","2024-10-15T14:43:28",1,50]
[61288,"F56-000391",50,"CC",1,1966,"N","2024-10-15T15:08:09","2024-10-15T15:08:11","2024-10-15T15:08:11",1,50]
[61289,"F56-000392",25,"CC",1,1956,"N","2024-10-15T15:15:14","2024-10-15T15:15:15","2024-10-15T15:15:15",1,25]
[61290,"F56-000393",19.77,"CC",1,1977,"N","2024-10-15T16:07:23","2024-10-15T16:07:25","2024-10-15T16:07:25",1,19.77]
[61291,"F56-000394",50,"CC",5,1958,"N","2024-10-15T16:15:20","2024-10-15T16:15:22","2024-10-15T16:15:22",1,50]
[61292,"F56-000395",75,"CC",8,2012,"N","2024-10-15T16:43:35","2024-10-15T16:43:36","2024-10-15T16:43:36",1,75]
[61293,"F56-000396",64,"CC",1,1964,"N","2024-10-15T17:12:36","2024-10-15T17:12:38","2024-10-15T17:12:38",1,64]
[61294,"F56-000397",50,"CC",1,1959,"N","2024-10-15T19:42:56","2024-10-15T19:42:58","2024-10-15T19:42:58",1,50]
[61295,"F56-000398",75,"CC",1,1960,"N","2024-10-15T21:13:34","2024-10-15T21:13:35","2024-10-15T21:13:35",1,75]
[61296,"F56-000399",100,"CC",null,1960,"N","2024-10-15T23:40:00","2024-10-15T23:40:01","2024-10-15T23:40:01",1,100]
[61297,"F56-000400",25.69,"CC",1,1969,"N","2024-10-16T07:12:58","2024-10-16T07:13:00","2024-10-16T07:13:00",1,25.69]
[61298,"F56-000401",100,"CC",1,1960,"N","2024-10-16T07:37:05","2024-10-16T07:37:06","2024-10-16T07:37:06",1,100]
[61299,"F56-000402",19.79,"CC",1,1979,"N","2024-10-16T08:39:56","2024-10-16T08:39:57","2024-10-16T08:39:57",1,19.79]
[61300,"F56-000403",19.79,"CC",1,1979,"N","2024-10-16T08:56:18","2024-10-16T08:56:20","2024-10-16T08:56:20",1,19.79]
[61301,"F56-000404",79,"CC",1,1979,"N","2024-10-16T09:03:08","2024-10-16T09:03:10","2024-10-16T09:03:10",1,79]
[61302,"F56-000405",64,"CC",1,1964,"N","2024-10-16T09:09:08","2024-10-16T09:09:10","2024-10-16T09:09:10",1,64]
[61303,"F56-000406",19.79,"CC",1,1979,"N","2024-10-16T09:11:27","2024-10-16T09:11:28","2024-10-16T09:11:28",1,19.79]
[61304,"F56-000407",19.79,"CC",1,1979,"N","2024-10-16T09:28:09","2024-10-16T09:28:11","2024-10-16T09:28:11",1,19.79]
[61305,"F56-000408",100,"CC",1,1967,"N","2024-10-16T09:28:34","2024-10-16T09:28:36","2024-10-16T09:28:36",1,100]
[61306,"F56-000409",19.79,"CC",1,1979,"N","2024-10-16T09:42:49","2024-10-16T09:42:51","2024-10-16T09:42:51",1,19.79]
[61307,"F56-000410",19.79,"CC",1,1979,"N","2024-10-16T09:51:28","2024-10-16T09:51:30","2024-10-16T09:51:30",1,19.79]
[61308,"F56-000411",60,"CC",1,1960,"N","2024-10-16T10:33:17","2024-10-16T10:33:22","2024-10-16T10:33:22",1,60]
[61309,"F56-000412",519.79,"CC",1,1979,"N","2024-10-16T10:40:27","2024-10-16T10:40:29","2024-10-16T10:40:29",1,519.79]
[61310,"F56-000413",30,"CC",1,1979,"N","2024-10-16T10:45:20","2024-10-16T10:45:21","2024-10-16T10:45:21",1,30]
[61311,"F56-000414",75,"CC",1,1960,"N","2024-10-16T11:44:54","2024-10-16T11:44:55","2024-10-16T11:44:55",1,75]
[61312,"EF56-000140",51,"Personal Check",1,1951,"N","2024-10-09","2024-10-16T11:46:24","2024-10-16T11:46:24",1,"None. Donation by check."]
[61313,"EF56-000141",50,"Personal Check",1,1966,"N","2024-10-09","2024-10-16T11:47:55","2024-10-16T11:47:55",1,"None. Donation by check."]
[61314,"EF56-000142",100,"Personal Check",1,1957,"N","2024-10-08","2024-10-16T11:52:26","2024-10-16T11:52:26",1,"None. Donation by check."]
[61315,"EF56-000143",25,"Personal Check",7,null,"N","2024-10-11","2024-10-16T11:57:21","2024-10-16T11:57:21",1,"None. Donation by check."]
[61316,"EF56-000144",128.63999999999999,"Personal Check",1,1964,"N","2024-10-08","2024-10-16T11:59:07","2024-10-16T11:59:07",1,"None. Donation by check."]
[61317,"EF56-000145",50,"Personal Check",1,1951,"N","2024-10-09","2024-10-16T12:01:10","2024-10-16T12:01:10",1,"None. Donation by check."]
[61318,"EF56-000146",50,"Personal Check",1,1975,"N","2024-10-10","2024-10-16T12:05:32","2024-10-16T12:06:29",1,"None. Donation by check."]
[61319,"EF56-000147",100,"Personal Check",1,1960,"N","2024-10-08","2024-10-16T12:22:22","2024-10-16T12:22:22",1,"None. Donation by check."]
[61320,"EF56-000148",100,"Personal Check",1,1979,"N","2024-10-08","2024-10-16T12:24:54","2024-10-16T12:24:54",1,"None. Donation by check."]
[61321,"F56-000415",100,"CC",1,1992,"N","2024-10-16T12:27:41","2024-10-16T12:27:43","2024-10-16T12:27:43",1,100]
[61322,"EF56-000149",50,"Personal Check",1,1979,"N","2024-10-08","2024-10-16T12:28:57","2024-10-16T12:28:57",1,"None. Donation by check."]
[61323,"EF56-000150",50,"Personal Check",1,1964,"N","2024-10-09","2024-10-16T12:31:17","2024-10-16T12:31:17",1,"None. Donation by check."]
[61324,"F56-000416",64,"CC",1,1964,"N","2024-10-16T13:11:05","2024-10-16T13:11:06","2024-10-16T13:11:06",1,64]
[61325,"F56-000417",19.79,"CC",1,1979,"N","2024-10-16T13:36:17","2024-10-16T13:36:18","2024-10-16T13:36:18",1,19.79]
[61326,"F56-000418",64,"CC",1,1964,"N","2024-10-16T14:15:51","2024-10-16T14:15:53","2024-10-16T14:15:53",1,64]
[61327,"F56-000419",50,"CC",1,1979,"N","2024-10-16T14:40:11","2024-10-16T14:40:12","2024-10-16T14:40:12",1,50]
[61328,"F56-000420",79,"CC",1,1979,"N","2024-10-16T14:48:45","2024-10-16T14:48:47","2024-10-16T14:48:47",1,79]
[61329,"F56-000421",100,"CC",1,1979,"N","2024-10-16T16:01:25","2024-10-16T16:01:27","2024-10-16T16:01:27",1,100]
[61330,"F56-000422",100,"CC",1,1968,"N","2024-10-16T17:06:42","2024-10-16T17:06:43","2024-10-16T17:06:43",1,100]
[61331,"F56-000423",50,"CC",1,1979,"N","2024-10-16T18:06:28","2024-10-16T18:06:29","2024-10-16T18:06:29",1,50]
[61332,"F56-000424",71.25,"CC",1,1979,"N","2024-10-16T18:34:26","2024-10-16T18:34:28","2024-10-16T18:34:28",1,71.25]
[61333,"F56-000425",77,"CC",1,1977,"N","2024-10-16T18:35:17","2024-10-16T18:35:20","2024-10-16T18:35:20",1,77]
[61334,"F56-000426",19.79,"CC",1,1979,"N","2024-10-16T19:02:06","2024-10-16T19:02:07","2024-10-16T19:02:07",1,19.79]
[61335,"F56-000427",77,"CC",6,1977,"N","2024-10-16T19:17:28","2024-10-16T19:17:30","2024-10-16T19:17:30",1,77]
[61336,"F56-000428",50,"CC",1,1969,"N","2024-10-16T20:53:24","2024-10-16T20:53:26","2024-10-16T20:53:26",1,50]
[61337,"F56-000429",87,"CC",1,1987,"N","2024-10-16T20:56:06","2024-10-16T20:56:08","2024-10-16T20:56:08",1,87]
[61338,"F56-000430",50,"CC",1,1977,"N","2024-10-16T21:16:51","2024-10-16T21:16:52","2024-10-16T21:16:52",1,50]
[61339,"F56-000431",19.77,"CC",1,1977,"N","2024-10-16T21:57:13","2024-10-16T21:57:15","2024-10-16T21:57:15",1,19.77]
[61340,"F56-000432",250,"CC",1,1977,"N","2024-10-17T03:58:55","2024-10-17T03:58:56","2024-10-17T03:58:56",1,250]
[61341,"EF56-000151",100,"Personal Check",1,1959,"N","2024-10-08","2024-10-17T09:42:32","2024-10-17T09:42:32",1,"None. Donation by check."]
[61342,"EF56-000152",10,"PayPal",1,1987,"N","2024-10-14","2024-10-17T09:52:09","2024-10-17T09:52:09",1,"None. Donation by check."]
[61343,"EF56-000153",50,"PayPal",1,1965,"N","2024-10-14","2024-10-17T09:54:53","2024-10-17T09:54:53",1,"None. Donation by check."]
[61344,"EF56-000154",100,"PayPal",1,1968,"N","2024-10-14","2024-10-17T09:55:57","2024-10-17T09:55:57",1,"None. Donation by check."]
[61345,"EF56-000155",19.78,"PayPal",1,1978,"N","2024-10-14","2024-10-17T10:07:19","2024-10-17T10:07:19",1,"None. Donation by check."]
[61346,"EF56-000156",25,"PayPal",1,1963,"N","2024-10-14","2024-10-17T10:09:16","2024-10-17T10:09:16",1,"None. Donation by check."]
[61347,"EF56-000157",40,"PayPal",1,1967,"N","2024-10-14","2024-10-17T10:11:17","2024-10-17T10:11:17",1,"None. Donation by check."]
[61348,"EF56-000158",19.89,"PayPal",1,1989,"N","2024-10-14","2024-10-17T10:12:15","2024-10-17T10:12:15",1,"None. Donation by check."]
[61349,"EF56-000159",19.68,"PayPal",1,1968,"N","2024-10-14","2024-10-17T10:13:14","2024-10-17T10:13:57",1,"None. Donation by check."]
[61350,"EF56-000160",25,"PayPal",1,1969,"N","2024-10-14","2024-10-17T10:15:11","2024-10-17T10:15:11",1,"None. Donation by check."]
[61351,"EF56-000161",50,"PayPal",1,1978,"N","2024-10-14","2024-10-17T10:16:30","2024-10-17T10:16:45",1,"None. Donation by check."]
[61352,"EF56-000162",19.89,"PayPal",1,1989,"N","2024-10-14","2024-10-17T10:17:49","2024-10-17T10:18:06",1,"None. Donation by check."]
[61353,"EF56-000163",10,"PayPal",1,1987,"N","2024-10-15","2024-10-17T10:53:28","2024-10-17T10:53:28",1,"None. Donation by check."]
[61354,"EF56-000164",25,"PayPal",1,1958,"N","2024-10-15","2024-10-17T10:54:38","2024-10-17T10:54:38",1,"None. Donation by check."]
[61355,"EF56-000165",65,"PayPal",1,1965,"N","2024-10-15","2024-10-17T10:55:53","2024-10-17T10:55:53",1,"None. Donation by check."]
[61356,"EF56-000166",20,"PayPal",1,1979,"N","2024-10-16","2024-10-17T10:56:50","2024-10-17T10:56:50",1,"None. Donation by check."]
[61357,"EF56-000167",19.79,"PayPal",1,1979,"N","2024-10-16","2024-10-17T10:57:43","2024-10-17T10:57:43",1,"None. Donation by check."]
[61358,"F56-000433",50,"CC",1,1968,"N","2024-10-17T11:15:15","2024-10-17T11:15:17","2024-10-17T11:15:17",1,50]

{"sheet":"Sheet11","index":7,"n_rows":62,"n_cols":1,"rows_kept":62,"cut":false,"hidden":true,"merged":[]}
[1]
[2]
[3]
[4]
[5]
[6]
[7]
[8]
[9]
[10]
[11]
[12]
[13]
[14]
[15]
[16]
[17]
[18]
[19]
[20]
[21]
[22]
[23]
[24]
[25]
[26]
[27]
[28]
[29]
[30]
[31]
[32]
[33]
[34]
[35]
[36]
[37]
[38]
[39]
[40]
[41]
[42]
[43]
[44]
[45]
[46]
[47]
[48]
[49]
[50]
[51]
[52]
[53]
[54]
[55]
[56]
[57]
[58]
[59]
[60]
[61]
[62]