{"text_format":"1","workbook":"xlsx","n_sheets":8,"sheets":["Running Totals","Donation Averages","Income Source Analytics","Donations by Class","Fund Drive Budget History","Tables","Sanitized Raw Data","Sheet11"],"not_rendered":{"charts":10,"images":0,"macros":1,"external_links":0,"defined_names":1,"comments":0,"pivot_tables":1},"unopened":[],"bounds":{"document_bytes":16777216,"sheet_cells":100000,"rows_first":2000,"rows_last":500,"rows_between":2000,"halvings":0,"cell_chars":16384,"cell_head_chars":4096},"cells_cut":0,"cells_raw":0,"read":"whole","date_system":"1900"}

{"sheet":"Running Totals","index":0,"n_rows":0,"n_cols":0,"rows_kept":0,"cut":false,"hidden":false,"merged":[]}

{"sheet":"Donation Averages","index":1,"n_rows":0,"n_cols":0,"rows_kept":0,"cut":false,"hidden":false,"merged":[]}

{"sheet":"Income Source Analytics","index":2,"n_rows":0,"n_cols":0,"rows_kept":0,"cut":false,"hidden":false,"merged":[]}

{"sheet":"Donations by Class","index":3,"n_rows":90,"n_cols":4,"rows_kept":90,"cut":false,"hidden":false,"merged":[]}
[]
[]
[]
[]
[]
[]
[]
[]
[]
[]
[]
[]
[]
[]
[]
[]
[]
[]
[]
[]
[]
[]
[]
[]
[]
[]
[]
[]
[]
[]
[]
[]
[]
[]
[]
[]
[]
[]
[]
[]
["Row Labels","Count of donate_id","Sum of donate_amount","Average of donate_amount2"]
[1948,2,100,50]
[1949,2,150,75]
[1951,3,225,75]
[1955,7,545,77.857142857142861]
[1956,18,335,18.611111111111111]
[1957,9,909,101]
[1958,23,1637.58,71.199130434782603]
[1959,12,684,57]
[1960,3,200,66.666666666666671]
[1962,1,100,100]
[1963,15,686.66,45.777333333333331]
[1964,77,8713.64,113.16415584415584]
[1965,16,1030,64.375]
[1966,50,4553,91.06]
[1967,7,1415,202.14285714285714]
[1968,30,3908,130.26666666666668]
[1969,25,1758.38,70.3352]
[1970,2,235,117.5]
[1971,2,120,60]
[1972,1,100,100]
[1975,20,1435,71.75]
[1976,1,150,150]
[1977,15,929.55,61.97]
[1978,42,2891,68.833333333333329]
[1979,69,3264.97,47.318405797101448]
[1980,9,470,52.222222222222221]
[1981,7,85,12.142857142857142]
[1982,1,198.2,198.2]
[1984,1,50,50]
[1985,7,35,5]
[1986,7,146,20.857142857142858]
[1987,7,70,10]
[1988,1,100,100]
[1989,16,1329.4500000000003,83.090625000000017]
[1996,1,25,25]
[1999,1,100,100]
[2001,1,100,100]
[2005,3,75,25]
[2007,9,210,23.333333333333332]
[2008,1,40,40]
[2009,6,120.54,20.09]
[2010,1,50,50]
[2011,1,100,100]
[2012,3,225,75]
[2013,2,85,42.5]
[2015,1,25,25]
[2016,4,135,33.75]
["(blank)",7,44.79,6.3985714285714286]
["Grand Total",549,39894.759999999995,72.668051001821482]

{"sheet":"Fund Drive Budget History","index":4,"n_rows":47,"n_cols":3,"rows_kept":47,"cut":false,"hidden":false,"merged":[]}
[8,"Fall 2000",68617]
[9,"Spring 2001",102827]
[10,"Fall 2001",95623]
[11,"Spring 2002",111701]
[12,"Fall 2002",106844]
[13,"Spring 2003",102871]
[14,"Fall 2003",98477]
[15,"Spring 2004",108900]
[16,"Fall 2004",113124]
[17,"Spring 2005",118619]
[18,"Fall 2005",111051]
[19,"Spring 2006",113413]
[20,"Fall 2006",95079]
[21,"Spring 2007",103994]
[22,"Fall 2007",116556]
[23,"Spring 2008",107504]
[24,"Fall 2008",108019]
[25,"Spring 2009",113444]
[26,"Fall 2009",109229]
[27,"Spring 2010",98094]
[28,"Fall 2010",96500]
[29,"Spring 2011",104010]
[30,"Fall 2011",98593]
[31,"Spring 2012",104884]
[32,"Fall 2012",117343]
[33,"Spring 2013",104622]
[34,"Fall 2013",97167]
[35,"Spring 2014",99462]
[36,"Fall 2014",98667]
[37,"Spring 2015",101357]
[38,"Fall 2015",99590]
[39,"Spring 2016",89448]
[40,"Fall 2016",95352]
[41,"Spring 2017",96226]
[42,"Fall 2017",92344]
[43,"Spring 2018",96226]
[44,"Fall 2018",74104]
[45,"Spring 2019",74493]
[46,"Fall 2019",75511.820000000007]
[47,"Spring 2020",65854]
[48,"Fall 2020",45171.65]
[49,"Spring 2021",59014]
[50,"Fall 2021",52095]
[51,"Spring 2022",54096]
[52,"Fall 2022",51670]
[53,"Spring 2023",50252]
[54,"Fall 2023",48752]

{"sheet":"Tables","index":5,"n_rows":47,"n_cols":204,"rows_kept":47,"cut":false,"hidden":false,"merged":[[0,164,0,203],[0,0,0,39],[0,41,0,80],[0,82,0,121],[0,123,0,162]]}
["FD55",null,null,null,null,null,null,null,null,null,null,null,null,null,null,null,null,null,null,null,null,null,null,null,null,null,null,null,null,null,null,null,null,null,null,null,null,null,null,null,null,"FD 54",null,null,null,null,null,null,null,null,null,null,null,null,null,null,null,null,null,null,null,null,null,null,null,null,null,null,null,null,null,null,null,null,null,null,null,null,null,null,null,null,"FD 53",null,null,null,null,null,null,null,null,null,null,null,null,null,null,null,null,null,null,null,null,null,null,null,null,null,null,null,null,null,null,null,null,null,null,null,null,null,null,null,null,"FD 52",null,null,null,null,null,null,null,null,null,null,null,null,null,null,null,null,null,null,null,null,null,null,null,null,null,null,null,null,null,null,null,null,null,null,null,null,null,null,null,null,"FD 51"]
["Day","Date","Goal","Matching Grant #","Matching Grant Amt","Cash #","Cash Amt","Credit Card #","Credit Card Amt","PayPal #","PayPal Amt","Check #","Check Amt","Operating Budget","Donations by Day","Total Donations","Avg Overall Donation Amt","Avg Donation/Day","Average Donated Daily","Daily % of Goal","Daily % Matching $","Daily % Matching #","Overall %Matching $","Overall % Matching #","Daily % Cash $","Daily % Cash #","Overall % Cash $","Overall % Cash #","Daily % CC $","Daily % CC #","Overall % CC $","Overall % CC #","Daily % PP $","Daily % PP #","Overall % PP $","Overall % PP #","Daily % Chk $","Daily % Chk #","Overall % Chk $","Overall % Chk #",null,"Day","Date","Goal","Matching Grant #","Matching Grant Amt","Cash #","Cash Amt","Credit Card #","Credit Card Amt","PayPal #","PayPal Amt","Check #","Check Amt","Operating Budget","Donations by Day","Total Donations","Avg Overall Donation Amt","Avg Donation/Day","Average Donated  Daily","Daily % of Goal","Daily % Matching $","Daily % Matching #","Overall %Matching $","Overall % Matching #","Daily % Cash $","Daily % Cash #","Overall % Cash $","Overall % Cash #","Daily % CC $","Daily % CC #","Overall % CC $","Overall % CC #","Daily % PP $","Daily % PP #","Overall % PP $","Overall % PP #","Daily % Chk $","Daily % Chk #","Overall % Chk $","Overall % Chk #",null,"Day","Date","Goal","Matching Grant #","Matching Grant Amt","Cash #","Cash Amt","Credit Card #","Credit Card Amt","PayPal #","PayPal Amt","Check #","Check Amt","Operating Budget","Donations by Day","Total Donations","Avg Overall Donation Amt","Avg Donation/Day","Average Donated Daily","Daily % of Goal","Daily % Matching $","Daily % Matching #","Overall %Matching $","Overall % Matching #","Daily % Cash $","Daily % Cash #","Overall % Cash $","Overall % Cash #","Daily % CC $","Daily % CC #","Overall % CC $","Overall % CC #","Daily % PP $","Daily % PP #","Overall % PP $","Overall % PP #","Daily % Chk $","Daily % Chk #","Overall % Chk $","Overall % Chk #",null,"Day","Date","Goal","Matching Grant #","Matching Grant Amt","Cash #","Cash Amt","Credit Card #","Credit Card Amt","PayPal #","PayPal Amt","Check #","Check Amt","Operating Budget","Donations by Day","Total Donations","Avg Overall Donation Amt","Avg Donation/Day","Average Donated Daily","Daily % of Goal","Daily % Matching $","Daily % Matching #","Overall %Matching $","Overall % Matching #","Daily % Cash $","Daily % Cash #","Overall % Cash $","Overall % Cash #","Daily % CC $","Daily % CC #","Overall % CC $","Overall % CC #","Daily % PP $","Daily % PP #","Overall % PP $","Overall % PP #","Daily % Chk $","Daily % Chk #","Overall % Chk $","Overall % Chk #",null,"Day","Date","Goal","Matching Grant #","Matching Grant Amt","Cash #","Cash Amt","Credit Card #","Credit Card Amt","PayPal #","PayPal Amt","Check #","Check Amt","Operating Budget","Donations by Day","Total Donations","Avg Overall Donation Amt","Avg Donation/Day","Average Donated Daily","Daily % of Goal","Daily % Matching $","Daily % Matching #","Overall %Matching $","Overall % Matching #","Daily % Cash $","Daily % Cash #","Overall % Cash $","Overall % Cash #","Daily % CC $","Daily % CC #","Overall % CC $","Overall % CC #","Daily % PP $","Daily % PP #","Overall % PP $","Overall % PP #","Daily % Chk $","Daily % Chk #","Overall % Chk $","Overall % Chk #"]
["Pre-Fund Drive",null,39822,{"$f":"COUNTIFS('Sanitized Raw Data'!$H:$H,\"<\"&B4,'Sanitized Raw Data'!$D:$D,\"Matching Grant\")","v":0},{"$f":"SUMIFS('Sanitized Raw Data'!$C:$C,'Sanitized Raw Data'!$H:$H,\"<\"&B4,'Sanitized Raw Data'!$D:$D,\"Matching Grant\")","v":0},{"$f":"COUNTIFS('Sanitized Raw Data'!$H:$H,\"<\"&B4,'Sanitized Raw Data'!$D:$D,\"Cash\")","v":0},{"$f":"SUMIFS('Sanitized Raw Data'!$C:$C,'Sanitized Raw Data'!$H:$H,\"<\"&B4,'Sanitized Raw Data'!$D:$D,\"Cash\")","v":0},{"$f":"COUNTIFS('Sanitized Raw Data'!$H:$H,\"<\"&B4,'Sanitized Raw Data'!$D:$D,\"CC\")","v":0},{"$f":"SUMIFS('Sanitized Raw Data'!$C:$C,'Sanitized Raw Data'!$H:$H,\"<\"&B4,'Sanitized Raw Data'!$D:$D,\"CC\")","v":0},{"$f":"COUNTIFS('Sanitized Raw Data'!$H:$H,\"<\"&B4,'Sanitized Raw Data'!$D:$D,\"PayPal\")","v":78},{"$f":"SUMIFS('Sanitized Raw Data'!$C:$C,'Sanitized Raw Data'!$H:$H,\"<\"&B4,'Sanitized Raw Data'!$D:$D,\"PayPal\")","v":1229.5400000000002},{"$f":"COUNTIFS('Sanitized Raw Data'!$H:$H,\"<\"&B4,'Sanitized Raw Data'!$D:$D,\"Personal Check\")+COUNTIFS('Sanitized Raw Data'!$H:$H,\"<\"&B4,'Sanitized Raw Data'!$D:$D,\"ACH Grant Deposit\")","v":41},{"$f":"SUMIFS('Sanitized Raw Data'!$C:$C,'Sanitized Raw Data'!$H:$H,\"<\"&B4,'Sanitized Raw Data'!$D:$D,\"Personal Check\")+SUMIFS('Sanitized Raw Data'!$C:$C,'Sanitized Raw Data'!$H:$H,\"<\"&B4,'Sanitized Raw Data'!$D:$D,\"ACH Grant Deposit\")","v":5576.58},{"$f":"SUM(G3,M3,K3,I3,E3)","v":6806.12},{"$f":"SUM(F3,H3,J3,L3)","v":119},{"$f":"SUM(F3,L3,J3,H3,D3)","v":119},{"$f":"N3/P3","v":57.194285714285712},{"$f":"(SUM(G3,M3,K3,I3,E3))/(SUM(F3,H3,J3,L3,D3))","v":57.194285714285712},null,{"$f":"(N3/C$3)","v":0.17091356536587815},{"$f":"E3/N3","v":0},{"$f":"D3/O3","v":0},{"$f":"E3/N3","v":0},{"$f":"D3/O3","v":0},{"$f":"G3/N3","v":0},{"$f":"F3/O3","v":0},{"$f":"B3/J3","v":0},{"$f":"F3/O3","v":0},{"$f":"I3/N3","v":0},{"$f":"H3/O3","v":0},{"$f":"H3/N3","v":0},{"$f":"H3/P3","v":0},{"$f":"K3/N3","v":0.18065211897527522},{"$f":"J3/O3","v":0.65546218487394958},{"$f":"K3/N3","v":0.18065211897527522},{"$f":"J3/P3","v":0.65546218487394958},{"$f":"M3/N3","v":0.81934788102472478},{"$f":"L3/O3","v":0.34453781512605042},{"$f":"M3/N3","v":0.81934788102472478},{"$f":"L3/P3","v":0.34453781512605042},null,"Pre-Fund Drive",null,48752,1,50,0,0,1,19.63,96,2408.13,36,3986.0099999999998,6463.7699999999995,133,134,48.2370895522388,48.2370895522388,null,0.13258471447325237,7.7354237542486817E-3,7.5187969924812026E-3,7.7354237542486817E-3,7.5187969924812026E-3,0,0,0,0,3.0369273659180324E-3,7.5187969924812026E-3,1.5470847508497365E-4,7.462686567164179E-3,0.37255812010637757,0.72180451127819545,0.37255812010637757,0.71641791044776115,0.61666952877345571,0.27067669172932329,0.61666952877345571,0.26865671641791045,null,"Pre-Fund Drive",null,50252,3,250,0,0,0,0,67,1235.3300000000002,33,2932.45,4417.78,100,103,42.891067961165049,42.891067961165049,null,8.791252089469076E-2,5.6589508757792381E-2,0.03,5.6589508757792381E-2,0.03,0,0,0,0,0,0,0,0,0.27962687141505466,0.67,0.27962687141505466,0.65048543689320393,0.66378361982715295,0.33,0.66378361982715295,0.32038834951456313,null,"Pre-Fund Drive",null,51670,4,255.69,0,0,0,0,75,1575.5399999999997,43,4064.27,5895.4999999999991,118,122,48.323770491803273,48.323770491803273,null,0.11409909038126571,4.3370367229242646E-2,3.3898305084745763E-2,4.3370367229242646E-2,3.3898305084745763E-2,0,0,0,0,0,0,0,0,0.26724450852345011,0.63559322033898302,0.26724450852345011,0.61475409836065575,0.68938512424730736,0.36440677966101692,0.68938512424730736,0.35245901639344263,null,"Pre-Fund Drive",null,54096,16,246.78,0,0,39,3287.67,130,4258.3700000000008,78,6382.9699999999993,14175.79,247,263,53.900342205323199,53.900342205323199,null,0.26204876515823722,1.7408553597365647E-2,6.4777327935222673E-2,1.7408553597365647E-2,6.4777327935222673E-2,0,0,0,0,0.23192146610523998,0.15789473684210525,2.7511694233619431E-3,0.14828897338403041,0.30039736762466152,0.52631578947368418,0.30039736762466152,0.49429657794676807,0.45027261267273283,0.31578947368421051,0.45027261267273283,0.29657794676806082]
["Day 1","2024-04-16",39822,{"$f":"COUNTIFS('Sanitized Raw Data'!$H:$H,\">=\"&$B4,'Sanitized Raw Data'!$H:$H,\"<\"&$B5,'Sanitized Raw Data'!$D:$D,\"Matching Grant\")","v":0},{"$f":"SUMIFS('Sanitized Raw Data'!$C:$C,'Sanitized Raw Data'!$H:$H,\">=\"&$B4,'Sanitized Raw Data'!$H:$H,\"<\"&$B5,'Sanitized Raw Data'!$D:$D,\"Matching Grant\")","v":0},{"$f":"COUNTIFS('Sanitized Raw Data'!$H:$H,\">=\"&$B4,'Sanitized Raw Data'!$H:$H,\"<\"&$B5,'Sanitized Raw Data'!$D:$D,\"Cash\")","v":0},{"$f":"SUMIFS('Sanitized Raw Data'!$C:$C,'Sanitized Raw Data'!$H:$H,\">=\"&$B4,'Sanitized Raw Data'!$H:$H,\"<\"&$B5,'Sanitized Raw Data'!$D:$D,\"Cash\")","v":0},{"$f":"COUNTIFS('Sanitized Raw Data'!$H:$H,\">=\"&$B4,'Sanitized Raw Data'!$H:$H,\"<\"&$B5,'Sanitized Raw Data'!$D:$D,\"CC\")","v":174},{"$f":"SUMIFS('Sanitized Raw Data'!$C:$C,'Sanitized Raw Data'!$H:$H,\">=\"&$B4,'Sanitized Raw Data'!$H:$H,\"<\"&$B5,'Sanitized Raw Data'!$D:$D,\"CC\")","v":13785.690000000002},{"$f":"COUNTIFS('Sanitized Raw Data'!$H:$H,\">=\"&$B4,'Sanitized Raw Data'!$H:$H,\"<\"&$B5,'Sanitized Raw Data'!$D:$D,\"PayPal\")","v":22},{"$f":"SUMIFS('Sanitized Raw Data'!$C:$C,'Sanitized Raw Data'!$H:$H,\">=\"&$B4,'Sanitized Raw Data'!$H:$H,\"<\"&$B5,'Sanitized Raw Data'!$D:$D,\"PayPal\")","v":1416},{"$f":"COUNTIFS('Sanitized Raw Data'!$H:$H,\">=\"&$B4,'Sanitized Raw Data'!$H:$H,\"<\"&$B5,'Sanitized Raw Data'!$D:$D,\"Personal Check\")+COUNTIFS('Sanitized Raw Data'!$H:$H,\">=\"&$B4,'Sanitized Raw Data'!$H:$H,\"<\"&$B5,'Sanitized Raw Data'!$D:$D,\"ACH Grant Deposit\")","v":8},{"$f":"SUMIFS('Sanitized Raw Data'!$C:$C,'Sanitized Raw Data'!$H:$H,\">=\"&$B4,'Sanitized Raw Data'!$H:$H,\"<\"&$B5,'Sanitized Raw Data'!$D:$D,\"Personal Check\")+SUMIFS('Sanitized Raw Data'!$C:$C,'Sanitized Raw Data'!$H:$H,\">=\"&$B4,'Sanitized Raw Data'!$H:$H,\"<\"&$B5,'Sanitized Raw Data'!$D:$D,\"ACH Grant Deposit\")","v":864.63},{"$f":"SUM(G4,M4,K4,I4,N3,E4)","v":22872.440000000002},{"$f":"SUM(F4,H4,J4,L4,D4)","v":204},{"$f":"SUM(F4,L4,J4,H4,P3,D4)","v":323},{"$f":"N4/P4","v":70.812507739938084},78.756470588235317,{"$f":"N4/Sheet11!$A1","v":22872.440000000002},{"$f":"(N4-N3)/C$3","v":0.40345336748530969},{"$f":"E4/(N4-N3)","v":0},0,{"$f":"SUM(E$3:E4)/N4","v":0},{"$f":"SUM(D$3:D4)/O4","v":0},{"$f":"G4/(N4-N3)","v":0},0,{"$f":"SUM(G$3:G4)/N4","v":0},{"$f":"SUM(F$3:F4)/O4","v":0},{"$f":"I4/(N4-N3)","v":0.85804901184589877},{"$f":"H4/O4","v":0.8529411764705882},{"$f":"SUM(I$3:I4)/N4","v":0.60272056676069541},{"$f":"SUM(H$3:H4)/P4","v":0.53869969040247678},{"$f":"K4/(N4-N3)","v":8.8134681744170398E-2},{"$f":"J4/O4","v":0.10784313725490197},{"$f":"SUM(K$3:K4)/N4","v":0.11566496622135634},{"$f":"SUM(J$3:J4)/P4","v":0.30959752321981426},{"$f":"M4/(N4-N3)","v":5.3816306409930827E-2},{"$f":"L4/O4","v":3.9215686274509803E-2},{"$f":"SUM(M$3:M4)/N4","v":0.28161446701794823},{"$f":"SUM(L$3:L4)/P4","v":0.15170278637770898},null,"Day 1","2023-10-02",48752,0,0,0,0,40,3194.78,10,559.46999999999991,3,639.79,10857.81,53,187,58.063155080213903,82.906415094339621,10857.81,9.0130456186412869E-2,0,0,4.6049801939801859E-3,1.8867924528301886E-2,0,0,0,0,0.72707121464529234,0.75471698113207553,0.29604588770663703,0.21925133689839571,0.12732473987492146,0.18867924528301888,0.27331478447311197,0.5668449197860963,0.14560404547978625,5.6603773584905662E-2,0.42603434762627079,0.20855614973262032,null,"Day 1","2023-04-11",50252,0,0,0,0,17,1673.52,4,234,1,50,6375.2999999999993,22,125,51.002399999999994,88.978181818181824,6375.2999999999993,3.8954071479742093E-2,0,0,3.9213840917290174E-2,0.13636363636363635,0,0,0,0,0.8549184682659694,0.77272727272727271,0.26250058820761379,0.13600000000000001,0.11953900854141979,0.18181818181818182,0.23047229150000789,0.56799999999999995,2.5542523192611064E-2,4.5454545454545456E-2,0.46781327937508826,0.27200000000000002,null,"Day 1","2022-10-03",51670,0,0,0,0,104,9077.6000000000022,25,1332.6799999999998,8,1032.79,17338.57,137,259,66.944285714285712,83.5260583941606,17338.57,0.22146448616218309,0,0,1.4746890891232668E-2,2.9197080291970802E-2,0,0,0,0,0.79328362056685853,0.75912408759124084,0.52354951994310961,0.40154440154440152,0.11646175370770255,0.18248175182481752,0.16773124888615379,0.38610038610038611,9.0254625725439061E-2,5.8394160583941604E-2,0.29397234027950397,0.19691119691119691,null,"Day 1","2022-04-06",54096,0,0,0,0,125,8823.51,28,2852.25,8,775.79,26627.34,161,424,62.800330188679247,77.338819875776394,26627.34,0.23017505915409642,0,0,9.2679178618667885E-3,9.9378881987577633E-2,0,0,0,0,0.70862743995727451,0.77639751552795033,0.45484002532735152,0.3867924528301887,0.22906786705269627,0.17391304347826086,0.26704207029316485,0.37264150943396224,6.2304692990029352E-2,4.9689440993788817E-2,0.26884998651761682,0.20283018867924529]
["Day 2","2024-04-17",39822,{"$f":"COUNTIFS('Sanitized Raw Data'!$H:$H,\">=\"&$B5,'Sanitized Raw Data'!$H:$H,\"<\"&$B6,'Sanitized Raw Data'!$D:$D,\"Matching Grant\")","v":0},{"$f":"SUMIFS('Sanitized Raw Data'!$C:$C,'Sanitized Raw Data'!$H:$H,\">=\"&$B5,'Sanitized Raw Data'!$H:$H,\"<\"&$B6,'Sanitized Raw Data'!$D:$D,\"Matching Grant\")","v":0},{"$f":"COUNTIFS('Sanitized Raw Data'!$H:$H,\">=\"&$B5,'Sanitized Raw Data'!$H:$H,\"<\"&$B6,'Sanitized Raw Data'!$D:$D,\"Cash\")","v":0},{"$f":"SUMIFS('Sanitized Raw Data'!$C:$C,'Sanitized Raw Data'!$H:$H,\">=\"&$B5,'Sanitized Raw Data'!$H:$H,\"<\"&$B6,'Sanitized Raw Data'!$D:$D,\"Cash\")","v":0},{"$f":"COUNTIFS('Sanitized Raw Data'!$H:$H,\">=\"&$B5,'Sanitized Raw Data'!$H:$H,\"<\"&$B6,'Sanitized Raw Data'!$D:$D,\"CC\")","v":66},{"$f":"SUMIFS('Sanitized Raw Data'!$C:$C,'Sanitized Raw Data'!$H:$H,\">=\"&$B5,'Sanitized Raw Data'!$H:$H,\"<\"&$B6,'Sanitized Raw Data'!$D:$D,\"CC\")","v":4377.3100000000004},{"$f":"COUNTIFS('Sanitized Raw Data'!$H:$H,\">=\"&$B5,'Sanitized Raw Data'!$H:$H,\"<\"&$B6,'Sanitized Raw Data'!$D:$D,\"PayPal\")","v":5},{"$f":"SUMIFS('Sanitized Raw Data'!$C:$C,'Sanitized Raw Data'!$H:$H,\">=\"&$B5,'Sanitized Raw Data'!$H:$H,\"<\"&$B6,'Sanitized Raw Data'!$D:$D,\"PayPal\")","v":234},{"$f":"COUNTIFS('Sanitized Raw Data'!$H:$H,\">=\"&$B5,'Sanitized Raw Data'!$H:$H,\"<\"&$B6,'Sanitized Raw Data'!$D:$D,\"Personal Check\")+COUNTIFS('Sanitized Raw Data'!$H:$H,\">=\"&$B5,'Sanitized Raw Data'!$H:$H,\"<\"&$B6,'Sanitized Raw Data'!$D:$D,\"ACH Grant Deposit\")","v":3},{"$f":"SUMIFS('Sanitized Raw Data'!$C:$C,'Sanitized Raw Data'!$H:$H,\">=\"&$B5,'Sanitized Raw Data'!$H:$H,\"<\"&$B6,'Sanitized Raw Data'!$D:$D,\"Personal Check\")+SUMIFS('Sanitized Raw Data'!$C:$C,'Sanitized Raw Data'!$H:$H,\">=\"&$B5,'Sanitized Raw Data'!$H:$H,\"<\"&$B6,'Sanitized Raw Data'!$D:$D,\"ACH Grant Deposit\")","v":250},{"$f":"SUM(G5,M5,K5,I5,N4,E5)","v":27733.750000000004},{"$f":"SUM(F5,H5,J5,L5,D5)","v":74},{"$f":"SUM(F5,L5,J5,H5,P4,D5)","v":397},{"$f":"N5/P5","v":69.858312342569278},{"$f":"(SUM(G5,M5,K5,I5,E5))/(SUM(F5,H5,J5,L5,D5))","v":65.693378378378384},{"$f":"N5/Sheet11!$A2","v":13866.875000000002},{"$f":"(N5-N4)/C$3","v":0.12207598814725532},{"$f":"E5/(N5-N4)","v":0},{"$f":"D5/O5","v":0},{"$f":"SUM(E$3:E5)/N5","v":0},{"$f":"SUM(D$3:D5)/O5","v":0},{"$f":"G5/(N5-N4)","v":0},{"$f":"F5/O5","v":0},{"$f":"SUM(G$3:G5)/N5","v":0},{"$f":"SUM(F$3:F5)/O5","v":0},{"$f":"I5/(N5-N4)","v":0.9004383592077031},{"$f":"H5/O5","v":0.89189189189189189},{"$f":"SUM(I$3:I5)/N5","v":0.65490602605129133},{"$f":"SUM(H$3:H5)/P5","v":0.60453400503778343},{"$f":"K5/(N5-N4)","v":4.8135173440903775E-2},{"$f":"J5/O5","v":6.7567567567567571E-2},{"$f":"SUM(K$3:K5)/N5","v":0.10382800739171585},{"$f":"SUM(J$3:J5)/P5","v":0.26448362720403024},{"$f":"M5/(N5-N4)","v":5.1426467351392925E-2},{"$f":"L5/O5","v":4.0540540540540543E-2},{"$f":"SUM(M$3:M5)/N5","v":0.24126596655699281},{"$f":"SUM(L$3:L5)/P5","v":0.13098236775818639},null,"Day 2","2023-10-03",48752,0,0,0,0,69,5796.7,20,1155,4,296,18105.509999999998,93,280,64.66253571428571,77.932258064516134,9052.7549999999992,0.14866467016737772,0,0,2.7615902562258673E-3,1.0752688172043012E-2,0,0,0,0,0.7997985567835314,0.74193548387096775,0.49769987147558953,0.39285714285714285,0.15936090069953229,0.21505376344086022,0.22769863980633523,0.45,4.0840542516936411E-2,4.3010752688172046E-2,0.27183989846184942,0.15357142857142858,null,"Day 2","2023-04-12",50252,0,0,0,0,153,11667.580000000002,38,1535.9999999999998,13,990,20568.88,204,329,62.519392097264443,69.576372549019609,10284.44,0.28244806176868587,0,0,1.2154283558463076E-2,1.4705882352941176E-2,0,0,0,0,0.82203221456461306,0.75,0.6486060495272471,0.51671732522796354,0.10821794078731367,0.18627450980392157,0.14611053202702334,0.33130699088145898,6.9749844648073281E-2,6.3725490196078427E-2,0.19312913488726657,0.14285714285714285,null,"Day 2","2022-10-04",51670,0,0,0,0,38,2696.56,9,483,12,1136.97,21655.1,59,318,68.097798742138366,73.161525423728804,10827.55,8.3540352235339635E-2,0,0,1.180738024760911E-2,6.7796610169491525E-2,0,0,0,0,0.62470549260632979,0.64406779661016944,0.54371302833974455,0.44654088050314467,0.11189543452727078,0.15254237288135594,0.15660144723413882,0.34276729559748426,0.26339907286639969,0.20338983050847459,0.2878781441785076,0.19811320754716982,null,"Day 2","2022-04-07",54096,0,0,0,0,68,4186.41,11,931.13999999999987,5,210,31954.89,84,508,62.903326771653539,63.42321428571428,15977.445,9.8483251996450735E-2,0,0,7.7227616806066299E-3,0.19047619047619047,0,0,0,0,0.78580398119210526,0.80952380952380953,0.51001865442190542,0.45669291338582679,0.17477827519216149,0.13095238095238096,0.25165976162020898,0.33267716535433073,3.9417743615733317E-2,5.9523809523809521E-2,0.23059882227727899,0.17913385826771652]
["Day 3","2024-04-18",39822,{"$f":"COUNTIFS('Sanitized Raw Data'!$H:$H,\">=\"&$B6,'Sanitized Raw Data'!$H:$H,\"<\"&$B7,'Sanitized Raw Data'!$D:$D,\"Matching Grant\")","v":0},{"$f":"SUMIFS('Sanitized Raw Data'!$C:$C,'Sanitized Raw Data'!$H:$H,\">=\"&$B6,'Sanitized Raw Data'!$H:$H,\"<\"&$B7,'Sanitized Raw Data'!$D:$D,\"Matching Grant\")","v":0},{"$f":"COUNTIFS('Sanitized Raw Data'!$H:$H,\">=\"&$B6,'Sanitized Raw Data'!$H:$H,\"<\"&$B7,'Sanitized Raw Data'!$D:$D,\"Cash\")","v":0},{"$f":"SUMIFS('Sanitized Raw Data'!$C:$C,'Sanitized Raw Data'!$H:$H,\">=\"&$B6,'Sanitized Raw Data'!$H:$H,\"<\"&$B7,'Sanitized Raw Data'!$D:$D,\"Cash\")","v":0},{"$f":"COUNTIFS('Sanitized Raw Data'!$H:$H,\">=\"&$B6,'Sanitized Raw Data'!$H:$H,\"<\"&$B7,'Sanitized Raw Data'!$D:$D,\"CC\")","v":36},{"$f":"SUMIFS('Sanitized Raw Data'!$C:$C,'Sanitized Raw Data'!$H:$H,\">=\"&$B6,'Sanitized Raw Data'!$H:$H,\"<\"&$B7,'Sanitized Raw Data'!$D:$D,\"CC\")","v":2458.58},{"$f":"COUNTIFS('Sanitized Raw Data'!$H:$H,\">=\"&$B6,'Sanitized Raw Data'!$H:$H,\"<\"&$B7,'Sanitized Raw Data'!$D:$D,\"PayPal\")","v":1},{"$f":"SUMIFS('Sanitized Raw Data'!$C:$C,'Sanitized Raw Data'!$H:$H,\">=\"&$B6,'Sanitized Raw Data'!$H:$H,\"<\"&$B7,'Sanitized Raw Data'!$D:$D,\"PayPal\")","v":19.79},{"$f":"COUNTIFS('Sanitized Raw Data'!$H:$H,\">=\"&$B6,'Sanitized Raw Data'!$H:$H,\"<\"&$B7,'Sanitized Raw Data'!$D:$D,\"Personal Check\")+COUNTIFS('Sanitized Raw Data'!$H:$H,\">=\"&$B6,'Sanitized Raw Data'!$H:$H,\"<\"&$B7,'Sanitized Raw Data'!$D:$D,\"ACH Grant Deposit\")","v":2},{"$f":"SUMIFS('Sanitized Raw Data'!$C:$C,'Sanitized Raw Data'!$H:$H,\">=\"&$B6,'Sanitized Raw Data'!$H:$H,\"<\"&$B7,'Sanitized Raw Data'!$D:$D,\"Personal Check\")+SUMIFS('Sanitized Raw Data'!$C:$C,'Sanitized Raw Data'!$H:$H,\">=\"&$B6,'Sanitized Raw Data'!$H:$H,\"<\"&$B7,'Sanitized Raw Data'!$D:$D,\"ACH Grant Deposit\")","v":94.789999999999992},{"$f":"SUM(G6,M6,K6,I6,N5,E6)","v":30306.910000000003},{"$f":"SUM(F6,H6,J6,L6,D6)","v":39},{"$f":"SUM(F6,L6,J6,H6,P5,D6)","v":436},{"$f":"N6/P6","v":69.511261467889909},{"$f":"(SUM(G6,M6,K6,I6,E6))/(SUM(F6,H6,J6,L6,D6))","v":65.978461538461531},{"$f":"N6/Sheet11!$A3","v":10102.303333333335},{"$f":"(N6-N5)/C$3","v":6.4616543619105016E-2},{"$f":"E6/(N6-N5)","v":0},{"$f":"D6/O6","v":0},{"$f":"SUM(E$3:E6)/N6","v":0},{"$f":"SUM(D$3:D6)/O6","v":0},{"$f":"G6/(N6-N5)","v":0},{"$f":"F6/O6","v":0},{"$f":"SUM(G$3:G6)/N6","v":0},{"$f":"SUM(F$3:F6)/O6","v":0},{"$f":"I6/(N6-N5)","v":0.95547109390787988},{"$f":"H6/O6","v":0.92307692307692313},{"$f":"SUM(I$3:I6)/N6","v":0.6804250251840257},{"$f":"SUM(H$3:H6)/P6","v":0.6330275229357798},{"$f":"K6/(N6-N5)","v":7.6909325498608714E-3},{"$f":"J6/O6","v":2.564102564102564E-2},{"$f":"SUM(K$3:K6)/N6","v":9.5665641927863962E-2},{"$f":"SUM(J$3:J6)/P6","v":0.24311926605504589},{"$f":"M6/(N6-N5)","v":3.6837973542259324E-2},{"$f":"L6/O6","v":5.128205128205128E-2},{"$f":"SUM(M$3:M6)/N6","v":0.2239093328881103},{"$f":"SUM(L$3:L6)/P6","v":0.12385321100917432},null,"Day 3","2023-10-04",48752,0,0,0,0,23,1980.77,6,283,4,185,20554.28,33,313,65.668626198083061,74.205151515151513,6851.4266666666663,5.0229118805382354E-2,0,0,2.4325833840932402E-3,3.0303030303030304E-2,0,0,0,0,0.80888364362516674,0.69696969696969702,0.53477329295893616,0.42492012779552718,0.11556822404717468,0.18181818181818182,0.21433978713922358,0.4217252396166134,7.5548132327658363E-2,0.12121212121212122,0.24845433651774712,0.15015974440894569,null,"Day 3","2023-04-13",50252,0,0,0,0,26,1638.29,8,459.79,9,1310,23976.959999999999,43,372,64.454193548387096,79.257674418604651,7992.32,6.7819788267133613E-2,0,0,1.0426676275891522E-2,6.9767441860465115E-2,0,0,0,0,0.48070761249735949,0.60465116279069764,0.62474100136130706,0.5268817204301075,0.13491173916105265,0.18604651162790697,0.14451873798846893,0.31451612903225806,0.38438064834158842,0.20930232558139536,0.22031358437433268,0.15053763440860216,null,"Day 3","2022-10-05",51670,0,0,0,0,21,1891.41,2,50,7,394,23990.51,30,348,68.938247126436778,77.846999999999994,7996.8366666666661,4.5198567834333264E-2,0,0,1.0657964336731484E-2,0.13333333333333333,0,0,0,0,0.80988348940871202,0.7,0.5696239888189123,0.46839080459770116,2.1409516958478383E-2,6.6666666666666666E-2,0.14344088558350779,0.31896551724137934,0.16870699363280967,0.23333333333333334,0.27627716126084856,0.20114942528735633,null,"Day 3","2022-04-08",54096,0,0,0,0,30,1837.9499999999998,2,75,7,555,34422.839999999997,39,547,62.930237659963431,63.280769230769224,11474.279999999999,4.5621672582076257E-2,0,0,7.1690772754368906E-3,0.41025641025641024,0,0,0,0,0.74472740533641357,0.76923076923076927,0.52684612890743476,0.4789762340036563,3.0389594602808035E-2,5.128205128205128E-2,0.23579576815858311,0.3126142595978062,0.22488300006077946,0.17948717948717949,0.23018902565854532,0.17915904936014626]
["Day 4","2024-04-19",39822,{"$f":"COUNTIFS('Sanitized Raw Data'!$H:$H,\">=\"&$B7,'Sanitized Raw Data'!$H:$H,\"<\"&$B8,'Sanitized Raw Data'!$D:$D,\"Matching Grant\")","v":0},{"$f":"SUMIFS('Sanitized Raw Data'!$C:$C,'Sanitized Raw Data'!$H:$H,\">=\"&$B7,'Sanitized Raw Data'!$H:$H,\"<\"&$B8,'Sanitized Raw Data'!$D:$D,\"Matching Grant\")","v":0},{"$f":"COUNTIFS('Sanitized Raw Data'!$H:$H,\">=\"&$B7,'Sanitized Raw Data'!$H:$H,\"<\"&$B8,'Sanitized Raw Data'!$D:$D,\"Cash\")","v":0},{"$f":"SUMIFS('Sanitized Raw Data'!$C:$C,'Sanitized Raw Data'!$H:$H,\">=\"&$B7,'Sanitized Raw Data'!$H:$H,\"<\"&$B8,'Sanitized Raw Data'!$D:$D,\"Cash\")","v":0},{"$f":"COUNTIFS('Sanitized Raw Data'!$H:$H,\">=\"&$B7,'Sanitized Raw Data'!$H:$H,\"<\"&$B8,'Sanitized Raw Data'!$D:$D,\"CC\")","v":38},{"$f":"SUMIFS('Sanitized Raw Data'!$C:$C,'Sanitized Raw Data'!$H:$H,\">=\"&$B7,'Sanitized Raw Data'!$H:$H,\"<\"&$B8,'Sanitized Raw Data'!$D:$D,\"CC\")","v":3547.8},{"$f":"COUNTIFS('Sanitized Raw Data'!$H:$H,\">=\"&$B7,'Sanitized Raw Data'!$H:$H,\"<\"&$B8,'Sanitized Raw Data'!$D:$D,\"PayPal\")","v":5},{"$f":"SUMIFS('Sanitized Raw Data'!$C:$C,'Sanitized Raw Data'!$H:$H,\">=\"&$B7,'Sanitized Raw Data'!$H:$H,\"<\"&$B8,'Sanitized Raw Data'!$D:$D,\"PayPal\")","v":258},{"$f":"COUNTIFS('Sanitized Raw Data'!$H:$H,\">=\"&$B7,'Sanitized Raw Data'!$H:$H,\"<\"&$B8,'Sanitized Raw Data'!$D:$D,\"Personal Check\")+COUNTIFS('Sanitized Raw Data'!$H:$H,\">=\"&$B7,'Sanitized Raw Data'!$H:$H,\"<\"&$B8,'Sanitized Raw Data'!$D:$D,\"ACH Grant Deposit\")","v":3},{"$f":"SUMIFS('Sanitized Raw Data'!$C:$C,'Sanitized Raw Data'!$H:$H,\">=\"&$B7,'Sanitized Raw Data'!$H:$H,\"<\"&$B8,'Sanitized Raw Data'!$D:$D,\"Personal Check\")+SUMIFS('Sanitized Raw Data'!$C:$C,'Sanitized Raw Data'!$H:$H,\">=\"&$B7,'Sanitized Raw Data'!$H:$H,\"<\"&$B8,'Sanitized Raw Data'!$D:$D,\"ACH Grant Deposit\")","v":214},{"$f":"SUM(G7,M7,K7,I7,N6,E7)","v":34326.710000000006},{"$f":"SUM(F7,H7,J7,L7,D7)","v":46},{"$f":"SUM(F7,L7,J7,H7,P6,D7)","v":482},{"$f":"N7/P7","v":71.217240663900427},{"$f":"(SUM(G7,M7,K7,I7,E7))/(SUM(F7,H7,J7,L7,D7))","v":87.386956521739137},{"$f":"N7/Sheet11!$A4","v":8581.6775000000016},{"$f":"(N7-N6)/C$3","v":0.10094420169755419},{"$f":"E7/(N7-N6)","v":0},{"$f":"D7/O7","v":0},{"$f":"SUM(E$3:E7)/N7","v":0},{"$f":"SUM(D$3:D7)/O7","v":0},{"$f":"G7/(N7-N6)","v":0},{"$f":"F7/O7","v":0},{"$f":"SUM(G$3:G7)/N7","v":0},{"$f":"SUM(F$3:F7)/O7","v":0},{"$f":"I7/(N7-N6)","v":0.88258122294641461},{"$f":"H7/O7","v":0.82608695652173914},{"$f":"SUM(I$3:I7)/N7","v":0.70409835373095753},{"$f":"SUM(H$3:H7)/P7","v":0.65145228215767637},{"$f":"K7/(N7-N6)","v":6.4182297626747556E-2},{"$f":"J7/O7","v":0.10869565217391304},{"$f":"SUM(K$3:K7)/N7","v":9.1978811834865601E-2},{"$f":"SUM(J$3:J7)/P7","v":0.23029045643153526},{"$f":"M7/(N7-N6)","v":5.3236479426837117E-2},{"$f":"L7/O7","v":6.5217391304347824E-2},{"$f":"SUM(M$3:M7)/N7","v":0.20392283443417672},{"$f":"SUM(L$3:L7)/P7","v":0.11825726141078838},null,"Day 4","2023-10-05",48752,0,0,0,0,34,2879.3199999999997,5,267,1,51,23751.599999999999,40,353,67.284985835694044,79.932999999999993,5937.9,6.5583360682638661E-2,0,0,2.1051213391939912E-3,2.5000000000000001E-2,0,0,0,0,0.90054170367682929,0.85,0.58401118240455385,0.47308781869688388,8.3507437478888571E-2,0.125,0.19672779939035689,0.38810198300283288,1.5950858844282087E-2,2.5000000000000001E-2,0.21715589686589534,0.1359773371104816,null,"Day 4","2023-04-14",50252,0,0,0,0,13,1084.77,4,154.79,3,172,25388.52,20,392,64.766632653061222,70.578000000000003,6347.13,2.8089628273501577E-2,0,0,9.8469702054314306E-3,0.15,0,0,0,0,0.76849018107625533,0.65,0.6327332195811336,0.53316326530612246,0.10965881719515985,0.2,0.14258058366537316,0.30867346938775508,0.12185100172858386,0.15,0.21483922654806187,0.15051020408163265,null,"Day 4","2022-10-06",51670,0,0,0,0,10,904,1,5,6,409.64,25309.149999999998,17,365,69.34013698630136,77.567058823529408,6327.2874999999995,2.5520418037545952E-2,0,0,1.0102670378104361E-2,0.23529411764705882,0,0,0,0,0.68555481405084051,0.58823529411764708,0.57566413727841526,0.47397260273972602,3.7917854759449148E-3,5.8823529411764705E-2,0.13616498381020301,0.30684931506849317,0.31065340047321494,0.35294117647058826,0.27806820853327752,0.20821917808219179,null,"Day 4","2022-04-09",54096,0,0,0,0,13,586.16,1,5,3,250,35264,17,564,62.524822695035461,49.48,8816,1.5549393670511747E-2,0,0,6.9980716878402906E-3,0.94117647058823528,0,0,0,0,0.69684721099433822,0.76470588235294112,0.53090120235934668,0.48758865248226951,5.9441723334442663E-3,5.8823529411764705E-2,0.23031306715063521,0.30496453900709219,0.29720861667221332,0.17647058823529413,0.23178765880217783,0.17907801418439717]
["Day 5","2024-04-20",39822,{"$f":"COUNTIFS('Sanitized Raw Data'!$H:$H,\">=\"&$B8,'Sanitized Raw Data'!$H:$H,\"<\"&$B9,'Sanitized Raw Data'!$D:$D,\"Matching Grant\")","v":0},{"$f":"SUMIFS('Sanitized Raw Data'!$C:$C,'Sanitized Raw Data'!$H:$H,\">=\"&$B8,'Sanitized Raw Data'!$H:$H,\"<\"&$B9,'Sanitized Raw Data'!$D:$D,\"Matching Grant\")","v":0},{"$f":"COUNTIFS('Sanitized Raw Data'!$H:$H,\">=\"&$B8,'Sanitized Raw Data'!$H:$H,\"<\"&$B9,'Sanitized Raw Data'!$D:$D,\"Cash\")","v":0},{"$f":"SUMIFS('Sanitized Raw Data'!$C:$C,'Sanitized Raw Data'!$H:$H,\">=\"&$B8,'Sanitized Raw Data'!$H:$H,\"<\"&$B9,'Sanitized Raw Data'!$D:$D,\"Cash\")","v":0},{"$f":"COUNTIFS('Sanitized Raw Data'!$H:$H,\">=\"&$B8,'Sanitized Raw Data'!$H:$H,\"<\"&$B9,'Sanitized Raw Data'!$D:$D,\"CC\")","v":24},{"$f":"SUMIFS('Sanitized Raw Data'!$C:$C,'Sanitized Raw Data'!$H:$H,\">=\"&$B8,'Sanitized Raw Data'!$H:$H,\"<\"&$B9,'Sanitized Raw Data'!$D:$D,\"CC\")","v":1741.79},{"$f":"COUNTIFS('Sanitized Raw Data'!$H:$H,\">=\"&$B8,'Sanitized Raw Data'!$H:$H,\"<\"&$B9,'Sanitized Raw Data'!$D:$D,\"PayPal\")","v":0},{"$f":"SUMIFS('Sanitized Raw Data'!$C:$C,'Sanitized Raw Data'!$H:$H,\">=\"&$B8,'Sanitized Raw Data'!$H:$H,\"<\"&$B9,'Sanitized Raw Data'!$D:$D,\"PayPal\")","v":0},{"$f":"COUNTIFS('Sanitized Raw Data'!$H:$H,\">=\"&$B8,'Sanitized Raw Data'!$H:$H,\"<\"&$B9,'Sanitized Raw Data'!$D:$D,\"Personal Check\")+COUNTIFS('Sanitized Raw Data'!$H:$H,\">=\"&$B8,'Sanitized Raw Data'!$H:$H,\"<\"&$B9,'Sanitized Raw Data'!$D:$D,\"ACH Grant Deposit\")","v":3},{"$f":"SUMIFS('Sanitized Raw Data'!$C:$C,'Sanitized Raw Data'!$H:$H,\">=\"&$B8,'Sanitized Raw Data'!$H:$H,\"<\"&$B9,'Sanitized Raw Data'!$D:$D,\"Personal Check\")+SUMIFS('Sanitized Raw Data'!$C:$C,'Sanitized Raw Data'!$H:$H,\">=\"&$B8,'Sanitized Raw Data'!$H:$H,\"<\"&$B9,'Sanitized Raw Data'!$D:$D,\"ACH Grant Deposit\")","v":739},{"$f":"SUM(G8,M8,K8,I8,N7,E8)","v":36807.500000000007},{"$f":"SUM(F8,H8,J8,L8,D8)","v":27},{"$f":"SUM(F8,L8,J8,H8,P7,D8)","v":509},{"$f":"N8/P8","v":72.31335952848724},{"$f":"(SUM(G8,M8,K8,I8,E8))/(SUM(F8,H8,J8,L8,D8))","v":91.88111111111111},{"$f":"N8/Sheet11!$A5","v":7361.5000000000018},{"$f":"(N8-N7)/C$3","v":6.2296971523278614E-2},{"$f":"E8/(N8-N7)","v":0},{"$f":"D8/O8","v":0},{"$f":"SUM(E$3:E8)/N8","v":0},{"$f":"SUM(D$3:D8)/O8","v":0},{"$f":"G8/(N8-N7)","v":0},{"$f":"F8/O8","v":0},{"$f":"SUM(G$3:G8)/N8","v":0},{"$f":"SUM(F$3:F8)/O8","v":0},{"$f":"I8/(N8-N7)","v":0.70211102108602474},{"$f":"H8/O8","v":0.88888888888888884},{"$f":"SUM(I$3:I8)/N8","v":0.70396440942742644},{"$f":"SUM(H$3:H8)/P8","v":0.66404715127701375},{"$f":"K8/(N8-N7)","v":0},{"$f":"J8/O8","v":0},{"$f":"SUM(K$3:K8)/N8","v":8.5779528628676202E-2},{"$f":"SUM(J$3:J8)/P8","v":0.21807465618860511},{"$f":"M8/(N8-N7)","v":0.29788897891397487},{"$f":"L8/O8","v":0.1111111111111111},{"$f":"SUM(M$3:M8)/N8","v":0.21025606194389726},{"$f":"SUM(L$3:L8)/P8","v":0.11787819253438114},null,"Day 5","2023-10-06",48752,0,0,0,0,10,678.54,2,115,3,216,24761.14,15,368,67.285706521739129,67.302666666666667,4952.2280000000001,2.0707663275352825E-2,0,0,2.0192931343225714E-3,6.6666666666666666E-2,0,0,0,0,0.67212789983556809,0.66666666666666663,0.58760380176356997,0.48097826086956524,0.11391326742872981,0.13333333333333333,0.19335135619765489,0.37771739130434784,0.21395883273570121,0.2,0.21702554890445269,0.13858695652173914,null,"Day 5","2023-04-15",50252,0,0,0,0,30,1733.1599999999999,3,144.76999999999998,5,285.77,27552.22,38,430,64.074930232558145,56.939473684210519,5510.4440000000004,4.305699275650722E-2,0,0,9.0736789993691967E-3,7.8947368421052627E-2,0,0,0,0,0.80101677681748817,0.78947368421052633,0.64594867491621377,0.55581395348837215,6.6908536303554061E-2,7.8947368421052627E-2,0.13663799142138092,0.28837209302325584,0.13207468687895729,0.13157894736842105,0.20833965466303619,0.14883720930232558,null,"Day 5","2022-10-07",51670,0,0,0,0,5,300,1,50,0,0,25659.149999999998,6,371,69.162129380053898,58.333333333333336,5131.83,6.773756531836656E-3,0,0,9.9648663342316486E-3,0.66666666666666663,0,0,0,0,0.8571428571428571,0.83333333333333337,0.57950360787477384,0.47978436657681939,0.14285714285714285,0.16666666666666666,0.13625626725748902,0.30458221024258758,0,0,0.27427525853350559,0.20485175202156333,null,"Day 5","2022-04-10",54096,0,0,0,0,7,678,0,0,2,150,36092,9,573,62.987783595113441,92,7218.4,1.5306122448979591E-2,0,0,6.8375263216225203E-3,1.7777777777777777,0,0,0,0,0.8188405797101449,0.77777777777777779,0.53750692674276845,0.49214659685863876,0,0,0.22502936938933837,0.30017452006980805,0.18115942028985507,0.22222222222222221,0.2306261775462706,0.17975567190226877]
["Day 6","2024-04-21",39822,{"$f":"COUNTIFS('Sanitized Raw Data'!$H:$H,\">=\"&$B9,'Sanitized Raw Data'!$H:$H,\"<\"&$B10,'Sanitized Raw Data'!$D:$D,\"Matching Grant\")","v":0},{"$f":"SUMIFS('Sanitized Raw Data'!$C:$C,'Sanitized Raw Data'!$H:$H,\">=\"&$B9,'Sanitized Raw Data'!$H:$H,\"<\"&$B10,'Sanitized Raw Data'!$D:$D,\"Matching Grant\")","v":0},{"$f":"COUNTIFS('Sanitized Raw Data'!$H:$H,\">=\"&$B9,'Sanitized Raw Data'!$H:$H,\"<\"&$B10,'Sanitized Raw Data'!$D:$D,\"Cash\")","v":0},{"$f":"SUMIFS('Sanitized Raw Data'!$C:$C,'Sanitized Raw Data'!$H:$H,\">=\"&$B9,'Sanitized Raw Data'!$H:$H,\"<\"&$B10,'Sanitized Raw Data'!$D:$D,\"Cash\")","v":0},{"$f":"COUNTIFS('Sanitized Raw Data'!$H:$H,\">=\"&$B9,'Sanitized Raw Data'!$H:$H,\"<\"&$B10,'Sanitized Raw Data'!$D:$D,\"CC\")","v":9},{"$f":"SUMIFS('Sanitized Raw Data'!$C:$C,'Sanitized Raw Data'!$H:$H,\">=\"&$B9,'Sanitized Raw Data'!$H:$H,\"<\"&$B10,'Sanitized Raw Data'!$D:$D,\"CC\")","v":986},{"$f":"COUNTIFS('Sanitized Raw Data'!$H:$H,\">=\"&$B9,'Sanitized Raw Data'!$H:$H,\"<\"&$B10,'Sanitized Raw Data'!$D:$D,\"PayPal\")","v":3},{"$f":"SUMIFS('Sanitized Raw Data'!$C:$C,'Sanitized Raw Data'!$H:$H,\">=\"&$B9,'Sanitized Raw Data'!$H:$H,\"<\"&$B10,'Sanitized Raw Data'!$D:$D,\"PayPal\")","v":89.78},{"$f":"COUNTIFS('Sanitized Raw Data'!$H:$H,\">=\"&$B9,'Sanitized Raw Data'!$H:$H,\"<\"&$B10,'Sanitized Raw Data'!$D:$D,\"Personal Check\")+COUNTIFS('Sanitized Raw Data'!$H:$H,\">=\"&$B9,'Sanitized Raw Data'!$H:$H,\"<\"&$B10,'Sanitized Raw Data'!$D:$D,\"ACH Grant Deposit\")","v":0},{"$f":"SUMIFS('Sanitized Raw Data'!$C:$C,'Sanitized Raw Data'!$H:$H,\">=\"&$B9,'Sanitized Raw Data'!$H:$H,\"<\"&$B10,'Sanitized Raw Data'!$D:$D,\"Personal Check\")+SUMIFS('Sanitized Raw Data'!$C:$C,'Sanitized Raw Data'!$H:$H,\">=\"&$B9,'Sanitized Raw Data'!$H:$H,\"<\"&$B10,'Sanitized Raw Data'!$D:$D,\"ACH Grant Deposit\")","v":0},{"$f":"SUM(G9,M9,K9,I9,N8,E9)","v":37883.280000000006},{"$f":"SUM(F9,H9,J9,L9,D9)","v":12},{"$f":"SUM(F9,L9,J9,H9,P8,D9)","v":521},{"$f":"N9/P9","v":72.712629558541281},{"$f":"(SUM(G9,M9,K9,I9,E9))/(SUM(F9,H9,J9,L9,D9))","v":89.648333333333326},{"$f":"N9/Sheet11!$A6","v":6313.880000000001},{"$f":"(N9-N8)/C$3","v":2.7014715483903339E-2},{"$f":"E9/(N9-N8)","v":0},{"$f":"D9/O9","v":0},{"$f":"SUM(E$3:E9)/N9","v":0},{"$f":"SUM(D$3:D9)/O9","v":0},{"$f":"G9/(N9-N8)","v":0},{"$f":"F9/O9","v":0},{"$f":"SUM(G$3:G9)/N9","v":0},{"$f":"SUM(F$3:F9)/O9","v":0},{"$f":"I9/(N9-N8)","v":0.91654427485173651},{"$f":"H9/O9","v":0.75},{"$f":"SUM(I$3:I9)/N9","v":0.71000108755102509},{"$f":"SUM(H$3:H9)/P9","v":0.66602687140115158},{"$f":"K9/(N9-N8)","v":8.3455725148264603E-2},{"$f":"J9/O9","v":0.25},{"$f":"SUM(K$3:K9)/N9","v":8.5713539059975793E-2},{"$f":"SUM(J$3:J9)/P9","v":0.21880998080614203},{"$f":"M9/(N9-N8)","v":0},{"$f":"L9/O9","v":0},{"$f":"SUM(M$3:M9)/N9","v":0.20428537338899902},{"$f":"SUM(L$3:L9)/P9","v":0.11516314779270634},null,"Day 6","2023-10-07",48752,0,0,0,0,6,264.53999999999996,1,24,1,64,25113.68,8,376,66.791702127659576,44.067499999999995,4185.6133333333337,7.231293075155909E-3,0,0,1.9909467668617264E-3,0.125,0,0,0,0,0.75038293526975464,0.75,0.58988885738768682,0.48670212765957449,6.8077381290066213E-2,0.125,0.19159278926863765,0.37234042553191488,0.18153968344017654,0.125,0.21652740657681388,0.13829787234042554,null,"Day 6","2023-04-16",50252,0,0,0,0,13,837.96999999999991,1,100,0,0,28490.190000000002,14,444,64.167094594594602,66.997857142857143,4748.3650000000007,1.8665326753164076E-2,0,0,8.7749502548070055E-3,0.21428571428571427,0,0,0,0,0.89338678209324274,0.9285714285714286,0.65409497093560987,0.56756756756756754,0.10661321790675594,7.1428571428571425E-2,0.13564949900299014,0.28153153153153154,0,0,0.20148057980659304,0.14414414414414414,null,"Day 6","2022-10-08",51670,0,0,0,0,3,125,0,0,1,55,25839.149999999998,4,375,68.904399999999995,45,4306.5249999999996,3.4836462163731373E-3,0,0,9.8954493472114997E-3,1,0,0,0,0,0.69444444444444442,0.75,0.58030430567568991,0.48266666666666669,0,0,0.13530708246981807,0.30133333333333334,0.30555555555555558,0.25,0.27449316250728062,0.20533333333333334,null,"Day 6","2022-04-11",54096,0,0,0,0,71,6121.4000000000005,23,979.63,6,339.01,43532.04,100,673,64.683566121842503,74.400400000000005,7255.34,0.13753401360544221,0,0,5.6689279895911146E-3,0.16,0,0,0,0,0.82276439373981858,0.71,0.58626014310379204,0.52451708766716199,0.13166999102155363,0.23,0.20907336297586787,0.28974739970282321,4.5565615238627739E-2,0.06,0.19899756593074891,0.16196136701337296]
["Day 7","2024-04-22",39822,{"$f":"COUNTIFS('Sanitized Raw Data'!$H:$H,\">=\"&$B10,'Sanitized Raw Data'!$H:$H,\"<\"&$B11,'Sanitized Raw Data'!$D:$D,\"Matching Grant\")","v":0},{"$f":"SUMIFS('Sanitized Raw Data'!$C:$C,'Sanitized Raw Data'!$H:$H,\">=\"&$B10,'Sanitized Raw Data'!$H:$H,\"<\"&$B11,'Sanitized Raw Data'!$D:$D,\"Matching Grant\")","v":0},{"$f":"COUNTIFS('Sanitized Raw Data'!$H:$H,\">=\"&$B10,'Sanitized Raw Data'!$H:$H,\"<\"&$B11,'Sanitized Raw Data'!$D:$D,\"Cash\")","v":0},{"$f":"SUMIFS('Sanitized Raw Data'!$C:$C,'Sanitized Raw Data'!$H:$H,\">=\"&$B10,'Sanitized Raw Data'!$H:$H,\"<\"&$B11,'Sanitized Raw Data'!$D:$D,\"Cash\")","v":0},{"$f":"COUNTIFS('Sanitized Raw Data'!$H:$H,\">=\"&$B10,'Sanitized Raw Data'!$H:$H,\"<\"&$B11,'Sanitized Raw Data'!$D:$D,\"CC\")","v":26},{"$f":"SUMIFS('Sanitized Raw Data'!$C:$C,'Sanitized Raw Data'!$H:$H,\">=\"&$B10,'Sanitized Raw Data'!$H:$H,\"<\"&$B11,'Sanitized Raw Data'!$D:$D,\"CC\")","v":1811.48},{"$f":"COUNTIFS('Sanitized Raw Data'!$H:$H,\">=\"&$B10,'Sanitized Raw Data'!$H:$H,\"<\"&$B11,'Sanitized Raw Data'!$D:$D,\"PayPal\")","v":2},{"$f":"SUMIFS('Sanitized Raw Data'!$C:$C,'Sanitized Raw Data'!$H:$H,\">=\"&$B10,'Sanitized Raw Data'!$H:$H,\"<\"&$B11,'Sanitized Raw Data'!$D:$D,\"PayPal\")","v":200},{"$f":"COUNTIFS('Sanitized Raw Data'!$H:$H,\">=\"&$B10,'Sanitized Raw Data'!$H:$H,\"<\"&$B11,'Sanitized Raw Data'!$D:$D,\"Personal Check\")+COUNTIFS('Sanitized Raw Data'!$H:$H,\">=\"&$B10,'Sanitized Raw Data'!$H:$H,\"<\"&$B11,'Sanitized Raw Data'!$D:$D,\"ACH Grant Deposit\")","v":0},{"$f":"SUMIFS('Sanitized Raw Data'!$C:$C,'Sanitized Raw Data'!$H:$H,\">=\"&$B10,'Sanitized Raw Data'!$H:$H,\"<\"&$B11,'Sanitized Raw Data'!$D:$D,\"Personal Check\")+SUMIFS('Sanitized Raw Data'!$C:$C,'Sanitized Raw Data'!$H:$H,\">=\"&$B10,'Sanitized Raw Data'!$H:$H,\"<\"&$B11,'Sanitized Raw Data'!$D:$D,\"ACH Grant Deposit\")","v":0},{"$f":"SUM(G10,M10,K10,I10,N9,E10)","v":39894.760000000009},{"$f":"SUM(F10,H10,J10,L10,D10)","v":28},{"$f":"SUM(F10,L10,J10,H10,P9,D10)","v":549},{"$f":"N10/P10","v":72.66805100182151},{"$f":"(SUM(G10,M10,K10,I10,E10))/(SUM(F10,H10,J10,L10,D10))","v":71.838571428571427},{"$f":"N10/Sheet11!$A7","v":5699.2514285714296},{"$f":"(N10-N9)/C$3","v":5.0511777409472235E-2},{"$f":"E10/(N10-N9)","v":0},{"$f":"D10/O10","v":0},{"$f":"SUM(E$3:E10)/N10","v":0},{"$f":"SUM(D$3:D10)/O10","v":0},{"$f":"G10/(N10-N9)","v":0},{"$f":"F10/O10","v":0},{"$f":"SUM(G$3:G10)/N10","v":0},{"$f":"SUM(F$3:F10)/O10","v":0},{"$f":"I10/(N10-N9)","v":0.90057072404398608},{"$f":"H10/O10","v":0.9285714285714286},{"$f":"SUM(I$3:I10)/N10","v":0.71960954270686162},{"$f":"SUM(H$3:H10)/P10","v":0.67941712204007287},{"$f":"K10/(N10-N9)","v":9.9429275956012336E-2},{"$f":"J10/O10","v":7.1428571428571425E-2},{"$f":"SUM(K$3:K10)/N10","v":8.6405081770137213E-2},{"$f":"SUM(J$3:J10)/P10","v":0.21129326047358835},{"$f":"M10/(N10-N9)","v":0},{"$f":"L10/O10","v":0},{"$f":"SUM(M$3:M10)/N10","v":0.19398537552300096},{"$f":"SUM(L$3:L10)/P10","v":0.10928961748633879},null,"Day 7","2023-10-08",48752,0,0,0,0,23,1686,4,237,1,25,27061.68,28,404,66.984356435643562,69.571428571428569,3865.9542857142856,3.9957335083688872E-2,0,0,1.8476310413839791E-3,3.5714285714285712E-2,0,0,0,0,0.8655030800821355,0.8214285714285714,0.60972859039054494,0.50990099009900991,0.12166324435318275,0.14285714285714285,0.18655900151062316,0.35643564356435642,1.2833675564681724E-2,3.5714285714285712E-2,0.20186477705744799,0.13118811881188119,null,"Day 7","2023-04-17",50252,0,0,0,0,8,319.63,1,19.89,3,350,29179.710000000003,12,456,63.990592105263161,57.46,4168.5300000000007,1.372124492557511E-2,0,0,8.5675971419866739E-3,0.25,0,0,0,0,0.46355435665390388,0.66666666666666663,0.64959247367434436,0.57017543859649122,2.884615384615383E-2,8.3333333333333329E-2,0.13312572331938868,0.27631578947368424,0.50759948949994171,0.25,0.2087142058642803,0.14692982456140352,null,"Day 7","2022-10-09",51670,0,0,0,0,5,214.77,1,5,1,500,26558.92,7,382,69.525968586387435,102.82428571428571,3794.1314285714284,1.3930133539771636E-2,0,0,9.6272740005994232E-3,0.5714285714285714,0,0,0,0,0.29838698473123343,0.7142857142857143,0.57266409929319428,0.48691099476439792,6.9466635175125342E-3,0.14285714285714285,0.13182840266095155,0.29842931937172773,0.69466635175125346,0.14285714285714285,0.28588022404525487,0.20418848167539266,null,"Day 7","2022-04-12",54096,0,0,0,0,27,1654.9499999999998,3,375,6,370,45931.99,36,709,64.784188998589556,66.665277777777774,6561.7128571428566,4.4364648033126237E-2,0,0,5.3727260673878926E-3,0.44444444444444442,0,0,0,0,0.68957686618471292,0.75,0.59165844980807503,0.53596614950634702,0.15625325527615178,8.3333333333333329E-2,0.20631350829781162,0.27926657263751764,0.15416987853913641,0.16666666666666666,0.19665531582672555,0.16220028208744711]
["Day 8","2024-04-23",39822,null,null,null,null,null,null,null,null,null,null,null,null,null,null,null,null,null,null,null,null,null,null,null,null,null,null,null,null,null,null,null,null,null,null,null,null,null,null,"Day 8","2023-10-09",48752,0,0,0,0,11,799.79,4,149.88999999999999,1,25,28036.36,16,420,66.753238095238103,60.917499999999997,3504.5450000000001,1.9992615687561541E-2,0,0,1.7833984154861757E-3,6.25E-2,0,0,0,0,0.82056675011285729,0.6875,0.61705834851599861,0.51666666666666672,0.15378380596708657,0.25,0.18541957657841462,0.35238095238095241,2.5649443920055807E-2,6.25E-2,0.19573867649010068,0.12857142857142856,null,"Day 8","2023-04-18",50252,0,0,0,0,17,1100.47,2,69.789999999999992,0,0,30349.97,19,475,63.894673684210531,61.592631578947369,3793.7462500000001,2.3287829340125733E-2,0,0,8.2372404321981209E-3,0.15789473684210525,0,0,0,0,0.94036367986601399,0.89473684210526316,0.66080427756600768,0.5831578947368421,5.9636320133987397E-2,0.10526315789473684,0.13029205630186783,0.26947368421052631,0,0,0.20066642569992652,0.14105263157894737,null,"Day 8","2022-10-10",51670,0,0,0,0,109,7196.39,34,2233.2599999999998,13,1180,37168.57,156,538,69.086561338289968,68.010576923076925,4646.07125,0.20533481710857368,0,0,6.8791992804673411E-3,2.564102564102564E-2,0,0,0,0,0.67828721965380567,0.69871794871794868,0.60281388280474613,0.54832713754646845,0.2104932773465665,0.21794871794871795,0.15428304075190408,0.27509293680297398,0.11121950299962768,8.3333333333333329E-2,0.23602387716288251,0.16914498141263939,null,"Day 8","2022-04-13",54096,0,0,0,0,17,1027.9299999999998,3,80,3,103.63,47143.549999999996,23,732,64.403756830601083,52.676521739130429,5892.9437499999995,2.2396480331262895E-2,0,0,5.2346503392298634E-3,0.69565217391304346,0,0,0,0,0.84843507543993013,0.73913043478260865,0.59825744985263107,0.54234972677595628,6.6030572154907846E-2,0.13043478260869565,0.20270832383221035,0.27459016393442626,8.5534352405163758E-2,0.13043478260869565,0.19379957597592881,0.16120218579234974]
["Day 9","2024-04-24",39822,null,null,null,null,null,null,null,null,null,null,null,null,null,null,null,null,null,null,null,null,null,null,null,null,null,null,null,null,null,null,null,null,null,null,null,null,null,null,"Day 9","2023-10-10",48752,0,0,0,0,92,6860.300000000002,18,892,4,318,36106.660000000003,114,534,67.615468164794009,70.792105263157907,4011.8511111111115,0.1655378240892682,0,0,1.384786075477488E-3,8.771929824561403E-3,0,0,0,0,0.8500675315663605,0.80701754385964908,0.66913887908768088,0.5786516853932584,0.11052872879570767,0.15789473684210525,0.16868051489669772,0.31086142322097376,3.9403739637931659E-2,3.5087719298245612E-2,0.16079581994014397,0.10861423220973783,null,"Day 9","2023-04-19",50252,0,0,0,0,85,6611.55,10,614,3,183,37758.520000000004,98,573,65.89619546247819,75.597448979591832,4195.391111111112,0.14742796306614667,0,0,6.6210222222693044E-3,3.0612244897959183E-2,0,0,0,0,0.8924215939691299,0.86734693877551017,0.70624960935968895,0.63176265270506105,8.2877216189402747E-2,0.10204081632653061,0.12098885231730479,0.24083769633507854,2.4701189841466943E-2,3.0612244897959183E-2,0.16614051610073696,0.12216404886561955,null,"Day 9","2022-10-11",51670,0,0,0,0,18,1503.5200000000002,2,35,3,90,38797.089999999997,23,561,69.157023172905525,70.805217391304353,4310.7877777777776,3.1517708534933166E-2,0,0,6.5904427368135088E-3,0.17391304347826086,0,0,0,0,0.92324319013583078,0.78260869565217395,0.61626400330540265,0.5579322638146168,2.1491906761967963E-2,8.6956521739130432E-2,0.14870909132617935,0.26737967914438504,5.5264903102203333E-2,0.13043478260869565,0.22843646263160461,0.16755793226381463,null,"Day 9","2022-04-14",54096,0,0,0,0,9,579.79,3,90,3,144.79,47958.13,15,747,64.200977242302542,54.30533333333333,5328.681111111111,1.5058044957113312E-2,0,0,5.1457385848864418E-3,1.0666666666666667,0,0,0,0,0.71176557244223859,0.6,0.6001854117331098,0.5435073627844712,0.11048638562203811,0.2,0.20114191274764048,0.27309236947791166,0.17774804193572108,0.2,0.19352693693436335,0.16198125836680052]
["Day 10","2024-04-25",39822,null,null,null,null,null,null,null,null,null,null,null,null,null,null,null,null,null,null,null,null,null,null,null,null,null,null,null,null,null,null,null,null,null,null,null,null,null,null,"Day 10","2023-10-11",48752,0,0,0,0,15,1015,3,79.789999999999992,2,208,37409.450000000004,20,554,67.526083032490988,65.139499999999998,3740.9450000000006,2.6722801115851676E-2,0,0,1.3365606818597972E-3,0.05,0,0,0,0,0.77909716838477372,0.75,0.67296819386545392,0.58483754512635377,6.1245480852631609E-2,0.15,0.16493907288131743,0.30505415162454874,0.15965735076259402,0.1,0.16075617257136895,0.10830324909747292,null,"Day 10","2023-04-20",50252,0,0,0,0,23,2011.79,3,350,5,731,40851.310000000005,31,604,67.634619205298023,99.767419354838708,4085.1310000000003,6.1545610124970167E-2,0,0,6.1197547887693188E-3,9.6774193548387094E-2,0,0,0,0,0.65047740066412507,0.74193548387096775,0.70202718101328954,0.63741721854304634,0.1131664290171657,9.6774193548387094E-2,0.12039662865156586,0.23344370860927152,0.23635617031870892,0.16129032258064516,0.17145643554637535,0.12417218543046357,null,"Day 10","2022-10-12",51670,0,0,0,0,15,1167.19,0,0,4,921,40885.279999999999,19,580,70.491862068965517,109.90473684210527,4088.5279999999998,4.041397329204572E-2,0,0,6.2538400128359156E-3,0.21052631578947367,0,0,0,0,0.55894818000277691,0.78947368421052633,0.61333663362461999,0.56551724137931036,0,0,0.14111386787616473,0.25862068965517243,0.44105181999722198,0.21052631578947367,0.23929565848637946,0.16896551724137931,null,"Day 10","2022-04-15",54096,0,0,0,0,4,168.79,2,74,1,200,48400.92,7,754,64.192201591511932,63.255714285714284,4840.0919999999996,8.1852632357290907E-3,0,0,5.0986634138359358E-3,2.2857142857142856,0,0,0,0,0.38119650398608745,0.5714285714285714,0.59818201802775661,0.54376657824933683,0.16712211206215102,0.2857142857142857,0.20083068668942655,0.27320954907161804,0.45168138395175955,0.14285714285714285,0.19588863186898098,0.16180371352785147]
["Day 11","2024-04-26",39822,null,null,null,null,null,null,null,null,null,null,null,null,null,null,null,null,null,null,null,null,null,null,null,null,null,null,null,null,null,null,null,null,null,null,null,null,null,null,"Day 11","2023-10-12",48752,0,0,0,0,7,403,0,0,0,0,37812.450000000004,7,561,67.401871657754015,57.571428571428569,3437.4954545454548,8.2663275352806032E-3,0,0,1.3223157981035346E-3,0.14285714285714285,0,0,0,0,1,1,0.67645365481475028,0.59001782531194291,0,0,0.16318117445444555,0.30124777183600715,0,0,0.15904285493270071,0.10695187165775401,null,"Day 11","2023-04-21",50252,0,0,0,0,9,644.54,3,200,0,0,41695.850000000006,12,616,67.688068181818196,70.37833333333333,3790.5318181818188,1.6806097269760425E-2,0,0,5.9958005413008721E-3,0.25,0,0,0,0,0.76318469225850671,0.75,0.70326591255484672,0.63961038961038963,0.23681530774149218,0.25,0.12275466263429091,0.23376623376623376,0,0,0.16798362426956157,0.12175324675324675,null,"Day 11","2022-10-13",51670,0,0,0,0,8,275,1,25,3,190,41375.279999999999,12,592,69.890675675675681,40.833333333333336,3761.389090909091,9.4832591445713176E-3,0,0,6.1797769102710605E-3,0.33333333333333331,0,0,0,0,0.56122448979591832,0.66666666666666663,0.61271947887724276,0.56756756756756754,5.1020408163265307E-2,8.3333333333333329E-2,0.14004690723543139,0.25506756756756754,0.38775510204081631,0.25,0.2410538369770549,0.17060810810810811,null,"Day 11","2022-04-16",54096,0,0,0,0,2,70,1,19.89,2,150,48640.81,5,759,64.085388669301707,47.977999999999994,4421.8918181818181,4.4345238095237988E-3,0,0,5.0735174845978103E-3,3.2,0,0,0,0,0.29180040852057265,0.4,0.59667098471427604,0.54281949934123852,8.2913001792488422E-2,0.2,0.20024913236436645,0.27272727272727271,0.6252865896869414,0.4,0.19800636543675978,0.16337285902503293]
["Day 12","2024-04-27",39822,null,null,null,null,null,null,null,null,null,null,null,null,null,null,null,null,null,null,null,null,null,null,null,null,null,null,null,null,null,null,null,null,null,null,null,null,null,null,"Day 12","2023-10-13",48752,0,0,0,0,8,544.89,0,0,0,0,38357.340000000004,8,569,67.411845342706513,68.111249999999998,3196.4450000000002,1.117677223498522E-2,0,0,1.3035314753317095E-3,0.125,0,0,0,0,1.0000000000000011,1,0.68104983296547683,0.59578207381370829,0,0,0.16086308383219483,0.29701230228471004,0,0,0.15678355172699668,0.1054481546572935,null,"Day 12","2023-04-22",50252,0,0,0,0,9,809,0,0,0,0,42504.850000000006,9,625,68.007760000000005,89.888888888888886,3542.0708333333337,1.6098861736846295E-2,0,0,5.8816817374958376E-3,0.33333333333333331,0,0,0,0,1,1,0.70891368867317506,0.64480000000000004,0,0,0.12041825815171678,0.23039999999999999,0,0,0.16478637143761238,0.12,null,"Day 12","2022-10-14",51670,0,0,0,0,3,100,1,25,1,1000,42500.28,5,597,71.189748743718596,225,3541.69,2.1772788852332109E-2,0,0,6.0161956580050769E-3,0.8,0,0,0,0,8.8888888888888892E-2,0.6,0.59885346637716275,0.56783919597989951,2.2222222222222223E-2,0.2,0.13692803906233086,0.25460636515912899,0.88888888888888884,0.2,0.25820229890250135,0.17085427135678391,null,"Day 12","2022-04-17",54096,0,0,0,0,1,50,1,25,0,0,48715.81,2,761,64.015519053876474,37.5,4059.6508333333331,1.3864241348713398E-3,0,0,5.0657065950458387E-3,8,0,0,0,0,0.66666666666666663,0.5,0.59677874595536862,0.54270696452036793,0.33333333333333331,0.5,0.20045402098415277,0.27332457293035478,0,0,0.19770152646543288,0.16294349540078842]
["Day 13","2024-04-28",39822,null,null,null,null,null,null,null,null,null,null,null,null,null,null,null,null,null,null,null,null,null,null,null,null,null,null,null,null,null,null,null,null,null,null,null,null,null,null,"Day 13","2023-10-14",48752,0,0,0,0,4,475,0,0,0,0,38832.340000000004,4,573,67.77022687609076,118.75,2987.1030769230774,9.7431900229734171E-3,0,0,1.2875865837598248E-3,0.25,0,0,0,0,1,1,0.68495125454711214,0.59860383944153572,0,0,0.15889539492083146,0.29493891797556721,0,0,0.15486576394829668,0.10471204188481675,null,"Day 13","2023-04-23",50252,0,0,0,0,10,793.79,0,0,0,0,43298.640000000007,10,635,68.186834645669308,79.378999999999991,3330.6646153846159,1.5796187216429215E-2,0,0,5.7738534050954015E-3,0.3,0,0,0,0,0.99999999999999889,1,0.71425014734873904,0.65039370078740155,0,0,0.11821064125801639,0.22677165354330708,0,0,0.16176535798814923,0.11811023622047244,null,"Day 13","2022-10-15",51670,0,0,0,0,2,127.77,0,0,1,500,43128.049999999996,3,600,71.880083333333332,209.25666666666666,3317.5423076923075,1.2149603251403074E-2,0,0,5.9286241784639003E-3,1.3333333333333333,0,0,0,0,0.20352995523838452,0.66666666666666663,0.59309915472644847,0.56833333333333336,0,0,0.13493492054474987,0.25333333333333335,0.79647004476162053,0.33333333333333331,0.26603730055033792,0.17166666666666666,null,"Day 13","2022-04-18",54096,0,0,0,0,4,169.79,1,150,1,50,49085.599999999999,6,767,63.996870925684483,61.631666666666661,3775.8153846153846,6.8358104111209865E-3,0,0,5.0275437195430022E-3,2.6666666666666665,0,0,0,0,0.45915249195489222,0.66666666666666663,0.59574192838632933,0.54367666232073009,0.40563563103382905,0.16666666666666666,0.20199977182717538,0.27249022164276404,0.13521187701127635,0.16666666666666666,0.1972307560669524,0.16297262059973924]
["Day 14","2024-04-29",39822,null,null,null,null,null,null,null,null,null,null,null,null,null,null,null,null,null,null,null,null,null,null,null,null,null,null,null,null,null,null,null,null,null,null,null,null,null,null,"Day 14","2023-10-15",48752,0,0,0,0,5,450,0,0,0,0,39282.340000000004,5,578,67.962525951557097,90,2805.8814285714288,9.2303905480800794E-3,0,0,1.2728365978197835E-3,0.2,0,0,0,0,1,1,0.68856030470689888,0.60207612456747406,0,0,0.1570751640559091,0.29238754325259514,0,0,0.15309169463937228,0.10380622837370242,null,"Day 14","2023-04-24",50252,0,0,0,0,36,2539.98,0,0,1,64,45902.62000000001,37,672,68.307470238095249,70.377837837837845,3278.7585714285719,5.1818435087160775E-2,0,0,5.446312214858323E-3,8.1081081081081086E-2,0,0,0,0,0.97542223826603769,0.97297297297297303,0.72906600973974911,0.66815476190476186,0,0,0.11150474635216898,0.21428571428571427,2.4577761733961059E-2,2.7027027027027029E-2,0.15398293169322355,0.1130952380952381,null,"Day 14","2022-10-16",51670,0,0,0,0,3,105,1,100,0,0,43333.049999999996,4,604,71.743460264900662,51.25,3095.2178571428567,3.9674859686471839E-3,0,0,5.9005770422345073E-3,1,0,0,0,0,0.51219512195121952,0.75,0.59271641391501417,0.56953642384105962,0.48780487804878048,0.25,0.136604277797201,0.25331125827814571,0,0,0.26477873124555046,0.17052980132450332,null,"Day 14","2022-04-19",54096,0,0,0,0,6,614,0,0,0,0,49699.6,6,773,64.294437257438545,102.33333333333333,3549.9714285714285,1.1350192250813369E-2,0,0,4.9654323173627156E-3,2.6666666666666665,0,0,0,0,1,1,0.60073622322916098,0.54721862871927551,0,0,0.19950422136194254,0.27037516170763259,0,0,0.19479412309153391,0.16170763260025872]
["Day 15","2024-04-30",39822,null,null,null,null,null,null,null,null,null,null,null,null,null,null,null,null,null,null,null,null,null,null,null,null,null,null,null,null,null,null,null,null,null,null,null,null,null,null,"Day 15","2023-10-16",48752,0,0,0,0,8,679,2,200,0,0,40161.340000000004,10,588,68.30159863945579,87.9,2677.4226666666668,1.8030029537249755E-2,0,0,1.2449783797054579E-3,0.1,0,0,0,0,0.77246871444823662,0.8,0.6903967845694392,0.60544217687074831,0.22753128555176336,0.2,0.15861721745340171,0.29081632653061223,0,0,0.14974101959745365,0.10204081632653061,null,"Day 15",null,null,null,null,null,null,null,null,null,null,null,null,null,null,null,null,null,null,null,null,null,null,null,null,null,null,null,null,null,null,null,null,null,null,null,null,null,null,null,null,"Day 15","2022-10-17",51670,0,0,0,0,39,2439.5800000000004,10,722,2,159,46653.63,51,655,71.226916030534341,65.109411764705897,3110.2419999999997,6.4265144184246212E-2,0,0,5.4806024740197065E-3,7.8431372549019607E-2,0,0,0,0,0.73468490444440404,0.76470588235294112,0.60282104522199031,0.58473282442748087,0.21743189442808172,0.19607843137254902,0.14235719707126754,0.24885496183206107,4.788320112751384E-2,3.9215686274509803E-2,0.24934115523272252,0.16030534351145037,null,"Day 15","2022-04-20",54096,0,0,0,0,16,898.79,7,435,0,0,51033.39,23,796,64.112298994974878,57.990869565217388,3402.2260000000001,2.4655981958000606E-2,0,0,4.8356575959386588E-3,0.69565217391304346,0,0,0,0,0.67386170236693888,0.69565217391304346,0.6026474039839409,0.55150753768844218,0.32613829763306046,0.30434782608695654,0.20281388322429686,0.271356783919598,0,0,0.18970305519582373,0.157035175879397]
["Day 16","2024-05-01",39822,null,null,null,null,null,null,null,null,null,null,null,null,null,null,null,null,null,null,null,null,null,null,null,null,null,null,null,null,null,null,null,null,null,null,null,null,null,null,"Day 16","2023-10-17",48752,0,0,0,0,64,5028.43,22,3106.56,0,0,48296.33,86,674,71.656275964391696,94.592906976744189,3018.5206250000001,0.16686474401050208,0,0,1.03527535114987E-3,1.1627906976744186E-2,0,0,0,0,0.61812368546242857,0.7441860465116279,0.67822316933812576,0.62314540059347179,0.38187631453757176,0.2558139534883721,0.19622277717582268,0.28635014836795253,0,0,0.12451877813490174,8.9020771513353122E-2,null,"Day 16",null,null,null,null,null,null,null,null,null,null,null,null,null,null,null,null,null,null,null,null,null,null,null,null,null,null,null,null,null,null,null,null,null,null,null,null,null,null,null,null,"Day 16","2022-10-18",51670,0,0,0,0,24,1614.9,5,180,3,125,48573.53,32,687,70.703828238719069,59.996875000000003,3035.8456249999999,3.7156957615637726E-2,0,0,5.2639781378870341E-3,0.125,0,0,0,0,0.84113755924787692,0.75,0.61224065864679811,0.59243085880640467,9.3754883066826319E-2,0.15625,0.14043615936498746,0.24454148471615719,6.5107557685296066E-2,9.375E-2,0.24205920385032753,0.15720524017467249,null,"Day 16","2022-04-21",54096,0,0,0,0,53,4530.37,13,522.46,0,0,56086.22,66,862,65.065220417633412,76.558030303030307,3505.3887500000001,9.3404872818692725E-2,0,0,4.4000112683650278E-3,0.24242424242424243,0,0,0,0,0.89660051891712134,0.80303030303030298,0.62912975771945423,0.57076566125290018,0.10339948108287828,0.19696969696969696,0.19385759995949089,0.26566125290023201,0,0,0.17261263105268992,0.14501160092807425]
["Day 17","2024-05-02",39822,null,null,null,null,null,null,null,null,null,null,null,null,null,null,null,null,null,null,null,null,null,null,null,null,null,null,null,null,null,null,null,null,null,null,null,null,null,null,"Day 17","2023-10-18",48752,0,0,0,0,25,1275.7399999999998,0,0,0,0,49572.07,25,699,70.918555078683838,51.029599999999988,2916.0041176470586,2.6167952084017024E-2,0,0,1.0086324819601037E-3,0.04,0,0,0,0,1.0000000000000013,1,0.68650411411103085,0.63662374821173107,0,0,0.1911729730067758,0.27610872675250359,0,0,0.12131428040023343,8.5836909871244635E-2,null,"Day 17",null,null,null,null,null,null,null,null,null,null,null,null,null,null,null,null,null,null,null,null,null,null,null,null,null,null,null,null,null,null,null,null,null,null,null,null,null,null,null,null,"Day 17","2022-10-19",51670,0,0,0,0,14,1234.47,4,299.89,0,0,50107.89,18,705,71.075021276595749,85.242222222222225,2947.5229411764703,2.9695374491968272E-2,0,0,5.1027892014610873E-3,0.22222222222222221,0,0,0,0,0.80455043145024607,0.77777777777777779,0.61812940037986053,0.59716312056737586,0.19544956854975357,0.22222222222222221,0.14212073188473912,0.24397163120567375,0,0,0.23464707853393946,0.15319148936170213,null,"Day 17"]
["Day 18","2024-05-03",39822,null,null,null,null,null,null,null,null,null,null,null,null,null,null,null,null,null,null,null,null,null,null,null,null,null,null,null,null,null,null,null,null,null,null,null,null,null,null,"Day 18","2023-10-19",48752,null,null,null,null,null,null,null,null,null,null,null,null,null,null,null,null,null,null,null,null,null,null,null,null,null,null,null,null,null,null,null,null,null,null,null,null,null,null,"Day 18",null,null,null,null,null,null,null,null,null,null,null,null,null,null,null,null,null,null,null,null,null,null,null,null,null,null,null,null,null,null,null,null,null,null,null,null,null,null,null,null,"Day 18","2022-10-20",51670,0,0,0,0,6,919.69,1,64,1,50,51141.58,8,713,71.727321178120619,129.21125000000001,2841.1988888888891,2.0005612541126424E-2,0,0,4.9996499912595581E-3,0.5,0,0,0,0,0.88971548530023314,0.75,0.62361878534061721,0.59887798036465634,6.1914113515657357E-2,0.125,0.1404995700171954,0.2426367461430575,4.8370401184107313E-2,0.125,0.23088199465092787,0.15287517531556802,null,"Day 18"]
["Day 19","2024-05-04",39822,null,null,null,null,null,null,null,null,null,null,null,null,null,null,null,null,null,null,null,null,null,null,null,null,null,null,null,null,null,null,null,null,null,null,null,null,null,null,"Day 19","2023-10-20",48752,null,null,null,null,null,null,null,null,null,null,null,null,null,null,null,null,null,null,null,null,null,null,null,null,null,null,null,null,null,null,null,null,null,null,null,null,null,null,"Day 19",null,null,null,null,null,null,null,null,null,null,null,null,null,null,null,null,null,null,null,null,null,null,null,null,null,null,null,null,null,null,null,null,null,null,null,null,null,null,null,null,"Day 19","2022-10-21",51670,0,0,0,0,8,370,1,50,0,0,51561.58,9,722,71.41493074792244,46.666666666666664,2713.7673684210527,8.1285078382039872E-3,0,0,4.958924842877196E-3,0.44444444444444442,0,0,0,0,0.88095238095238093,0.88888888888888884,0.62571492184684807,0.60249307479224379,0.11904761904761904,0.1111111111111111,0.14032483100789386,0.24099722991689751,0,0,0.22900132230238096,0.15096952908587258,null,"Day 19"]
["Day 20","2024-05-05",39822,null,null,null,null,null,null,null,null,null,null,null,null,null,null,null,null,null,null,null,null,null,null,null,null,null,null,null,null,null,null,null,null,null,null,null,null,null,null,"Day 20","2023-10-21",48752,null,null,null,null,null,null,null,null,null,null,null,null,null,null,null,null,null,null,null,null,null,null,null,null,null,null,null,null,null,null,null,null,null,null,null,null,null,null,"Day 20",null,null,null,null,null,null,null,null,null,null,null,null,null,null,null,null,null,null,null,null,null,null,null,null,null,null,null,null,null,null,null,null,null,null,null,null,null,null,null,null,"Day 20","2022-10-22",51670,0,0,0,0,2,150,0,0,0,0,51711.58,2,724,71.424834254143647,75,2585.5790000000002,2.9030385136442809E-3,0,0,4.9445404684985454E-3,2,0,0,0,0,1,1,0.62680061216462546,0.60359116022099446,0,0,0.13991779017388367,0.24033149171270718,0,0,0.22833705719299235,0.15055248618784531,null,"Day 20"]
["Day 21","2024-05-06",39822,null,null,null,null,null,null,null,null,null,null,null,null,null,null,null,null,null,null,null,null,null,null,null,null,null,null,null,null,null,null,null,null,null,null,null,null,null,null,"Day 21",null,null,null,null,null,null,null,null,null,null,null,null,null,null,null,null,null,null,null,null,null,null,null,null,null,null,null,null,null,null,null,null,null,null,null,null,null,null,null,null,"Day 21",null,null,null,null,null,null,null,null,null,null,null,null,null,null,null,null,null,null,null,null,null,null,null,null,null,null,null,null,null,null,null,null,null,null,null,null,null,null,null,null,"Day 21",null,null,null,null,null,null,null,null,null,null,null,null,null,null,null,null,null,null,null,null,null,null,null,null,null,null,null,null,null,null,null,null,null,null,null,null,null,null,null,null,"Day 21"]
["Day 22","2024-05-07",39822,null,null,null,null,null,null,null,null,null,null,null,null,null,null,null,null,null,null,null,null,null,null,null,null,null,null,null,null,null,null,null,null,null,null,null,null,null,null,"Day 22",null,null,null,null,null,null,null,null,null,null,null,null,null,null,null,null,null,null,null,null,null,null,null,null,null,null,null,null,null,null,null,null,null,null,null,null,null,null,null,null,"Day 22",null,null,null,null,null,null,null,null,null,null,null,null,null,null,null,null,null,null,null,null,null,null,null,null,null,null,null,null,null,null,null,null,null,null,null,null,null,null,null,null,"Day 22",null,null,null,null,null,null,null,null,null,null,null,null,null,null,null,null,null,null,null,null,null,null,null,null,null,null,null,null,null,null,null,null,null,null,null,null,null,null,null,null,"Day 22"]
["Day 23","2024-05-08",39822,null,null,null,null,null,null,null,null,null,null,null,null,null,null,null,null,null,null,null,null,null,null,null,null,null,null,null,null,null,null,null,null,null,null,null,null,null,null,"Day 23",null,null,null,null,null,null,null,null,null,null,null,null,null,null,null,null,null,null,null,null,null,null,null,null,null,null,null,null,null,null,null,null,null,null,null,null,null,null,null,null,"Day 23",null,null,null,null,null,null,null,null,null,null,null,null,null,null,null,null,null,null,null,null,null,null,null,null,null,null,null,null,null,null,null,null,null,null,null,null,null,null,null,null,"Day 23",null,null,null,null,null,null,null,null,null,null,null,null,null,null,null,null,null,null,null,null,null,null,null,null,null,null,null,null,null,null,null,null,null,null,null,null,null,null,null,null,"Day 23"]
["Day 24","2024-05-09",39822,null,null,null,null,null,null,null,null,null,null,null,null,null,null,null,null,null,null,null,null,null,null,null,null,null,null,null,null,null,null,null,null,null,null,null,null,null,null,"Day 24",null,null,null,null,null,null,null,null,null,null,null,null,null,null,null,null,null,null,null,null,null,null,null,null,null,null,null,null,null,null,null,null,null,null,null,null,null,null,null,null,"Day 24",null,null,null,null,null,null,null,null,null,null,null,null,null,null,null,null,null,null,null,null,null,null,null,null,null,null,null,null,null,null,null,null,null,null,null,null,null,null,null,null,"Day 24",null,null,null,null,null,null,null,null,null,null,null,null,null,null,null,null,null,null,null,null,null,null,null,null,null,null,null,null,null,null,null,null,null,null,null,null,null,null,null,null,"Day 24"]
["Day 25","2024-05-10",39822,null,null,null,null,null,null,null,null,null,null,null,null,null,null,null,null,null,null,null,null,null,null,null,null,null,null,null,null,null,null,null,null,null,null,null,null,null,null,"Day 25",null,null,null,null,null,null,null,null,null,null,null,null,null,null,null,null,null,null,null,null,null,null,null,null,null,null,null,null,null,null,null,null,null,null,null,null,null,null,null,null,"Day 25",null,null,null,null,null,null,null,null,null,null,null,null,null,null,null,null,null,null,null,null,null,null,null,null,null,null,null,null,null,null,null,null,null,null,null,null,null,null,null,null,"Day 25",null,null,null,null,null,null,null,null,null,null,null,null,null,null,null,null,null,null,null,null,null,null,null,null,null,null,null,null,null,null,null,null,null,null,null,null,null,null,null,null,"Day 25"]
["Day 26","2024-05-11",39822,null,null,null,null,null,null,null,null,null,null,null,null,null,null,null,null,null,null,null,null,null,null,null,null,null,null,null,null,null,null,null,null,null,null,null,null,null,null,"Day 26",null,null,null,null,null,null,null,null,null,null,null,null,null,null,null,null,null,null,null,null,null,null,null,null,null,null,null,null,null,null,null,null,null,null,null,null,null,null,null,null,"Day 26",null,null,null,null,null,null,null,null,null,null,null,null,null,null,null,null,null,null,null,null,null,null,null,null,null,null,null,null,null,null,null,null,null,null,null,null,null,null,null,null,"Day 26",null,null,null,null,null,null,null,null,null,null,null,null,null,null,null,null,null,null,null,null,null,null,null,null,null,null,null,null,null,null,null,null,null,null,null,null,null,null,null,null,"Day 26"]
["Day 27","2024-05-12",39822,null,null,null,null,null,null,null,null,null,null,null,null,null,null,null,null,null,null,null,null,null,null,null,null,null,null,null,null,null,null,null,null,null,null,null,null,null,null,"Day 27",null,null,null,null,null,null,null,null,null,null,null,null,null,null,null,null,null,null,null,null,null,null,null,null,null,null,null,null,null,null,null,null,null,null,null,null,null,null,null,null,"Day 27",null,null,null,null,null,null,null,null,null,null,null,null,null,null,null,null,null,null,null,null,null,null,null,null,null,null,null,null,null,null,null,null,null,null,null,null,null,null,null,null,"Day 27",null,null,null,null,null,null,null,null,null,null,null,null,null,null,null,null,null,null,null,null,null,null,null,null,null,null,null,null,null,null,null,null,null,null,null,null,null,null,null,null,"Day 27"]
["Day 28","2024-05-13",39822,null,null,null,null,null,null,null,null,null,null,null,null,null,null,null,null,null,null,null,null,null,null,null,null,null,null,null,null,null,null,null,null,null,null,null,null,null,null,"Day 28",null,null,null,null,null,null,null,null,null,null,null,null,null,null,null,null,null,null,null,null,null,null,null,null,null,null,null,null,null,null,null,null,null,null,null,null,null,null,null,null,"Day 28",null,null,null,null,null,null,null,null,null,null,null,null,null,null,null,null,null,null,null,null,null,null,null,null,null,null,null,null,null,null,null,null,null,null,null,null,null,null,null,null,"Day 28",null,null,null,null,null,null,null,null,null,null,null,null,null,null,null,null,null,null,null,null,null,null,null,null,null,null,null,null,null,null,null,null,null,null,null,null,null,null,null,null,"Day 28"]
["Day 29","2024-05-14",39822,null,null,null,null,null,null,null,null,null,null,null,null,null,null,null,null,null,null,null,null,null,null,null,null,null,null,null,null,null,null,null,null,null,null,null,null,null,null,"Day 29",null,null,null,null,null,null,null,null,null,null,null,null,null,null,null,null,null,null,null,null,null,null,null,null,null,null,null,null,null,null,null,null,null,null,null,null,null,null,null,null,"Day 29",null,null,null,null,null,null,null,null,null,null,null,null,null,null,null,null,null,null,null,null,null,null,null,null,null,null,null,null,null,null,null,null,null,null,null,null,null,null,null,null,"Day 29",null,null,null,null,null,null,null,null,null,null,null,null,null,null,null,null,null,null,null,null,null,null,null,null,null,null,null,null,null,null,null,null,null,null,null,null,null,null,null,null,"Day 29"]
["Day 30","2024-05-15",39822,null,null,null,null,null,null,null,null,null,null,null,null,null,null,null,null,null,null,null,null,null,null,null,null,null,null,null,null,null,null,null,null,null,null,null,null,null,null,"Day 30",null,null,null,null,null,null,null,null,null,null,null,null,null,null,null,null,null,null,null,null,null,null,null,null,null,null,null,null,null,null,null,null,null,null,null,null,null,null,null,null,"Day 30",null,null,null,null,null,null,null,null,null,null,null,null,null,null,null,null,null,null,null,null,null,null,null,null,null,null,null,null,null,null,null,null,null,null,null,null,null,null,null,null,"Day 30",null,null,null,null,null,null,null,null,null,null,null,null,null,null,null,null,null,null,null,null,null,null,null,null,null,null,null,null,null,null,null,null,null,null,null,null,null,null,null,null,"Day 30"]
["Day 31","2024-05-16",39822,null,null,null,null,null,null,null,null,null,null,null,null,null,null,null,null,null,null,null,null,null,null,null,null,null,null,null,null,null,null,null,null,null,null,null,null,null,null,"Day 31",null,null,null,null,null,null,null,null,null,null,null,null,null,null,null,null,null,null,null,null,null,null,null,null,null,null,null,null,null,null,null,null,null,null,null,null,null,null,null,null,"Day 31",null,null,null,null,null,null,null,null,null,null,null,null,null,null,null,null,null,null,null,null,null,null,null,null,null,null,null,null,null,null,null,null,null,null,null,null,null,null,null,null,"Day 31",null,null,null,null,null,null,null,null,null,null,null,null,null,null,null,null,null,null,null,null,null,null,null,null,null,null,null,null,null,null,null,null,null,null,null,null,null,null,null,null,"Day 31"]
["Day 32","2024-05-17",39822,null,null,null,null,null,null,null,null,null,null,null,null,null,null,null,null,null,null,null,null,null,null,null,null,null,null,null,null,null,null,null,null,null,null,null,null,null,null,"Day 32",null,null,null,null,null,null,null,null,null,null,null,null,null,null,null,null,null,null,null,null,null,null,null,null,null,null,null,null,null,null,null,null,null,null,null,null,null,null,null,null,"Day 32",null,null,null,null,null,null,null,null,null,null,null,null,null,null,null,null,null,null,null,null,null,null,null,null,null,null,null,null,null,null,null,null,null,null,null,null,null,null,null,null,"Day 32",null,null,null,null,null,null,null,null,null,null,null,null,null,null,null,null,null,null,null,null,null,null,null,null,null,null,null,null,null,null,null,null,null,null,null,null,null,null,null,null,"Day 32"]
["Day 33","2024-05-18",39822,null,null,null,null,null,null,null,null,null,null,null,null,null,null,null,null,null,null,null,null,null,null,null,null,null,null,null,null,null,null,null,null,null,null,null,null,null,null,"Day 33",null,null,null,null,null,null,null,null,null,null,null,null,null,null,null,null,null,null,null,null,null,null,null,null,null,null,null,null,null,null,null,null,null,null,null,null,null,null,null,null,"Day 33",null,null,null,null,null,null,null,null,null,null,null,null,null,null,null,null,null,null,null,null,null,null,null,null,null,null,null,null,null,null,null,null,null,null,null,null,null,null,null,null,"Day 33",null,null,null,null,null,null,null,null,null,null,null,null,null,null,null,null,null,null,null,null,null,null,null,null,null,null,null,null,null,null,null,null,null,null,null,null,null,null,null,null,"Day 33"]
["Day 34","2024-05-19",39822,null,null,null,null,null,null,null,null,null,null,null,null,null,null,null,null,null,null,null,null,null,null,null,null,null,null,null,null,null,null,null,null,null,null,null,null,null,null,"Day 34",null,null,null,null,null,null,null,null,null,null,null,null,null,null,null,null,null,null,null,null,null,null,null,null,null,null,null,null,null,null,null,null,null,null,null,null,null,null,null,null,"Day 34",null,null,null,null,null,null,null,null,null,null,null,null,null,null,null,null,null,null,null,null,null,null,null,null,null,null,null,null,null,null,null,null,null,null,null,null,null,null,null,null,"Day 34",null,null,null,null,null,null,null,null,null,null,null,null,null,null,null,null,null,null,null,null,null,null,null,null,null,null,null,null,null,null,null,null,null,null,null,null,null,null,null,null,"Day 34"]
["Day 35","2024-05-20",39822,null,null,null,null,null,null,null,null,null,null,null,null,null,null,null,null,null,null,null,null,null,null,null,null,null,null,null,null,null,null,null,null,null,null,null,null,null,null,"Day 35",null,null,null,null,null,null,null,null,null,null,null,null,null,null,null,null,null,null,null,null,null,null,null,null,null,null,null,null,null,null,null,null,null,null,null,null,null,null,null,null,"Day 35",null,null,null,null,null,null,null,null,null,null,null,null,null,null,null,null,null,null,null,null,null,null,null,null,null,null,null,null,null,null,null,null,null,null,null,null,null,null,null,null,"Day 35",null,null,null,null,null,null,null,null,null,null,null,null,null,null,null,null,null,null,null,null,null,null,null,null,null,null,null,null,null,null,null,null,null,null,null,null,null,null,null,null,"Day 35"]
["Day 36","2024-05-21",39822,null,null,null,null,null,null,null,null,null,null,null,null,null,null,null,null,null,null,null,null,null,null,null,null,null,null,null,null,null,null,null,null,null,null,null,null,null,null,"Day 36",null,null,null,null,null,null,null,null,null,null,null,null,null,null,null,null,null,null,null,null,null,null,null,null,null,null,null,null,null,null,null,null,null,null,null,null,null,null,null,null,"Day 36",null,null,null,null,null,null,null,null,null,null,null,null,null,null,null,null,null,null,null,null,null,null,null,null,null,null,null,null,null,null,null,null,null,null,null,null,null,null,null,null,"Day 36",null,null,null,null,null,null,null,null,null,null,null,null,null,null,null,null,null,null,null,null,null,null,null,null,null,null,null,null,null,null,null,null,null,null,null,null,null,null,null,null,"Day 36"]
["Day 37","2024-05-22",39822,null,null,null,null,null,null,null,null,null,null,null,null,null,null,null,null,null,null,null,null,null,null,null,null,null,null,null,null,null,null,null,null,null,null,null,null,null,null,"Day 37",null,null,null,null,null,null,null,null,null,null,null,null,null,null,null,null,null,null,null,null,null,null,null,null,null,null,null,null,null,null,null,null,null,null,null,null,null,null,null,null,"Day 37",null,null,null,null,null,null,null,null,null,null,null,null,null,null,null,null,null,null,null,null,null,null,null,null,null,null,null,null,null,null,null,null,null,null,null,null,null,null,null,null,"Day 37",null,null,null,null,null,null,null,null,null,null,null,null,null,null,null,null,null,null,null,null,null,null,null,null,null,null,null,null,null,null,null,null,null,null,null,null,null,null,null,null,"Day 37"]
["Day 38","2024-05-23",39822,null,null,null,null,null,null,null,null,null,null,null,null,null,null,null,null,null,null,null,null,null,null,null,null,null,null,null,null,null,null,null,null,null,null,null,null,null,null,"Day 38",null,null,null,null,null,null,null,null,null,null,null,null,null,null,null,null,null,null,null,null,null,null,null,null,null,null,null,null,null,null,null,null,null,null,null,null,null,null,null,null,"Day 38",null,null,null,null,null,null,null,null,null,null,null,null,null,null,null,null,null,null,null,null,null,null,null,null,null,null,null,null,null,null,null,null,null,null,null,null,null,null,null,null,"Day 38",null,null,null,null,null,null,null,null,null,null,null,null,null,null,null,null,null,null,null,null,null,null,null,null,null,null,null,null,null,null,null,null,null,null,null,null,null,null,null,null,"Day 38"]
["Day 39","2024-05-24",39822,null,null,null,null,null,null,null,null,null,null,null,null,null,null,null,null,null,null,null,null,null,null,null,null,null,null,null,null,null,null,null,null,null,null,null,null,null,null,"Day 39",null,null,null,null,null,null,null,null,null,null,null,null,null,null,null,null,null,null,null,null,null,null,null,null,null,null,null,null,null,null,null,null,null,null,null,null,null,null,null,null,"Day 39",null,null,null,null,null,null,null,null,null,null,null,null,null,null,null,null,null,null,null,null,null,null,null,null,null,null,null,null,null,null,null,null,null,null,null,null,null,null,null,null,"Day 39",null,null,null,null,null,null,null,null,null,null,null,null,null,null,null,null,null,null,null,null,null,null,null,null,null,null,null,null,null,null,null,null,null,null,null,null,null,null,null,null,"Day 39"]
["Day 40","2024-05-25",39822,null,null,null,null,null,null,null,null,null,null,null,null,null,null,null,null,null,null,null,null,null,null,null,null,null,null,null,null,null,null,null,null,null,null,null,null,null,null,"Day 40",null,null,null,null,null,null,null,null,null,null,null,null,null,null,null,null,null,null,null,null,null,null,null,null,null,null,null,null,null,null,null,null,null,null,null,null,null,null,null,null,"Day 40",null,null,null,null,null,null,null,null,null,null,null,null,null,null,null,null,null,null,null,null,null,null,null,null,null,null,null,null,null,null,null,null,null,null,null,null,null,null,null,null,"Day 40",null,null,null,null,null,null,null,null,null,null,null,null,null,null,null,null,null,null,null,null,null,null,null,null,null,null,null,null,null,null,null,null,null,null,null,null,null,null,null,null,"Day 40"]
["Day 41","2024-05-26",39822,null,null,null,null,null,null,null,null,null,null,null,null,null,null,null,null,null,null,null,null,null,null,null,null,null,null,null,null,null,null,null,null,null,null,null,null,null,null,"Day 41",null,null,null,null,null,null,null,null,null,null,null,null,null,null,null,null,null,null,null,null,null,null,null,null,null,null,null,null,null,null,null,null,null,null,null,null,null,null,null,null,"Day 41",null,null,null,null,null,null,null,null,null,null,null,null,null,null,null,null,null,null,null,null,null,null,null,null,null,null,null,null,null,null,null,null,null,null,null,null,null,null,null,null,"Day 41",null,null,null,null,null,null,null,null,null,null,null,null,null,null,null,null,null,null,null,null,null,null,null,null,null,null,null,null,null,null,null,null,null,null,null,null,null,null,null,null,"Day 41"]
["Day 42","2024-05-27",39822,null,null,null,null,null,null,null,null,null,null,null,null,null,null,null,null,null,null,null,null,null,null,null,null,null,null,null,null,null,null,null,null,null,null,null,null,null,null,"Day 42",null,null,null,null,null,null,null,null,null,null,null,null,null,null,null,null,null,null,null,null,null,null,null,null,null,null,null,null,null,null,null,null,null,null,null,null,null,null,null,null,"Day 42",null,null,null,null,null,null,null,null,null,null,null,null,null,null,null,null,null,null,null,null,null,null,null,null,null,null,null,null,null,null,null,null,null,null,null,null,null,null,null,null,"Day 42",null,null,null,null,null,null,null,null,null,null,null,null,null,null,null,null,null,null,null,null,null,null,null,null,null,null,null,null,null,null,null,null,null,null,null,null,null,null,null,null,"Day 42"]
["Day 43","2024-05-28",39822,null,null,null,null,null,null,null,null,null,null,null,null,null,null,null,null,null,null,null,null,null,null,null,null,null,null,null,null,null,null,null,null,null,null,null,null,null,null,"Day 43",null,null,null,null,null,null,null,null,null,null,null,null,null,null,null,null,null,null,null,null,null,null,null,null,null,null,null,null,null,null,null,null,null,null,null,null,null,null,null,null,"Day 43",null,null,null,null,null,null,null,null,null,null,null,null,null,null,null,null,null,null,null,null,null,null,null,null,null,null,null,null,null,null,null,null,null,null,null,null,null,null,null,null,"Day 43",null,null,null,null,null,null,null,null,null,null,null,null,null,null,null,null,null,null,null,null,null,null,null,null,null,null,null,null,null,null,null,null,null,null,null,null,null,null,null,null,"Day 43"]
[null,null,39822,null,null,{"$f":"SUM(F3:F46)","v":0},{"$f":"SUM(G3:G46)","v":0},373,28708.65,116,3447.11,60,7739,{"$f":"LARGE(N3:N46,1)","v":39894.760000000009},null,null,null,null,null,null,null,null,null,null,null,null,null,null,null,null,null,null,null,null,null,null,null,null,null,null,null,null,null,48752,null,null,{"$f":"SUM(AU3:AU46)","v":0},{"$f":"SUM(AV3:AV46)","v":0},445,34031.430000000008,193,9476.84,60,6013.7999999999993,{"$f":"LARGE(BC3:BC46,1)","v":49572.07},null,null,null,null,null,null,null,null,null,null,null,null,null,null,null,null,null,null,null,null,null,null,null,null,null,null,null,"Day 44",null,50252,null,null,0,0,449,33466.040000000008,144,5118.3599999999997,76,7068.2199999999993,45902.62000000001,null,null,null,null,null,null,null,null,null,null,null,null,null,null,null,null,null,null,null,null,null,null,null,null,null,null,null,"Day 44",null,51670,null,null,0,0,437,32412.850000000006,174,7235.37,109,11807.67,51711.58,null,null,null,null,null,null,null,null,null,null,null,null,null,null,null,null,null,null,null,null,null,null,null,null,null,null,null,null,null,54096,null,null,0,0,487,38481.82,200,8243.48,139,13563.800000000001,60331.56]

{"sheet":"Sanitized Raw Data","index":6,"n_rows":550,"n_cols":12,"rows_kept":550,"cut":false,"hidden":false,"merged":[]}
["donate_id","donate_invoice","donate_amount","donate_method","donate_affiliation","donate_classyear","donate_isthanked","donate_transac_date","donate_create_date","donate_mod_date","donate_num_recurring","donate_pledge"]
[60223,"EF55-000001",50,"Personal Check",1,1956,"N","2023-10-12","2023-10-24T09:02:22","2023-10-24T09:02:34",1,"None. Donation by check."]
[60224,"EF55-000002",64,"Personal Check",1,1964,"N","2023-10-07","2023-10-24T09:05:21","2023-10-24T09:05:21",1,"None. Donation by check."]
[60226,"EF55-000003",128,"Personal Check",1,1964,"N","2023-10-11","2023-10-24T09:09:38","2023-10-24T09:09:38",1,"None. Donation by check."]
[60227,"EF55-000004",20,"Personal Check",1,1968,"N","2023-10-11","2023-10-24T09:11:27","2023-10-24T09:11:27",1,"None. Donation by check."]
[60228,"EF55-000005",50,"Personal Check",1,1977,"N","2023-10-11","2023-10-24T09:13:47","2023-10-24T09:13:47",1,"None. Donation by check."]
[60229,"EF55-000006",50,"Personal Check",1,1959,"N","2023-10-13","2023-10-24T09:15:37","2023-10-24T09:15:37",1,"None. Donation by check."]
[60230,"EF55-000007",500,"Personal Check",1,1968,"N","2023-10-13","2023-10-24T09:17:58","2023-10-24T09:17:58",1,"None. Donation by check."]
[60231,"EF55-000008",50,"Personal Check",1,1960,"N","2023-10-07","2023-10-24T09:20:14","2023-10-24T09:20:14",1,"None. Donation by check."]
[60232,"EF55-000009",25,"Personal Check",1,1968,"N","2023-10-12","2023-10-24T09:21:53","2023-10-24T09:21:53",1,"None. Donation by check."]
[60233,"EF55-000010",50,"Personal Check",1,1957,"N","2023-10-15","2023-10-24T09:23:18","2023-10-24T09:23:18",1,"None. Donation by check."]
[60234,"EF55-000011",128,"Personal Check",1,1964,"N","2023-10-13","2023-10-24T09:24:48","2023-10-24T09:24:48",1,"None. Donation by check."]
[60235,"EF55-000012",50,"Personal Check",2,2007,"N","2023-10-20","2023-10-24T09:28:33","2023-10-24T09:28:33",1,"None. Donation by check."]
[60236,"EF55-000013",100,"Personal Check",1,1978,"N","2023-10-17","2023-10-24T09:29:58","2023-10-24T09:29:58",1,"None. Donation by check."]
[60237,"EF55-000014",25,"Personal Check",1,1958,"N","2023-10-26","2023-10-24T09:31:52","2023-10-24T09:31:52",1,"None. Donation by check."]
[60238,"EF55-000015",200,"Personal Check",1,1968,"N","2023-10-17","2023-10-24T09:33:17","2023-10-24T09:33:17",1,"None. Donation by check."]
[60239,"EF55-000016",25,"Personal Check",2,2016,"N","2023-10-16","2023-10-24T09:35:20","2023-10-24T09:35:20",1,"None. Donation by check."]
[60240,"EF55-000017",50,"Personal Check",1,1963,"N","2023-10-18","2023-10-24T09:36:42","2023-10-24T09:36:42",1,"None. Donation by check."]
[60241,"EF55-000018",64,"Personal Check",1,1964,"N","2023-10-12","2023-10-24T09:37:48","2023-10-24T09:37:48",1,"None. Donation by check."]
[60242,"EF55-000019",300,"Personal Check",1,1964,"N","2023-10-17","2023-10-24T09:39:12","2023-10-24T09:39:12",1,"None. Donation by check."]
[60243,"EF55-000020",64,"Personal Check",1,1964,"N","2023-10-15","2023-10-24T09:41:12","2023-10-24T09:41:12",1,"None. Donation by check."]
[60244,"EF55-000021",100,"Personal Check",1,1951,"N","2023-10-12","2023-10-24T09:46:25","2023-10-24T09:46:25",1,"None. Donation by check."]
[60245,"EF55-000022",25,"PayPal",1,1979,"N","2023-10-18","2023-10-24T23:13:45","2023-10-24T23:13:45",1,"None. Donation by check."]
[60246,"EF55-000023",50,"PayPal",1,1964,"N","2023-10-18","2023-10-24T23:14:40","2023-10-24T23:14:40",1,"None. Donation by check."]
[60247,"EF55-000024",50,"PayPal",1,1968,"N","2023-10-18","2023-10-24T23:16:09","2023-10-24T23:16:09",1,"None. Donation by check."]
[60248,"EF55-000025",5,"PayPal",1,1985,"N","2023-10-19","2023-10-24T23:17:24","2023-10-24T23:17:24",1,"None. Donation by check."]
[60249,"EF55-000026",50,"PayPal",5,1951,"N","2023-10-19","2023-10-24T23:18:26","2023-10-24T23:18:26",1,"None. Donation by check."]
[60250,"EF55-000027",19,"PayPal",4,null,"N","2023-10-21","2023-10-24T23:26:02","2023-10-24T23:26:02",1,"None. Donation by check."]
[60251,"EF55-000028",10,"PayPal",2,2016,"N","2023-10-23","2023-10-24T23:27:16","2023-10-24T23:27:16",1,"None. Donation by check."]
[60252,"EF55-000029",20.09,"PayPal",3,2009,"N","2023-10-23","2023-10-24T23:28:17","2023-10-24T23:28:17",1,"None. Donation by check."]
[60253,"EF55-000030",1,"PayPal",4,null,"N","2023-10-24","2023-10-24T23:29:23","2023-10-24T23:29:23",1,"None. Donation by check."]
[60254,"EF55-000031",50,"Personal Check",1,1968,"N","2023-10-18","2023-10-25T18:06:25","2023-10-25T18:06:25",1,"None. Donation by check."]
[60255,"EF55-000032",25,"Personal Check",1,1975,"N","2023-10-18","2023-10-25T18:07:39","2023-10-25T18:10:18",1,"None. Donation by check."]
[60256,"EF55-000033",50,"Personal Check",1,1975,"N","2023-10-09","2023-10-25T18:09:10","2023-10-25T18:09:10",1,"None. Donation by check."]
[60257,"EF55-000034",50,"Personal Check",1,1964,"N","2023-10-20","2023-10-25T18:11:20","2023-10-25T18:11:20",1,"None. Donation by check."]
[60258,"EF55-000035",1000,"Personal Check",1,1968,"N","2023-10-23","2023-11-09T21:56:43","2023-11-09T21:56:43",1,"None. Donation by check."]
[60259,"EF55-000036",200,"Personal Check",1,1970,"N","2023-10-25","2023-11-09T22:02:01","2023-11-09T22:02:01",1,"None. Donation by check."]
[60260,"EF55-000037",64,"Personal Check",1,1964,"N","2023-10-20","2023-11-09T22:03:17","2023-11-09T22:03:17",1,"None. Donation by check."]
[60261,"EF55-000038",200,"Personal Check",1,1975,"N","2023-10-17","2023-11-09T22:04:35","2023-11-09T22:04:35",1,"None. Donation by check."]
[60262,"EF55-000039",50,"Personal Check",2,2007,"N","2023-11-20","2023-11-26T21:33:25","2023-11-26T21:33:25",1,"None. Donation by check."]
[60263,"EF55-000040",250,"Personal Check",1,1968,"N","2023-11-10","2023-11-26T21:36:19","2023-11-26T21:36:19",1,"None. Donation by check."]
[60264,"EF55-000041",100,"Personal Check",1,1967,"N","2023-11-21","2023-12-11T20:06:28","2023-12-11T20:06:28",1,"None. Donation by check."]
[60265,"EF55-000042",100,"Personal Check",5,1949,"N","2023-11-24","2023-12-26T21:22:53","2023-12-26T21:22:53",1,"None. Donation by check."]
[60266,"EF55-000043",50,"Personal Check",2,2007,"N","2023-12-20","2024-01-05T00:32:34","2024-04-18T11:57:04",1,"None. Donation by check."]
[60267,"EF55-000044",20,"Personal Check",1,1978,"N","2023-12-21","2024-01-05T00:35:46","2024-04-18T11:57:27",1,"None. Donation by check."]
[60274,"EF55-000045",1000,"Personal Check",1,1967,"N","2024-02-15","2024-02-28T13:38:06","2024-02-28T13:38:06",1,"None. Donation by check."]
[60275,"EF55-000046",100,"Personal Check",1,1968,"N","2024-02-28","2024-03-23T15:14:08","2024-03-23T15:14:08",1,"None. Donation by check."]
[60276,"EF55-000047",19.579999999999998,"Personal Check",1,1958,"N","2024-03-15","2024-03-23T15:16:06","2024-03-23T15:16:06",1,"None. Donation by check."]
[60277,"EF55-000048",10,"PayPal",1,2007,"N","2023-10-27","2024-04-11T20:10:05","2024-04-11T20:10:05",1,"None. Donation by check."]
[60278,"EF55-000049",10,"PayPal",1,1986,"N","2023-10-29","2024-04-11T20:11:26","2024-04-11T20:11:26",1,"None. Donation by check."]
[60279,"EF55-000050",24,"PayPal",6,1978,"N","2023-11-01","2024-04-11T20:13:47","2024-04-11T20:13:47",1,"None. Donation by check."]
[60280,"EF55-000051",5,"PayPal",1,1956,"N","2023-11-03","2024-04-11T20:14:47","2024-04-11T20:14:47",1,"None. Donation by check."]
[60281,"EF55-000052",58,"PayPal",1,1958,"N","2023-11-04","2024-04-11T20:15:58","2024-04-11T20:15:58",1,"None. Donation by check."]
[60282,"EF55-000053",5,"PayPal",1,1978,"N","2023-11-06","2024-04-11T20:16:46","2024-04-11T20:16:46",1,"None. Donation by check."]
[60283,"EF55-000054",25,"PayPal",1,1980,"N","2023-11-06","2024-04-11T20:18:50","2024-04-11T20:18:50",1,"None. Donation by check."]
[60284,"EF55-000055",5,"PayPal",1,1956,"N","2023-11-09","2024-04-11T20:20:01","2024-04-11T20:20:01",1,"None. Donation by check."]
[60285,"EF55-000056",10,"PayPal",1,1981,"N","2023-11-11","2024-04-11T20:21:03","2024-04-11T20:21:03",1,"None. Donation by check."]
[60286,"EF55-000057",25,"PayPal",1,2005,"N","2023-11-14","2024-04-11T20:21:58","2024-04-11T20:21:58",1,"None. Donation by check."]
[60287,"EF55-000058",10,"PayPal",1,1987,"N","2023-11-14","2024-04-11T20:22:57","2024-04-11T20:22:57",1,"None. Donation by check."]
[60288,"EF55-000059",5,"PayPal",1,1985,"N","2023-11-19","2024-04-11T20:23:51","2024-04-11T20:23:51",1,"None. Donation by check."]
[60289,"EF55-000060",1,"PayPal",4,null,"N","2023-11-21","2024-04-11T20:26:06","2024-04-11T20:26:06",1,"None. Donation by check."]
[60290,"EF55-000061",20.09,"PayPal",3,2009,"N","2023-11-23","2024-04-11T20:27:20","2024-04-11T20:27:20",1,"None. Donation by check."]
[60291,"EF55-000062",10,"PayPal",1,2007,"N","2023-11-27","2024-04-11T20:28:16","2024-04-11T20:28:16",1,"None. Donation by check."]
[60292,"EF55-000063",10,"PayPal",1,1986,"N","2023-11-29","2024-04-11T20:29:38","2024-04-11T20:29:38",1,"None. Donation by check."]
[60293,"EF55-000064",24,"PayPal",6,1978,"N","2023-12-02","2024-04-11T20:32:23","2024-04-11T20:32:23",1,"None. Donation by check."]
[60294,"EF55-000065",5,"PayPal",1,1956,"N","2023-12-03","2024-04-11T20:33:24","2024-04-11T20:33:24",1,"None. Donation by check."]
[60295,"EF55-000066",58,"PayPal",1,1958,"N","2023-12-04","2024-04-11T20:34:20","2024-04-11T20:34:20",1,"None. Donation by check."]
[60296,"EF55-000067",5,"PayPal",1,1978,"N","2023-12-06","2024-04-11T20:37:31","2024-04-11T20:37:31",1,"None. Donation by check."]
[60297,"EF55-000068",5,"PayPal",1,1956,"N","2023-12-09","2024-04-11T20:38:29","2024-04-11T20:38:29",1,"None. Donation by check."]
[60298,"EF55-000069",10,"PayPal",1,1981,"N","2023-12-11","2024-04-11T20:39:30","2024-04-11T20:39:30",1,"None. Donation by check."]
[60299,"EF55-000070",25,"PayPal",1,2005,"N","2023-12-14","2024-04-11T20:40:22","2024-04-11T20:40:22",1,"None. Donation by check."]
[60300,"EF55-000071",10,"PayPal",1,1987,"N","2023-12-14","2024-04-11T20:43:51","2024-04-11T20:43:51",1,"None. Donation by check."]
[60301,"EF55-000072",5,"PayPal",1,1985,"N","2023-12-19","2024-04-11T20:44:43","2024-04-11T20:44:43",1,"None. Donation by check."]
[60302,"EF55-000073",2,"PayPal",4,null,"N","2023-12-22","2024-04-11T20:45:24","2024-04-11T20:45:24",1,"None. Donation by check."]
[60303,"EF55-000074",20.09,"PayPal",3,2009,"N","2023-12-23","2024-04-11T20:46:25","2024-04-11T20:46:25",1,"None. Donation by check."]
[60304,"EF55-000075",10,"PayPal",1,2007,"N","2023-12-23","2024-04-11T20:47:20","2024-04-11T20:47:20",1,"None. Donation by check."]
[60305,"EF55-000076",10,"PayPal",1,1986,"N","2023-12-29","2024-04-11T20:48:05","2024-04-11T20:48:05",1,"None. Donation by check."]
[60306,"EF55-000077",5,"PayPal",1,1956,"N","2024-01-03","2024-04-11T20:48:54","2024-04-11T20:48:54",1,"None. Donation by check."]
[60307,"EF55-000078",58,"PayPal",1,1958,"N","2024-01-04","2024-04-11T20:49:47","2024-04-11T20:49:47",1,"None. Donation by check."]
[60308,"EF55-000079",5,"PayPal",1,1978,"N","2024-01-06","2024-04-11T20:58:11","2024-04-11T20:58:11",1,"None. Donation by check."]
[60309,"EF55-000080",5,"PayPal",1,1956,"N","2024-01-09","2024-04-11T20:58:59","2024-04-11T20:58:59",1,"None. Donation by check."]
[60310,"EF55-000081",10,"PayPal",1,1981,"N","2024-01-11","2024-04-11T20:59:57","2024-04-11T20:59:57",1,"None. Donation by check."]
[60311,"EF55-000082",25,"PayPal",1,2005,"N","2024-01-14","2024-04-11T21:00:48","2024-04-11T21:00:48",1,"None. Donation by check."]
[60312,"EF55-000083",10,"PayPal",1,1987,"N","2024-01-14","2024-04-11T21:01:50","2024-04-11T21:01:50",1,"None. Donation by check."]
[60313,"EF55-000084",5,"PayPal",1,1985,"N","2024-01-19","2024-04-11T21:02:58","2024-04-11T21:02:58",1,"None. Donation by check."]
[60314,"EF55-000085",20.09,"PayPal",3,2009,"N","2024-01-23","2024-04-11T21:03:48","2024-04-11T21:03:48",1,"None. Donation by check."]
[60315,"EF55-000086",24,"PayPal",6,1978,"N","2024-01-27","2024-04-11T21:05:20","2024-04-11T21:05:20",1,"None. Donation by check."]
[60316,"EF55-000087",10,"PayPal",1,2007,"N","2024-01-27","2024-04-11T21:06:14","2024-04-11T21:06:14",1,"None. Donation by check."]
[60317,"EF55-000088",10,"PayPal",1,1986,"N","2024-01-29","2024-04-11T21:08:14","2024-04-11T21:08:14",1,"None. Donation by check."]
[60318,"EF55-000089",5,"PayPal",1,1956,"N","2024-02-03","2024-04-11T21:10:48","2024-04-11T21:10:48",1,"None. Donation by check."]
[60319,"EF55-000090",58,"PayPal",1,1958,"N","2024-02-04","2024-04-11T21:11:41","2024-04-11T21:11:41",1,"None. Donation by check."]
[60320,"EF55-000091",5,"PayPal",1,1978,"N","2024-02-06","2024-04-11T21:12:37","2024-04-11T21:12:37",1,"None. Donation by check."]
[60321,"EF55-000092",5,"PayPal",1,1956,"N","2024-02-09","2024-04-11T21:13:28","2024-04-11T21:13:28",1,"None. Donation by check."]
[60322,"EF55-000093",10,"PayPal",1,1981,"N","2024-02-11","2024-04-11T21:14:39","2024-04-11T21:14:39",1,"None. Donation by check."]
[60323,"EF55-000094",10,"PayPal",1,1987,"N","2024-02-14","2024-04-11T21:15:30","2024-04-11T21:15:30",1,"None. Donation by check."]
[60324,"EF55-000095",5,"Personal Check",1,1985,"N","2024-02-19","2024-04-11T21:16:20","2024-04-11T21:16:20",1,"None. Donation by check."]
[60325,"EF55-000096",20.09,"PayPal",3,2009,"N","2024-02-23","2024-04-11T21:17:14","2024-04-11T21:17:14",1,"None. Donation by check."]
[60326,"EF55-000097",1,"PayPal",4,null,"N","2024-02-23","2024-04-11T21:18:01","2024-04-11T21:18:01",1,"None. Donation by check."]
[60327,"EF55-000098",24,"PayPal",6,1978,"N","2024-02-27","2024-04-11T21:19:39","2024-04-11T21:19:39",1,"None. Donation by check."]
[60328,"EF55-000099",10,"PayPal",1,2007,"N","2024-02-27","2024-04-11T21:20:34","2024-04-11T21:20:34",1,"None. Donation by check."]
[60329,"EF55-000100",10,"PayPal",1,1986,"N","2024-02-29","2024-04-11T21:21:23","2024-04-11T21:21:23",1,"None. Donation by check."]
[60330,"EF55-000101",5,"PayPal",1,1956,"N","2024-03-03","2024-04-11T21:27:10","2024-04-11T21:27:10",1,"None. Donation by check."]
[60331,"EF55-000102",58,"PayPal",1,1958,"N","2024-03-04","2024-04-11T21:28:11","2024-04-11T21:28:11",1,"None. Donation by check."]
[60332,"EF55-000103",5,"PayPal",1,1978,"N","2024-03-06","2024-04-11T21:29:17","2024-04-11T21:29:17",1,"None. Donation by check."]
[60333,"EF55-000104",5,"PayPal",1,1956,"N","2024-03-09","2024-04-11T21:32:14","2024-04-11T21:32:14",1,"None. Donation by check."]
[60334,"EF55-000105",10,"PayPal",1,1981,"N","2024-03-11","2024-04-11T21:33:10","2024-04-11T21:33:10",1,"None. Donation by check."]
[60335,"EF55-000106",10,"PayPal",1,1987,"N","2024-03-14","2024-04-11T21:34:07","2024-04-11T21:34:07",1,"None. Donation by check."]
[60336,"EF55-000107",5,"PayPal",1,1985,"N","2024-03-19","2024-04-11T21:35:10","2024-04-11T21:35:10",1,"None. Donation by check."]
[60337,"EF55-000108",1,"PayPal",4,null,"N","2024-03-22","2024-04-11T21:36:52","2024-04-11T21:36:52",1,"None. Donation by check."]
[60338,"EF55-000109",20.09,"PayPal",3,2009,"N","2024-03-23","2024-04-11T21:37:43","2024-04-11T21:37:43",1,"None. Donation by check."]
[60339,"EF55-000110",10,"PayPal",1,2007,"N","2024-03-27","2024-04-11T21:38:31","2024-04-11T21:38:31",1,"None. Donation by check."]
[60340,"EF55-000111",10,"PayPal",1,1986,"N","2024-03-29","2024-04-11T21:39:26","2024-04-11T21:39:26",1,"None. Donation by check."]
[60341,"EF55-000112",5,"PayPal",1,1956,"N","2024-04-03","2024-04-11T21:40:47","2024-04-11T21:40:47",1,"None. Donation by check."]
[60342,"EF55-000113",58,"PayPal",1,1958,"N","2024-04-04","2024-04-11T21:41:40","2024-04-11T21:41:40",1,"None. Donation by check."]
[60343,"EF55-000114",5,"PayPal",1,1978,"N","2024-04-06","2024-04-11T21:42:26","2024-04-11T21:42:26",1,"None. Donation by check."]
[60344,"EF55-000115",5,"PayPal",1,1956,"N","2024-04-09","2024-04-11T21:43:13","2024-04-11T21:43:13",1,"None. Donation by check."]
[60345,"EF55-000116",10,"PayPal",1,1981,"N","2024-04-11","2024-04-11T21:44:32","2024-04-11T21:44:32",1,"None. Donation by check."]
[60346,"F55-000003",19.77,"CC",1,1977,"N","2024-04-16T08:42:46","2024-04-16T08:42:48","2024-04-16T08:42:48",1,19.77]
[60347,"F55-000004",19.79,"CC",1,1979,"N","2024-04-16T08:43:54","2024-04-16T08:43:56","2024-04-16T08:43:56",1,19.79]
[60348,"F55-000005",19.77,"CC",1,1977,"N","2024-04-16T08:43:57","2024-04-16T08:43:58","2024-04-16T08:43:58",1,19.77]
[60349,"F55-000006",19.79,"CC",1,1979,"N","2024-04-16T08:45:16","2024-04-16T08:45:18","2024-04-16T08:45:18",1,19.79]
[60350,"F55-000007",50,"CC",1,1989,"N","2024-04-16T08:45:55","2024-04-16T08:45:57","2024-04-16T08:45:57",1,50]
[60351,"F55-000008",79,"CC",1,1979,"N","2024-04-16T08:47:01","2024-04-16T08:47:02","2024-04-16T08:47:02",1,79]
[60352,"F55-000009",19.79,"CC",1,1979,"N","2024-04-16T08:49:12","2024-04-16T08:49:13","2024-04-16T08:49:13",1,19.79]
[60353,"F55-000010",10,"CC",1,1965,"N","2024-04-16T08:50:28","2024-04-16T08:50:30","2024-04-16T08:50:30",1,10]
[60354,"F55-000011",79,"CC",1,1979,"N","2024-04-16T08:51:30","2024-04-16T08:51:31","2024-04-16T08:51:31",1,79]
[60355,"F55-000012",19.79,"CC",1,1979,"N","2024-04-16T08:52:03","2024-04-16T08:52:04","2024-04-16T08:52:04",1,19.79]
[60356,"F55-000013",19.79,"CC",1,1979,"N","2024-04-16T08:52:56","2024-04-16T08:52:58","2024-04-16T08:52:58",1,19.79]
[60357,"F55-000014",100,"CC",1,1971,"N","2024-04-16T08:53:03","2024-04-16T08:53:05","2024-04-16T08:53:05",1,100]
[60358,"F55-000015",100,"CC",1,1975,"N","2024-04-16T08:54:41","2024-04-16T08:54:43","2024-04-16T08:54:43",1,100]
[60359,"F55-000016",50,"CC",1,1977,"N","2024-04-16T08:55:09","2024-04-16T08:55:10","2024-04-16T08:55:10",1,50]
[60360,"F55-000017",100,"CC",1,1975,"N","2024-04-16T08:55:37","2024-04-16T08:55:39","2024-04-16T08:55:39",1,100]
[60361,"F55-000018",250,"CC",1,1955,"N","2024-04-16T08:57:08","2024-04-16T08:57:09","2024-04-16T08:57:09",1,250]
[60362,"F55-000019",79,"CC",1,1979,"N","2024-04-16T09:01:28","2024-04-16T09:01:30","2024-04-16T09:01:30",1,79]
[60363,"F55-000020",25,"CC",null,1959,"N","2024-04-16T09:02:17","2024-04-16T09:02:19","2024-04-16T09:02:19",1,25]
[60364,"F55-000021",19.79,"CC",1,1979,"N","2024-04-16T09:06:00","2024-04-16T09:06:01","2024-04-16T09:06:01",1,19.79]
[60365,"F55-000022",64,"CC",1,1964,"N","2024-04-16T09:08:29","2024-04-16T09:08:31","2024-04-16T09:08:31",1,64]
[60366,"F55-000023",19.63,"Personal Check",1,1963,"N","2024-04-16","2024-04-16T09:09:39","2024-04-21T23:17:46",1,"None. Donation by check."]
[60367,"F55-000024",25,"CC",1,1981,"N","2024-04-16T09:09:45","2024-04-16T09:09:47","2024-04-16T09:09:47",1,25]
[60368,"F55-000025",197.7,"CC",1,1977,"N","2024-04-16T09:10:29","2024-04-16T09:10:31","2024-04-16T09:10:31",1,197.7]
[60369,"F55-000026",50,"CC",2,2016,"N","2024-04-16T09:11:00","2024-04-16T09:11:02","2024-04-16T09:11:02",1,50]
[60370,"F55-000027",79,"CC",1,1979,"N","2024-04-16T09:12:25","2024-04-16T09:12:27","2024-04-16T09:12:27",1,79]
[60371,"F55-000028",10,"Personal Check",2,2013,"N","2024-04-16","2024-04-16T09:12:46","2024-04-21T23:15:45",1,"None. Donation by check."]
[60372,"F55-000029",25,"CC",1,1966,"N","2024-04-16T09:13:20","2024-04-16T09:13:21","2024-04-16T09:13:21",1,25]
[60373,"F55-000030",64,"CC",1,1964,"N","2024-04-16T09:15:37","2024-04-16T09:15:38","2024-04-16T09:15:38",1,64]
[60374,"F55-000031",25,"CC",1,1958,"N","2024-04-16T09:16:26","2024-04-16T09:16:28","2024-04-16T09:16:28",1,25]
[60375,"F55-000032",19.89,"CC",1,1989,"N","2024-04-16T09:16:56","2024-04-16T09:16:58","2024-04-16T09:16:58",1,19.89]
[60376,"F55-000033",25,"CC",1,1978,"N","2024-04-16T09:18:52","2024-04-16T09:18:53","2024-04-16T09:18:53",1,25]
[60377,"F55-000034",50,"CC",1,1963,"N","2024-04-16T09:22:37","2024-04-16T09:22:38","2024-04-16T09:22:38",1,50]
[60378,"F55-000035",50,"CC",1,1957,"N","2024-04-16T09:29:15","2024-04-16T09:29:17","2024-04-16T09:29:17",1,50]
[60379,"F55-000036",1000,"CC",1,1964,"N","2024-04-16T09:32:20","2024-04-16T09:32:21","2024-04-16T09:32:21",1,1000]
[60380,"F55-000037",5,"CC",1,1980,"N","2024-04-16T09:34:09","2024-04-16T09:34:11","2024-04-16T09:34:11",1,5]
[60381,"F55-000038",19.89,"CC",1,1989,"N","2024-04-16T09:35:47","2024-04-16T09:35:49","2024-04-16T09:35:49",1,19.89]
[60382,"F55-000039",100,"CC",1,1972,"N","2024-04-16T09:39:31","2024-04-16T09:39:33","2024-04-16T09:39:33",1,100]
[60383,"F55-000040",19.77,"CC",1,1977,"N","2024-04-16T09:42:27","2024-04-16T09:42:28","2024-04-16T09:42:28",1,19.77]
[60384,"F55-000041",50,"CC",1,1980,"N","2024-04-16T09:43:30","2024-04-16T09:43:31","2024-04-16T09:43:31",1,50]
[60385,"F55-000042",100,"CC",1,1988,"N","2024-04-16T09:45:34","2024-04-16T09:45:36","2024-04-16T09:45:36",1,100]
[60386,"F55-000043",50,"CC",1,1968,"N","2024-04-16T09:46:47","2024-04-16T09:46:48","2024-04-16T09:46:48",1,50]
[60387,"F55-000044",200,"CC",1,1963,"N","2024-04-16T09:48:01","2024-04-16T09:48:02","2024-04-16T09:48:02",1,200]
[60388,"F55-000045",25,"CC",1,1964,"N","2024-04-16T09:48:09","2024-04-16T09:48:10","2024-04-16T09:48:10",1,25]
[60389,"F55-000046",25,"CC",1,1965,"N","2024-04-16T09:50:31","2024-04-16T09:50:33","2024-04-16T09:50:33",1,25]
[60390,"F55-000047",100,"CC",1,1964,"N","2024-04-16T09:50:40","2024-04-16T09:50:42","2024-04-16T09:50:42",1,100]
[60391,"F55-000048",25,"CC",1,1979,"N","2024-04-16T09:53:58","2024-04-16T09:54:00","2024-04-16T09:54:00",1,25]
[60392,"F55-000049",25,"CC",1,1977,"N","2024-04-16T09:55:28","2024-04-16T09:55:29","2024-04-16T09:55:29",1,25]
[60393,"F55-000050",50,"CC",1,1959,"N","2024-04-16T09:56:01","2024-04-16T09:56:03","2024-04-16T09:56:03",1,50]
[60394,"F55-000051",19.63,"CC",5,1963,"N","2024-04-16T10:04:33","2024-04-16T10:04:35","2024-04-16T10:04:35",1,19.63]
[60395,"F55-000052",19.63,"CC",5,1963,"N","2024-04-16T10:05:02","2024-04-16T10:05:03","2024-04-16T10:05:03",1,19.63]
[60396,"F55-000053",50,"CC",1,1960,"N","2024-04-16T10:06:36","2024-04-16T10:06:38","2024-04-16T10:06:38",1,50]
[60397,"F55-000054",19.63,"CC",1,1963,"N","2024-04-16T10:11:45","2024-04-16T10:11:46","2024-04-16T10:11:46",1,19.63]
[60398,"F55-000055",50,"CC",1,1975,"N","2024-04-16T10:13:03","2024-04-16T10:13:05","2024-04-16T10:13:05",1,50]
[60399,"F55-000056",25,"CC",1,1964,"N","2024-04-16T10:16:47","2024-04-16T10:16:48","2024-04-16T10:16:48",1,25]
[60400,"F55-000057",25,"CC",1,1968,"N","2024-04-16T10:20:16","2024-04-16T10:20:18","2024-04-16T10:20:18",1,25]
[60401,"F55-000058",25,"CC",1,1969,"N","2024-04-16T10:24:37","2024-04-16T10:24:38","2024-04-16T10:24:38",1,25]
[60402,"F55-000059",50,"CC",1,1963,"N","2024-04-16T10:27:11","2024-04-16T10:27:13","2024-04-16T10:27:13",1,50]
[60403,"F55-000060",25,"CC",1,1963,"N","2024-04-16T10:27:24","2024-04-16T10:27:26","2024-04-16T10:27:26",1,25]
[60404,"F55-000061",19.63,"CC",1,1963,"N","2024-04-16T10:27:29","2024-04-16T10:27:30","2024-04-16T10:27:30",1,19.63]
[60405,"F55-000062",64,"CC",1,1964,"N","2024-04-16T10:28:42","2024-04-16T10:28:44","2024-04-16T10:28:44",1,64]
[60406,"F55-000063",25,"CC",2,2015,"N","2024-04-16T10:33:09","2024-04-16T10:33:10","2024-04-16T10:33:10",1,25]
[60407,"F55-000064",200,"CC",1,1964,"N","2024-04-16T10:33:10","2024-04-16T10:33:12","2024-04-16T10:33:12",1,200]
[60408,"F55-000065",75,"CC",2,2013,"N","2024-04-16T10:37:15","2024-04-16T10:37:16","2024-04-16T10:37:16",1,75]
[60409,"F55-000066",50,"CC",1,1959,"N","2024-04-16T10:37:31","2024-04-16T10:37:32","2024-04-16T10:37:32",1,50]
[60410,"F55-000067",50,"CC",1,1975,"N","2024-04-16T10:38:27","2024-04-16T10:38:29","2024-04-16T10:38:29",1,50]
[60411,"F55-000068",100,"CC",1,1964,"N","2024-04-16T10:41:04","2024-04-16T10:41:06","2024-04-16T10:41:06",1,100]
[60412,"F55-000069",75,"CC",1,1966,"N","2024-04-16T10:44:08","2024-04-16T10:44:10","2024-04-16T10:44:10",1,75]
[60413,"F55-000070",19.79,"CC",1,1979,"N","2024-04-16T10:46:00","2024-04-16T10:46:02","2024-04-16T10:46:02",1,19.79]
[60414,"F55-000071",250,"CC",1,1977,"N","2024-04-16T10:47:22","2024-04-16T10:47:23","2024-04-16T10:47:23",1,250]
[60415,"F55-000072",50,"CC",1,1966,"N","2024-04-16T10:51:21","2024-04-16T10:51:23","2024-04-16T10:51:23",1,50]
[60416,"F55-000073",50,"CC",null,1966,"N","2024-04-16T10:52:06","2024-04-16T10:52:08","2024-04-16T10:52:08",1,50]
[60417,"F55-000074",100,"CC",1,1999,"N","2024-04-16T10:55:59","2024-04-16T10:56:01","2024-04-16T10:56:01",1,100]
[60418,"F55-000075",100,"CC",1,1966,"N","2024-04-16T10:57:42","2024-04-16T10:57:44","2024-04-16T10:57:44",1,100]
[60419,"F55-000076",50,"CC",1,1958,"N","2024-04-16T10:58:38","2024-04-16T10:58:39","2024-04-16T10:58:39",1,50]
[60420,"F55-000077",100,"CC",1,1975,"N","2024-04-16T11:02:50","2024-04-16T11:02:52","2024-04-16T11:02:52",1,100]
[60421,"F55-000078",100,"CC",1,1964,"N","2024-04-16T11:03:13","2024-04-16T11:03:15","2024-04-16T11:03:15",1,100]
[60422,"F55-000079",57,"CC",1,1957,"N","2024-04-16T11:06:45","2024-04-16T11:06:46","2024-04-16T11:06:46",1,57]
[60423,"F55-000080",75,"CC",1,1951,"N","2024-04-16T11:11:32","2024-04-16T11:11:33","2024-04-16T11:11:33",1,75]
[60424,"F55-000081",100,"CC",1,1968,"N","2024-04-16T11:12:29","2024-04-16T11:12:31","2024-04-16T11:12:31",1,100]
[60425,"F55-000082",50,"CC",1,1978,"N","2024-04-16T11:13:57","2024-04-16T11:13:58","2024-04-16T11:13:58",1,50]
[60426,"F55-000083",25,"CC",1,1966,"N","2024-04-16T11:16:22","2024-04-16T11:16:23","2024-04-16T11:16:23",1,25]
[60427,"F55-000084",25,"CC",1,1989,"N","2024-04-16T11:19:32","2024-04-16T11:19:33","2024-04-16T11:19:33",1,25]
[60428,"F55-000085",64,"CC",5,1964,"N","2024-04-16T11:21:48","2024-04-16T11:21:50","2024-04-16T11:21:50",1,64]
[60429,"F55-000086",100,"CC",1,1964,"N","2024-04-16T11:25:32","2024-04-16T11:25:33","2024-04-16T11:25:33",1,100]
[60430,"F55-000087",20,"CC",1,1971,"N","2024-04-16T11:25:38","2024-04-16T11:25:39","2024-04-16T11:25:39",1,20]
[60431,"F55-000088",100,"CC",1,1964,"N","2024-04-16T11:27:06","2024-04-16T11:27:07","2024-04-16T11:27:07",1,100]
[60432,"F55-000089",100,"CC",1,1968,"N","2024-04-16T11:28:50","2024-04-16T11:28:51","2024-04-16T11:28:51",1,100]
[60433,"F55-000090",50,"CC",1,1968,"N","2024-04-16T11:31:51","2024-04-16T11:31:53","2024-04-16T11:31:53",1,50]
[60434,"F55-000091",50,"CC",1,1984,"N","2024-04-16T11:38:22","2024-04-16T11:38:23","2024-04-16T11:38:23",1,50]
[60435,"F55-000092",25,"CC",1,1979,"N","2024-04-16T11:39:33","2024-04-16T11:39:35","2024-04-16T11:39:35",1,25]
[60436,"F55-000093",100,"CC",1,1964,"N","2024-04-16T11:43:25","2024-04-16T11:43:27","2024-04-16T11:43:27",1,100]
[60437,"F55-000094",35,"CC",1,1967,"N","2024-04-16T11:44:44","2024-04-16T11:44:45","2024-04-16T11:44:45",1,35]
[60438,"F55-000095",25,"CC",1,1958,"N","2024-04-16T11:45:24","2024-04-16T11:45:26","2024-04-16T11:45:26",1,25]
[60439,"F55-000096",25,"CC",1,1989,"N","2024-04-16T11:48:29","2024-04-16T11:48:30","2024-04-16T11:48:30",1,25]
[60440,"F55-000097",50,"CC",1,1966,"N","2024-04-16T11:49:28","2024-04-16T11:49:29","2024-04-16T11:49:29",1,50]
[60441,"F55-000098",63.51,"CC",1,1963,"N","2024-04-16T11:57:41","2024-04-16T11:57:42","2024-04-16T11:57:42",1,63.51]
[60442,"F55-000099",100,"CC",1,1964,"N","2024-04-16T11:59:46","2024-04-16T11:59:47","2024-04-16T11:59:47",1,100]
[60443,"F55-000100",100,"CC",1,1964,"N","2024-04-16T12:00:24","2024-04-16T12:00:28","2024-04-16T12:00:28",1,100]
[60444,"F55-000101",100,"CC",1,1964,"N","2024-04-16T12:06:58","2024-04-16T12:07:00","2024-04-16T12:07:00",1,100]
[60445,"F55-000102",1000,"CC",1,1966,"N","2024-04-16T12:09:13","2024-04-16T12:09:14","2024-04-16T12:09:14",1,1000]
[60446,"F55-000103",100,"CC",1,1975,"N","2024-04-16T12:22:50","2024-04-16T12:22:52","2024-04-16T12:22:52",1,100]
[60447,"F55-000104",100,"CC",1,1966,"N","2024-04-16T12:24:00","2024-04-16T12:24:01","2024-04-16T12:24:01",1,100]
[60448,"F55-000105",65,"CC",1,1965,"N","2024-04-16T12:27:55","2024-04-16T12:27:56","2024-04-16T12:27:56",1,65]
[60449,"F55-000106",55,"CC",1,1955,"N","2024-04-16T12:48:27","2024-04-16T12:48:29","2024-04-16T12:48:29",1,55]
[60450,"F55-000107",79.790000000000006,"CC",1,1979,"N","2024-04-16T12:53:24","2024-04-16T12:53:26","2024-04-16T12:53:26",1,79.790000000000006]
[60451,"F55-000108",25,"CC",1,1996,"N","2024-04-16T13:10:16","2024-04-16T13:10:17","2024-04-16T13:10:17",1,25]
[60452,"F55-000109",120,"CC",1,1958,"N","2024-04-16T13:18:28","2024-04-16T13:18:29","2024-04-16T13:18:29",1,120]
[60453,"F55-000110",50,"CC",1,1956,"N","2024-04-16T13:18:42","2024-04-16T13:18:44","2024-04-16T13:18:44",1,50]
[60454,"F55-000111",77,"CC",1,1977,"N","2024-04-16T13:27:00","2024-04-16T13:27:02","2024-04-16T13:27:02",1,77]
[60455,"F55-000112",50,"CC",1,1968,"N","2024-04-16T13:28:13","2024-04-16T13:28:15","2024-04-16T13:28:15",1,50]
[60456,"F55-000113",50,"CC",1,1958,"N","2024-04-16T13:29:09","2024-04-16T13:29:10","2024-04-16T13:29:10",1,50]
[60457,"F55-000114",130,"CC",1,1965,"N","2024-04-16T13:29:54","2024-04-16T13:29:56","2024-04-16T13:29:56",1,130]
[60458,"F55-000115",50,"CC",1,1979,"N","2024-04-16T13:32:27","2024-04-16T13:32:29","2024-04-16T13:32:29",1,50]
[60459,"F55-000116",50,"CC",1,1975,"N","2024-04-16T13:35:19","2024-04-16T13:35:21","2024-04-16T13:35:21",1,50]
[60460,"F55-000117",25,"CC",1,1965,"N","2024-04-16T13:37:33","2024-04-16T13:37:34","2024-04-16T13:37:34",1,25]
[60461,"F55-000118",50,"CC",1,1969,"N","2024-04-16T13:42:18","2024-04-16T13:42:20","2024-04-16T13:42:20",1,50]
[60462,"F55-000119",200,"CC",1,1978,"N","2024-04-16T13:50:32","2024-04-16T13:50:34","2024-04-16T13:50:34",1,200]
[60463,"F55-000120",250,"CC",1,1978,"N","2024-04-16T13:59:10","2024-04-16T13:59:12","2024-04-16T13:59:12",1,250]
[60464,"F55-000121",100,"CC",1,1958,"N","2024-04-16T14:00:24","2024-04-16T14:00:26","2024-04-16T14:00:26",1,100]
[60465,"F55-000122",50,"CC",1,1959,"N","2024-04-16T14:01:04","2024-04-16T14:01:05","2024-04-16T14:01:05",1,50]
[60466,"F55-000123",50,"CC",1,1959,"N","2024-04-16T14:01:39","2024-04-16T14:01:40","2024-04-16T14:01:40",1,50]
[60467,"F55-000124",268,"CC",1,1968,"N","2024-04-16T14:11:05","2024-04-16T14:11:06","2024-04-16T14:11:06",1,268]
[60468,"F55-000125",25,"CC",1,1966,"N","2024-04-16T14:20:58","2024-04-16T14:20:59","2024-04-16T14:20:59",1,25]
[60469,"F55-000126",50,"CC",1,1967,"N","2024-04-16T14:21:43","2024-04-16T14:21:44","2024-04-16T14:21:44",1,50]
[60470,"F55-000127",50,"CC",1,1966,"N","2024-04-16T14:23:32","2024-04-16T14:23:34","2024-04-16T14:23:34",1,50]
[60471,"F55-000128",100,"CC",1,1958,"N","2024-04-16T14:40:03","2024-04-16T14:40:05","2024-04-16T14:40:05",1,100]
[60472,"F55-000129",50,"CC",1,1978,"N","2024-04-16T14:42:14","2024-04-16T14:42:15","2024-04-16T14:42:15",1,50]
[60473,"F55-000130",50,"CC",1,1966,"N","2024-04-16T14:42:27","2024-04-16T14:42:28","2024-04-16T14:42:28",1,50]
[60474,"F55-000131",50,"CC",1,1966,"N","2024-04-16T14:44:04","2024-04-16T14:44:06","2024-04-16T14:44:06",1,50]
[60475,"F55-000132",100,"CC",1,1966,"N","2024-04-16T14:45:58","2024-04-16T14:45:59","2024-04-16T14:45:59",1,100]
[60476,"F55-000133",25,"CC",6,1966,"N","2024-04-16T14:50:37","2024-04-16T14:50:39","2024-04-16T14:50:39",1,25]
[60477,"F55-000134",100,"CC",1,1975,"N","2024-04-16T15:03:23","2024-04-16T15:03:25","2024-04-16T15:03:25",1,100]
[60478,"F55-000135",100,"CC",1,1965,"N","2024-04-16T15:06:31","2024-04-16T15:06:32","2024-04-16T15:06:32",1,100]
[60479,"F55-000136",35,"CC",1,1979,"N","2024-04-16T15:25:14","2024-04-16T15:25:16","2024-04-16T15:25:16",1,35]
[60480,"F55-000137",100,"CC",1,1978,"N","2024-04-16T15:28:37","2024-04-16T15:28:38","2024-04-16T15:28:38",1,100]
[60481,"F55-000138",250,"CC",5,1958,"N","2024-04-16T15:29:54","2024-04-16T15:29:55","2024-04-16T15:29:55",1,250]
[60482,"F55-000139",100,"CC",1,1965,"N","2024-04-16T15:34:58","2024-04-16T15:34:59","2024-04-16T15:34:59",1,100]
[60483,"F55-000140",78,"CC",1,1978,"N","2024-04-16T15:47:43","2024-04-16T15:47:45","2024-04-16T15:47:45",1,78]
[60484,"F55-000141",100,"CC",1,1978,"N","2024-04-16T15:59:16","2024-04-16T15:59:18","2024-04-16T15:59:18",1,100]
[60485,"F55-000142",125,"CC",1,1966,"N","2024-04-16T15:59:55","2024-04-16T15:59:57","2024-04-16T15:59:57",1,125]
[60486,"F55-000143",75,"CC",8,2012,"N","2024-04-16T16:04:21","2024-04-16T16:04:23","2024-04-16T16:04:23",1,75]
[60487,"F55-000144",100,"CC",1,1966,"N","2024-04-16T16:08:33","2024-04-16T16:08:35","2024-04-16T16:08:35",1,100]
[60488,"F55-000146",100,"CC",1,1958,"N","2024-04-16T16:16:14","2024-04-16T16:16:15","2024-04-16T16:16:15",1,100]
[60489,"F55-000147",5,"CC",1,1989,"N","2024-04-16T16:29:47","2024-04-16T16:29:48","2024-04-16T16:29:48",1,5]
[60490,"F55-000148",25,"CC",1,1979,"N","2024-04-16T17:04:29","2024-04-16T17:04:31","2024-04-16T17:04:31",1,25]
[60491,"F55-000149",25,"CC",1,1965,"N","2024-04-16T17:07:55","2024-04-16T17:07:57","2024-04-16T17:07:57",1,25]
[60492,"F55-000150",64,"CC",1,1964,"N","2024-04-16T17:23:57","2024-04-16T17:23:59","2024-04-16T17:23:59",1,64]
[60493,"F55-000151",50,"CC",1,1979,"N","2024-04-16T17:24:25","2024-04-16T17:24:26","2024-04-16T17:24:26",1,50]
[60494,"F55-000152",50,"CC",1,1979,"N","2024-04-16T17:27:07","2024-04-16T17:27:09","2024-04-16T17:27:09",1,50]
[60495,"F55-000153",50,"CC",1,1968,"N","2024-04-16T17:29:57","2024-04-16T17:29:58","2024-04-16T17:29:58",1,50]
[60496,"F55-000154",50,"CC",1,1979,"N","2024-04-16T17:31:32","2024-04-16T17:31:34","2024-04-16T17:31:34",1,50]
[60497,"F55-000155",100,"CC",1,1965,"N","2024-04-16T17:34:48","2024-04-16T17:34:50","2024-04-16T17:34:50",1,100]
[60498,"F55-000156",25,"CC",1,1979,"N","2024-04-16T17:36:56","2024-04-16T17:36:57","2024-04-16T17:36:57",1,25]
[60499,"F55-000157",100,"CC",1,1975,"N","2024-04-16T17:38:58","2024-04-16T17:39:00","2024-04-16T17:39:00",1,100]
[60500,"F55-000158",100,"CC",1,1965,"N","2024-04-16T17:41:21","2024-04-16T17:41:23","2024-04-16T17:41:23",1,100]
[60501,"F55-000159",100,"CC",1,1958,"N","2024-04-16T17:52:43","2024-04-16T17:52:44","2024-04-16T17:52:44",1,100]
[60502,"F55-000160",20,"CC",1,1968,"N","2024-04-16T17:56:17","2024-04-16T17:56:18","2024-04-16T17:56:18",1,20]
[60503,"F55-000161",10,"CC",1,1979,"N","2024-04-16T17:57:34","2024-04-16T17:57:36","2024-04-16T17:57:36",1,10]
[60504,"F55-000162",19.79,"CC",1,1979,"N","2024-04-16T18:14:25","2024-04-16T18:14:27","2024-04-16T18:14:27",1,19.79]
[60505,"F55-000163",198.2,"CC",1,1982,"N","2024-04-16T18:51:47","2024-04-16T18:51:49","2024-04-16T18:51:49",1,198.2]
[60506,"F55-000164",100,"CC",1,1989,"N","2024-04-16T18:58:53","2024-04-16T18:58:55","2024-04-16T18:58:55",1,100]
[60507,"F55-000165",25,"CC",1,1955,"N","2024-04-16T19:12:56","2024-04-16T19:12:58","2024-04-16T19:12:58",1,25]
[60508,"F55-000166",100,"CC",1,1980,"N","2024-04-16T19:31:10","2024-04-16T19:31:12","2024-04-16T19:31:12",1,100]
[60509,"F55-000167",50,"CC",1,1969,"N","2024-04-16T19:34:25","2024-04-16T19:34:26","2024-04-16T19:34:26",1,50]
[60510,"F55-000168",19.79,"CC",1,1979,"N","2024-04-16T19:42:13","2024-04-16T19:42:15","2024-04-16T19:42:15",1,19.79]
[60511,"F55-000169",50,"CC",1,1978,"N","2024-04-16T19:46:18","2024-04-16T19:46:20","2024-04-16T19:46:20",1,50]
[60512,"F55-000170",500,"CC",1,1978,"N","2024-04-16T20:01:29","2024-04-16T20:01:31","2024-04-16T20:01:31",1,500]
[60513,"F55-000171",25,"CC",1,1968,"N","2024-04-16T20:05:25","2024-04-16T20:05:27","2024-04-16T20:05:27",1,25]
[60514,"F55-000172",40,"CC",2,2008,"N","2024-04-16T20:06:53","2024-04-16T20:06:55","2024-04-16T20:06:55",1,40]
[60515,"F55-000173",25.77,"CC",1,1977,"N","2024-04-16T20:24:18","2024-04-16T20:24:20","2024-04-16T20:24:20",1,25.77]
[60516,"F55-000174",100,"CC",1,1966,"N","2024-04-16T20:30:41","2024-04-16T20:30:42","2024-04-16T20:30:42",1,100]
[60517,"F55-000175",100,"CC",1,1966,"N","2024-04-16T20:59:39","2024-04-16T20:59:41","2024-04-16T20:59:41",1,100]
[60518,"F55-000176",64,"CC",1,1964,"N","2024-04-16T21:27:29","2024-04-16T21:27:30","2024-04-16T21:27:30",1,64]
[60519,"F55-000177",25,"CC",1,1965,"N","2024-04-16T21:42:48","2024-04-16T21:42:49","2024-04-16T21:42:49",1,25]
[60520,"F55-000178",25,"CC",1,1979,"N","2024-04-16T22:37:07","2024-04-16T22:37:09","2024-04-16T22:37:09",1,25]
[60521,"F55-000179",10,"CC",1,1978,"N","2024-04-16T23:58:52","2024-04-16T23:58:54","2024-04-16T23:58:54",1,10]
[60522,"F55-000180",100,"CC",2,2001,"N","2024-04-17T01:09:45","2024-04-17T01:09:47","2024-04-17T01:09:47",1,100]
[60523,"F55-000181",25,"CC",1,1966,"N","2024-04-17T02:46:46","2024-04-17T02:46:48","2024-04-17T02:46:48",1,25]
[60524,"F55-000182",25,"CC",1,1979,"N","2024-04-17T04:39:49","2024-04-17T04:39:50","2024-04-17T04:39:50",1,25]
[60525,"F55-000183",10,"CC",1,1987,"N","2024-04-17T06:38:49","2024-04-17T06:38:50","2024-04-17T06:38:50",1,10]
[60526,"F55-000184",50,"CC",1,1969,"N","2024-04-17T06:51:00","2024-04-17T06:51:02","2024-04-17T06:51:02",1,50]
[60527,"F55-000185",55,"CC",1,1955,"N","2024-04-17T06:54:48","2024-04-17T06:54:50","2024-04-17T06:54:50",1,55]
[60528,"F55-000186",100,"CC",1,1979,"N","2024-04-17T06:59:50","2024-04-17T06:59:52","2024-04-17T06:59:52",1,100]
[60529,"F55-000187",86,"CC",1,1986,"N","2024-04-17T07:14:28","2024-04-17T07:14:29","2024-04-17T07:14:29",1,86]
[60530,"F55-000188",19.79,"CC",1,1979,"N","2024-04-17T07:42:17","2024-04-17T07:42:19","2024-04-17T07:42:19",1,19.79]
[60531,"F55-000189",19.79,"CC",1,1979,"N","2024-04-17T07:45:58","2024-04-17T07:45:59","2024-04-17T07:45:59",1,19.79]
[60532,"F55-000190",75,"CC",1,1975,"N","2024-04-17T07:59:43","2024-04-17T07:59:44","2024-04-17T07:59:44",1,75]
[60533,"F55-000191",100,"CC",1,1978,"N","2024-04-17T08:10:58","2024-04-17T08:11:00","2024-04-17T08:11:00",1,100]
[60534,"F55-000192",50,"CC",1,1979,"N","2024-04-17T08:30:35","2024-04-17T08:30:37","2024-04-17T08:30:37",1,50]
[60535,"F55-000193",25,"CC",1,1979,"N","2024-04-17T08:33:23","2024-04-17T08:33:26","2024-04-17T08:33:26",1,25]
[60536,"F55-000194",50,"CC",1,1977,"N","2024-04-17T08:33:30","2024-04-17T08:33:31","2024-04-17T08:33:31",1,50]
[60537,"F55-000195",50,"CC",1,1965,"N","2024-04-17T08:39:38","2024-04-17T08:39:39","2024-04-17T08:39:39",1,50]
[60538,"F55-000196",35,"CC",1,1970,"N","2024-04-17T08:42:40","2024-04-17T08:42:42","2024-04-17T08:42:42",1,35]
[60539,"F55-000197",50,"CC",1,1978,"N","2024-04-17T08:55:34","2024-04-17T08:55:35","2024-04-17T08:55:35",1,50]
[60540,"F55-000198",80,"CC",6,1980,"N","2024-04-17T08:55:38","2024-04-17T08:55:40","2024-04-17T08:55:40",1,80]
[60541,"F55-000199",25,"CC",1,1956,"N","2024-04-17T08:56:44","2024-04-17T08:56:46","2024-04-17T08:56:46",1,25]
[60542,"F55-000200",10,"CC",1,1979,"N","2024-04-17T09:07:10","2024-04-17T09:07:12","2024-04-17T09:07:12",1,10]
[60543,"F55-000201",78,"CC",1,1978,"N","2024-04-17T09:51:14","2024-04-17T09:51:15","2024-04-17T09:51:15",1,78]
[60544,"F55-000202",78,"CC",1,1978,"N","2024-04-17T10:16:11","2024-04-17T10:16:12","2024-04-17T10:16:12",1,78]
[60545,"F55-000203",50,"CC",1,1956,"N","2024-04-17T10:17:41","2024-04-17T10:17:43","2024-04-17T10:17:43",1,50]
[60546,"F55-000204",100,"CC",1,1978,"N","2024-04-17T10:21:20","2024-04-17T10:21:22","2024-04-17T10:21:22",1,100]
[60547,"F55-000205",100,"CC",1,1964,"N","2024-04-17T10:35:44","2024-04-17T10:35:46","2024-04-17T10:35:46",1,100]
[60548,"F55-000206",25.69,"CC",1,1969,"N","2024-04-17T10:39:02","2024-04-17T10:39:03","2024-04-17T10:39:03",1,25.69]
[60549,"F55-000207",25,"CC",1,1963,"N","2024-04-17T10:39:47","2024-04-17T10:39:49","2024-04-17T10:39:49",1,25]
[60550,"F55-000208",100,"CC",1,1966,"N","2024-04-17T10:40:31","2024-04-17T10:40:33","2024-04-17T10:40:33",1,100]
[60551,"F55-000209",100,"CC",1,1958,"N","2024-04-17T10:54:25","2024-04-17T10:54:27","2024-04-17T10:54:27",1,100]
[60552,"F55-000211",197.9,"CC",1,1979,"N","2024-04-17T10:56:32","2024-04-17T10:56:34","2024-04-17T10:56:34",1,197.9]
[60553,"F55-000213",69,"CC",1,1969,"N","2024-04-17T11:38:01","2024-04-17T11:38:02","2024-04-17T11:38:02",1,69]
[60554,"F55-000214",25,"CC",1,1957,"N","2024-04-17T11:41:27","2024-04-17T11:41:29","2024-04-17T11:41:29",1,25]
[60555,"F55-000215",69,"CC",1,1969,"N","2024-04-17T11:45:48","2024-04-17T11:45:50","2024-04-17T11:45:50",1,69]
[60556,"F55-000216",10,"CC",1,1980,"N","2024-04-17T12:03:44","2024-04-17T12:03:45","2024-04-17T12:03:45",1,10]
[60557,"F55-000217",25,"CC",1,1964,"N","2024-04-17T12:04:15","2024-04-17T12:04:16","2024-04-17T12:04:16",1,25]
[60558,"F55-000218",50,"CC",1,1969,"N","2024-04-17T12:11:03","2024-04-17T12:11:04","2024-04-17T12:11:04",1,50]
[60559,"F55-000219",100,"CC",1,1958,"N","2024-04-17T12:24:30","2024-04-17T12:24:32","2024-04-17T12:24:32",1,100]
[60560,"F55-000220",25,"CC",1,1958,"N","2024-04-17T12:51:51","2024-04-17T12:51:53","2024-04-17T12:51:53",1,25]
[60561,"F55-000221",19.77,"CC",1,1977,"N","2024-04-17T13:26:02","2024-04-17T13:26:03","2024-04-17T13:26:03",1,19.77]
[60562,"F55-000222",50,"CC",1,1968,"N","2024-04-17T13:38:32","2024-04-17T13:38:34","2024-04-17T13:38:34",1,50]
[60563,"F55-000223",50,"CC",1,1978,"N","2024-04-17T13:41:06","2024-04-17T13:41:08","2024-04-17T13:41:08",1,50]
[60564,"F55-000224",50,"CC",1,1948,"N","2024-04-17T13:43:21","2024-04-17T13:43:22","2024-04-17T13:43:22",1,50]
[60565,"F55-000225",100,"Personal Check",3,2012,"N","2024-04-17","2024-04-17T13:46:21","2024-04-21T22:49:35",1,"None. Donation by check."]
[60566,"F55-000226",50,"CC",1,1964,"N","2024-04-17T13:48:49","2024-04-17T13:48:50","2024-04-17T13:48:50",1,50]
[60567,"F55-000227",25,"CC",1,1966,"N","2024-04-17T13:50:09","2024-04-17T13:50:11","2024-04-17T13:50:11",1,25]
[60568,"F55-000228",50,"CC",1,1963,"N","2024-04-17T13:56:15","2024-04-17T13:56:16","2024-04-17T13:56:16",1,50]
[60569,"F55-000229",69.69,"CC",1,1969,"N","2024-04-17T15:04:42","2024-04-17T15:04:43","2024-04-17T15:04:43",1,69.69]
[60570,"F55-000230",50,"CC",1,1968,"N","2024-04-17T15:41:22","2024-04-17T15:41:23","2024-04-17T15:41:23",1,50]
[60571,"F55-000231",50,"CC",1,1968,"N","2024-04-17T16:03:38","2024-04-17T16:03:39","2024-04-17T16:03:39",1,50]
[60572,"F55-000232",500,"CC",1,1989,"N","2024-04-17T16:07:57","2024-04-17T16:07:58","2024-04-17T16:07:58",1,500]
[60573,"F55-000233",19.89,"CC",1,1989,"N","2024-04-17T16:16:28","2024-04-17T16:16:31","2024-04-17T16:16:31",1,19.89]
[60574,"F55-000234",50,"CC",1,1966,"N","2024-04-17T16:33:03","2024-04-17T16:33:05","2024-04-17T16:33:05",1,50]
[60575,"F55-000235",55,"CC",5,1955,"N","2024-04-17T16:46:51","2024-04-17T16:46:53","2024-04-17T16:46:53",1,55]
[60576,"EF55-000117",10,"PayPal",1,1987,"N","2024-04-14","2024-04-17T17:00:00","2024-04-17T17:00:00",1,"None. Donation by check."]
[60577,"EF55-000118",25,"PayPal",1,1969,"N","2024-04-16","2024-04-17T17:01:17","2024-04-17T17:01:17",1,"None. Donation by check."]
[60578,"F55-000236",25,"CC",1,1957,"N","2024-04-17T17:32:22","2024-04-17T17:32:24","2024-04-17T17:32:24",1,25]
[60579,"F55-000237",100,"CC",1,1966,"N","2024-04-17T17:34:29","2024-04-17T17:34:31","2024-04-17T17:34:31",1,100]
[60580,"EF55-000119",25,"PayPal",1,1959,"N","2024-04-16","2024-04-17T17:49:22","2024-04-17T17:49:22",1,"None. Donation by check."]
[60581,"EF55-000120",150,"PayPal",1,1976,"N","2024-04-16","2024-04-17T17:50:36","2024-04-17T17:50:36",1,"None. Donation by check."]
[60582,"EF55-000121",25,"PayPal",1,1958,"N","2024-04-16","2024-04-17T17:51:36","2024-04-17T17:51:36",1,"None. Donation by check."]
[60583,"EF55-000122",100,"PayPal",1,1967,"N","2024-04-16","2024-04-17T17:54:12","2024-04-17T17:54:12",1,"None. Donation by check."]
[60584,"EF55-000123",250,"PayPal",1,1969,"N","2024-04-16","2024-04-17T17:55:41","2024-04-17T17:55:41",1,"None. Donation by check."]
[60585,"EF55-000124",100,"PayPal",1,1960,"N","2024-04-16","2024-04-17T17:57:11","2024-04-17T17:57:11",1,"None. Donation by check."]
[60586,"EF55-000125",25,"PayPal",1,1979,"N","2024-04-16","2024-04-17T17:58:57","2024-04-17T17:58:57",1,"None. Donation by check."]
[60587,"EF55-000126",25,"PayPal",1,1969,"N","2024-04-16","2024-04-17T18:01:26","2024-04-22T01:49:55",1,"None. Donation by check."]
[60588,"EF55-000127",30,"PayPal",1,1967,"N","2024-04-16","2024-04-17T18:03:30","2024-04-17T18:03:30",1,"None. Donation by check."]
[60589,"F55-000238",100,"CC",1,1968,"N","2024-04-17T18:05:17","2024-04-17T18:05:18","2024-04-17T18:05:18",1,100]
[60590,"EF55-000128",100,"PayPal",2,2011,"N","2024-04-16","2024-04-17T18:08:08","2024-04-17T18:08:08",1,"None. Donation by check."]
[60591,"F55-000239",100,"CC",1,1966,"N","2024-04-17T18:11:27","2024-04-17T18:11:28","2024-04-17T18:11:28",1,100]
[60592,"F55-000240",25,"CC",1,1959,"N","2024-04-17T18:19:35","2024-04-17T18:19:37","2024-04-17T18:19:37",1,25]
[60593,"F55-000241",25,"CC",1,1980,"N","2024-04-17T18:19:55","2024-04-17T18:19:56","2024-04-17T18:19:56",1,25]
[60594,"F55-000242",250,"CC",1,1989,"N","2024-04-17T18:57:54","2024-04-17T18:57:55","2024-04-17T18:57:55",1,250]
[60595,"F55-000243",100,"CC",1,1962,"N","2024-04-17T19:01:33","2024-04-17T19:01:35","2024-04-17T19:01:35",1,100]
[60596,"F55-000244",19.79,"CC",1,1979,"N","2024-04-17T19:52:58","2024-04-17T19:52:59","2024-04-17T19:52:59",1,19.79]
[60597,"EF55-000129",33,"PayPal",1,1966,"N","2024-04-16","2024-04-17T19:54:21","2024-04-17T19:54:21",1,"None. Donation by check."]
[60598,"EF55-000130",100,"PayPal",1,1980,"N","2024-04-16","2024-04-17T19:55:52","2024-04-17T19:55:52",1,"None. Donation by check."]
[60599,"EF55-000131",25,"PayPal",1,1977,"N","2024-04-16","2024-04-17T19:57:39","2024-04-17T19:57:39",1,"None. Donation by check."]
[60600,"EF55-000132",30,"PayPal",1,1966,"N","2024-04-16","2024-04-17T19:58:33","2024-04-17T19:58:33",1,"None. Donation by check."]
[60601,"EF55-000133",25,"PayPal",1,1969,"N","2024-04-16","2024-04-17T20:00:06","2024-04-17T20:00:06",1,"None. Donation by check."]
[60602,"EF55-000134",25,"PayPal",1,1978,"N","2024-04-16","2024-04-17T20:01:48","2024-04-17T20:01:48",1,"None. Donation by check."]
[60603,"EF55-000135",78,"PayPal",1,1978,"N","2024-04-16","2024-04-17T20:03:23","2024-04-17T20:03:23",1,"None. Donation by check."]
[60604,"EF55-000136",100,"PayPal",1,1969,"N","2024-04-16","2024-04-17T20:04:37","2024-04-17T20:04:37",1,"None. Donation by check."]
[60605,"F55-000245",25,"CC",null,1964,"N","2024-04-17T20:10:56","2024-04-17T20:10:58","2024-04-17T20:10:58",1,25]
[60606,"EF55-000137",25,"PayPal",1,1978,"N","2024-04-16","2024-04-17T20:14:08","2024-04-18T12:06:31",1,"None. Donation by check."]
[60607,"EF55-000138",20,"PayPal",1,1978,"N","2024-04-16","2024-04-17T20:15:42","2024-04-17T20:15:42",1,"None. Donation by check."]
[60608,"EF55-000139",100,"PayPal",1,1965,"N","2024-04-16","2024-04-17T20:17:26","2024-04-17T20:17:26",1,"None. Donation by check."]
[60609,"EF55-000140",50,"PayPal",2,2016,"N","2024-04-17","2024-04-17T20:18:26","2024-04-17T20:18:26",1,"None. Donation by check."]
[60610,"EF55-000141",59,"PayPal",1,1959,"N","2024-04-17","2024-04-17T20:19:34","2024-04-17T20:19:34",1,"None. Donation by check."]
[60611,"EF55-000142",50,"PayPal",1,1978,"N","2024-04-17","2024-04-17T20:20:28","2024-04-17T20:20:28",1,"None. Donation by check."]
[60612,"EF55-000143",50,"PayPal",1,1989,"N","2024-04-17","2024-04-17T20:21:28","2024-04-17T20:21:28",1,"None. Donation by check."]
[60613,"EF55-000144",25,"PayPal",1,1969,"N","2024-04-17","2024-04-17T20:22:32","2024-04-17T20:22:32",1,"None. Donation by check."]
[60614,"F55-000246",50,"CC",1,1963,"N","2024-04-17T20:42:05","2024-04-17T20:42:06","2024-04-17T20:42:06",1,50]
[60615,"F55-000247",100,"CC",1,1979,"N","2024-04-17T21:09:41","2024-04-17T21:09:43","2024-04-17T21:09:43",1,100]
[60616,"F55-000248",100,"CC",6,1979,"N","2024-04-17T22:10:01","2024-04-17T22:10:03","2024-04-17T22:10:03",1,100]
[60617,"F55-000249",25,"CC",1,1979,"N","2024-04-18T08:47:12","2024-04-18T08:47:13","2024-04-18T08:47:13",1,25]
[60618,"F55-000250",66,"CC",1,1966,"N","2024-04-18T08:53:31","2024-04-18T08:53:33","2024-04-18T08:53:33",1,66]
[60619,"F55-000251",300,"CC",1,1966,"N","2024-04-18T09:13:57","2024-04-18T09:13:59","2024-04-18T09:13:59",1,300]
[60620,"F55-000252",78,"CC",1,1978,"N","2024-04-18T09:37:34","2024-04-18T09:37:35","2024-04-18T09:37:35",1,78]
[60621,"F55-000253",75,"CC",1,1966,"N","2024-04-18T09:38:12","2024-04-18T09:38:14","2024-04-18T09:38:14",1,75]
[60622,"F55-000254",50,"CC",1,1978,"N","2024-04-18T09:49:17","2024-04-18T09:49:18","2024-04-18T09:49:18",1,50]
[60623,"F55-000255",75,"Personal Check",1,1966,"N","2024-04-18","2024-04-18T10:35:43","2024-04-21T23:04:49",1,"None. Donation by check."]
[60624,"F55-000256",25,"CC",1,1979,"N","2024-04-18T10:44:56","2024-04-18T10:44:57","2024-04-18T10:44:57",1,25]
[60625,"F55-000257",100,"CC",1,1965,"N","2024-04-18T11:00:23","2024-04-18T11:00:25","2024-04-18T11:00:25",1,100]
[60626,"F55-000258",50,"CC",1,1966,"N","2024-04-18T11:29:11","2024-04-18T11:29:13","2024-04-18T11:29:13",1,50]
[60627,"F55-000259",55,"CC",1,1955,"N","2024-04-18T11:52:12","2024-04-18T11:52:13","2024-04-18T11:52:13",1,55]
[60628,"F55-000260",100,"CC",1,1966,"N","2024-04-18T11:53:55","2024-04-18T11:53:56","2024-04-18T11:53:56",1,100]
[60629,"F55-000261",50,"CC",1,1966,"N","2024-04-18T12:00:12","2024-04-18T12:00:16","2024-04-18T12:00:16",1,50]
[60630,"F55-000262",50,"CC",2,2012,"N","2024-04-18T13:05:12","2024-04-18T13:05:14","2024-04-18T13:05:14",1,50]
[60631,"F55-000263",35,"CC",1,1969,"N","2024-04-18T13:11:20","2024-04-18T13:11:22","2024-04-18T13:11:22",1,35]
[60632,"F55-000264",150,"CC",1,1966,"N","2024-04-18T13:46:19","2024-04-18T13:46:20","2024-04-18T13:46:20",1,150]
[60633,"F55-000265",50,"CC",1,1956,"N","2024-04-18T13:49:17","2024-04-18T13:49:18","2024-04-18T13:49:18",1,50]
[60634,"F55-000266",100,"CC",1,1978,"N","2024-04-18T14:23:39","2024-04-18T14:23:41","2024-04-18T14:23:41",1,100]
[60635,"F55-000267",50,"CC",1,1966,"N","2024-04-18T14:28:17","2024-04-18T14:28:18","2024-04-18T14:28:18",1,50]
[60636,"F55-000268",25,"CC",1,1979,"N","2024-04-18T14:41:25","2024-04-18T14:41:27","2024-04-18T14:41:27",1,25]
[60637,"F55-000269",100,"CC",1,1966,"N","2024-04-18T14:53:06","2024-04-18T14:53:07","2024-04-18T14:53:07",1,100]
[60638,"F55-000270",100,"CC",1,1966,"N","2024-04-18T15:24:48","2024-04-18T15:24:50","2024-04-18T15:24:50",1,100]
[60639,"F55-000271",100,"CC",1,1966,"N","2024-04-18T15:29:00","2024-04-18T15:29:02","2024-04-18T15:29:02",1,100]
[60640,"F55-000272",19.79,"CC",1,1979,"N","2024-04-18T15:46:46","2024-04-18T15:46:49","2024-04-18T15:46:49",1,19.79]
[60641,"F55-000273",100,"CC",1,1979,"N","2024-04-18T16:20:11","2024-04-18T16:20:13","2024-04-18T16:20:13",1,100]
[60642,"F55-000274",19.79,"CC",6,1979,"N","2024-04-18T16:28:23","2024-04-18T16:28:25","2024-04-18T16:28:25",1,19.79]
[60643,"F55-000275",25,"CC",1,1979,"N","2024-04-18T16:37:31","2024-04-18T16:37:33","2024-04-18T16:37:33",1,25]
[60644,"F55-000276",100,"CC",1,1959,"N","2024-04-18T16:46:54","2024-04-18T16:46:56","2024-04-18T16:46:56",1,100]
[60645,"F55-000277",35,"CC",1,1966,"N","2024-04-18T16:57:08","2024-04-18T16:57:09","2024-04-18T16:57:09",1,35]
[60646,"F55-000278",57,"CC",1,1957,"N","2024-04-18T17:22:39","2024-04-18T17:22:40","2024-04-18T17:22:40",1,57]
[60647,"F55-000279",50,"CC",1,1977,"N","2024-04-18T18:09:50","2024-04-18T18:09:51","2024-04-18T18:09:51",1,50]
[60648,"F55-000280",50,"CC",1,1979,"N","2024-04-18T18:10:08","2024-04-18T18:10:10","2024-04-18T18:10:10",1,50]
[60649,"F55-000281",50,"CC",2,2010,"N","2024-04-18T18:41:56","2024-04-18T18:41:58","2024-04-18T18:41:58",1,50]
[60650,"F55-000282",79,"CC",1,1979,"N","2024-04-18T19:53:46","2024-04-18T19:53:47","2024-04-18T19:53:47",1,79]
[60651,"F55-000283",50,"CC",1,1966,"N","2024-04-18T20:13:08","2024-04-18T20:13:09","2024-04-18T20:13:09",1,50]
[60652,"F55-000284",25,"CC",1,1979,"N","2024-04-18T20:56:59","2024-04-18T20:57:01","2024-04-18T20:57:01",1,25]
[60653,"F55-000285",64,"CC",1,1964,"N","2024-04-18T21:09:48","2024-04-18T21:09:50","2024-04-18T21:09:50",1,64]
[60654,"F55-000286",64,"CC",1,1964,"N","2024-04-19T00:37:01","2024-04-19T00:37:03","2024-04-19T00:37:03",1,64]
[60655,"F55-000287",50,"CC",1,1968,"N","2024-04-19T05:51:27","2024-04-19T05:51:29","2024-04-19T05:51:29",1,50]
[60656,"F55-000288",19.79,"CC",1,1979,"N","2024-04-19T06:48:17","2024-04-19T06:48:18","2024-04-19T06:48:18",1,19.79]
[60657,"F55-000289",25,"CC",1,1978,"N","2024-04-19T08:11:21","2024-04-19T08:11:23","2024-04-19T08:11:23",1,25]
[60658,"F55-000290",150,"CC",1,1989,"N","2024-04-19T08:21:40","2024-04-19T08:21:42","2024-04-19T08:21:42",1,150]
[60659,"F55-000291",50,"CC",1,1977,"N","2024-04-19T09:00:32","2024-04-19T09:00:34","2024-04-19T09:00:34",1,50]
[60660,"F55-000292",19.79,"CC",1,1979,"N","2024-04-19T09:47:12","2024-04-19T09:47:13","2024-04-19T09:47:13",1,19.79]
[60661,"F55-000293",25,"CC",1,1969,"N","2024-04-19T11:05:26","2024-04-19T11:05:28","2024-04-19T11:05:28",1,25]
[60662,"F55-000294",100,"CC",1,1966,"N","2024-04-19T12:23:15","2024-04-19T12:23:16","2024-04-19T12:23:16",1,100]
[60663,"F55-000295",19.79,"CC",1,1979,"N","2024-04-19T12:37:10","2024-04-19T12:37:11","2024-04-19T12:37:11",1,19.79]
[60664,"F55-000296",100,"CC",1,1969,"N","2024-04-19T14:06:13","2024-04-19T14:06:14","2024-04-19T14:06:14",1,100]
[60665,"F55-000297",100,"CC",1,1968,"N","2024-04-19T14:39:01","2024-04-19T14:39:03","2024-04-19T14:39:03",1,100]
[60666,"F55-000298",25,"CC",1,1969,"N","2024-04-19T15:50:47","2024-04-19T15:50:48","2024-04-19T15:50:48",1,25]
[60667,"F55-000299",50,"CC",1,1966,"N","2024-04-19T16:50:33","2024-04-19T16:50:34","2024-04-19T16:50:34",1,50]
[60668,"F55-000300",64,"CC",1,1964,"N","2024-04-19T17:19:22","2024-04-19T17:19:24","2024-04-19T17:19:24",1,64]
[60669,"F55-000301",19.79,"CC",1,1979,"N","2024-04-19T17:28:22","2024-04-19T17:28:26","2024-04-19T17:28:26",1,19.79]
[60670,"F55-000302",250,"CC",1,1968,"N","2024-04-19T18:11:07","2024-04-19T18:11:09","2024-04-19T18:11:09",1,250]
[60671,"F55-000303",64,"CC",1,1964,"N","2024-04-19T18:18:43","2024-04-19T18:18:44","2024-04-19T18:18:44",1,64]
[60672,"F55-000304",150,"CC",1,1964,"N","2024-04-19T18:19:00","2024-04-19T18:19:01","2024-04-19T18:19:01",1,150]
[60673,"F55-000305",9.64,"CC",1,1964,"N","2024-04-19T18:19:54","2024-04-19T18:19:56","2024-04-19T18:19:56",1,9.64]
[60674,"F55-000306",64,"Personal Check",5,1964,"N","2024-04-19","2024-04-19T18:24:00","2024-04-21T23:18:52",1,"None. Donation by check."]
[60675,"F55-000307",300,"CC",1,1964,"N","2024-04-19T18:24:59","2024-04-19T18:25:00","2024-04-19T18:25:00",1,300]
[60676,"F55-000308",400,"CC",1,1964,"N","2024-04-19T18:38:57","2024-04-19T18:38:59","2024-04-19T18:38:59",1,400]
[60677,"F55-000309",64,"CC",1,1964,"N","2024-04-19T18:43:44","2024-04-19T18:43:45","2024-04-19T18:43:45",1,64]
[60678,"F55-000310",50,"CC",1,1965,"N","2024-04-19T19:06:02","2024-04-19T19:06:03","2024-04-19T19:06:03",1,50]
[60679,"F55-000311",500,"CC",5,1964,"N","2024-04-19T19:14:18","2024-04-19T19:14:19","2024-04-19T19:14:19",1,500]
[60680,"F55-000312",25,"CC",1,1969,"N","2024-04-19T19:15:00","2024-04-19T19:15:02","2024-04-19T19:15:02",1,25]
[60681,"F55-000313",64,"CC",5,1964,"N","2024-04-19T20:14:14","2024-04-19T20:14:16","2024-04-19T20:14:16",1,64]
[60682,"F55-000314",64,"CC",1,1964,"N","2024-04-19T20:14:33","2024-04-19T20:14:37","2024-04-19T20:14:37",1,64]
[60683,"F55-000315",64,"CC",5,1964,"N","2024-04-19T20:14:45","2024-04-19T20:14:47","2024-04-19T20:14:47",1,64]
[60684,"F55-000316",20,"CC",1,1964,"N","2024-04-19T20:17:14","2024-04-19T20:17:16","2024-04-19T20:17:16",1,20]
[60685,"F55-000317",64,"CC",1,1964,"N","2024-04-19T20:27:16","2024-04-19T20:27:18","2024-04-19T20:27:18",1,64]
[60686,"F55-000318",64,"CC",1,1964,"N","2024-04-19T20:37:15","2024-04-19T20:37:17","2024-04-19T20:37:17",1,64]
[60687,"F55-000319",100,"Personal Check",1,1964,"N","2024-04-19","2024-04-19T20:39:37","2024-04-21T23:02:23",1,"None. Donation by check."]
[60688,"F55-000320",64,"CC",1,1964,"N","2024-04-19T21:03:18","2024-04-19T21:03:20","2024-04-19T21:03:20",1,64]
[60689,"F55-000321",35,"CC",1,1964,"N","2024-04-19T21:06:13","2024-04-19T21:06:14","2024-04-19T21:06:14",1,35]
[60690,"F55-000322",50,"CC",1,1969,"N","2024-04-19T21:39:27","2024-04-19T21:39:29","2024-04-19T21:39:29",1,50]
[60691,"F55-000323",200,"CC",1,1964,"N","2024-04-19T21:47:04","2024-04-19T21:47:06","2024-04-19T21:47:06",1,200]
[60692,"F55-000324",100,"CC",5,1964,"N","2024-04-19T22:17:15","2024-04-19T22:17:17","2024-04-19T22:17:17",1,100]
[60693,"F55-000325",64,"CC",1,1964,"N","2024-04-19T22:52:20","2024-04-19T22:52:22","2024-04-19T22:52:22",1,64]
[60694,"F55-000326",164,"Personal Check",1,1964,"N","2024-04-20","2024-04-20T05:17:13","2024-04-22T00:55:09",1,"None. Donation by check."]
[60695,"F55-000327",64,"CC",1,1964,"N","2024-04-20T06:29:17","2024-04-20T06:29:19","2024-04-20T06:29:19",1,64]
[60696,"F55-000328",64,"CC",1,1964,"N","2024-04-20T06:35:52","2024-04-20T06:35:54","2024-04-20T06:35:54",1,64]
[60697,"F55-000329",75,"Personal Check",1,1980,"N","2024-04-20","2024-04-20T06:45:55","2024-04-21T23:04:04",1,"None. Donation by check."]
[60698,"F55-000330",25,"CC",1,1964,"N","2024-04-20T08:03:16","2024-04-20T08:03:18","2024-04-20T08:03:18",1,25]
[60699,"F55-000331",64,"CC",1,1964,"N","2024-04-20T09:00:49","2024-04-20T09:00:51","2024-04-20T09:00:51",1,64]
[60700,"F55-000332",64,"CC",1,1964,"N","2024-04-20T09:10:59","2024-04-20T09:11:01","2024-04-20T09:11:01",1,64]
[60701,"F55-000333",25,"CC",1,1965,"N","2024-04-20T09:31:18","2024-04-20T09:31:20","2024-04-20T09:31:20",1,25]
[60702,"F55-000334",64,"CC",1,1964,"N","2024-04-20T09:46:23","2024-04-20T09:46:25","2024-04-20T09:46:25",1,64]
[60703,"F55-000335",50,"CC",1,1968,"N","2024-04-20T10:23:51","2024-04-20T10:23:53","2024-04-20T10:23:53",1,50]
[60704,"F55-000336",50,"CC",6,1966,"N","2024-04-20T10:45:40","2024-04-20T10:45:42","2024-04-20T10:45:42",1,50]
[60705,"F55-000337",50,"CC",1,1989,"N","2024-04-20T10:53:16","2024-04-20T10:53:17","2024-04-20T10:53:17",1,50]
[60706,"F55-000338",200,"CC",1,1968,"N","2024-04-20T11:44:59","2024-04-20T11:45:01","2024-04-20T11:45:01",1,200]
[60707,"F55-000339",66,"CC",1,1966,"N","2024-04-20T11:50:02","2024-04-20T11:50:04","2024-04-20T11:50:04",1,66]
[60708,"F55-000340",64,"CC",1,1964,"N","2024-04-20T11:59:59","2024-04-20T12:00:01","2024-04-20T12:00:01",1,64]
[60709,"F55-000341",100,"CC",5,1964,"N","2024-04-20T12:02:43","2024-04-20T12:02:44","2024-04-20T12:02:44",1,100]
[60710,"F55-000342",100,"CC",1,1964,"N","2024-04-20T12:35:27","2024-04-20T12:35:29","2024-04-20T12:35:29",1,100]
[60711,"F55-000343",250,"CC",1,1964,"N","2024-04-20T12:36:27","2024-04-20T12:36:29","2024-04-20T12:36:29",1,250]
[60712,"F55-000344",164,"CC",1,1964,"N","2024-04-20T13:30:41","2024-04-20T13:30:43","2024-04-20T13:30:43",1,164]
[60713,"F55-000345",50,"CC",1,1948,"N","2024-04-20T14:31:23","2024-04-20T14:31:25","2024-04-20T14:31:25",1,50]
[60714,"F55-000346",500,"Personal Check",1,1964,"N","2024-04-20","2024-04-20T14:36:13","2024-04-21T23:03:22",1,"None. Donation by check."]
[60715,"F55-000347",25,"CC",1,1957,"N","2024-04-20T14:59:19","2024-04-20T14:59:20","2024-04-20T14:59:20",1,25]
[60716,"F55-000348",25,"CC",1,1979,"N","2024-04-20T15:07:25","2024-04-20T15:07:27","2024-04-20T15:07:27",1,25]
[60717,"F55-000349",19.79,"CC",1,1979,"N","2024-04-20T15:45:45","2024-04-20T15:45:46","2024-04-20T15:45:46",1,19.79]
[60718,"F55-000350",100,"CC",1,1959,"N","2024-04-20T16:40:44","2024-04-20T16:40:46","2024-04-20T16:40:46",1,100]
[60719,"F55-000351",25,"CC",1,1989,"N","2024-04-20T19:25:31","2024-04-20T19:25:33","2024-04-20T19:25:33",1,25]
[60720,"F55-000352",33,"CC",1,1966,"N","2024-04-20T23:11:16","2024-04-20T23:11:18","2024-04-20T23:11:18",1,33]
[60721,"F55-000353",25,"CC",1,1969,"N","2024-04-21T02:20:05","2024-04-21T02:20:06","2024-04-21T02:20:06",1,25]
[60722,"F55-000354",365,"CC",1,1969,"N","2024-04-21T06:21:54","2024-04-21T06:21:55","2024-04-21T06:21:55",1,365]
[60723,"F55-000355",100,"CC",1,1966,"N","2024-04-21T09:11:03","2024-04-21T09:11:04","2024-04-21T09:11:04",1,100]
[60724,"F55-000356",64,"CC",1,1964,"N","2024-04-21T09:13:41","2024-04-21T09:13:42","2024-04-21T09:13:42",1,64]
[60725,"F55-000357",100,"CC",1,1964,"N","2024-04-21T09:30:57","2024-04-21T09:30:58","2024-04-21T09:30:58",1,100]
[60726,"F55-000358",79,"CC",1,1979,"N","2024-04-21T11:29:03","2024-04-21T11:29:05","2024-04-21T11:29:05",1,79]
[60727,"F55-000359",64,"CC",1,1964,"N","2024-04-21T11:37:55","2024-04-21T11:37:57","2024-04-21T11:37:57",1,64]
[60728,"F55-000360",164,"CC",5,1964,"N","2024-04-21T13:36:40","2024-04-21T13:36:42","2024-04-21T13:36:42",1,164]
[60729,"F55-000361",25,"CC",1,1968,"N","2024-04-21T14:08:50","2024-04-21T14:08:51","2024-04-21T14:08:51",1,25]
[60730,"EF55-000145",19.79,"PayPal",1,1979,"N","2024-04-18","2024-04-21T15:27:03","2024-04-21T15:27:03",1,"None. Donation by check."]
[60731,"EF55-000146",5,"PayPal",1,1985,"N","2024-04-19","2024-04-21T15:28:38","2024-04-21T15:28:38",1,"None. Donation by check."]
[60732,"EF55-000147",25,"PayPal",1,1978,"N","2024-04-19","2024-04-21T15:29:54","2024-04-21T15:29:54",1,"None. Donation by check."]
[60733,"EF55-000148",100,"PayPal",1,1978,"N","2024-04-19","2024-04-21T15:30:47","2024-04-21T15:30:47",1,"None. Donation by check."]
[60734,"EF55-000149",64,"PayPal",1,1964,"N","2024-04-19","2024-04-21T15:32:07","2024-04-21T15:32:07",1,"None. Donation by check."]
[60735,"EF55-000150",64,"PayPal",1,1964,"N","2024-04-19","2024-04-21T15:33:07","2024-04-21T15:33:07",1,"None. Donation by check."]
[60736,"EF55-000151",50,"PayPal",1,1975,"N","2024-04-21","2024-04-21T15:34:05","2024-04-21T15:34:05",1,"None. Donation by check."]
[60737,"EF55-000152",570,"Personal Check",1,1957,"N","2024-04-16","2024-04-21T16:09:46","2024-04-21T16:09:46",1,"None. Donation by check."]
[60738,"EF55-000153",50,"Personal Check",1,1955,"N","2024-04-08","2024-04-21T16:12:28","2024-04-21T16:12:28",1,"None. Donation by check."]
[60739,"EF55-000154",100,"Personal Check",1,1967,"N","2024-04-13","2024-04-21T16:14:53","2024-04-21T16:14:53",1,"None. Donation by check."]
[60740,"F55-000362",100,"CC",1,1969,"N","2024-04-22T07:20:22","2024-04-22T07:20:24","2024-04-22T07:20:24",1,100]
[60741,"F55-000363",100,"CC",1,1975,"N","2024-04-22T08:37:57","2024-04-22T08:37:58","2024-04-22T08:37:58",1,100]
[60742,"F55-000364",50,"CC",1,1964,"N","2024-04-22T08:38:48","2024-04-22T08:38:49","2024-04-22T08:38:49",1,50]
[60743,"F55-000365",50,"CC",1,1979,"N","2024-04-22T09:06:50","2024-04-22T09:06:51","2024-04-22T09:06:51",1,50]
[60744,"F55-000366",250,"CC",1,1979,"N","2024-04-22T09:23:50","2024-04-22T09:23:51","2024-04-22T09:23:51",1,250]
[60745,"F55-000367",25,"CC",1,1979,"N","2024-04-22T09:28:00","2024-04-22T09:28:02","2024-04-22T09:28:02",1,25]
[60746,"F55-000368",35,"CC",1,1979,"N","2024-04-22T09:33:57","2024-04-22T09:33:59","2024-04-22T09:33:59",1,35]
[60747,"F55-000369",50,"CC",1,1956,"N","2024-04-22T09:50:39","2024-04-22T09:50:40","2024-04-22T09:50:40",1,50]
[60748,"F55-000370",100,"CC",1,1979,"N","2024-04-22T09:58:14","2024-04-22T09:58:15","2024-04-22T09:58:15",1,100]
[60749,"F55-000371",30,"CC",1,1979,"N","2024-04-22T10:13:21","2024-04-22T10:13:22","2024-04-22T10:13:22",1,30]
[60750,"F55-000372",25,"CC",1,1979,"N","2024-04-22T10:28:58","2024-04-22T10:29:00","2024-04-22T10:29:00",1,25]
[60751,"F55-000373",19.79,"CC",null,null,"N","2024-04-22T10:31:38","2024-04-22T10:31:39","2024-04-22T10:31:39",1,19.79]
[60752,"F55-000374",19.79,"CC",1,1979,"N","2024-04-22T11:05:43","2024-04-22T11:05:45","2024-04-22T11:05:45",1,19.79]
[60753,"F55-000375",100,"CC",null,1979,"N","2024-04-22T11:25:36","2024-04-22T11:25:38","2024-04-22T11:25:38",1,100]
[60754,"F55-000376",35,"CC",1,1975,"N","2024-04-22T11:37:22","2024-04-22T11:37:24","2024-04-22T11:37:24",1,35]
[60755,"F55-000377",64,"CC",1,1964,"N","2024-04-22T11:41:47","2024-04-22T11:41:48","2024-04-22T11:41:48",1,64]
[60756,"F55-000378",35,"CC",1,1979,"N","2024-04-22T12:19:32","2024-04-22T12:19:33","2024-04-22T12:19:33",1,35]
[60757,"F55-000379",25,"CC",1,1975,"N","2024-04-22T13:33:15","2024-04-22T13:33:16","2024-04-22T13:33:16",1,25]
[60758,"F55-000380",50,"CC",1,1975,"N","2024-04-22T14:11:02","2024-04-22T14:11:04","2024-04-22T14:11:04",1,50]
[60759,"F55-000381",100,"CC",1,1979,"N","2024-04-22T14:49:27","2024-04-22T14:49:28","2024-04-22T14:49:28",1,100]
[60760,"F55-000382",100,"CC",null,1964,"N","2024-04-22T15:08:23","2024-04-22T15:08:24","2024-04-22T15:08:24",1,100]
[60761,"F55-000383",197.9,"CC",1,1979,"N","2024-04-22T16:01:34","2024-04-22T16:01:36","2024-04-22T16:01:36",1,197.9]
[60762,"F55-000384",25,"CC",1,1975,"N","2024-04-22T16:01:52","2024-04-22T16:01:53","2024-04-22T16:01:53",1,25]
[60763,"F55-000385",50,"CC",1,1957,"N","2024-04-22T18:49:08","2024-04-22T18:49:09","2024-04-22T18:49:09",1,50]
[60764,"EF55-000155",25,"Personal Check",1,1963,"N","2024-04-16","2024-04-22T19:17:24","2024-04-22T19:17:24",1,"None. Donation by check."]
[60765,"EF55-000156",100,"Personal Check",1,1978,"N","2024-04-16","2024-04-22T19:19:10","2024-04-22T19:19:10",1,"None. Donation by check."]
[60766,"EF55-000157",50,"Personal Check",1,1968,"N","2024-04-16","2024-04-22T19:21:07","2024-04-22T19:21:07",1,"None. Donation by check."]
[60767,"EF55-000158",50,"Personal Check",1,1966,"N","2024-04-17","2024-04-22T19:22:37","2024-04-22T19:22:37",1,"None. Donation by check."]
[60768,"EF55-000159",40,"Personal Check",1,1966,"N","2024-04-16","2024-04-22T19:24:46","2024-04-22T19:24:46",1,"None. Donation by check."]
[60769,"EF55-000160",50,"Personal Check",1,1975,"N","2024-04-16","2024-04-22T19:26:27","2024-04-22T19:26:27",1,"None. Donation by check."]
[60770,"EF55-000161",100,"Personal Check",1,1959,"N","2024-04-17","2024-04-22T19:27:57","2024-04-22T19:27:57",1,"None. Donation by check."]
[60771,"EF55-000162",50,"Personal Check",1,1949,"N","2024-04-19","2024-04-22T19:29:30","2024-04-22T19:29:30",1,"None. Donation by check."]
[60772,"EF55-000163",19.79,"Personal Check",1,1979,"N","2024-04-18","2024-04-22T19:31:13","2024-04-22T19:31:13",1,"None. Donation by check."]
[60773,"EF55-000164",19.89,"PayPal",1,1989,"N","2024-04-21","2024-04-22T19:38:06","2024-04-22T19:38:06",1,"None. Donation by check."]
[60774,"EF55-000165",19.89,"PayPal",1,1989,"N","2024-04-21","2024-04-22T19:39:09","2024-04-22T19:39:09",1,"None. Donation by check."]
[60775,"EF55-000166",100,"PayPal",1,1969,"N","2024-04-22","2024-04-22T19:40:59","2024-04-22T19:40:59",1,"None. Donation by check."]
[60776,"EF55-000167",100,"PayPal",1,1966,"N","2024-04-22","2024-04-22T19:43:23","2024-04-22T19:43:23",1,"None. Donation by check."]
[60777,"F55-000386",100,"CC",1,1978,"N","2024-04-22T20:36:00","2024-04-22T20:36:02","2024-04-22T20:36:02",1,100]
[60778,"F55-000387",75,"CC",1,1958,"N","2024-04-22T20:43:07","2024-04-22T20:43:08","2024-04-22T20:43:08",1,75]

{"sheet":"Sheet11","index":7,"n_rows":62,"n_cols":1,"rows_kept":62,"cut":false,"hidden":true,"merged":[]}
[1]
[2]
[3]
[4]
[5]
[6]
[7]
[8]
[9]
[10]
[11]
[12]
[13]
[14]
[15]
[16]
[17]
[18]
[19]
[20]
[21]
[22]
[23]
[24]
[25]
[26]
[27]
[28]
[29]
[30]
[31]
[32]
[33]
[34]
[35]
[36]
[37]
[38]
[39]
[40]
[41]
[42]
[43]
[44]
[45]
[46]
[47]
[48]
[49]
[50]
[51]
[52]
[53]
[54]
[55]
[56]
[57]
[58]
[59]
[60]
[61]
[62]