{"text_format":"1","workbook":"xlsx","n_sheets":8,"sheets":["Running Totals","Donation Averages","Income Source Analytics","Donations by Class","Fund Drive Budget History","Tables","Sanitized Raw Data","Sheet11"],"not_rendered":{"charts":10,"images":0,"macros":1,"external_links":0,"defined_names":1,"comments":0,"pivot_tables":1},"unopened":[],"bounds":{"document_bytes":16777216,"sheet_cells":100000,"rows_first":2000,"rows_last":500,"rows_between":2000,"halvings":0,"cell_chars":16384,"cell_head_chars":4096},"cells_cut":0,"cells_raw":0,"read":"whole","date_system":"1900"}

{"sheet":"Running Totals","index":0,"n_rows":0,"n_cols":0,"rows_kept":0,"cut":false,"hidden":false,"merged":[]}

{"sheet":"Donation Averages","index":1,"n_rows":0,"n_cols":0,"rows_kept":0,"cut":false,"hidden":false,"merged":[]}

{"sheet":"Income Source Analytics","index":2,"n_rows":0,"n_cols":0,"rows_kept":0,"cut":false,"hidden":false,"merged":[]}

{"sheet":"Donations by Class","index":3,"n_rows":113,"n_cols":4,"rows_kept":113,"cut":false,"hidden":false,"merged":[]}
[]
[]
[]
[]
[]
[]
[]
[]
[]
[]
[]
[]
[]
[]
[]
[]
[]
[]
[]
[]
[]
[]
[]
[]
[]
[]
[]
[]
[]
[]
[]
[]
[]
[]
[]
[]
[]
[]
[]
[]
["Row Labels","Count of donate_id","Sum of donate_amount","Average of donate_amount2"]
[1925,1,100,100]
[1938,1,50,50]
[1941,1,20,20]
[1944,1,40,40]
[1945,1,100,100]
[1946,6,375,62.5]
[1948,10,870,87]
[1949,10,615,61.5]
[1950,1,50,50]
[1951,14,1652,118]
[1955,33,3130,94.848484848484844]
[1956,27,1581,58.555555555555557]
[1957,23,3434,149.30434782608697]
[1958,57,4130.58,72.466315789473683]
[1959,32,1963,61.34375]
[1960,12,950,79.166666666666671]
[1961,1,25,25]
[1962,4,375,93.75]
[1963,47,2105.1900000000005,44.791276595744691]
[1964,103,9026.2900000000009,87.633883495145639]
[1965,34,2075,61.029411764705884]
[1966,66,4528,68.606060606060609]
[1967,17,1522,89.529411764705884]
[1968,31,1900,61.29032258064516]
[1969,41,3108.69,75.821707317073177]
[1970,3,571,190.33333333333334]
[1971,2,200,100]
[1972,1,100,100]
[1973,1,100,100]
[1974,1,50,50]
[1975,48,3075,64.0625]
[1976,1,19.760000000000002,19.760000000000002]
[1977,21,896.24,42.678095238095239]
[1978,41,1964,47.902439024390247]
[1979,34,2857.96,84.057647058823534]
[1980,19,940,49.473684210526315]
[1981,10,140,14]
[1982,4,348.28999999999996,87.072499999999991]
[1983,1,100,100]
[1984,1,50,50]
[1985,2,250,125]
[1986,12,190,15.833333333333334]
[1987,4,115,28.75]
[1989,31,3048.1199999999994,98.326451612903213]
[1990,1,250,250]
[1992,2,300,150]
[1993,1,25,25]
[1995,1,25,25]
[1996,1,20,20]
[1997,1,50,50]
[1999,1,50,50]
[2001,2,300,150]
[2003,2,125,62.5]
[2004,2,75,37.5]
[2005,9,225,25]
[2007,19,590,31.05263157894737]
[2008,3,340,113.33333333333333]
[2009,12,325.81,27.150833333333335]
[2010,3,400,133.33333333333334]
[2011,10,195,19.5]
[2012,5,325,65]
[2013,5,205,41]
[2014,3,120,40]
[2015,13,380,29.23076923076923]
[2016,15,385,25.666666666666668]
[2017,1,50,50]
[2018,1,50,50]
[2019,14,215,15.357142857142858]
[2020,2,75,37.5]
[2023,1,100,100]
["(blank)",27,1915,70.925925925925924]
["Grand Total",968,65856.929999999978,68.034018595041303]

{"sheet":"Fund Drive Budget History","index":4,"n_rows":40,"n_cols":3,"rows_kept":40,"cut":false,"hidden":false,"merged":[]}
[8,"Fall 2000",68617]
[9,"Spring 2001",102827]
[10,"Fall 2001",95623]
[11,"Spring 2002",111701]
[12,"Fall 2002",106844]
[13,"Spring 2003",102871]
[14,"Fall 2003",98477]
[15,"Spring 2004",108900]
[16,"Fall 2004",113124]
[17,"Spring 2005",118619]
[18,"Fall 2005",111051]
[19,"Spring 2006",113413]
[20,"Fall 2006",95079]
[21,"Spring 2007",103994]
[22,"Fall 2007",116556]
[23,"Spring 2008",107504]
[24,"Fall 2008",108019]
[25,"Spring 2009",113444]
[26,"Fall 2009",109229]
[27,"Spring 2010",98094]
[28,"Fall 2010",96500]
[29,"Spring 2011",104010]
[30,"Fall 2011",98593]
[31,"Spring 2012",104884]
[32,"Fall 2012",117343]
[33,"Spring 2013",104622]
[34,"Fall 2013",97167]
[35,"Spring 2014",99462]
[36,"Fall 2014",98667]
[37,"Spring 2015",101357]
[38,"Fall 2015",99590]
[39,"Spring 2016",89448]
[40,"Fall 2016",95352]
[41,"Spring 2017",96226]
[42,"Fall 2017",92344]
[43,"Spring 2018",96226]
[44,"Fall 2018",74104]
[45,"Spring 2019",74493]
[46,"Fall 2019",75511.820000000007]
[47,"Spring 2020",65854]

{"sheet":"Tables","index":5,"n_rows":47,"n_cols":174,"rows_kept":47,"cut":false,"hidden":false,"merged":[[0,140,0,173],[0,0,0,33],[0,35,0,68],[0,70,0,103],[0,105,0,138]]}
[null,null,null,null,null,null,null,null,null,null,null,null,null,null,null,null,null,null,null,null,null,null,null,null,null,null,null,null,null,null,null,null,null,null,null,"FD 46",null,null,null,null,null,null,null,null,null,null,null,null,null,null,null,null,null,null,null,null,null,null,null,null,null,null,null,null,null,null,null,null,null,null,"FD 45",null,null,null,null,null,null,null,null,null,null,null,null,null,null,null,null,null,null,null,null,null,null,null,null,null,null,null,null,null,null,null,null,null,null,"FD 44",null,null,null,null,null,null,null,null,null,null,null,null,null,null,null,null,null,null,null,null,null,null,null,null,null,null,null,null,null,null,null,null,null,null,"FD 43"]
["Day","Date","Goal","Cash #","Cash Amt","Credit Card #","Credit Card Amt","PayPal #","PayPal Amt","Check #","Check Amt","Operating Budget","Donations by Day","Total Donations","Avg Overall Donation Amt","Avg Donation/Day","Average Donated Daily","Daily % of Goal","Daily % Cash $","Daily % Cash #","Overall % Cash $","Overall % Cash #","Daily % CC $","Daily % CC #","Overall % CC $","Overall % CC #","Daily % PP $","Daily % PP #","Overall % PP $","Overall % PP #","Daily % Chk $","Daily % Chk #","Overall % Chk $","Overall % Chk #",null,"Day","Date","Goal","Cash #","Cash Amt","Credit Card #","Credit Card Amt","PayPal #","PayPal Amt","Check #","Check Amt","Operating Budget","Donations by Day","Total Donations","Avg Overall Donation Amt","Avg Donation/Day","Average Donated  Daily","Daily % of Goal","Daily % Cash $","Daily % Cash #","Overall % Cash $","Overall % Cash #","Daily % CC $","Daily % CC #","Overall % CC $","Overall % CC #","Daily % PP $","Daily % PP #","Overall % PP $","Overall % PP #","Daily % Chk $","Daily % Chk #","Overall % Chk $","Overall % Chk #",null,"Day","Date","Goal","Cash #","Cash Amt","Credit Card #","Credit Card Amt","PayPal #","PayPal Amt","Check #","Check Amt","Operating Budget","Donations by Day","Total Donations","Avg Overall Donation Amt","Avg Donation/Day","Average Donated Daily","Daily % of Goal","Daily % Cash $","Daily % Cash #","Overall % Cash $","Overall % Cash #","Daily % CC $","Daily % CC #","Overall % CC $","Overall % CC #","Daily % PP $","Daily % PP #","Overall % PP $","Overall % PP #","Daily % Chk $","Daily % Chk #","Overall % Chk $","Overall % Chk #",null,"Day","Date","Goal","Cash #","Cash Amt","Credit Card #","Credit Card Amt","PayPal #","PayPal Amt","Check #","Check Amt","Operating Budget","Donations by Day","Total Donations","Avg Overall Donation Amt","Avg Donation/Day","Average Donated Daily","Daily % of Goal","Daily % Cash $","Daily % Cash #","Overall % Cash $","Overall % Cash #","Daily % CC $","Daily % CC #","Overall % CC $","Overall % CC #","Daily % PP $","Daily % PP #","Overall % PP $","Overall % PP #","Daily % Chk $","Daily % Chk #","Overall % Chk $","Overall % Chk #",null,"Day","Date","Goal","Cash #","Cash Amt","Credit Card #","Credit Card Amt","PayPal #","PayPal Amt","Check #","Check Amt","Operating Budget","Donations by Day","Total Donations","Avg Overall Donation Amt","Avg Donation/Day","Average Donated Daily","Daily % of Goal","Daily % Cash $","Daily % Cash #","Overall % Cash $","Overall % Cash #","Daily % CC $","Daily % CC #","Overall % CC $","Overall % CC #","Daily % PP $","Daily % PP #","Overall % PP $","Overall % PP #","Daily % Chk $","Daily % Chk #","Overall % Chk $","Overall % Chk #"]
["Pre-Fund Drive",null,65854,{"$f":"COUNTIFS('Sanitized Raw Data'!$H:$H,\"<\"&B4,'Sanitized Raw Data'!$D:$D,\"Cash\")","v":0},{"$f":"SUMIFS('Sanitized Raw Data'!$C:$C,'Sanitized Raw Data'!$H:$H,\"<\"&B4,'Sanitized Raw Data'!$D:$D,\"Cash\")","v":0},{"$f":"COUNTIFS('Sanitized Raw Data'!$H:$H,\"<\"&B4,'Sanitized Raw Data'!$D:$D,\"CC\")","v":21},{"$f":"SUMIFS('Sanitized Raw Data'!$C:$C,'Sanitized Raw Data'!$H:$H,\"<\"&B4,'Sanitized Raw Data'!$D:$D,\"CC\")","v":2460.69},{"$f":"COUNTIFS('Sanitized Raw Data'!$H:$H,\"<\"&B4,'Sanitized Raw Data'!$D:$D,\"PayPal\")","v":165},{"$f":"SUMIFS('Sanitized Raw Data'!$C:$C,'Sanitized Raw Data'!$H:$H,\"<\"&B4,'Sanitized Raw Data'!$D:$D,\"PayPal\")","v":3373.7200000000003},{"$f":"COUNTIFS('Sanitized Raw Data'!$H:$H,\"<\"&B4,'Sanitized Raw Data'!$D:$D,\"Personal Check\")","v":66},{"$f":"SUMIFS('Sanitized Raw Data'!$C:$C,'Sanitized Raw Data'!$H:$H,\"<\"&B4,'Sanitized Raw Data'!$D:$D,\"Personal Check\")","v":5705.66},{"$f":"SUM(E3,K3,I3,G3)","v":11540.070000000002},{"$f":"SUM(D3,F3,H3,J3)","v":252},{"$f":"SUM(D3,J3,H3,F3)","v":252},{"$f":"L3/N3","v":45.79392857142858},{"$f":"(SUM(E3,K3,I3,G3))/(SUM(D3,F3,H3,J3))","v":45.79392857142858},null,{"$f":"(L3/C$3)","v":0.17523719136271149},{"$f":"E3/L3","v":0},{"$f":"D3/M3","v":0},{"$f":"B3/H3","v":0},{"$f":"B3/J3","v":0},{"$f":"G3/L3","v":0.21323007572744357},{"$f":"F3/M3","v":8.3333333333333329E-2},{"$f":"F3/L3","v":1.8197463273619656E-3},{"$f":"F3/N3","v":8.3333333333333329E-2},{"$f":"I3/L3","v":0.29234831331179101},{"$f":"H3/M3","v":0.65476190476190477},{"$f":"I3/L3","v":0.29234831331179101},{"$f":"H3/N3","v":0.65476190476190477},{"$f":"K3/L3","v":0.49442161096076531},{"$f":"J3/M3","v":0.26190476190476192},{"$f":"K3/L3","v":0.49442161096076531},{"$f":"J3/N3","v":0.26190476190476192},null,"Pre-Fund Drive",null,76366,0,0,0,0,88,2170.8199999999997,29,2963.79,5134.6099999999997,117,117,43.885555555555555,43.885555555555555,null,6.7236859335306279E-2,0,0,0,0,0,0,0,0,0.42278186658772521,0.75213675213675213,0.42278186658772521,0.75213675213675213,0.57721813341227479,0.24786324786324787,0.57721813341227479,0.24786324786324787,null,"Pre-Fund Drive",null,74493,0,0,0,0,80,1382.78,44,5175.79,6558.57,124,124,52.891693548387096,52.891693548387096,null,8.8042769119246106E-2,0,0,0,0,0,0,0,0,0.21083559373460983,0.64516129032258063,0.21083559373460983,0.64516129032258063,0.78916440626539019,0.35483870967741937,0.78916440626539019,0.35483870967741937,null,"Pre-Fund Drive",null,74104,0,0,0,0,70,1421.71,22,1044.58,2466.29,92,92,26.807500000000001,26.807500000000001,null,3.3281469286408294E-2,0,0,0,0,0,0,0,0,0.57645694545248127,0.76086956521739135,0.57645694545248127,0.76086956521739135,0.42354305454751873,0.2391304347826087,0.42354305454751873,0.2391304347826087,null,"Pre-Fund Drive",null,96226,0,0,7,330,101,4160.26,29,2119.77,6610.0300000000007,137,137,48.248394160583949,48.248394160583949,null,6.8692764949182139E-2,0,0,0,0,4.9924130450240009E-2,5.1094890510948905E-2,1.0589967065202427E-3,5.1094890510948905E-2,0.62938594832398642,0.73722627737226276,0.62938594832398642,0.73722627737226276,0.3206899212257735,0.21167883211678831,0.3206899212257735,0.21167883211678831]
["Day 1","2020-07-15",65854,{"$f":"COUNTIFS('Sanitized Raw Data'!$H:$H,\">=\"&$B4,'Sanitized Raw Data'!$H:$H,\"<\"&$B5,'Sanitized Raw Data'!$D:$D,\"Cash\")","v":0},{"$f":"SUMIFS('Sanitized Raw Data'!$C:$C,'Sanitized Raw Data'!$H:$H,\">=\"&$B4,'Sanitized Raw Data'!$H:$H,\"<\"&$B5,'Sanitized Raw Data'!$D:$D,\"Cash\")","v":0},{"$f":"COUNTIFS('Sanitized Raw Data'!$H:$H,\">=\"&$B4,'Sanitized Raw Data'!$H:$H,\"<\"&$B5,'Sanitized Raw Data'!$D:$D,\"CC\")","v":203},{"$f":"SUMIFS('Sanitized Raw Data'!$C:$C,'Sanitized Raw Data'!$H:$H,\">=\"&$B4,'Sanitized Raw Data'!$H:$H,\"<\"&$B5,'Sanitized Raw Data'!$D:$D,\"CC\")","v":16744.550000000003},{"$f":"COUNTIFS('Sanitized Raw Data'!$H:$H,\">=\"&$B4,'Sanitized Raw Data'!$H:$H,\"<\"&$B5,'Sanitized Raw Data'!$D:$D,\"PayPal\")","v":9},{"$f":"SUMIFS('Sanitized Raw Data'!$C:$C,'Sanitized Raw Data'!$H:$H,\">=\"&$B4,'Sanitized Raw Data'!$H:$H,\"<\"&$B5,'Sanitized Raw Data'!$D:$D,\"PayPal\")","v":265},{"$f":"COUNTIFS('Sanitized Raw Data'!$H:$H,\">=\"&$B4,'Sanitized Raw Data'!$H:$H,\"<\"&$B5,'Sanitized Raw Data'!$D:$D,\"Personal Check\")","v":22},{"$f":"SUMIFS('Sanitized Raw Data'!$C:$C,'Sanitized Raw Data'!$H:$H,\">=\"&$B4,'Sanitized Raw Data'!$H:$H,\"<\"&$B5,'Sanitized Raw Data'!$D:$D,\"Personal Check\")","v":1490},{"$f":"SUM(E4,K4,I4,G4,L3)","v":30039.620000000003},234,{"$f":"SUM(D4,J4,H4,F4,N3)","v":486},{"$f":"L4/N4","v":61.80991769547326},{"$f":"(SUM(E4,K4,I4,G4))/(SUM(D4,F4,H4,J4))","v":79.057905982905993},{"$f":"L4/Sheet11!$A1","v":30039.620000000003},{"$f":"(L4-L3)/C$3","v":0.28091763598262826},{"$f":"E4/(L4-L3)","v":0},{"$f":"D4/M4","v":0},{"$f":"SUM(E$3:E4)/L4","v":0},{"$f":"SUM(D$3:D4)/M4","v":0},{"$f":"G4/(L4-L3)","v":0.90513282755526492},{"$f":"F4/M4","v":0.86752136752136755},{"$f":"SUM(G$3:G4)/L4","v":0.63933032441821835},{"$f":"SUM(F$3:F4)/N4","v":0.46090534979423869},{"$f":"I4/(L4-L3)","v":1.4324672762310432E-2},{"$f":"H4/M4","v":3.8461538461538464E-2},{"$f":"SUM(I$3:I4)/L4","v":0.12113069339758625},{"$f":"SUM(H$3:H4)/N4","v":0.35802469135802467},{"$f":"K4/(L4-L3)","v":8.054249968242469E-2},{"$f":"J4/M4","v":9.4017094017094016E-2},{"$f":"SUM(K$3:K4)/L4","v":0.23953898218419539},{"$f":"SUM(J$3:J4)/N4","v":0.18106995884773663},null,"Day 1","2019-10-07",76366,0,0,31,3227.28,11,474,6,569,9404.89,48,165,56.999333333333333,88.964166666666685,9404.89,5.5918602519445824E-2,0,0,0,0,0.75575372106747107,0.64583333333333337,0.34314914900652749,0.18787878787878787,0.11099974708918385,0.22916666666666666,0.28121753683456158,0.6,0.13324653184334517,0.125,0.37563331415891099,0.21212121212121213,null,"Day 1","2019-04-08",74493,0,0,124,7977.1900000000005,35,1338.46,20,1274.5900000000001,17148.810000000001,179,303,56.596732673267333,59.16335195530727,17148.810000000001,0.14216423019612584,0,0,0,0,0.75325866080466541,0.69273743016759781,0.46517455147033526,0.40924092409240925,0.12638618199398691,0.19553072625698323,0.15868389701676092,0.37953795379537952,0.12035515720134765,0.11173184357541899,0.37614155151290379,0.21122112211221122,null,"Day 1","2018-10-09",74104,0,0,123,9141.66,27,1652.8899999999999,21,1207.55,14468.39,171,263,55.012889733840304,70.187719298245611,14468.39,0.16196291698153945,0,0,0,0,0.76167170745119617,0.7192982456140351,0.63183671438218081,0.46768060836501901,0.13771673290507494,0.15789473684210525,0.21250463942428979,0.36882129277566539,0.10061155964372902,0.12280701754385964,0.15565864619352948,0.1634980988593156,null,"Day 1","2018-04-09",96226,0,0,78,5334.96,17,688.83999999999992,17,1118.79,13752.62,112,249,55.231405622489966,63.773125,13752.62,7.4227235882194001E-2,0,0,0,0,0.74692233489532511,0.6964285714285714,0.41191860169189576,0.34136546184738958,9.6441206901138082E-2,0.15178571428571427,0.35259463287722631,0.47389558232931728,0.1566364582035368,0.15178571428571427,0.23548676543087788,0.18473895582329317]
["Day 2","2020-07-16",65854,{"$f":"COUNTIFS('Sanitized Raw Data'!$H:$H,\">=\"&$B5,'Sanitized Raw Data'!$H:$H,\"<\"&$B6,'Sanitized Raw Data'!$D:$D,\"Cash\")","v":0},{"$f":"SUMIFS('Sanitized Raw Data'!$C:$C,'Sanitized Raw Data'!$H:$H,\">=\"&$B5,'Sanitized Raw Data'!$H:$H,\"<\"&$B6,'Sanitized Raw Data'!$D:$D,\"Cash\")","v":0},{"$f":"COUNTIFS('Sanitized Raw Data'!$H:$H,\">=\"&$B5,'Sanitized Raw Data'!$H:$H,\"<\"&$B6,'Sanitized Raw Data'!$D:$D,\"CC\")","v":47},{"$f":"SUMIFS('Sanitized Raw Data'!$C:$C,'Sanitized Raw Data'!$H:$H,\">=\"&$B5,'Sanitized Raw Data'!$H:$H,\"<\"&$B6,'Sanitized Raw Data'!$D:$D,\"CC\")","v":3898.15},{"$f":"COUNTIFS('Sanitized Raw Data'!$H:$H,\">=\"&$B5,'Sanitized Raw Data'!$H:$H,\"<\"&$B6,'Sanitized Raw Data'!$D:$D,\"PayPal\")","v":4},{"$f":"SUMIFS('Sanitized Raw Data'!$C:$C,'Sanitized Raw Data'!$H:$H,\">=\"&$B5,'Sanitized Raw Data'!$H:$H,\"<\"&$B6,'Sanitized Raw Data'!$D:$D,\"PayPal\")","v":330},{"$f":"COUNTIFS('Sanitized Raw Data'!$H:$H,\">=\"&$B5,'Sanitized Raw Data'!$H:$H,\"<\"&$B6,'Sanitized Raw Data'!$D:$D,\"Personal Check\")","v":11},{"$f":"SUMIFS('Sanitized Raw Data'!$C:$C,'Sanitized Raw Data'!$H:$H,\">=\"&$B5,'Sanitized Raw Data'!$H:$H,\"<\"&$B6,'Sanitized Raw Data'!$D:$D,\"Personal Check\")","v":970},{"$f":"SUM(E5,K5,I5,G5,L4)","v":35237.770000000004},{"$f":"SUM(D5,F5,H5,J5)","v":62},{"$f":"SUM(D5,J5,H5,F5,N4)","v":548},{"$f":"L5/N5","v":64.302500000000009},{"$f":"(SUM(E5,K5,I5,G5))/(SUM(D5,F5,H5,J5))","v":83.841129032258053},{"$f":"L5/Sheet11!$A2","v":17618.885000000002},{"$f":"(L5-L4)/C$3","v":7.8934461080572199E-2},{"$f":"E5/(L5-L4)","v":0},{"$f":"D5/M5","v":0},{"$f":"SUM(E$3:E5)/L5","v":0},{"$f":"SUM(D$3:D5)/M5","v":0},{"$f":"G5/(L5-L4)","v":0.74991102603810955},{"$f":"F5/M5","v":0.75806451612903225},{"$f":"SUM(G$3:G5)/L5","v":0.65564279464903708},{"$f":"SUM(F$3:F5)/N5","v":0.49452554744525545},{"$f":"I5/(L5-L4)","v":6.3484124159556746E-2},{"$f":"H5/M5","v":6.4516129032258063E-2},{"$f":"SUM(I$3:I5)/L5","v":0.11262687735347611},{"$f":"SUM(H$3:H5)/N5","v":0.32481751824817517},{"$f":"K5/(L5-L4)","v":0.18660484980233347},{"$f":"J5/M5","v":0.17741935483870969},{"$f":"SUM(K$3:K5)/L5","v":0.23173032799748675},{"$f":"SUM(J$3:J5)/N5","v":0.18065693430656934},null,"Day 2","2019-10-08",76366,0,0,71,4453.26,17,739.68000000000006,14,957,15554.83,102,267,58.257790262172286,60.293529411764709,7777.415,8.053243590079355E-2,0,0,0,0,0.72411438160372299,0.69607843137254899,0.49377203093830024,0.38202247191011235,0.12027434413994283,0.16666666666666666,0.21758514879301155,0.43445692883895132,0.1556112742563342,0.13725490196078433,0.28864282026868826,0.18352059925093633,null,"Day 2","2019-04-09",74493,0,0,31,2853.89,11,598,15,881,21481.7,57,360,59.671388888888892,76.015614035087708,10740.85,5.8165062489092929E-2,0,0,0,0,0.65865738571715415,0.54385964912280704,0.50420031934157905,0.43055555555555558,0.13801411990611348,0.19298245614035087,0.15451477303937769,0.35,0.20332849437673242,0.26315789473684209,0.34128490761904318,0.21944444444444444,null,"Day 2","2018-10-10",74104,0,0,31,9141.66,6,209.57999999999998,6,285,16847.739999999998,43,306,55.057973856209145,55.333720930232559,8423.869999999999,3.2108253265680647E-2,0,0,0,0,0.79213650786979684,0.72093023255813948,0.65447531835130424,0.50326797385620914,8.8082879778090706E-2,0.13953488372093023,0.19493297023814471,0.33660130718954251,0.11978061235211304,0.13953488372093023,0.15059171141055122,0.16013071895424835,null,"Day 2","2018-04-10",96226,0,0,24,1627.7,2,57,4,475,15912.32,30,279,57.033405017921147,71.989999999999995,7956.16,2.2444037993889374E-2,0,0,0,0,0.75366949113302817,0.8,0.4583027490648755,0.39068100358422941,2.6392554521461328E-2,6.6666666666666666E-2,0.30832084824840128,0.43010752688172044,0.21993795434551106,0.13333333333333333,0.23337640268672324,0.17921146953405018]
["Day 3","2020-07-17",65854,{"$f":"COUNTIFS('Sanitized Raw Data'!$H:$H,\">=\"&$B6,'Sanitized Raw Data'!$H:$H,\"<\"&$B7,'Sanitized Raw Data'!$D:$D,\"Cash\")","v":0},{"$f":"SUMIFS('Sanitized Raw Data'!$C:$C,'Sanitized Raw Data'!$H:$H,\">=\"&$B6,'Sanitized Raw Data'!$H:$H,\"<\"&$B7,'Sanitized Raw Data'!$D:$D,\"Cash\")","v":0},{"$f":"COUNTIFS('Sanitized Raw Data'!$H:$H,\">=\"&$B6,'Sanitized Raw Data'!$H:$H,\"<\"&$B7,'Sanitized Raw Data'!$D:$D,\"CC\")","v":28},{"$f":"SUMIFS('Sanitized Raw Data'!$C:$C,'Sanitized Raw Data'!$H:$H,\">=\"&$B6,'Sanitized Raw Data'!$H:$H,\"<\"&$B7,'Sanitized Raw Data'!$D:$D,\"CC\")","v":2220},{"$f":"COUNTIFS('Sanitized Raw Data'!$H:$H,\">=\"&$B6,'Sanitized Raw Data'!$H:$H,\"<\"&$B7,'Sanitized Raw Data'!$D:$D,\"PayPal\")","v":0},{"$f":"SUMIFS('Sanitized Raw Data'!$C:$C,'Sanitized Raw Data'!$H:$H,\">=\"&$B6,'Sanitized Raw Data'!$H:$H,\"<\"&$B7,'Sanitized Raw Data'!$D:$D,\"PayPal\")","v":0},{"$f":"COUNTIFS('Sanitized Raw Data'!$H:$H,\">=\"&$B6,'Sanitized Raw Data'!$H:$H,\"<\"&$B7,'Sanitized Raw Data'!$D:$D,\"Personal Check\")","v":5},{"$f":"SUMIFS('Sanitized Raw Data'!$C:$C,'Sanitized Raw Data'!$H:$H,\">=\"&$B6,'Sanitized Raw Data'!$H:$H,\"<\"&$B7,'Sanitized Raw Data'!$D:$D,\"Personal Check\")","v":489},{"$f":"SUM(E6,K6,I6,G6,L5)","v":37946.770000000004},{"$f":"SUM(D6,F6,H6,J6)","v":33},{"$f":"SUM(D6,J6,H6,F6,N5)","v":581},{"$f":"L6/N6","v":65.312857142857155},{"$f":"(SUM(E6,K6,I6,G6))/(SUM(D6,F6,H6,J6))","v":82.090909090909093},{"$f":"L6/Sheet11!$A3","v":12648.923333333334},{"$f":"(L6-L5)/C$3","v":4.1136453366538102E-2},{"$f":"E6/(L6-L5)","v":0},{"$f":"D6/M6","v":0},{"$f":"SUM(E$3:E6)/L6","v":0},{"$f":"SUM(D$3:D6)/M6","v":0},{"$f":"G6/(L6-L5)","v":0.81949058693244736},{"$f":"F6/M6","v":0.84848484848484851},{"$f":"SUM(G$3:G6)/L6","v":0.66733980257081171},{"$f":"SUM(F$3:F6)/N6","v":0.51462994836488818},{"$f":"I6/(L6-L5)","v":0},{"$f":"H6/M6","v":0},{"$f":"SUM(I$3:I6)/L6","v":0.10458650367343518},{"$f":"SUM(H$3:H6)/N6","v":0.30636833046471601},{"$f":"K6/(L6-L5)","v":0.18050941306755261},{"$f":"J6/M6","v":0.15151515151515152},{"$f":"SUM(K$3:K6)/L6","v":0.22807369375575309},{"$f":"SUM(J$3:J6)/N6","v":0.17900172117039587},null,"Day 3","2019-10-09",76366,0,0,17,1729,3,99.789999999999992,8,331,17714.62,28,295,60.049559322033893,77.135357142857146,5904.873333333333,2.828208888772489E-2,0,0,0,0,0.8005407933178692,0.6071428571428571,0.53117368591592717,0.4033898305084746,4.6203566087443707E-2,0.10714285714285714,0.19669007859045243,0.4033898305084746,0.15325564059468752,0.2857142857142857,0.27213623549362054,0.19322033898305085,null,"Day 3","2019-04-10",74493,0,0,21,999.63,3,235,5,275,22991.33,29,389,59.103676092544994,52.056206896551728,7663.7766666666676,2.0265394063871785E-2,0,0,0,0,0.66216887581725281,0.72413793103448276,0.51457266717497419,0.45244215938303339,0.15566728271165772,0.10344827586206896,0.15459044779053668,0.33161953727506427,0.18216384147108883,0.17241379310344829,0.33083688503448905,0.21593830334190231,null,"Day 3","2018-10-11",74104,0,0,16,9141.66,8,109.47,6,825,18856.859999999997,30,336,56.121607142857137,66.970666666666659,6285.619999999999,2.7112166684659385E-2,0,0,0,0,0.5348859202038706,0.53333333333333333,0.64173356539742044,0.50595238095238093,5.4486541371346689E-2,0.26666666666666666,0.1799689874135991,0.33035714285714285,0.41062753842478322,0.2,0.17829744718898061,0.16369047619047619,null,"Day 3","2018-04-11",96226,0,0,10,629.08999999999992,7,174.89,3,94.63,16810.93,20,299,56.223846153846154,44.930499999999995,5603.6433333333334,9.3385363623137256E-3,0,0,0,0,0.70007010827834049,0.5,0.4712261605990864,0.39799331103678931,0.19462280633422716,0.35,0.30224324293777921,0.42474916387959866,0.10530708538743162,0.15,0.22653059646313439,0.17725752508361203]
["Day 4","2020-07-18",65854,{"$f":"COUNTIFS('Sanitized Raw Data'!$H:$H,\">=\"&$B7,'Sanitized Raw Data'!$H:$H,\"<\"&$B8,'Sanitized Raw Data'!$D:$D,\"Cash\")","v":0},{"$f":"SUMIFS('Sanitized Raw Data'!$C:$C,'Sanitized Raw Data'!$H:$H,\">=\"&$B7,'Sanitized Raw Data'!$H:$H,\"<\"&$B8,'Sanitized Raw Data'!$D:$D,\"Cash\")","v":0},{"$f":"COUNTIFS('Sanitized Raw Data'!$H:$H,\">=\"&$B7,'Sanitized Raw Data'!$H:$H,\"<\"&$B8,'Sanitized Raw Data'!$D:$D,\"CC\")","v":13},{"$f":"SUMIFS('Sanitized Raw Data'!$C:$C,'Sanitized Raw Data'!$H:$H,\">=\"&$B7,'Sanitized Raw Data'!$H:$H,\"<\"&$B8,'Sanitized Raw Data'!$D:$D,\"CC\")","v":784.79},{"$f":"COUNTIFS('Sanitized Raw Data'!$H:$H,\">=\"&$B7,'Sanitized Raw Data'!$H:$H,\"<\"&$B8,'Sanitized Raw Data'!$D:$D,\"PayPal\")","v":0},{"$f":"SUMIFS('Sanitized Raw Data'!$C:$C,'Sanitized Raw Data'!$H:$H,\">=\"&$B7,'Sanitized Raw Data'!$H:$H,\"<\"&$B8,'Sanitized Raw Data'!$D:$D,\"PayPal\")","v":0},{"$f":"COUNTIFS('Sanitized Raw Data'!$H:$H,\">=\"&$B7,'Sanitized Raw Data'!$H:$H,\"<\"&$B8,'Sanitized Raw Data'!$D:$D,\"Personal Check\")","v":2},{"$f":"SUMIFS('Sanitized Raw Data'!$C:$C,'Sanitized Raw Data'!$H:$H,\">=\"&$B7,'Sanitized Raw Data'!$H:$H,\"<\"&$B8,'Sanitized Raw Data'!$D:$D,\"Personal Check\")","v":75},{"$f":"SUM(E7,K7,I7,G7,L6)","v":38806.560000000005},{"$f":"SUM(D7,F7,H7,J7)","v":15},{"$f":"SUM(D7,J7,H7,F7,N6)","v":596},{"$f":"L7/N7","v":65.111677852349004},{"$f":"(SUM(E7,K7,I7,G7))/(SUM(D7,F7,H7,J7))","v":57.319333333333333},{"$f":"L7/Sheet11!$A4","v":9701.6400000000012},{"$f":"(L7-L6)/C$3","v":1.3056002672578748E-2},{"$f":"E7/(L7-L6)","v":0},{"$f":"D7/M7","v":0},{"$f":"SUM(E$3:E7)/L7","v":0},{"$f":"SUM(D$3:D7)/M7","v":0},{"$f":"G7/(L7-L6)","v":0.91276939717837979},{"$f":"F7/M7","v":0.8666666666666667},{"$f":"SUM(G$3:G7)/L7","v":0.67277748916678004},{"$f":"SUM(F$3:F7)/N7","v":0.52348993288590606},{"$f":"I7/(L7-L6)","v":0},{"$f":"H7/M7","v":0},{"$f":"SUM(I$3:I7)/L7","v":0.10226930704499444},{"$f":"SUM(H$3:H7)/N7","v":0.29865771812080538},{"$f":"K7/(L7-L6)","v":8.7230602821619138E-2},{"$f":"J7/M7","v":0.13333333333333333},{"$f":"SUM(K$3:K7)/L7","v":0.22495320378822548},{"$f":"SUM(J$3:J7)/N7","v":0.17785234899328858},null,"Day 4","2019-10-10",76366,0,0,9,399.68,1,50,5,235,18399.3,15,310,59.352580645161289,45.64533333333334,4599.8249999999998,8.9657701071157361E-3,0,0,0,0,0.58374715195419735,0.6,0.53313006473072355,0.41290322580645161,7.3026815446631976E-2,6.6666666666666666E-2,0.19208828596740093,0.38709677419354838,0.34322603259917028,0.33333333333333331,0.2747816493018756,0.2,null,"Day 4","2019-04-11",74493,0,0,17,917.46,5,240.51999999999998,6,355,24504.31,28,417,58.763333333333335,54.035000000000004,6126.0775000000003,2.0310364732256718E-2,0,0,0,0,0.60639268199183094,0.6071428571428571,0.52024194927341338,0.46282973621103118,0.15897103729064499,0.17857142857142858,0.15486092038502614,0.32134292565947242,0.23463628071752443,0.21428571428571427,0.32489713034156031,0.21582733812949639,null,"Day 4","2018-10-12",74104,0,0,14,9141.66,2,75,6,295,20098.859999999997,22,358,56.142067039106138,56.454545454545453,5024.7149999999992,1.6760228867537516E-2,0,0,0,0,0.70209339774557167,0.63636363636363635,0.64546347404778193,0.51396648044692739,6.0386473429951688E-2,9.0909090909090912E-2,0.17257943982892562,0.31564245810055863,0.23752012882447665,0.27272727272727271,0.18195708612329259,0.17039106145251395,null,"Day 4","2018-04-12",96226,0,0,9,624.63,0,0,3,85,17520.560000000001,12,311,56.336205787781353,59.135833333333331,4380.1400000000003,7.3746180865878353E-3,0,0,0,0,0.8802192691966223,0.75,0.487791486116882,0.41157556270096463,0,0,0.29000157529211396,0.40836012861736337,0.11978073080337623,0.25,0.22220693859100393,0.18006430868167203]
["Day 5","2020-07-19",65854,{"$f":"COUNTIFS('Sanitized Raw Data'!$H:$H,\">=\"&$B8,'Sanitized Raw Data'!$H:$H,\"<\"&$B9,'Sanitized Raw Data'!$D:$D,\"Cash\")","v":0},{"$f":"SUMIFS('Sanitized Raw Data'!$C:$C,'Sanitized Raw Data'!$H:$H,\">=\"&$B8,'Sanitized Raw Data'!$H:$H,\"<\"&$B9,'Sanitized Raw Data'!$D:$D,\"Cash\")","v":0},{"$f":"COUNTIFS('Sanitized Raw Data'!$H:$H,\">=\"&$B8,'Sanitized Raw Data'!$H:$H,\"<\"&$B9,'Sanitized Raw Data'!$D:$D,\"CC\")","v":9},{"$f":"SUMIFS('Sanitized Raw Data'!$C:$C,'Sanitized Raw Data'!$H:$H,\">=\"&$B8,'Sanitized Raw Data'!$H:$H,\"<\"&$B9,'Sanitized Raw Data'!$D:$D,\"CC\")","v":481},{"$f":"COUNTIFS('Sanitized Raw Data'!$H:$H,\">=\"&$B8,'Sanitized Raw Data'!$H:$H,\"<\"&$B9,'Sanitized Raw Data'!$D:$D,\"PayPal\")","v":0},{"$f":"SUMIFS('Sanitized Raw Data'!$C:$C,'Sanitized Raw Data'!$H:$H,\">=\"&$B8,'Sanitized Raw Data'!$H:$H,\"<\"&$B9,'Sanitized Raw Data'!$D:$D,\"PayPal\")","v":0},{"$f":"COUNTIFS('Sanitized Raw Data'!$H:$H,\">=\"&$B8,'Sanitized Raw Data'!$H:$H,\"<\"&$B9,'Sanitized Raw Data'!$D:$D,\"Personal Check\")","v":2},{"$f":"SUMIFS('Sanitized Raw Data'!$C:$C,'Sanitized Raw Data'!$H:$H,\">=\"&$B8,'Sanitized Raw Data'!$H:$H,\"<\"&$B9,'Sanitized Raw Data'!$D:$D,\"Personal Check\")","v":75},{"$f":"SUM(E8,K8,I8,G8,L7)","v":39362.560000000005},{"$f":"SUM(D8,F8,H8,J8)","v":11},{"$f":"SUM(D8,J8,H8,F8,N7)","v":607},{"$f":"L8/N8","v":64.847710049423398},{"$f":"(SUM(E8,K8,I8,G8))/(SUM(D8,F8,H8,J8))","v":50.545454545454547},{"$f":"L8/Sheet11!$A5","v":7872.5120000000006},{"$f":"(L8-L7)/C$3","v":8.4429191848634857E-3},{"$f":"E8/(L8-L7)","v":0},{"$f":"D8/M8","v":0},{"$f":"SUM(E$3:E8)/L8","v":0},{"$f":"SUM(D$3:D8)/M8","v":0},{"$f":"G8/(L8-L7)","v":0.8651079136690647},{"$f":"F8/M8","v":0.81818181818181823},{"$f":"SUM(G$3:G8)/L8","v":0.6754941751755984},{"$f":"SUM(F$3:F8)/N8","v":0.52883031301482697},{"$f":"I8/(L8-L7)","v":0},{"$f":"H8/M8","v":0},{"$f":"SUM(I$3:I8)/L8","v":0.10082474310613943},{"$f":"SUM(H$3:H8)/N8","v":0.29324546952224051},{"$f":"K8/(L8-L7)","v":0.13489208633093525},{"$f":"J8/M8","v":0.18181818181818182},{"$f":"SUM(K$3:K8)/L8","v":0.2236810817182622},{"$f":"SUM(J$3:J8)/N8","v":0.17792421746293247},null,"Day 5","2019-10-11",76366,0,0,8,425,2,20,3,246,19090.3,13,323,59.103095975232193,53.153846153846153,3818.06,9.0485294502789197E-3,0,0,0,0,0.61505065123010128,0.61538461538461542,0.5360952944689189,0.42105263157894735,2.8943560057887119E-2,0.15384615384615385,0.18618303536350922,0.37770897832817335,0.35600578871201155,0.23076923076923078,0.27772167016757204,0.20123839009287925,null,"Day 5","2019-04-12",74493,0,0,13,1021,2,75,7,1285,26885.31,22,439,61.242164009111619,108.22727272727273,5377.0619999999999,3.1962734753601008E-2,0,0,0,0,0.42881142377152459,0.59090909090909094,0.51214473628907375,0.46924829157175396,3.1499370012599746E-2,9.0909090909090912E-2,0.14393585195781636,0.30979498861047838,0.53968920621587568,0.31818181818181818,0.3439194117531098,0.22095671981776766,null,"Day 5","2018-10-13",74104,0,0,11,9141.66,0,0,2,159,21004.649999999998,13,371,56.616307277628025,69.676153846153838,4200.9299999999994,1.2223226816366201E-2,0,0,0,0,0.82446262378696966,0.84615384615384615,0.65318250958716284,0.52560646900269536,0,0,0.1651372434199094,0.30458221024258758,0.17553737621302934,0.15384615384615385,0.18168024699292779,0.16981132075471697,null,"Day 5","2018-04-13",96226,0,0,9,630,0,0,0,0,18150.560000000001,9,320,56.720500000000001,70,3630.1120000000001,6.5470870658657747E-3,0,0,0,0,1,1,0.50557007607478766,0.42812499999999998,0,0,0.27993571548205676,0.39687499999999998,0,0,0.21449420844315545,0.17499999999999999]
["Day 6","2020-07-20",65854,{"$f":"COUNTIFS('Sanitized Raw Data'!$H:$H,\">=\"&$B9,'Sanitized Raw Data'!$H:$H,\"<\"&$B10,'Sanitized Raw Data'!$D:$D,\"Cash\")","v":0},{"$f":"SUMIFS('Sanitized Raw Data'!$C:$C,'Sanitized Raw Data'!$H:$H,\">=\"&$B9,'Sanitized Raw Data'!$H:$H,\"<\"&$B10,'Sanitized Raw Data'!$D:$D,\"Cash\")","v":0},{"$f":"COUNTIFS('Sanitized Raw Data'!$H:$H,\">=\"&$B9,'Sanitized Raw Data'!$H:$H,\"<\"&$B10,'Sanitized Raw Data'!$D:$D,\"CC\")","v":12},{"$f":"SUMIFS('Sanitized Raw Data'!$C:$C,'Sanitized Raw Data'!$H:$H,\">=\"&$B9,'Sanitized Raw Data'!$H:$H,\"<\"&$B10,'Sanitized Raw Data'!$D:$D,\"CC\")","v":864},{"$f":"COUNTIFS('Sanitized Raw Data'!$H:$H,\">=\"&$B9,'Sanitized Raw Data'!$H:$H,\"<\"&$B10,'Sanitized Raw Data'!$D:$D,\"PayPal\")","v":1},{"$f":"SUMIFS('Sanitized Raw Data'!$C:$C,'Sanitized Raw Data'!$H:$H,\">=\"&$B9,'Sanitized Raw Data'!$H:$H,\"<\"&$B10,'Sanitized Raw Data'!$D:$D,\"PayPal\")","v":5},{"$f":"COUNTIFS('Sanitized Raw Data'!$H:$H,\">=\"&$B9,'Sanitized Raw Data'!$H:$H,\"<\"&$B10,'Sanitized Raw Data'!$D:$D,\"Personal Check\")","v":8},{"$f":"SUMIFS('Sanitized Raw Data'!$C:$C,'Sanitized Raw Data'!$H:$H,\">=\"&$B9,'Sanitized Raw Data'!$H:$H,\"<\"&$B10,'Sanitized Raw Data'!$D:$D,\"Personal Check\")","v":726},{"$f":"SUM(E9,K9,I9,G9,L8)","v":40957.560000000005},{"$f":"SUM(D9,F9,H9,J9)","v":21},{"$f":"SUM(D9,J9,H9,F9,N8)","v":628},{"$f":"L9/N9","v":65.219044585987263},{"$f":"(SUM(E9,K9,I9,G9))/(SUM(D9,F9,H9,J9))","v":75.952380952380949},{"$f":"L9/Sheet11!$A6","v":6826.2600000000011},{"$f":"(L9-L8)/C$3","v":2.4220244783915934E-2},{"$f":"E9/(L9-L8)","v":0},{"$f":"D9/M9","v":0},{"$f":"SUM(E$3:E9)/L9","v":0},{"$f":"SUM(D$3:D9)/M9","v":0},{"$f":"G9/(L9-L8)","v":0.541692789968652},{"$f":"F9/M9","v":0.5714285714285714},{"$f":"SUM(G$3:G9)/L9","v":0.6702835813461544},{"$f":"SUM(F$3:F9)/N9","v":0.53025477707006374},{"$f":"I9/(L9-L8)","v":3.134796238244514E-3},{"$f":"H9/M9","v":4.7619047619047616E-2},{"$f":"SUM(I$3:I9)/L9","v":9.702042797471333E-2},{"$f":"SUM(H$3:H9)/N9","v":0.28503184713375795},{"$f":"K9/(L9-L8)","v":0.45517241379310347},{"$f":"J9/M9","v":0.38095238095238093},{"$f":"SUM(K$3:K9)/L9","v":0.23269599067913221},{"$f":"SUM(J$3:J9)/N9","v":0.18471337579617833},null,"Day 6","2019-10-12",76366,0,0,6,328.51,3,40,2,125,19583.809999999998,11,334,58.634161676646698,44.864545454545457,3263.9683333333328,6.4624309247570703E-3,0,0,0,0,0.66566027030860786,0.54545454545454541,0.53936031854884225,0.42514970059880242,8.1052055682762511E-2,0.27272727272727271,0.18353374547649309,0.37425149700598803,0.25328767400863289,0.18181818181818182,0.27710593597466482,0.20059880239520958,null,"Day 6","2019-04-13",74493,0,0,7,259,2,20,2,95,27259.31,11,450,60.576244444444448,34,4543.2183333333332,5.020605962976387E-3,0,0,0,0,0.69251336898395721,0.63636363636363635,0.51461940892854574,0.47333333333333333,5.3475935828877004E-2,0.18181818181818182,0.14269473438616015,0.30666666666666664,0.25401069518716579,0.18181818181818182,0.34268585668529394,0.22,null,"Day 6","2018-10-14",74104,0,0,9,9141.66,2,30,4,269,21778.809999999998,15,386,56.421787564766831,51.610666666666674,3629.8016666666663,1.0446939436467665E-2,0,0,0,0,0.61377493024697749,0.6,0.65178170891798037,0.52849740932642486,3.8751679239433713E-2,0.13333333333333333,0.16064468168830162,0.29792746113989638,0.347473390513589,0.26666666666666666,0.18757360939371806,0.17357512953367876,null,"Day 6","2018-04-14",96226,0,0,3,125,1,25,1,100,18400.560000000001,5,325,56.617107692307698,50,3066.76,2.5980504229626087E-3,0,0,0,0,0.5,0.6,0.50549439799658258,0.43076923076923079,0.1,0.2,0.27749101114313912,0.39384615384615385,0.4,0.2,0.21701459086027816,0.17538461538461539]
["Day 7","2020-07-21",65854,{"$f":"COUNTIFS('Sanitized Raw Data'!$H:$H,\">=\"&$B10,'Sanitized Raw Data'!$H:$H,\"<\"&$B11,'Sanitized Raw Data'!$D:$D,\"Cash\")","v":0},{"$f":"SUMIFS('Sanitized Raw Data'!$C:$C,'Sanitized Raw Data'!$H:$H,\">=\"&$B10,'Sanitized Raw Data'!$H:$H,\"<\"&$B11,'Sanitized Raw Data'!$D:$D,\"Cash\")","v":0},{"$f":"COUNTIFS('Sanitized Raw Data'!$H:$H,\">=\"&$B10,'Sanitized Raw Data'!$H:$H,\"<\"&$B11,'Sanitized Raw Data'!$D:$D,\"CC\")","v":9},{"$f":"SUMIFS('Sanitized Raw Data'!$C:$C,'Sanitized Raw Data'!$H:$H,\">=\"&$B10,'Sanitized Raw Data'!$H:$H,\"<\"&$B11,'Sanitized Raw Data'!$D:$D,\"CC\")","v":592.77},{"$f":"COUNTIFS('Sanitized Raw Data'!$H:$H,\">=\"&$B10,'Sanitized Raw Data'!$H:$H,\"<\"&$B11,'Sanitized Raw Data'!$D:$D,\"PayPal\")","v":0},{"$f":"SUMIFS('Sanitized Raw Data'!$C:$C,'Sanitized Raw Data'!$H:$H,\">=\"&$B10,'Sanitized Raw Data'!$H:$H,\"<\"&$B11,'Sanitized Raw Data'!$D:$D,\"PayPal\")","v":0},{"$f":"COUNTIFS('Sanitized Raw Data'!$H:$H,\">=\"&$B10,'Sanitized Raw Data'!$H:$H,\"<\"&$B11,'Sanitized Raw Data'!$D:$D,\"Personal Check\")","v":1},{"$f":"SUMIFS('Sanitized Raw Data'!$C:$C,'Sanitized Raw Data'!$H:$H,\">=\"&$B10,'Sanitized Raw Data'!$H:$H,\"<\"&$B11,'Sanitized Raw Data'!$D:$D,\"Personal Check\")","v":59},{"$f":"SUM(E10,K10,I10,G10,L9)","v":41609.33},{"$f":"SUM(D10,F10,H10,J10)","v":10},{"$f":"SUM(D10,J10,H10,F10,N9)","v":638},{"$f":"L10/N10","v":65.218385579937305},{"$f":"(SUM(E10,K10,I10,G10))/(SUM(D10,F10,H10,J10))","v":65.176999999999992},{"$f":"L10/Sheet11!$A7","v":5944.1900000000005},{"$f":"(L10-L9)/C$3","v":9.8971968293497248E-3},{"$f":"E10/(L10-L9)","v":0},{"$f":"D10/M10","v":0},{"$f":"SUM(E$3:E10)/L10","v":0},{"$f":"SUM(D$3:D10)/M10","v":0},{"$f":"G10/(L10-L9)","v":0.90947726958896991},{"$f":"F10/M10","v":0.9},{"$f":"SUM(G$3:G10)/L10","v":0.67403031964225335},{"$f":"SUM(F$3:F10)/N10","v":0.53605015673981193},{"$f":"I10/(L10-L9)","v":0},{"$f":"H10/M10","v":0},{"$f":"SUM(I$3:I10)/L10","v":9.5500696598575366E-2},{"$f":"SUM(H$3:H10)/N10","v":0.28056426332288403},{"$f":"K10/(L10-L9)","v":9.0522730411035007E-2},{"$f":"J10/M10","v":0.1},{"$f":"SUM(K$3:K10)/L10","v":0.2304689837591713},{"$f":"SUM(J$3:J10)/N10","v":0.18338557993730409},null,"Day 7","2019-10-13",76366,0,0,10,665,3,40,5,364,20652.809999999998,18,352,58.672755681818174,59.388888888888886,2950.4014285714284,1.3998376240735405E-2,0,0,0,0,0.62207670720299346,0.55555555555555558,0.5436417610969162,0.43181818181818182,3.7418147801683815E-2,0.16666666666666666,0.17597072747001499,0.36363636363636365,0.34050514499532275,0.27777777777777779,0.28038751143306895,0.20454545454545456,null,"Day 7","2019-04-14",74493,0,0,6,730,1,25,4,164,28178.31,11,461,61.124316702819961,83.545454545454547,4025.4728571428573,1.2336729625602406E-2,0,0,0,0,0.79434167573449399,0.54545454545454541,0.52374219745612838,0.47505422993492408,2.720348204570185E-2,9.0909090909090912E-2,0.13892813302146223,0.30151843817787416,0.17845484221980412,0.36363636363636365,0.33732966952240928,0.22342733188720174,null,"Day 7","2018-10-15",74104,0,0,105,9141.66,32,2174.5,30,1519.99,32600.55,167,553,58.952169981916818,64.800838323353304,4657.2214285714281,0.14603449206520569,0,0,0,0,0.65860480846887837,0.62874251497005984,0.65404663418255216,0.55877034358047017,0.2009381116160617,0.19161676646706588,0.17402007021353932,0.26582278481012656,0.14045707991505985,0.17964071856287425,0.17193329560390852,0.17540687160940324,null,"Day 7","2018-04-15",96226,0,0,16,896.57999999999993,3,560,5,175,20032.14,24,349,57.39868194842407,67.982500000000002,2861.7342857142858,1.6955708436389313E-2,0,0,0,0,0.54951641966682663,0.66666666666666663,0.50907990858690078,0.44699140401146131,0.34322558501575201,0.125,0.28284496813620519,0.37535816618911177,0.1072579953174225,0.20833333333333334,0.20807512327689406,0.17765042979942694]
["Day 8","2020-07-22",65854,{"$f":"COUNTIFS('Sanitized Raw Data'!$H:$H,\">=\"&$B11,'Sanitized Raw Data'!$H:$H,\"<\"&$B12,'Sanitized Raw Data'!$D:$D,\"Cash\")","v":0},{"$f":"SUMIFS('Sanitized Raw Data'!$C:$C,'Sanitized Raw Data'!$H:$H,\">=\"&$B11,'Sanitized Raw Data'!$H:$H,\"<\"&$B12,'Sanitized Raw Data'!$D:$D,\"Cash\")","v":0},{"$f":"COUNTIFS('Sanitized Raw Data'!$H:$H,\">=\"&$B11,'Sanitized Raw Data'!$H:$H,\"<\"&$B12,'Sanitized Raw Data'!$D:$D,\"CC\")","v":30},{"$f":"SUMIFS('Sanitized Raw Data'!$C:$C,'Sanitized Raw Data'!$H:$H,\">=\"&$B11,'Sanitized Raw Data'!$H:$H,\"<\"&$B12,'Sanitized Raw Data'!$D:$D,\"CC\")","v":1958.91},{"$f":"COUNTIFS('Sanitized Raw Data'!$H:$H,\">=\"&$B11,'Sanitized Raw Data'!$H:$H,\"<\"&$B12,'Sanitized Raw Data'!$D:$D,\"PayPal\")","v":2},{"$f":"SUMIFS('Sanitized Raw Data'!$C:$C,'Sanitized Raw Data'!$H:$H,\">=\"&$B11,'Sanitized Raw Data'!$H:$H,\"<\"&$B12,'Sanitized Raw Data'!$D:$D,\"PayPal\")","v":125},{"$f":"COUNTIFS('Sanitized Raw Data'!$H:$H,\">=\"&$B11,'Sanitized Raw Data'!$H:$H,\"<\"&$B12,'Sanitized Raw Data'!$D:$D,\"Personal Check\")","v":3},{"$f":"SUMIFS('Sanitized Raw Data'!$C:$C,'Sanitized Raw Data'!$H:$H,\">=\"&$B11,'Sanitized Raw Data'!$H:$H,\"<\"&$B12,'Sanitized Raw Data'!$D:$D,\"Personal Check\")","v":619.63},{"$f":"SUM(E11,K11,I11,G11,L10)","v":44312.87},{"$f":"SUM(D11,F11,H11,J11)","v":35},{"$f":"SUM(D11,J11,H11,F11,N10)","v":673},{"$f":"L11/N11","v":65.843789004457662},{"$f":"(SUM(E11,K11,I11,G11))/(SUM(D11,F11,H11,J11))","v":77.244},{"$f":"L11/Sheet11!$A8","v":5539.1087500000003},{"$f":"(L11-L10)/C$3","v":4.1053542685334239E-2},{"$f":"E11/(L11-L10)","v":0},{"$f":"D11/M11","v":0},{"$f":"SUM(E$3:E11)/L11","v":0},{"$f":"SUM(D$3:D11)/M11","v":0},{"$f":"G11/(L11-L10)","v":0.72457222752391293},{"$f":"F11/M11","v":0.8571428571428571},{"$f":"SUM(G$3:G11)/L11","v":0.67711389490231622},{"$f":"SUM(F$3:F11)/N11","v":0.55274888558692425},{"$f":"I11/(L11-L10)","v":4.6235676187517095E-2},{"$f":"H11/M11","v":5.7142857142857141E-2},{"$f":"SUM(I$3:I11)/L11","v":9.2495024583151578E-2},{"$f":"SUM(H$3:H11)/N11","v":0.2689450222882615},{"$f":"K11/(L11-L10)","v":0.22919209628856974},{"$f":"J11/M11","v":8.5714285714285715E-2},{"$f":"SUM(K$3:K11)/L11","v":0.23039108051453219},{"$f":"SUM(J$3:J11)/N11","v":0.17830609212481427},null,"Day 8","2019-10-14",76366,0,0,81,6404.5199999999995,8,365,13,797.01,28219.339999999997,102,454,62.157136563876641,74.181666666666658,3527.4174999999996,9.9082445067176478E-2,0,0,0,0,0.84642762270155547,0.79411764705882348,0.62482857501273958,0.513215859030837,4.8238756735253817E-2,7.8431372549019607E-2,0.14172159944208476,0.29955947136563876,0.1053336205631908,0.12745098039215685,0.23344982554517579,0.18722466960352424,null,"Day 8","2019-04-15",74493,0,0,104,8368.74,32,1424.58,25,1204.26,39175.89,161,622,62.983745980707397,68.307950310559008,4896.9862499999999,0.14763239499013328,0,0,0,0,0.76096195708510428,0.64596273291925466,0.59033528019401715,0.51929260450160775,0.12953577059680405,0.19875776397515527,0.13629147927462529,0.27491961414790994,0.10950227231809181,0.15527950310559005,0.27337324053135748,0.20578778135048231,null,"Day 8","2018-10-16",74104,0,0,21,9141.66,6,299.63,9,564.57999999999993,35258.76,36,589,59.862071307300511,73.839166666666671,4407.3450000000003,3.5871342977437153E-2,0,0,0,0,0.6748902456916489,0.58333333333333337,0.65561806484402729,0.56027164685908315,0.11271870920657122,0.16666666666666666,0.16939847005396672,0.25976230899830222,0.21239104510177878,0.25,0.17498346510200585,0.17996604414261461,null,"Day 8","2018-04-16",96226,0,0,117,8048.5800000000008,26,1414.55,25,1451,30946.27,168,517,59.857388781431332,64.965059523809529,3868.2837500000001,0.1134218402510756,0,0,0,0,0.73744586146582458,0.6964285714285714,0.58962000913195678,0.52804642166344296,0.12960721560032726,0.15476190476190477,0.22880108006554589,0.30367504835589942,0.13294692293384813,0.14880952380952381,0.18157891080249738,0.16827852998065765]
["Day 9","2020-07-23",65854,{"$f":"COUNTIFS('Sanitized Raw Data'!$H:$H,\">=\"&$B12,'Sanitized Raw Data'!$H:$H,\"<\"&$B13,'Sanitized Raw Data'!$D:$D,\"Cash\")","v":0},{"$f":"SUMIFS('Sanitized Raw Data'!$C:$C,'Sanitized Raw Data'!$H:$H,\">=\"&$B12,'Sanitized Raw Data'!$H:$H,\"<\"&$B13,'Sanitized Raw Data'!$D:$D,\"Cash\")","v":0},{"$f":"COUNTIFS('Sanitized Raw Data'!$H:$H,\">=\"&$B12,'Sanitized Raw Data'!$H:$H,\"<\"&$B13,'Sanitized Raw Data'!$D:$D,\"CC\")","v":60},{"$f":"SUMIFS('Sanitized Raw Data'!$C:$C,'Sanitized Raw Data'!$H:$H,\">=\"&$B12,'Sanitized Raw Data'!$H:$H,\"<\"&$B13,'Sanitized Raw Data'!$D:$D,\"CC\")","v":4166.1500000000005},{"$f":"COUNTIFS('Sanitized Raw Data'!$H:$H,\">=\"&$B12,'Sanitized Raw Data'!$H:$H,\"<\"&$B13,'Sanitized Raw Data'!$D:$D,\"PayPal\")","v":8},{"$f":"SUMIFS('Sanitized Raw Data'!$C:$C,'Sanitized Raw Data'!$H:$H,\">=\"&$B12,'Sanitized Raw Data'!$H:$H,\"<\"&$B13,'Sanitized Raw Data'!$D:$D,\"PayPal\")","v":390.09000000000003},{"$f":"COUNTIFS('Sanitized Raw Data'!$H:$H,\">=\"&$B12,'Sanitized Raw Data'!$H:$H,\"<\"&$B13,'Sanitized Raw Data'!$D:$D,\"Personal Check\")","v":10},{"$f":"SUMIFS('Sanitized Raw Data'!$C:$C,'Sanitized Raw Data'!$H:$H,\">=\"&$B12,'Sanitized Raw Data'!$H:$H,\"<\"&$B13,'Sanitized Raw Data'!$D:$D,\"Personal Check\")","v":764.63},{"$f":"SUM(E12,K12,I12,G12,L11)","v":49633.740000000005},{"$f":"SUM(D12,F12,H12,J12)","v":78},{"$f":"SUM(D12,J12,H12,F12,N11)","v":751},{"$f":"L12/N12","v":66.090199733688422},{"$f":"(SUM(E12,K12,I12,G12))/(SUM(D12,F12,H12,J12))","v":68.216282051282064},{"$f":"L12/Sheet11!$A9","v":5514.8600000000006},{"$f":"(L12-L11)/C$3","v":8.0797977343821215E-2},{"$f":"E12/(L12-L11)","v":0},{"$f":"D12/M12","v":0},{"$f":"SUM(E$3:E12)/L12","v":0},{"$f":"SUM(D$3:D12)/M12","v":0},{"$f":"G12/(L12-L11)","v":0.78298285806644374},{"$f":"F12/M12","v":0.76923076923076927},{"$f":"SUM(G$3:G12)/L12","v":0.68846333159661144},{"$f":"SUM(F$3:F12)/N12","v":0.57523302263648468},{"$f":"I12/(L12-L11)","v":7.3313198781402258E-2},{"$f":"H12/M12","v":0.10256410256410256},{"$f":"SUM(I$3:I12)/L12","v":9.0438681429205206E-2},{"$f":"SUM(H$3:H12)/N12","v":0.25166444740346205},{"$f":"K12/(L12-L11)","v":0.14370394315215362},{"$f":"J12/M12","v":0.12820512820512819},{"$f":"SUM(K$3:K12)/L12","v":0.22109798697418323},{"$f":"SUM(J$3:J12)/N12","v":0.17310252996005326},null,"Day 9","2019-10-15",76366,0,0,16,1567,3,60,4,225,30071.339999999997,23,477,63.042641509433956,80.521739130434781,3341.2599999999998,2.4251630306680982E-2,0,0,0,0,0.84611231101511875,0.69565217391304346,0.63845674984885947,0.5220125786163522,3.2397408207343416E-2,0.13043478260869565,0.13498866362456746,0.29140461215932911,0.12149028077753779,0.17391304347826086,0.22655458652657318,0.18658280922431866,null,"Day 9","2019-04-16",74493,0,0,20,1792,5,353,11,757,42077.89,36,658,63.948161094224922,80.611111111111114,4675.3211111111113,3.8956680493469183E-2,0,0,0,0,0.61750516884906959,0.55555555555555558,0.59220911504830676,0.52127659574468088,0.12164024810475534,0.1388888888888889,0.13528102288398966,0.26747720364741639,0.26085458304617504,0.30555555555555558,0.2725098620677035,0.21124620060790272,null,"Day 9","2018-10-17",74104,0,0,22,9141.66,1,10,11,1014.63,37743.980000000003,34,623,60.584237560192619,73.094705882352955,4193.7755555555559,3.3536921083882128E-2,0,0,0,0,0.58771054474050555,0.6470588235294118,0.65114675240925834,0.565008025682183,4.0237886384303983E-3,2.9411764705882353E-2,0.15850951595459725,0.24719101123595505,0.40826566662106356,0.3235294117647059,0.19034373163614435,0.18780096308186195,null,"Day 9","2018-04-17",96226,0,0,18,1272,4,180,16,980.63,33378.9,38,555,60.142162162162165,64.01657894736843,3708.7666666666669,2.5280381601646137E-2,0,0,0,0,0.5228908629754625,0.47368421052631576,0.58475683740326978,0.5243243243243243,7.3993990043697527E-2,0.10526315789473684,0.21751885172968555,0.29009009009009007,0.4031151469808395,0.42105263157894735,0.19772431086704476,0.18558558558558558]
["Day 10","2020-07-24",65854,{"$f":"COUNTIFS('Sanitized Raw Data'!$H:$H,\">=\"&$B13,'Sanitized Raw Data'!$H:$H,\"<\"&$B14,'Sanitized Raw Data'!$D:$D,\"Cash\")","v":0},{"$f":"SUMIFS('Sanitized Raw Data'!$C:$C,'Sanitized Raw Data'!$H:$H,\">=\"&$B13,'Sanitized Raw Data'!$H:$H,\"<\"&$B14,'Sanitized Raw Data'!$D:$D,\"Cash\")","v":0},{"$f":"COUNTIFS('Sanitized Raw Data'!$H:$H,\">=\"&$B13,'Sanitized Raw Data'!$H:$H,\"<\"&$B14,'Sanitized Raw Data'!$D:$D,\"CC\")","v":16},{"$f":"SUMIFS('Sanitized Raw Data'!$C:$C,'Sanitized Raw Data'!$H:$H,\">=\"&$B13,'Sanitized Raw Data'!$H:$H,\"<\"&$B14,'Sanitized Raw Data'!$D:$D,\"CC\")","v":2211.33},{"$f":"COUNTIFS('Sanitized Raw Data'!$H:$H,\">=\"&$B13,'Sanitized Raw Data'!$H:$H,\"<\"&$B14,'Sanitized Raw Data'!$D:$D,\"PayPal\")","v":1},{"$f":"SUMIFS('Sanitized Raw Data'!$C:$C,'Sanitized Raw Data'!$H:$H,\">=\"&$B13,'Sanitized Raw Data'!$H:$H,\"<\"&$B14,'Sanitized Raw Data'!$D:$D,\"PayPal\")","v":50},{"$f":"COUNTIFS('Sanitized Raw Data'!$H:$H,\">=\"&$B13,'Sanitized Raw Data'!$H:$H,\"<\"&$B14,'Sanitized Raw Data'!$D:$D,\"Personal Check\")","v":2},{"$f":"SUMIFS('Sanitized Raw Data'!$C:$C,'Sanitized Raw Data'!$H:$H,\">=\"&$B13,'Sanitized Raw Data'!$H:$H,\"<\"&$B14,'Sanitized Raw Data'!$D:$D,\"Personal Check\")","v":264.01},{"$f":"SUM(E13,K13,I13,G13,L12)","v":52159.08},{"$f":"SUM(D13,F13,H13,J13)","v":19},{"$f":"SUM(D13,J13,H13,F13,N12)","v":770},{"$f":"L13/N13","v":67.739064935064931},{"$f":"(SUM(E13,K13,I13,G13))/(SUM(D13,F13,H13,J13))","v":132.91263157894738},{"$f":"L13/Sheet11!$A10","v":5215.9080000000004},{"$f":"(L13-L12)/C$3","v":3.8347556716372529E-2},{"$f":"E13/(L13-L12)","v":0},{"$f":"D13/M13","v":0},{"$f":"SUM(E$3:E13)/L13","v":0},{"$f":"SUM(D$3:D13)/M13","v":0},{"$f":"G13/(L13-L12)","v":0.875656347264132},{"$f":"F13/M13","v":0.84210526315789469},{"$f":"SUM(G$3:G13)/L13","v":0.69752649011447287},{"$f":"SUM(F$3:F13)/N13","v":0.58181818181818179},{"$f":"I13/(L13-L12)","v":1.979931415175781E-2},{"$f":"H13/M13","v":5.2631578947368418E-2},{"$f":"SUM(I$3:I13)/L13","v":8.7018597720665322E-2},{"$f":"SUM(H$3:H13)/N13","v":0.24675324675324675},{"$f":"K13/(L13-L12)","v":0.10454433858411159},{"$f":"J13/M13","v":0.10526315789473684},{"$f":"SUM(K$3:K13)/L13","v":0.21545491216486176},{"$f":"SUM(J$3:J13)/N13","v":0.17142857142857143},null,"Day 10","2019-10-16",76366,0,0,10,894,1,50,3,175,31190.339999999997,14,491,63.524114052953152,79.928571428571431,3119.0339999999997,1.4653117879684676E-2,0,0,0,0,0.79892761394101874,0.7142857142857143,0.64421388160565107,0.52749490835030555,4.4682752457551385E-2,7.1428571428571425E-2,0.13174880427722174,0.285132382892057,0.15638963360142985,0.21428571428571427,0.22403731411712732,0.18737270875763748,null,"Day 10","2019-04-17",74493,0,0,12,680,0,0,4,225,42982.89,16,674,63.772833827893173,56.5625,4298.2889999999998,1.2148792503993663E-2,0,0,0,0,0.75138121546961323,0.75,0.59556046603660195,0.52670623145400597,0,0,0.13243269589364512,0.26112759643916916,0.24861878453038674,0.25,0.2720068380697529,0.21216617210682492,null,"Day 10","2018-10-18",74104,0,0,8,9141.66,3,325,3,200,38588.980000000003,14,637,60.579246467817903,60.357142857142854,3858.8980000000001,1.1402893231134621E-2,0,0,0,0,0.378698224852071,0.5714285714285714,0.6451808262358838,0.56514913657770804,0.38461538461538464,0.21428571428571427,0.16346065638428378,0.24646781789638933,0.23668639053254437,0.21428571428571427,0.19135851737983225,0.18838304552590268,null,"Day 10","2018-04-18",96226,0,0,19,913.17,7,264.66000000000003,15,2265,36821.730000000003,41,596,61.781426174496652,83.971463414634144,3682.1730000000002,3.5778583750753455E-2,0,0,0,0,0.26523819067453214,0.46341463414634149,0.55488185916305388,0.52013422818791943,7.687280522128595E-2,0.17073170731707318,0.20436845308463236,0.28187919463087246,0.65788900410418139,0.36585365853658536,0.24074968775231362,0.19798657718120805]
["Day 11","2020-07-25",65854,{"$f":"COUNTIFS('Sanitized Raw Data'!$H:$H,\">=\"&$B14,'Sanitized Raw Data'!$H:$H,\"<\"&$B15,'Sanitized Raw Data'!$D:$D,\"Cash\")","v":0},{"$f":"SUMIFS('Sanitized Raw Data'!$C:$C,'Sanitized Raw Data'!$H:$H,\">=\"&$B14,'Sanitized Raw Data'!$H:$H,\"<\"&$B15,'Sanitized Raw Data'!$D:$D,\"Cash\")","v":0},{"$f":"COUNTIFS('Sanitized Raw Data'!$H:$H,\">=\"&$B14,'Sanitized Raw Data'!$H:$H,\"<\"&$B15,'Sanitized Raw Data'!$D:$D,\"CC\")","v":1},{"$f":"SUMIFS('Sanitized Raw Data'!$C:$C,'Sanitized Raw Data'!$H:$H,\">=\"&$B14,'Sanitized Raw Data'!$H:$H,\"<\"&$B15,'Sanitized Raw Data'!$D:$D,\"CC\")","v":50},{"$f":"COUNTIFS('Sanitized Raw Data'!$H:$H,\">=\"&$B14,'Sanitized Raw Data'!$H:$H,\"<\"&$B15,'Sanitized Raw Data'!$D:$D,\"PayPal\")","v":0},{"$f":"SUMIFS('Sanitized Raw Data'!$C:$C,'Sanitized Raw Data'!$H:$H,\">=\"&$B14,'Sanitized Raw Data'!$H:$H,\"<\"&$B15,'Sanitized Raw Data'!$D:$D,\"PayPal\")","v":0},{"$f":"COUNTIFS('Sanitized Raw Data'!$H:$H,\">=\"&$B14,'Sanitized Raw Data'!$H:$H,\"<\"&$B15,'Sanitized Raw Data'!$D:$D,\"Personal Check\")","v":1},{"$f":"SUMIFS('Sanitized Raw Data'!$C:$C,'Sanitized Raw Data'!$H:$H,\">=\"&$B14,'Sanitized Raw Data'!$H:$H,\"<\"&$B15,'Sanitized Raw Data'!$D:$D,\"Personal Check\")","v":50},{"$f":"SUM(E14,K14,I14,G14,L13)","v":52259.08},{"$f":"SUM(D14,F14,H14,J14)","v":2},{"$f":"SUM(D14,J14,H14,F14,N13)","v":772},{"$f":"L14/N14","v":67.693108808290162},{"$f":"(SUM(E14,K14,I14,G14))/(SUM(D14,F14,H14,J14))","v":50},{"$f":"L14/Sheet11!$A11","v":4750.8254545454547},{"$f":"(L14-L13)/C$3","v":1.5185106447596199E-3},{"$f":"E14/(L14-L13)","v":0},{"$f":"D14/M14","v":0},{"$f":"SUM(E$3:E14)/L14","v":0},{"$f":"SUM(D$3:D14)/M14","v":0},{"$f":"G14/(L14-L13)","v":0.5},{"$f":"F14/M14","v":0.5},{"$f":"SUM(G$3:G14)/L14","v":0.69714851466960392},{"$f":"SUM(F$3:F14)/N14","v":0.58160621761658027},{"$f":"I14/(L14-L13)","v":0},{"$f":"H14/M14","v":0},{"$f":"SUM(I$3:I14)/L14","v":8.6852083886666209E-2},{"$f":"SUM(H$3:H14)/N14","v":0.24611398963730569},{"$f":"K14/(L14-L13)","v":0.5},{"$f":"J14/M14","v":0.5},{"$f":"SUM(K$3:K14)/L14","v":0.21599940144372992},{"$f":"SUM(J$3:J14)/N14","v":0.17227979274611399},null,"Day 11","2019-10-17",76366,0,0,1,10,3,150,1,100,31450.339999999997,5,496,63.407943548387088,52,2859.1218181818181,3.4046565225362073E-3,0,0,0,0,3.8461538461538464E-2,0.2,0.63920612622947803,0.52419354838709675,0.57692307692307687,0.6,0.13542906054433754,0.28830645161290325,0.38461538461538464,0.2,0.22536481322618454,0.1875,null,"Day 11","2019-04-18",74493,0,0,11,878.79,1,196.4,4,210,44268.08,16,690,64.156637681159424,80.324375000000003,4024.3709090909092,1.7252493522881374E-2,0,0,0,0,0.68378216450485796,0.6875,0.59812171659579538,0.5304347826086957,0.15281787128751365,6.25E-2,0.13302451789189862,0.2565217391304348,0.16339996420762659,0.25,0.26885376551230594,0.21304347826086956,null,"Day 11","2018-10-19",74104,0,0,12,9141.66,0,0,4,275,39903.980000000003,16,653,61.10869831546708,82.1875,3627.6345454545458,1.7745330886321926E-2,0,0,0,0,0.79087452471482889,0.75,0.64998203186749781,0.56967840735068909,0,0,0.15807395653265663,0.24042879019908117,0.20912547528517111,0.25,0.19194401159984542,0.18989280245022971,null,"Day 11","2018-04-19",96226,0,0,16,1159.6300000000001,0,0,4,255,38236.36,20,616,62.07201298701299,70.731500000000011,3476.0327272727272,1.4701120279342355E-2,0,0,0,0,0.81974085096456473,0.8,0.56468084305095989,0.52922077922077926,0,0,0.1968074366911495,0.27272727272727271,0.18025914903543716,0.2,0.23851172025789064,0.19805194805194806]
["Day 12","2020-07-26",65854,{"$f":"COUNTIFS('Sanitized Raw Data'!$H:$H,\">=\"&$B15,'Sanitized Raw Data'!$H:$H,\"<\"&$B16,'Sanitized Raw Data'!$D:$D,\"Cash\")","v":0},{"$f":"SUMIFS('Sanitized Raw Data'!$C:$C,'Sanitized Raw Data'!$H:$H,\">=\"&$B15,'Sanitized Raw Data'!$H:$H,\"<\"&$B16,'Sanitized Raw Data'!$D:$D,\"Cash\")","v":0},{"$f":"COUNTIFS('Sanitized Raw Data'!$H:$H,\">=\"&$B15,'Sanitized Raw Data'!$H:$H,\"<\"&$B16,'Sanitized Raw Data'!$D:$D,\"CC\")","v":5},{"$f":"SUMIFS('Sanitized Raw Data'!$C:$C,'Sanitized Raw Data'!$H:$H,\">=\"&$B15,'Sanitized Raw Data'!$H:$H,\"<\"&$B16,'Sanitized Raw Data'!$D:$D,\"CC\")","v":250},{"$f":"COUNTIFS('Sanitized Raw Data'!$H:$H,\">=\"&$B15,'Sanitized Raw Data'!$H:$H,\"<\"&$B16,'Sanitized Raw Data'!$D:$D,\"PayPal\")","v":0},{"$f":"SUMIFS('Sanitized Raw Data'!$C:$C,'Sanitized Raw Data'!$H:$H,\">=\"&$B15,'Sanitized Raw Data'!$H:$H,\"<\"&$B16,'Sanitized Raw Data'!$D:$D,\"PayPal\")","v":0},{"$f":"COUNTIFS('Sanitized Raw Data'!$H:$H,\">=\"&$B15,'Sanitized Raw Data'!$H:$H,\"<\"&$B16,'Sanitized Raw Data'!$D:$D,\"Personal Check\")","v":0},{"$f":"SUMIFS('Sanitized Raw Data'!$C:$C,'Sanitized Raw Data'!$H:$H,\">=\"&$B15,'Sanitized Raw Data'!$H:$H,\"<\"&$B16,'Sanitized Raw Data'!$D:$D,\"Personal Check\")","v":0},{"$f":"SUM(E15,K15,I15,G15,L14)","v":52509.08},{"$f":"SUM(D15,F15,H15,J15)","v":5},{"$f":"SUM(D15,J15,H15,F15,N14)","v":777},{"$f":"L15/N15","v":67.579253539253543},{"$f":"(SUM(E15,K15,I15,G15))/(SUM(D15,F15,H15,J15))","v":50},{"$f":"L15/Sheet11!$A12","v":4375.7566666666671},{"$f":"(L15-L14)/C$3","v":3.7962766118990496E-3},{"$f":"E15/(L15-L14)","v":0},{"$f":"D15/M15","v":0},{"$f":"SUM(E$3:E15)/L15","v":0},{"$f":"SUM(D$3:D15)/M15","v":0},{"$f":"G15/(L15-L14)","v":1},{"$f":"F15/M15","v":1},{"$f":"SUM(G$3:G15)/L15","v":0.6985904152196154},{"$f":"SUM(F$3:F15)/N15","v":0.58429858429858428},{"$f":"I15/(L15-L14)","v":0},{"$f":"H15/M15","v":0},{"$f":"SUM(I$3:I15)/L15","v":8.6438574052335335E-2},{"$f":"SUM(H$3:H15)/N15","v":0.24453024453024452},{"$f":"K15/(L15-L14)","v":0},{"$f":"J15/M15","v":0},{"$f":"SUM(K$3:K15)/L15","v":0.21497101072804928},{"$f":"SUM(J$3:J15)/N15","v":0.17117117117117117},null,"Day 12","2019-10-18",76366,0,0,5,400.2,0,0,3,158.63,32009.17,8,504,63.510257936507934,69.853749999999991,2667.4308333333333,7.3177854018804406E-3,0,0,0,0,0.71613907628437756,0.625,0.64054925510408434,0.52579365079365081,0,0,0.1330646811523073,0.28373015873015872,0.28386092371561922,0.375,0.22638606374360851,0.19047619047619047,null,"Day 12","2019-04-19",74493,0,0,3,139,3,141,1,50,44598.080000000002,7,697,63.985767575322818,47.142857142857146,3716.5066666666667,4.4299464379203412E-3,0,0,0,0,0.4212121212121212,0.42857142857142855,0.5968126879004656,0.52941176470588236,0.42727272727272725,0.42857142857142855,0.13520178447143913,0.2582496413199426,0.15151515151515152,0.14285714285714285,0.26798552762809524,0.21233859397417504,null,"Day 12","2018-10-20",74104,0,0,15,9141.66,3,180,5,289,41322.980000000003,23,676,61.128668639053259,61.695652173913047,3443.5816666666669,1.9148763899384649E-2,0,0,0,0,0.6694855532064834,0.65217391304347827,0.65065176809610525,0.5724852071005917,0.12684989429175475,0.13043478260869565,0.15700174575986531,0.23668639053254437,0.2036645525017618,0.21739130434782608,0.1923464861440293,0.19082840236686391,null,"Day 12","2018-04-20",96226,0,0,8,508.77,5,240,5,337,39322.129999999997,18,634,62.022287066246051,60.320555555555558,3276.8441666666663,1.1283540830960413E-2,0,0,0,0,0.46857990182082898,0.44444444444444442,0.56202728590745221,0.52681388012618302,0.2210412886707136,0.27777777777777779,0.19747658633954979,0.27287066246056785,0.31037880950846036,0.27777777777777779,0.24049612775299814,0.20031545741324921]
["Day 13","2020-07-27",65854,{"$f":"COUNTIFS('Sanitized Raw Data'!$H:$H,\">=\"&$B16,'Sanitized Raw Data'!$H:$H,\"<\"&$B17,'Sanitized Raw Data'!$D:$D,\"Cash\")","v":0},{"$f":"SUMIFS('Sanitized Raw Data'!$C:$C,'Sanitized Raw Data'!$H:$H,\">=\"&$B16,'Sanitized Raw Data'!$H:$H,\"<\"&$B17,'Sanitized Raw Data'!$D:$D,\"Cash\")","v":0},{"$f":"COUNTIFS('Sanitized Raw Data'!$H:$H,\">=\"&$B16,'Sanitized Raw Data'!$H:$H,\"<\"&$B17,'Sanitized Raw Data'!$D:$D,\"CC\")","v":5},{"$f":"SUMIFS('Sanitized Raw Data'!$C:$C,'Sanitized Raw Data'!$H:$H,\">=\"&$B16,'Sanitized Raw Data'!$H:$H,\"<\"&$B17,'Sanitized Raw Data'!$D:$D,\"CC\")","v":275},{"$f":"COUNTIFS('Sanitized Raw Data'!$H:$H,\">=\"&$B16,'Sanitized Raw Data'!$H:$H,\"<\"&$B17,'Sanitized Raw Data'!$D:$D,\"PayPal\")","v":2},{"$f":"SUMIFS('Sanitized Raw Data'!$C:$C,'Sanitized Raw Data'!$H:$H,\">=\"&$B16,'Sanitized Raw Data'!$H:$H,\"<\"&$B17,'Sanitized Raw Data'!$D:$D,\"PayPal\")","v":45},{"$f":"COUNTIFS('Sanitized Raw Data'!$H:$H,\">=\"&$B16,'Sanitized Raw Data'!$H:$H,\"<\"&$B17,'Sanitized Raw Data'!$D:$D,\"Personal Check\")","v":4},{"$f":"SUMIFS('Sanitized Raw Data'!$C:$C,'Sanitized Raw Data'!$H:$H,\">=\"&$B16,'Sanitized Raw Data'!$H:$H,\"<\"&$B17,'Sanitized Raw Data'!$D:$D,\"Personal Check\")","v":414},{"$f":"SUM(E16,K16,I16,G16,L15)","v":53243.08},{"$f":"SUM(D16,F16,H16,J16)","v":11},{"$f":"SUM(D16,J16,H16,F16,N15)","v":788},{"$f":"L16/N16","v":67.567360406091368},{"$f":"(SUM(E16,K16,I16,G16))/(SUM(D16,F16,H16,J16))","v":66.727272727272734},{"$f":"L16/Sheet11!$A13","v":4095.6215384615384},{"$f":"(L16-L15)/C$3","v":1.1145868132535609E-2},{"$f":"E16/(L16-L15)","v":0},{"$f":"D16/M16","v":0},{"$f":"SUM(E$3:E16)/L16","v":0},{"$f":"SUM(D$3:D16)/M16","v":0},{"$f":"G16/(L16-L15)","v":0.37465940054495911},{"$f":"F16/M16","v":0.45454545454545453},{"$f":"SUM(G$3:G16)/L16","v":0.69412475762108428},{"$f":"SUM(F$3:F16)/N16","v":0.5824873096446701},{"$f":"I16/(L16-L15)","v":6.1307901907356951E-2},{"$f":"H16/M16","v":0.18181818181818182},{"$f":"SUM(I$3:I16)/L16","v":8.6092126901749486E-2},{"$f":"SUM(H$3:H16)/N16","v":0.24365482233502539},{"$f":"K16/(L16-L15)","v":0.56403269754768393},{"$f":"J16/M16","v":0.36363636363636365},{"$f":"SUM(K$3:K16)/L16","v":0.2197831154771662},{"$f":"SUM(J$3:J16)/N16","v":0.17385786802030456},null,"Day 13","2019-10-19",76366,0,0,5,304,2,75,1,50,32438.17,8,512,63.355800781249997,53.625,2495.2438461538459,5.6176832621847419E-3,0,0,0,0,0.70862470862470861,0.625,0.64144956389340091,0.52734375,0.17482517482517482,0.25,0.13361697037779877,0.283203125,0.11655011655011654,0.125,0.22493346572880038,0.189453125,null,"Day 13","2019-04-20",74493,0,0,10,1031,3,80,0,0,45709.08,13,710,64.378985915492962,85.461538461538467,3516.083076923077,1.4914153007665149E-2,0,0,0,0,0.92799279927992795,0.76923076923076927,0.60486231619625674,0.53380281690140841,7.2007200720072009E-2,0.23076923076923078,0.13366578369111781,0.25774647887323943,0,0,0.26147190011262533,0.20845070422535211,null,"Day 13","2018-10-21",74104,0,0,10,9141.66,3,139.97,1,50,42270.950000000004,14,690,61.262246376811603,67.712142857142865,3251.6115384615387,1.2792426859548758E-2,0,0,0,0,0.79960336297562062,0.7142857142857143,0.6539921624661853,0.57536231884057976,0.14765235186767495,0.21428571428571427,0.15679207588189997,0.23623188405797102,5.2744285156703208E-2,7.1428571428571425E-2,0.18921576165191459,0.18840579710144928,null,"Day 13","2018-04-21",96226,0,0,4,339.53999999999996,1,19.77,1,100,39781.439999999995,6,640,62.158499999999989,76.551666666666662,3060.1107692307687,4.7732421590837995E-3,0,0,0,0,0.73923929372319719,0.66666666666666663,0.56407334676673349,0.52812499999999996,4.3042825107226276E-2,0.16666666666666666,0.19569351938994672,0.27187499999999998,0.21771788116958157,0.16666666666666666,0.24023313384331993,0.2]
["Day 14","2020-07-28",65854,{"$f":"COUNTIFS('Sanitized Raw Data'!$H:$H,\">=\"&$B17,'Sanitized Raw Data'!$H:$H,\"<\"&$B18,'Sanitized Raw Data'!$D:$D,\"Cash\")","v":0},{"$f":"SUMIFS('Sanitized Raw Data'!$C:$C,'Sanitized Raw Data'!$H:$H,\">=\"&$B17,'Sanitized Raw Data'!$H:$H,\"<\"&$B18,'Sanitized Raw Data'!$D:$D,\"Cash\")","v":0},{"$f":"COUNTIFS('Sanitized Raw Data'!$H:$H,\">=\"&$B17,'Sanitized Raw Data'!$H:$H,\"<\"&$B18,'Sanitized Raw Data'!$D:$D,\"CC\")","v":15},{"$f":"SUMIFS('Sanitized Raw Data'!$C:$C,'Sanitized Raw Data'!$H:$H,\">=\"&$B17,'Sanitized Raw Data'!$H:$H,\"<\"&$B18,'Sanitized Raw Data'!$D:$D,\"CC\")","v":1122.6300000000001},{"$f":"COUNTIFS('Sanitized Raw Data'!$H:$H,\">=\"&$B17,'Sanitized Raw Data'!$H:$H,\"<\"&$B18,'Sanitized Raw Data'!$D:$D,\"PayPal\")","v":1},{"$f":"SUMIFS('Sanitized Raw Data'!$C:$C,'Sanitized Raw Data'!$H:$H,\">=\"&$B17,'Sanitized Raw Data'!$H:$H,\"<\"&$B18,'Sanitized Raw Data'!$D:$D,\"PayPal\")","v":20},{"$f":"COUNTIFS('Sanitized Raw Data'!$H:$H,\">=\"&$B17,'Sanitized Raw Data'!$H:$H,\"<\"&$B18,'Sanitized Raw Data'!$D:$D,\"Personal Check\")","v":1},{"$f":"SUMIFS('Sanitized Raw Data'!$C:$C,'Sanitized Raw Data'!$H:$H,\">=\"&$B17,'Sanitized Raw Data'!$H:$H,\"<\"&$B18,'Sanitized Raw Data'!$D:$D,\"Personal Check\")","v":25},{"$f":"SUM(E17,K17,I17,G17,L16)","v":54410.71},{"$f":"SUM(D17,F17,H17,J17)","v":17},{"$f":"SUM(D17,J17,H17,F17,N16)","v":805},{"$f":"L17/N17","v":67.590944099378888},{"$f":"(SUM(E17,K17,I17,G17))/(SUM(D17,F17,H17,J17))","v":68.684117647058827},{"$f":"L17/Sheet11!$A14","v":3886.4792857142857},{"$f":"(L17-L16)/C$3","v":1.7730585841406708E-2},{"$f":"E17/(L17-L16)","v":0},{"$f":"D17/M17","v":0},{"$f":"SUM(E$3:E17)/L17","v":0},{"$f":"SUM(D$3:D17)/M17","v":0},{"$f":"G17/(L17-L16)","v":0.96146039413170492},{"$f":"F17/M17","v":0.88235294117647056},{"$f":"SUM(G$3:G17)/L17","v":0.69986166326445665},{"$f":"SUM(F$3:F17)/N17","v":0.58881987577639749},{"$f":"I17/(L17-L16)","v":1.712871371924329E-2},{"$f":"H17/M17","v":5.8823529411764705E-2},{"$f":"SUM(I$3:I17)/L17","v":8.4612202266796374E-2},{"$f":"SUM(H$3:H17)/N17","v":0.23975155279503105},{"$f":"K17/(L17-L16)","v":2.1410892149054114E-2},{"$f":"J17/M17","v":5.8823529411764705E-2},{"$f":"SUM(K$3:K17)/L17","v":0.21552613446874702},{"$f":"SUM(J$3:J17)/N17","v":0.17142857142857143},null,"Day 14","2019-10-20",76366,0,0,44,3830.89,12,599.79,3,125,36993.85,59,571,64.787828371278451,77.214915254237297,2642.417857142857,5.9655867794568267E-2,0,0,0,0,0.84090410213184408,0.74576271186440679,0.66601178303961339,0.54991243432574433,0.13165762301127382,0.20338983050847459,0.13337568271482964,0.27495621716287216,2.7438274856881956E-2,5.0847457627118647E-2,0.20061253424555706,0.17513134851138354,null,"Day 14","2019-04-21",74493,0,0,7,281,0,0,1,100,46090.080000000002,8,718,64.192311977715875,47.625,3292.1485714285714,5.1145745237807577E-3,0,0,0,0,0.73753280839895008,0.875,0.60595902632410259,0.53760445682451252,0,0,0.1325608460649233,0.25487465181058494,0.26246719160104987,0.125,0.261480127610974,0.20752089136490251,null,"Day 14","2018-10-22",74104,0,0,55,9141.66,19,849.06999999999994,14,978.63,47398.530000000006,88,778,60.923560411311065,58.267954545454543,3385.6092857142862,6.9194375472309208E-2,0,0,0,0,0.64355504936051688,0.625,0.65286307402360355,0.58097686375321334,0.16558883527902044,0.21590909090909091,0.15774371061718578,0.23393316195372751,0.19085611536046238,0.15909090909090909,0.18939321535921047,0.18508997429305912,null,"Day 14","2018-04-22",96226,0,0,27,2061,16,919.63,5,1290,44052.069999999992,48,688,64.029171511627894,88.971458333333331,3146.5764285714281,4.4381248311267198E-2,0,0,0,0,0.48259858615707785,0.5625,0.55617477226382339,0.53052325581395354,0.21533825220166591,0.33333333333333331,0.19759797893719869,0.27616279069767441,0.30206316164125685,0.10416666666666667,0.24622724879897814,0.1933139534883721]
["Day 15","2020-07-29",65854,{"$f":"COUNTIFS('Sanitized Raw Data'!$H:$H,\">=\"&$B18,'Sanitized Raw Data'!$H:$H,\"<\"&$B19,'Sanitized Raw Data'!$D:$D,\"Cash\")","v":0},{"$f":"SUMIFS('Sanitized Raw Data'!$C:$C,'Sanitized Raw Data'!$H:$H,\">=\"&$B18,'Sanitized Raw Data'!$H:$H,\"<\"&$B19,'Sanitized Raw Data'!$D:$D,\"Cash\")","v":0},{"$f":"COUNTIFS('Sanitized Raw Data'!$H:$H,\">=\"&$B18,'Sanitized Raw Data'!$H:$H,\"<\"&$B19,'Sanitized Raw Data'!$D:$D,\"CC\")","v":23},{"$f":"SUMIFS('Sanitized Raw Data'!$C:$C,'Sanitized Raw Data'!$H:$H,\">=\"&$B18,'Sanitized Raw Data'!$H:$H,\"<\"&$B19,'Sanitized Raw Data'!$D:$D,\"CC\")","v":1921.64},{"$f":"COUNTIFS('Sanitized Raw Data'!$H:$H,\">=\"&$B18,'Sanitized Raw Data'!$H:$H,\"<\"&$B19,'Sanitized Raw Data'!$D:$D,\"PayPal\")","v":1},{"$f":"SUMIFS('Sanitized Raw Data'!$C:$C,'Sanitized Raw Data'!$H:$H,\">=\"&$B18,'Sanitized Raw Data'!$H:$H,\"<\"&$B19,'Sanitized Raw Data'!$D:$D,\"PayPal\")","v":10},{"$f":"COUNTIFS('Sanitized Raw Data'!$H:$H,\">=\"&$B18,'Sanitized Raw Data'!$H:$H,\"<\"&$B19,'Sanitized Raw Data'!$D:$D,\"Personal Check\")","v":1},{"$f":"SUMIFS('Sanitized Raw Data'!$C:$C,'Sanitized Raw Data'!$H:$H,\">=\"&$B18,'Sanitized Raw Data'!$H:$H,\"<\"&$B19,'Sanitized Raw Data'!$D:$D,\"Personal Check\")","v":55},{"$f":"SUM(E18,K18,I18,G18,L17)","v":56397.35},{"$f":"SUM(D18,F18,H18,J18)","v":25},{"$f":"SUM(D18,J18,H18,F18,N17)","v":830},{"$f":"L18/N18","v":67.948614457831326},{"$f":"(SUM(E18,K18,I18,G18))/(SUM(D18,F18,H18,J18))","v":79.465600000000009},{"$f":"L18/Sheet11!$A15","v":3759.8233333333333},{"$f":"(L18-L17)/C$3","v":3.01673398730525E-2},{"$f":"E18/(L18-L17)","v":0},{"$f":"D18/M18","v":0},{"$f":"SUM(E$3:E18)/L18","v":0},{"$f":"SUM(D$3:D18)/M18","v":0},{"$f":"G18/(L18-L17)","v":0.96728144001932947},{"$f":"F18/M18","v":0.92},{"$f":"SUM(G$3:G18)/L18","v":0.70928173043591591},{"$f":"SUM(F$3:F18)/N18","v":0.59879518072289162},{"$f":"I18/(L18-L17)","v":5.0336246124109063E-3},{"$f":"H18/M18","v":0.04},{"$f":"SUM(I$3:I18)/L18","v":8.1808985705888668E-2},{"$f":"SUM(H$3:H18)/N18","v":0.23373493975903614},{"$f":"K18/(L18-L17)","v":2.7684935368259986E-2},{"$f":"J18/M18","v":0.04},{"$f":"SUM(K$3:K18)/L18","v":0.20890928385819543},{"$f":"SUM(J$3:J18)/N18","v":0.1674698795180723},null,"Day 15","2019-10-21",76366,0,0,68,5477.52,21,1522.58,13,948,44941.95,102,673,66.77852897473997,77.922549019607843,2996.1299999999997,0.10407904041065394,0,0,0,0,0.68916093154338787,0.66666666666666663,0.67010576977634484,0.56760772659732539,0.19156527975239368,0.20588235294117646,0.14366666332902778,0.26448736998514116,0.11927378870421863,0.12745098039215685,0.18622756689462741,0.16790490341753342,null,"Day 15","2019-04-22",74493,0,0,10,992.1099999999999,1,19.89,4,214.57999999999998,47316.66,15,733,64.552060027285137,81.771999999999991,3154.4440000000004,1.6465708187346485E-2,0,0,0,0,0.80884247256599529,0.66666666666666663,0.61121833197863074,0.54024556616643926,1.6215819595949692E-2,6.6666666666666666E-2,0.12954485798448157,0.25102319236016374,0.17494170783805352,0.26666666666666666,0.25923681003688764,0.208731241473397,null,"Day 15","2018-10-23",74104,0,0,13,9141.66,4,199.88,7,424,48692.41,24,802,60.713728179551126,53.911666666666669,3246.1606666666671,1.7460326028284536E-2,0,0,0,0,0.51782236374316115,0.54166666666666663,0.64927470215583905,0.57980049875311723,0.15448109561937767,0.16666666666666666,0.1576570147174888,0.23192019950124687,0.32769654063746317,0.29166666666666669,0.19306828312667207,0.1882793017456359,null,"Day 15","2018-04-23",96226,0,0,73,7356.41,17,1295.1799999999998,10,543.01,53246.669999999991,100,788,67.571916243654812,91.945999999999998,3549.7779999999993,9.5552137675887994E-2,0,0,0,0,0.80007939442716391,0.73,0.59829206220783393,0.5558375634517766,0.14086311530681053,0.17,0.18780103995235764,0.26269035532994922,5.9057490266025719E-2,0.1,0.2139068978398086,0.1814720812182741]
["Day 16","2020-07-30",65854,{"$f":"COUNTIFS('Sanitized Raw Data'!$H:$H,\">=\"&$B19,'Sanitized Raw Data'!$H:$H,\"<\"&$B20,'Sanitized Raw Data'!$D:$D,\"Cash\")","v":0},{"$f":"SUMIFS('Sanitized Raw Data'!$C:$C,'Sanitized Raw Data'!$H:$H,\">=\"&$B19,'Sanitized Raw Data'!$H:$H,\"<\"&$B20,'Sanitized Raw Data'!$D:$D,\"Cash\")","v":0},{"$f":"COUNTIFS('Sanitized Raw Data'!$H:$H,\">=\"&$B19,'Sanitized Raw Data'!$H:$H,\"<\"&$B20,'Sanitized Raw Data'!$D:$D,\"CC\")","v":59},{"$f":"SUMIFS('Sanitized Raw Data'!$C:$C,'Sanitized Raw Data'!$H:$H,\">=\"&$B19,'Sanitized Raw Data'!$H:$H,\"<\"&$B20,'Sanitized Raw Data'!$D:$D,\"CC\")","v":3821.58},{"$f":"COUNTIFS('Sanitized Raw Data'!$H:$H,\">=\"&$B19,'Sanitized Raw Data'!$H:$H,\"<\"&$B20,'Sanitized Raw Data'!$D:$D,\"PayPal\")","v":15},{"$f":"SUMIFS('Sanitized Raw Data'!$C:$C,'Sanitized Raw Data'!$H:$H,\">=\"&$B19,'Sanitized Raw Data'!$H:$H,\"<\"&$B20,'Sanitized Raw Data'!$D:$D,\"PayPal\")","v":873},{"$f":"COUNTIFS('Sanitized Raw Data'!$H:$H,\">=\"&$B19,'Sanitized Raw Data'!$H:$H,\"<\"&$B20,'Sanitized Raw Data'!$D:$D,\"Personal Check\")","v":3},{"$f":"SUMIFS('Sanitized Raw Data'!$C:$C,'Sanitized Raw Data'!$H:$H,\">=\"&$B19,'Sanitized Raw Data'!$H:$H,\"<\"&$B20,'Sanitized Raw Data'!$D:$D,\"Personal Check\")","v":275},{"$f":"SUM(E19,K19,I19,G19,L18)","v":61366.93},{"$f":"SUM(D19,F19,H19,J19)","v":77},{"$f":"SUM(D19,J19,H19,F19,N18)","v":907},{"$f":"L19/N19","v":67.659239250275633},{"$f":"(SUM(E19,K19,I19,G19))/(SUM(D19,F19,H19,J19))","v":64.539999999999992},{"$f":"L19/Sheet11!$A16","v":3835.433125},{"$f":"(L19-L18)/C$3","v":7.546360129984514E-2},{"$f":"E19/(L19-L18)","v":0},{"$f":"D19/M19","v":0},{"$f":"SUM(E$3:E19)/L19","v":0},{"$f":"SUM(D$3:D19)/M19","v":0},{"$f":"G19/(L19-L18)","v":0.76899456292080992},{"$f":"F19/M19","v":0.76623376623376627},{"$f":"SUM(G$3:G19)/L19","v":0.71411735930084819},{"$f":"SUM(F$3:F19)/N19","v":0.61300992282249178},{"$f":"I19/(L19-L18)","v":0.17566876878931412},{"$f":"H19/M19","v":0.19480519480519481},{"$f":"SUM(I$3:I19)/L19","v":8.9409882488825823E-2},{"$f":"SUM(H$3:H19)/N19","v":0.23042998897464168},{"$f":"K19/(L19-L18)","v":5.533666828987558E-2},{"$f":"J19/M19","v":3.896103896103896E-2},{"$f":"SUM(K$3:K19)/L19","v":0.19647275821032595},{"$f":"SUM(J$3:J19)/N19","v":0.1565600882028666},null,"Day 16","2019-10-22",76366,0,0,20,1289.8899999999999,1,64,10,1096,47391.839999999997,31,704,67.31795454545454,79.028709677419357,2961.99,3.2080899876908563E-2,0,0,0,0,0.52650935348117678,0.64516129032258063,0.66268264747686523,0.57102272727272729,2.61236218769006E-2,3.2258064516129031E-2,0.13759035310720158,0.25426136363636365,0.44736702464192279,0.32258064516129031,0.19972699941593322,0.17471590909090909,null,"Day 16","2019-04-23",74493,0,0,51,5357.83,14,504.98,6,542.01,53721.48,71,804,66.817761194029856,90.208732394366194,3357.5925000000002,8.5978816801578664E-2,0,0,0,0,0.83653092514699867,0.71830985915492962,0.63808070812643281,0.55597014925373134,7.8843745803941406E-2,0.19718309859154928,0.12350013439689302,0.2462686567164179,8.4625329049059936E-2,8.4507042253521125E-2,0.23841915747667414,0.19776119402985073,null,"Day 16","2018-10-24",74104,0,0,11,9141.66,3,725,3,230,50546.41,17,819,61.717228327228334,109.05882352941177,3159.1506250000002,2.5018892367483538E-2,0,0,0,0,0.4848975188781014,0.6470588235294118,0.6432454846941652,0.58119658119658124,0.39104638619201726,0.17647058823529413,0.16621754146337989,0.23076923076923078,0.12405609492988134,0.17647058823529413,0.19053697384245485,0.18803418803418803,null,"Day 16","2018-04-24",96226,0,0,21,1578,2,100,5,250,55174.669999999991,28,816,67.616017156862739,68.857142857142861,3448.4168749999994,2.003616486188764E-2,0,0,0,0,0.81846473029045641,0.75,0.60598568147303833,0.5625,5.1867219917012451E-2,7.1428571428571425E-2,0.1830510268570705,0.25612745098039214,0.12966804979253113,0.17857142857142858,0.21096329166989131,0.18137254901960784]
["Day 17","2020-07-31",65854,{"$f":"COUNTIFS('Sanitized Raw Data'!$H:$H,\">=\"&$B20,'Sanitized Raw Data'!$H:$H,\"<\"&$B21,'Sanitized Raw Data'!$D:$D,\"Cash\")","v":0},{"$f":"SUMIFS('Sanitized Raw Data'!$C:$C,'Sanitized Raw Data'!$H:$H,\">=\"&$B20,'Sanitized Raw Data'!$H:$H,\"<\"&$B21,'Sanitized Raw Data'!$D:$D,\"Cash\")","v":0},{"$f":"COUNTIFS('Sanitized Raw Data'!$H:$H,\">=\"&$B20,'Sanitized Raw Data'!$H:$H,\"<\"&$B21,'Sanitized Raw Data'!$D:$D,\"CC\")","v":8},{"$f":"SUMIFS('Sanitized Raw Data'!$C:$C,'Sanitized Raw Data'!$H:$H,\">=\"&$B20,'Sanitized Raw Data'!$H:$H,\"<\"&$B21,'Sanitized Raw Data'!$D:$D,\"CC\")","v":484},{"$f":"COUNTIFS('Sanitized Raw Data'!$H:$H,\">=\"&$B20,'Sanitized Raw Data'!$H:$H,\"<\"&$B21,'Sanitized Raw Data'!$D:$D,\"PayPal\")","v":4},{"$f":"SUMIFS('Sanitized Raw Data'!$C:$C,'Sanitized Raw Data'!$H:$H,\">=\"&$B20,'Sanitized Raw Data'!$H:$H,\"<\"&$B21,'Sanitized Raw Data'!$D:$D,\"PayPal\")","v":175},{"$f":"COUNTIFS('Sanitized Raw Data'!$H:$H,\">=\"&$B20,'Sanitized Raw Data'!$H:$H,\"<\"&$B21,'Sanitized Raw Data'!$D:$D,\"Personal Check\")","v":1},{"$f":"SUMIFS('Sanitized Raw Data'!$C:$C,'Sanitized Raw Data'!$H:$H,\">=\"&$B20,'Sanitized Raw Data'!$H:$H,\"<\"&$B21,'Sanitized Raw Data'!$D:$D,\"Personal Check\")","v":50},{"$f":"SUM(E20,K20,I20,G20,L19)","v":62075.93},{"$f":"SUM(D20,F20,H20,J20)","v":13},{"$f":"SUM(D20,J20,H20,F20,N19)","v":920},{"$f":"L20/N20","v":67.473836956521737},{"$f":"(SUM(E20,K20,I20,G20))/(SUM(D20,F20,H20,J20))","v":54.53846153846154},{"$f":"L20/Sheet11!$A17","v":3651.5252941176473},{"$f":"(L20-L19)/C$3","v":1.0766240471345704E-2},{"$f":"E20/(L20-L19)","v":0},{"$f":"D20/M20","v":0},{"$f":"SUM(E$3:E20)/L20","v":0},{"$f":"SUM(D$3:D20)/M20","v":0},{"$f":"G20/(L20-L19)","v":0.68265162200282092},{"$f":"F20/M20","v":0.61538461538461542},{"$f":"SUM(G$3:G20)/L20","v":0.71375797350116221},{"$f":"SUM(F$3:F20)/N20","v":0.61304347826086958},{"$f":"I20/(L20-L19)","v":0.24682651622002821},{"$f":"H20/M20","v":0.30769230769230771},{"$f":"SUM(I$3:I20)/L20","v":9.120781597633737E-2},{"$f":"SUM(H$3:H20)/N20","v":0.23152173913043478},{"$f":"K20/(L20-L19)","v":7.0521861777150918E-2},{"$f":"J20/M20","v":7.6923076923076927E-2},{"$f":"SUM(K$3:K20)/L20","v":0.19503421052250039},{"$f":"SUM(J$3:J20)/N20","v":0.15543478260869564},null,"Day 17","2019-10-23",76366,0,0,5,475,6,195.09,2,200,48261.929999999993,13,717,67.310920502092046,66.930000000000007,2838.9370588235288,1.1393683052667372E-2,0,0,0,0,0.54592053695594933,0.38461538461538464,0.66057760226331608,0.56764295676429566,0.22421818432576029,0.46153846153846156,0.13915212259435131,0.25801952580195259,0.22986127871829443,0.15384615384615385,0.20027027514233273,0.17433751743375175,null,"Day 17","2019-04-24",74493,0,0,22,1250.6300000000001,2,60,5,319.63,55351.740000000005,29,833,66.448667466986805,56.215862068965528,3255.9847058823534,2.188474084813341E-2,0,0,0,0,0.76713530357120863,0.75862068965517238,0.64188171862347942,0.56302521008403361,3.6803945382945007E-2,6.8965517241379309E-2,0.12094669471998531,0.24009603841536614,0.19606075104584519,0.17241379310344829,0.23717158665653509,0.19687875150060025,null,"Day 17","2018-10-25",74104,0,0,9,9141.66,0,0,2,100,51146.41,11,830,61.622180722891571,54.545454545454547,3008.6123529411766,8.0967289215157084E-3,0,0,0,0,0.83333333333333337,0.81818181818181823,0.64547541068864844,0.58433734939759041,0,0,0.16426763872576786,0.22771084337349398,0.16666666666666666,0.18181818181818182,0.19025695058558359,0.18795180722891566,null,"Day 17","2018-04-25",96226,0,0,14,918,2,44.79,1,50,56187.459999999992,17,833,67.451932773109235,59.575882352941171,3305.1447058823524,1.0525117951489211E-2,0,0,0,0,0.90640705378212583,0.82352941176470584,0.61140083570248593,0.56782713085234093,4.4224370303814174E-2,0.11764705882352941,0.18054864911138541,0.2533013205282113,4.9368575914059139E-2,5.8823529411764705E-2,0.20805051518612874,0.17887154861944779]
["Day 18","2020-08-01",65854,{"$f":"COUNTIFS('Sanitized Raw Data'!$H:$H,\">=\"&$B21,'Sanitized Raw Data'!$H:$H,\"<\"&$B22,'Sanitized Raw Data'!$D:$D,\"Cash\")","v":0},{"$f":"SUMIFS('Sanitized Raw Data'!$C:$C,'Sanitized Raw Data'!$H:$H,\">=\"&$B21,'Sanitized Raw Data'!$H:$H,\"<\"&$B22,'Sanitized Raw Data'!$D:$D,\"Cash\")","v":0},{"$f":"COUNTIFS('Sanitized Raw Data'!$H:$H,\">=\"&$B21,'Sanitized Raw Data'!$H:$H,\"<\"&$B22,'Sanitized Raw Data'!$D:$D,\"CC\")","v":3},{"$f":"SUMIFS('Sanitized Raw Data'!$C:$C,'Sanitized Raw Data'!$H:$H,\">=\"&$B21,'Sanitized Raw Data'!$H:$H,\"<\"&$B22,'Sanitized Raw Data'!$D:$D,\"CC\")","v":175},{"$f":"COUNTIFS('Sanitized Raw Data'!$H:$H,\">=\"&$B21,'Sanitized Raw Data'!$H:$H,\"<\"&$B22,'Sanitized Raw Data'!$D:$D,\"PayPal\")","v":2},{"$f":"SUMIFS('Sanitized Raw Data'!$C:$C,'Sanitized Raw Data'!$H:$H,\">=\"&$B21,'Sanitized Raw Data'!$H:$H,\"<\"&$B22,'Sanitized Raw Data'!$D:$D,\"PayPal\")","v":65},{"$f":"COUNTIFS('Sanitized Raw Data'!$H:$H,\">=\"&$B21,'Sanitized Raw Data'!$H:$H,\"<\"&$B22,'Sanitized Raw Data'!$D:$D,\"Personal Check\")","v":2},{"$f":"SUMIFS('Sanitized Raw Data'!$C:$C,'Sanitized Raw Data'!$H:$H,\">=\"&$B21,'Sanitized Raw Data'!$H:$H,\"<\"&$B22,'Sanitized Raw Data'!$D:$D,\"Personal Check\")","v":150},{"$f":"SUM(E21,K21,I21,G21,L20)","v":62465.93},{"$f":"SUM(D21,F21,H21,J21)","v":7},{"$f":"SUM(D21,J21,H21,F21,N20)","v":927},{"$f":"L21/N21","v":67.385037756202806},{"$f":"(SUM(E21,K21,I21,G21))/(SUM(D21,F21,H21,J21))","v":55.714285714285715},{"$f":"L21/Sheet11!$A18","v":3470.3294444444446},{"$f":"(L21-L20)/C$3","v":5.922191514562517E-3},{"$f":"E21/(L21-L20)","v":0},{"$f":"D21/M21","v":0},{"$f":"SUM(E$3:E21)/L21","v":0},{"$f":"SUM(D$3:D21)/M21","v":0},{"$f":"G21/(L21-L20)","v":0.44871794871794873},{"$f":"F21/M21","v":0.42857142857142855},{"$f":"SUM(G$3:G21)/L21","v":0.7121032217082176},{"$f":"SUM(F$3:F21)/N21","v":0.61165048543689315},{"$f":"I21/(L21-L20)","v":0.16666666666666666},{"$f":"H21/M21","v":0.2857142857142857},{"$f":"SUM(I$3:I21)/L21","v":9.1678936021604096E-2},{"$f":"SUM(H$3:H21)/N21","v":0.2319309600862999},{"$f":"K21/(L21-L20)","v":0.38461538461538464},{"$f":"J21/M21","v":0.2857142857142857},{"$f":"SUM(K$3:K21)/L21","v":0.1962178422701783},{"$f":"SUM(J$3:J21)/N21","v":0.15641855447680691},null,"Day 18","2019-10-24",76366,0,0,6,589,0,0,3,109,48959.929999999993,9,726,67.437920110192834,77.555555555555557,2719.9961111111106,9.1401932797318172E-3,0,0,0,0,0.84383954154727792,0.66666666666666663,0.66319028642402067,0.56887052341597799,0,0,0.1371682925200261,0.25482093663911848,0.15616045845272206,0.33333333333333331,0.19964142105595334,0.17630853994490359,null,"Day 18","2019-04-25",74493,0,0,5,314,0,0,2,225,55890.740000000005,7,840,66.536595238095245,77,3105.0411111111116,7.2355791819365576E-3,0,0,0,0,0.58256029684601118,0.7142857142857143,0.64130963376044037,0.56428571428571428,0,0,0.11978030707770196,0.23809523809523808,0.41743970315398887,0.2857142857142857,0.23891005916185756,0.19761904761904761,null,"Day 18","2018-10-26",74104,0,0,6,9141.66,1,100,2,150,51725.41,9,839,61.651263408820029,64.333333333333329,2873.633888888889,7.8133434092626571E-3,0,0,0,0,0.56822107081174433,0.66666666666666663,0.64461064687549108,0.58522050059594755,0.17271157167530224,0.1111111111111111,0.16436215778666616,0.22646007151370678,0.25906735751295334,0.22222222222222221,0.19102719533784263,0.18831942789034564,null,"Day 18","2018-04-26",96226,0,0,6,273,3,150,3,135,56745.459999999992,12,845,67.154390532544369,46.5,3152.525555555555,5.7988485440525431E-3,0,0,0,0,0.489247311827957,0.5,0.61019965297664347,0.56686390532544384,0.26881720430107525,0.25,0.1814166278676744,0.25325443786982249,0.24193548387096775,0.25,0.20838371915568227,0.17988165680473372]
["Day 19","2020-08-02",65854,{"$f":"COUNTIFS('Sanitized Raw Data'!$H:$H,\">=\"&$B22,'Sanitized Raw Data'!$H:$H,\"<\"&$B23,'Sanitized Raw Data'!$D:$D,\"Cash\")","v":0},{"$f":"SUMIFS('Sanitized Raw Data'!$C:$C,'Sanitized Raw Data'!$H:$H,\">=\"&$B22,'Sanitized Raw Data'!$H:$H,\"<\"&$B23,'Sanitized Raw Data'!$D:$D,\"Cash\")","v":0},{"$f":"COUNTIFS('Sanitized Raw Data'!$H:$H,\">=\"&$B22,'Sanitized Raw Data'!$H:$H,\"<\"&$B23,'Sanitized Raw Data'!$D:$D,\"CC\")","v":3},{"$f":"SUMIFS('Sanitized Raw Data'!$C:$C,'Sanitized Raw Data'!$H:$H,\">=\"&$B22,'Sanitized Raw Data'!$H:$H,\"<\"&$B23,'Sanitized Raw Data'!$D:$D,\"CC\")","v":200},{"$f":"COUNTIFS('Sanitized Raw Data'!$H:$H,\">=\"&$B22,'Sanitized Raw Data'!$H:$H,\"<\"&$B23,'Sanitized Raw Data'!$D:$D,\"PayPal\")","v":1},{"$f":"SUMIFS('Sanitized Raw Data'!$C:$C,'Sanitized Raw Data'!$H:$H,\">=\"&$B22,'Sanitized Raw Data'!$H:$H,\"<\"&$B23,'Sanitized Raw Data'!$D:$D,\"PayPal\")","v":100},{"$f":"COUNTIFS('Sanitized Raw Data'!$H:$H,\">=\"&$B22,'Sanitized Raw Data'!$H:$H,\"<\"&$B23,'Sanitized Raw Data'!$D:$D,\"Personal Check\")","v":0},{"$f":"SUMIFS('Sanitized Raw Data'!$C:$C,'Sanitized Raw Data'!$H:$H,\">=\"&$B22,'Sanitized Raw Data'!$H:$H,\"<\"&$B23,'Sanitized Raw Data'!$D:$D,\"Personal Check\")","v":0},{"$f":"SUM(E22,K22,I22,G22,L21)","v":62765.93},{"$f":"SUM(D22,F22,H22,J22)","v":4},{"$f":"SUM(D22,J22,H22,F22,N21)","v":931},{"$f":"L22/N22","v":67.417755102040815},{"$f":"(SUM(E22,K22,I22,G22))/(SUM(D22,F22,H22,J22))","v":75},{"$f":"L22/Sheet11!$A19","v":3303.47},{"$f":"(L22-L21)/C$3","v":4.555531934278859E-3},{"$f":"E22/(L22-L21)","v":0},{"$f":"D22/M22","v":0},{"$f":"SUM(E$3:E22)/L22","v":0},{"$f":"SUM(D$3:D22)/M22","v":0},{"$f":"G22/(L22-L21)","v":0.66666666666666663},{"$f":"F22/M22","v":0.75},{"$f":"SUM(G$3:G22)/L22","v":0.71188605028237462},{"$f":"SUM(F$3:F22)/N22","v":0.61224489795918369},{"$f":"I22/(L22-L21)","v":0.33333333333333331},{"$f":"H22/M22","v":0.25},{"$f":"SUM(I$3:I22)/L22","v":9.2833962629088745E-2},{"$f":"SUM(H$3:H22)/N22","v":0.23200859291084855},{"$f":"K22/(L22-L21)","v":0},{"$f":"J22/M22","v":0},{"$f":"SUM(K$3:K22)/L22","v":0.19527998708853669},{"$f":"SUM(J$3:J22)/N22","v":0.15574650912996776},null,"Day 19","2019-10-25",76366,0,0,6,475,0,0,3,5350,54784.929999999993,9,735,74.537319727891145,647.22222222222217,2883.4173684210523,7.6277400937590029E-2,0,0,0,0,8.15450643776824E-2,0.66666666666666663,0.60134693975149744,0.57006802721088434,0,0,0.12258389305234123,0.25170068027210885,0.91845493562231761,0.33333333333333331,0.27606916719616148,0.17823129251700681,null,"Day 19","2019-04-26",74493,0,0,7,636.9,3,150,2,100,56777.640000000007,12,852,66.640422535211272,73.908333333333331,2988.2968421052633,1.190581665391381E-2,0,0,0,0,0.71811929191566004,0.58333333333333337,0.64250944561978962,0.56455399061032863,0.16912842485060295,0.25,0.12055115358792651,0.23826291079812206,0.1127522832337353,0.16666666666666666,0.23693940079228371,0.19718309859154928,null,"Day 19","2018-10-27",74104,0,0,4,9141.66,3,295,1,60,52705.41,8,847,62.225985832349473,122.5,2773.9689473684211,1.3224657238475657E-2,0,0,0,0,0.63775510204081631,0.5,0.64448317544631561,0.58441558441558439,0.30102040816326531,0.375,0.16690316990229276,0.22786304604486424,6.1224489795918366E-2,0.125,0.18861365465139154,0.18772136953955135,null,"Day 19","2018-04-27",96226,0,0,3,205,2,45,0,0,56995.459999999992,5,850,67.053482352941174,50,2999.7610526315784,2.5980504229626087E-3,0,0,0,0,0.82,0.6,0.61111990323439802,0.56705882352941173,0.18,0.4,0.18141041409263128,0.2541176470588235,0,0,0.20746968267297083,0.17882352941176471]
["Day 20","2020-08-03",65854,{"$f":"COUNTIFS('Sanitized Raw Data'!$H:$H,\">=\"&$B23,'Sanitized Raw Data'!$H:$H,\"<\"&$B24,'Sanitized Raw Data'!$D:$D,\"Cash\")","v":0},{"$f":"SUMIFS('Sanitized Raw Data'!$C:$C,'Sanitized Raw Data'!$H:$H,\">=\"&$B23,'Sanitized Raw Data'!$H:$H,\"<\"&$B24,'Sanitized Raw Data'!$D:$D,\"Cash\")","v":0},{"$f":"COUNTIFS('Sanitized Raw Data'!$H:$H,\">=\"&$B23,'Sanitized Raw Data'!$H:$H,\"<\"&$B24,'Sanitized Raw Data'!$D:$D,\"CC\")","v":8},{"$f":"SUMIFS('Sanitized Raw Data'!$C:$C,'Sanitized Raw Data'!$H:$H,\">=\"&$B23,'Sanitized Raw Data'!$H:$H,\"<\"&$B24,'Sanitized Raw Data'!$D:$D,\"CC\")","v":650},{"$f":"COUNTIFS('Sanitized Raw Data'!$H:$H,\">=\"&$B23,'Sanitized Raw Data'!$H:$H,\"<\"&$B24,'Sanitized Raw Data'!$D:$D,\"PayPal\")","v":0},{"$f":"SUMIFS('Sanitized Raw Data'!$C:$C,'Sanitized Raw Data'!$H:$H,\">=\"&$B23,'Sanitized Raw Data'!$H:$H,\"<\"&$B24,'Sanitized Raw Data'!$D:$D,\"PayPal\")","v":0},{"$f":"COUNTIFS('Sanitized Raw Data'!$H:$H,\">=\"&$B23,'Sanitized Raw Data'!$H:$H,\"<\"&$B24,'Sanitized Raw Data'!$D:$D,\"Personal Check\")","v":0},{"$f":"SUMIFS('Sanitized Raw Data'!$C:$C,'Sanitized Raw Data'!$H:$H,\">=\"&$B23,'Sanitized Raw Data'!$H:$H,\"<\"&$B24,'Sanitized Raw Data'!$D:$D,\"Personal Check\")","v":0},{"$f":"SUM(E23,K23,I23,G23,L22)","v":63415.93},{"$f":"SUM(D23,F23,H23,J23)","v":8},{"$f":"SUM(D23,J23,H23,F23,N22)","v":939},{"$f":"L23/N23","v":67.535601703940358},{"$f":"(SUM(E23,K23,I23,G23))/(SUM(D23,F23,H23,J23))","v":81.25},{"$f":"L23/Sheet11!$A20","v":3170.7964999999999},{"$f":"(L23-L22)/C$3","v":9.8703191909375286E-3},{"$f":"E23/(L23-L22)","v":0},{"$f":"D23/M23","v":0},{"$f":"SUM(E$3:E23)/L23","v":0},{"$f":"SUM(D$3:D23)/M23","v":0},{"$f":"G23/(L23-L22)","v":1},{"$f":"F23/M23","v":1},{"$f":"SUM(G$3:G23)/L23","v":0.71483915792136143},{"$f":"SUM(F$3:F23)/N23","v":0.61554845580404682},{"$f":"I23/(L23-L22)","v":0},{"$f":"H23/M23","v":0},{"$f":"SUM(I$3:I23)/L23","v":9.188243395626304E-2},{"$f":"SUM(H$3:H23)/N23","v":0.23003194888178913},{"$f":"K23/(L23-L22)","v":0},{"$f":"J23/M23","v":0},{"$f":"SUM(K$3:K23)/L23","v":0.19327840812237554},{"$f":"SUM(J$3:J23)/N23","v":0.15441959531416399},null,"Day 20","2019-10-26",76366,0,0,1,25,0,0,0,0,54809.929999999993,1,736,74.470013586956512,25,2740.4964999999997,3.2737081947463529E-4,0,0,0,0,1,1,0.60152877407433292,0.57065217391304346,0,0,0.12252797987517956,0.25135869565217389,0,0,0.27594324605048759,0.17798913043478262,null,"Day 20","2019-04-27",74493,0,0,2,211.11,2,45,1,50,57083.750000000007,5,857,66.608809801633612,61.222000000000001,2854.1875000000005,4.109245163975146E-3,0,0,0,0,0.68965404593119994,0.4,0.64276225720980129,0.56359393232205368,0.14700597824311495,0.4,0.12069301683929314,0.23920653442240372,0.16333997582568327,0.2,0.23654472595090545,0.1971995332555426,null,"Day 20","2018-10-28",74104,0,0,5,9141.66,1,19.77,2,45,53020.18,8,855,62.011906432748539,39.346249999999998,2651.009,4.2476789377091225E-3,0,0,0,0,0.79423070813610741,0.625,0.64537219602045859,0.58479532163742687,6.2807764399403374E-2,0.125,0.16628517670064494,0.22690058479532163,0.14296152746449933,0.25,0.18834262727889645,0.18830409356725147,null,"Day 20","2018-04-28",96226,0,0,3,120.15,0,0,4,280,57395.609999999993,7,857,66.972707117852963,57.164285714285711,2869.7804999999998,4.1584395069939667E-3,0,0,0,0,0.30026240159939915,0.42857142857142855,0.60895267077046489,0.56592765460910155,0,0,0.18014565922376299,0.25204200700116686,0.69973759840059724,0.5714285714285714,0.21090167000577223,0.18203033838973162]
["Day 21","2020-08-04",65854,{"$f":"COUNTIFS('Sanitized Raw Data'!$H:$H,\">=\"&$B24,'Sanitized Raw Data'!$H:$H,\"<\"&$B25,'Sanitized Raw Data'!$D:$D,\"Cash\")","v":0},{"$f":"SUMIFS('Sanitized Raw Data'!$C:$C,'Sanitized Raw Data'!$H:$H,\">=\"&$B24,'Sanitized Raw Data'!$H:$H,\"<\"&$B25,'Sanitized Raw Data'!$D:$D,\"Cash\")","v":0},{"$f":"COUNTIFS('Sanitized Raw Data'!$H:$H,\">=\"&$B24,'Sanitized Raw Data'!$H:$H,\"<\"&$B25,'Sanitized Raw Data'!$D:$D,\"CC\")","v":7},{"$f":"SUMIFS('Sanitized Raw Data'!$C:$C,'Sanitized Raw Data'!$H:$H,\">=\"&$B24,'Sanitized Raw Data'!$H:$H,\"<\"&$B25,'Sanitized Raw Data'!$D:$D,\"CC\")","v":675},{"$f":"COUNTIFS('Sanitized Raw Data'!$H:$H,\">=\"&$B24,'Sanitized Raw Data'!$H:$H,\"<\"&$B25,'Sanitized Raw Data'!$D:$D,\"PayPal\")","v":2},{"$f":"SUMIFS('Sanitized Raw Data'!$C:$C,'Sanitized Raw Data'!$H:$H,\">=\"&$B24,'Sanitized Raw Data'!$H:$H,\"<\"&$B25,'Sanitized Raw Data'!$D:$D,\"PayPal\")","v":61},{"$f":"COUNTIFS('Sanitized Raw Data'!$H:$H,\">=\"&$B24,'Sanitized Raw Data'!$H:$H,\"<\"&$B25,'Sanitized Raw Data'!$D:$D,\"Personal Check\")","v":0},{"$f":"SUMIFS('Sanitized Raw Data'!$C:$C,'Sanitized Raw Data'!$H:$H,\">=\"&$B24,'Sanitized Raw Data'!$H:$H,\"<\"&$B25,'Sanitized Raw Data'!$D:$D,\"Personal Check\")","v":0},{"$f":"SUM(E24,K24,I24,G24,L23)","v":64151.93},{"$f":"SUM(D24,F24,H24,J24)","v":9},{"$f":"SUM(D24,J24,H24,F24,N23)","v":948},{"$f":"L24/N24","v":67.67081223628692},{"$f":"(SUM(E24,K24,I24,G24))/(SUM(D24,F24,H24,J24))","v":81.777777777777771},{"$f":"L24/Sheet11!$A21","v":3054.8538095238096},{"$f":"(L24-L23)/C$3","v":1.1176238345430802E-2},{"$f":"E24/(L24-L23)","v":0},{"$f":"D24/M24","v":0},{"$f":"SUM(E$3:E24)/L24","v":0},{"$f":"SUM(D$3:D24)/M24","v":0},{"$f":"G24/(L24-L23)","v":0.91711956521739135},{"$f":"F24/M24","v":0.77777777777777779},{"$f":"SUM(G$3:G24)/L24","v":0.71715987344418164},{"$f":"SUM(F$3:F24)/N24","v":0.61708860759493667},{"$f":"I24/(L24-L23)","v":8.2880434782608689E-2},{"$f":"H24/M24","v":0.22222222222222221},{"$f":"SUM(I$3:I24)/L24","v":9.1779156137625176E-2},{"$f":"SUM(H$3:H24)/N24","v":0.22995780590717299},{"$f":"K24/(L24-L23)","v":0},{"$f":"J24/M24","v":0},{"$f":"SUM(K$3:K24)/L24","v":0.19106097041819317},{"$f":"SUM(J$3:J24)/N24","v":0.15295358649789029},null,"Day 21","2019-10-27",76366,0,0,5,289,4,209,2,75,55382.929999999993,11,747,74.140468540829971,52.090909090909093,2637.2823809523807,7.5033391823586416E-3,0,0,0,0,0.50436300174520066,0.45454545454545453,0.60052348259653299,0.5689424364123159,0.36474694589877837,0.36363636363636365,0.12503401318781798,0.25301204819277107,0.13089005235602094,0.18181818181818182,0.27444250421564914,0.17804551539491298,null,"Day 21","2019-04-28",74493,0,0,5,227,0,0,1,50,57360.750000000007,6,863,66.46668597914254,46.166666666666664,2731.4642857142862,3.7184701918301049E-3,0,0,0,0,0.81949458483754511,0.83333333333333337,0.64361571283499597,0.56546929316338357,0,0,0.12011017987038175,0.23754345307068367,0.18050541516245489,0.16666666666666666,0.23627410729462217,0.19698725376593279,null,"Day 21","2018-10-29",74104,0,0,6,9141.66,3,160,2,125,53615.18,11,866,61.911293302540415,54.090909090909093,2553.1038095238096,8.0292561805030763E-3,0,0,0,0,0.52100840336134457,0.54545454545454541,0.6439920559811606,0.58429561200923785,0.26890756302521007,0.27272727272727271,0.16742403923664906,0.22748267898383373,0.21008403361344538,0.18181818181818182,0.18858390478219039,0.18822170900692842,null,"Day 21","2018-04-29",96226,0,0,7,724.77,1,40,0,0,58160.37999999999,8,865,67.237433526011543,95.596249999999998,2769.5419047619043,7.9476440878764234E-3,0,0,0,0,0.94769669312342664,0.875,0.61340692753382975,0.56878612716763011,5.2303306876577492E-2,0.125,0.17846461800971733,0.25086705202312137,0,0,0.20812845445645303,0.18034682080924855]
["Day 22","2020-08-05",65854,{"$f":"COUNTIFS('Sanitized Raw Data'!$H:$H,\">=\"&$B25,'Sanitized Raw Data'!$H:$H,\"<\"&$B26,'Sanitized Raw Data'!$D:$D,\"Cash\")","v":0},{"$f":"SUMIFS('Sanitized Raw Data'!$C:$C,'Sanitized Raw Data'!$H:$H,\">=\"&$B25,'Sanitized Raw Data'!$H:$H,\"<\"&$B26,'Sanitized Raw Data'!$D:$D,\"Cash\")","v":0},{"$f":"COUNTIFS('Sanitized Raw Data'!$H:$H,\">=\"&$B25,'Sanitized Raw Data'!$H:$H,\"<\"&$B26,'Sanitized Raw Data'!$D:$D,\"CC\")","v":5},{"$f":"SUMIFS('Sanitized Raw Data'!$C:$C,'Sanitized Raw Data'!$H:$H,\">=\"&$B25,'Sanitized Raw Data'!$H:$H,\"<\"&$B26,'Sanitized Raw Data'!$D:$D,\"CC\")","v":300},{"$f":"COUNTIFS('Sanitized Raw Data'!$H:$H,\">=\"&$B25,'Sanitized Raw Data'!$H:$H,\"<\"&$B26,'Sanitized Raw Data'!$D:$D,\"PayPal\")","v":0},{"$f":"SUMIFS('Sanitized Raw Data'!$C:$C,'Sanitized Raw Data'!$H:$H,\">=\"&$B25,'Sanitized Raw Data'!$H:$H,\"<\"&$B26,'Sanitized Raw Data'!$D:$D,\"PayPal\")","v":0},{"$f":"COUNTIFS('Sanitized Raw Data'!$H:$H,\">=\"&$B25,'Sanitized Raw Data'!$H:$H,\"<\"&$B26,'Sanitized Raw Data'!$D:$D,\"Personal Check\")","v":0},{"$f":"SUMIFS('Sanitized Raw Data'!$C:$C,'Sanitized Raw Data'!$H:$H,\">=\"&$B25,'Sanitized Raw Data'!$H:$H,\"<\"&$B26,'Sanitized Raw Data'!$D:$D,\"Personal Check\")","v":0},{"$f":"SUM(E25,K25,I25,G25,L24)","v":64451.93},{"$f":"SUM(D25,F25,H25,J25)","v":5},{"$f":"SUM(D25,J25,H25,F25,N24)","v":953},{"$f":"L25/N25","v":67.630566631689405},{"$f":"(SUM(E25,K25,I25,G25))/(SUM(D25,F25,H25,J25))","v":60},{"$f":"L25/Sheet11!$A22","v":2929.633181818182},{"$f":"(L25-L24)/C$3","v":4.555531934278859E-3},{"$f":"E25/(L25-L24)","v":0},{"$f":"D25/M25","v":0},{"$f":"SUM(E$3:E25)/L25","v":0},{"$f":"SUM(D$3:D25)/M25","v":0},{"$f":"G25/(L25-L24)","v":1},{"$f":"F25/M25","v":1},{"$f":"SUM(G$3:G25)/L25","v":0.71847639007862141},{"$f":"SUM(F$3:F25)/N25","v":0.61909758656873037},{"$f":"I25/(L25-L24)","v":0},{"$f":"H25/M25","v":0},{"$f":"SUM(I$3:I25)/L25","v":9.1351957963089703E-2},{"$f":"SUM(H$3:H25)/N25","v":0.22875131164742918},{"$f":"K25/(L25-L24)","v":0},{"$f":"J25/M25","v":0},{"$f":"SUM(K$3:K25)/L25","v":0.19017165195828889},{"$f":"SUM(J$3:J25)/N25","v":0.1521511017838405},null,"Day 22","2019-10-28",76366,0,0,86,8055.79,33,1865,10,1690,66993.72,129,876,76.476849315068492,90.006124031007758,3045.1690909090908,0.15204135348191614,0,0,0,0,0.69381928361463729,0.66666666666666663,0.61669272881099901,0.58333333333333337,0.16062645177459919,0.2558139534883721,0.13120259630305647,0.25342465753424659,0.14555426461076282,7.7519379844961239E-2,0.25210467488594451,0.1632420091324201,null,"Day 22","2019-04-29",74493,0,0,38,2253.5200000000004,8,319.58,9,567,60500.850000000006,55,918,65.905065359477135,57.092727272727281,2750.0386363636367,4.2152953968829267E-2,0,0,0,0,0.71765867329066002,0.69090909090909092,0.6474586720682437,0.57298474945533773,0.10177382885895357,0.14545454545454545,0.11915849116169441,0.23202614379084968,0.180567497850387,0.16363636363636364,0.23338283677006189,0.19498910675381265,null,"Day 22","2018-10-30",74104,0,0,21,9141.66,4,250,3,150,55786.41,28,894,62.40090604026846,77.543928571428566,2535.7459090909092,2.9299767893770961E-2,0,0,0,0,0.81577262657571858,0.75,0.65067782637384264,0.58948545861297541,0.11514210839017498,0.14285714285714285,0.16538920500530507,0.22483221476510068,6.908526503410499E-2,0.10714285714285714,0.18393296862085226,0.18568232662192394,null,"Day 22","2018-04-30",96226,0,0,39,2469,22,1083.8900000000001,9,357,62070.26999999999,70,935,66.385315508021378,55.85557142857143,2821.3759090909084,4.0632365472949093E-2,0,0,0,0,0.63147556580875686,0.55714285714285716,0.614545095421689,0.56791443850267376,0.27721751762837327,0.31428571428571428,0.18468519631056871,0.25561497326203209,9.1306916562870072E-2,0.12857142857142856,0.20076970826774237,0.17647058823529413]
["Day 23","2020-08-06",65854,{"$f":"COUNTIFS('Sanitized Raw Data'!$H:$H,\">=\"&$B26,'Sanitized Raw Data'!$H:$H,\"<\"&$B27,'Sanitized Raw Data'!$D:$D,\"Cash\")","v":0},{"$f":"SUMIFS('Sanitized Raw Data'!$C:$C,'Sanitized Raw Data'!$H:$H,\">=\"&$B26,'Sanitized Raw Data'!$H:$H,\"<\"&$B27,'Sanitized Raw Data'!$D:$D,\"Cash\")","v":0},{"$f":"COUNTIFS('Sanitized Raw Data'!$H:$H,\">=\"&$B26,'Sanitized Raw Data'!$H:$H,\"<\"&$B27,'Sanitized Raw Data'!$D:$D,\"CC\")","v":15},{"$f":"SUMIFS('Sanitized Raw Data'!$C:$C,'Sanitized Raw Data'!$H:$H,\">=\"&$B26,'Sanitized Raw Data'!$H:$H,\"<\"&$B27,'Sanitized Raw Data'!$D:$D,\"CC\")","v":1405},{"$f":"COUNTIFS('Sanitized Raw Data'!$H:$H,\">=\"&$B26,'Sanitized Raw Data'!$H:$H,\"<\"&$B27,'Sanitized Raw Data'!$D:$D,\"PayPal\")","v":0},{"$f":"SUMIFS('Sanitized Raw Data'!$C:$C,'Sanitized Raw Data'!$H:$H,\">=\"&$B26,'Sanitized Raw Data'!$H:$H,\"<\"&$B27,'Sanitized Raw Data'!$D:$D,\"PayPal\")","v":0},{"$f":"COUNTIFS('Sanitized Raw Data'!$H:$H,\">=\"&$B26,'Sanitized Raw Data'!$H:$H,\"<\"&$B27,'Sanitized Raw Data'!$D:$D,\"Personal Check\")","v":0},{"$f":"SUMIFS('Sanitized Raw Data'!$C:$C,'Sanitized Raw Data'!$H:$H,\">=\"&$B26,'Sanitized Raw Data'!$H:$H,\"<\"&$B27,'Sanitized Raw Data'!$D:$D,\"Personal Check\")","v":0},{"$f":"SUM(E26,K26,I26,G26,L25)","v":65856.929999999993},{"$f":"SUM(D26,F26,H26,J26)","v":15},{"$f":"SUM(D26,J26,H26,F26,N25)","v":968},{"$f":"L26/N26","v":68.034018595041317},{"$f":"(SUM(E26,K26,I26,G26))/(SUM(D26,F26,H26,J26))","v":93.666666666666671},{"$f":"L26/Sheet11!$A23","v":2863.3447826086954},{"$f":"(L26-L25)/C$3","v":2.1335074558872548E-2},{"$f":"E26/(L26-L25)","v":0},{"$f":"D26/M26","v":0},{"$f":"SUM(E$3:E26)/L26","v":0},{"$f":"SUM(D$3:D26)/M26","v":0},{"$f":"G26/(L26-L25)","v":1.0000000000000051},{"$f":"F26/M26","v":1},{"$f":"SUM(G$3:G26)/L26","v":0.72448245006258272},{"$f":"SUM(F$3:F26)/N26","v":0.625},{"$f":"I26/(L26-L25)","v":0},{"$f":"H26/M26","v":0},{"$f":"SUM(I$3:I26)/L26","v":8.9403043840640628E-2},{"$f":"SUM(H$3:H26)/N26","v":0.22520661157024793},{"$f":"K26/(L26-L25)","v":0},{"$f":"J26/M26","v":0},{"$f":"SUM(K$3:K26)/L26","v":0.18611450609677674},{"$f":"SUM(J$3:J26)/N26","v":0.14979338842975207},null,"Day 23","2019-10-29",76366,0,0,21,2100,3,110,1,200,69403.72,25,901,77.02965593784684,96.4,3017.5530434782609,3.1558546997354844E-2,0,0,0,0,0.87136929460580914,0.84,0.62553621045096719,0.59045504994450615,4.5643153526970952E-2,0.12,0.12823159911313112,0.24972253052164262,8.2987551867219914E-2,0.04,0.24623219043590169,0.15982241953385129,null,"Day 23","2019-04-30",74493,0,0,12,473.42,1,25,2,150,61149.270000000004,15,933,65.540482315112541,43.228000000000002,2658.6639130434783,8.7044420281100002E-3,0,0,0,0,0.73011319823571341,0.8,0.64833513139241072,0.57663451232583063,3.8555257394898471E-2,6.6666666666666666E-2,0.11830378351205174,0.22936763129689175,0.23133154436939082,0.13333333333333333,0.23336108509553752,0.19399785637727759,null,"Day 23","2018-10-31",74104,0,0,11,9141.66,0,0,4,350,56912.73,15,909,62.610264026402646,75.087999999999994,2474.4665217391307,1.5199179531469282E-2,0,0,0,0,0.68925349811776415,0.73333333333333328,0.65144125049000468,0.59185918591859188,0,0,0.16211610302299681,0.22112211221122113,0.31074650188223601,0.26666666666666666,0.18644264648699857,0.18701870187018702,null,"Day 23","2018-05-01",96226,0,0,4,220,4,89.58,8,525,62904.849999999991,16,951,66.146004206098837,52.161250000000003,2734.9934782608693,8.6731236879845543E-3,0,0,0,0,0.26360564595365277,0.25,0.60988906260805009,0.56256572029442697,0.10733542620240098,0.25,0.18365897065170655,0.25552050473186122,0.62905892784394413,0.5,0.20645196674024344,0.18191377497371189]
["Day 24","2020-08-07",65854,null,null,null,null,null,null,null,null,null,null,null,null,null,null,null,null,null,null,null,null,null,null,null,null,null,null,null,null,null,null,null,null,"Day 24","2019-10-30",76366,0,0,9,1369.79,1,10,0,0,70783.509999999995,10,911,77.698693743139401,137.97899999999998,2949.3129166666663,1.8068119320116198E-2,0,0,0,0,0.99275252031106642,0.9,0.63269439449950993,0.59385290889132825,7.2474796889382053E-3,0.1,0.12587324364106839,0.24807903402854006,0,0,0.2414323618594218,0.15806805708013172,null,"Day 24","2019-05-01",74493,0,0,6,425,1,25,4,160,61759.270000000004,11,944,65.422955508474587,55.454545454545453,2573.302916666667,8.188688870095176E-3,0,0,0,0,0.69672131147540983,0.54545454545454541,0.64881304458423805,0.57627118644067798,4.0983606557377046E-2,9.0909090909090912E-2,0.11754008750427264,0.2277542372881356,0.26229508196721313,0.36363636363636365,0.23364686791148923,0.19597457627118645,null,"Day 24","2018-11-01",74104,0,0,5,9141.66,1,19.89,4,220,57581.26,10,919,62.656430903155609,66.852999999999994,2399.2191666666668,9.0215103098348105E-3,0,0,0,0,0.64116793561994334,0.5,0.65132197523986102,0.59085963003264419,2.9751843597146031E-2,0.1,0.16057932737143996,0.21980413492927095,0.32908022078291232,0.4,0.188098697388699,0.18933623503808489,null,"Day 24","2018-05-02",96226,0,0,6,356,3,145,2,228,63633.849999999991,11,962,66.147453222453208,66.272727272727266,2651.4104166666662,7.5759150333589674E-3,0,0,0,0,0.48834019204389573,0.54545454545454541,0.60849657847199257,0.56237006237006237,0.19890260631001372,0.27272727272727271,0.18383360428451215,0.25571725571725573,0.31275720164609055,0.18181818181818182,0.20766981724349542,0.18191268191268192]
["Day 25","2020-08-08",65854,null,null,null,null,null,null,null,null,null,null,null,null,null,null,null,null,null,null,null,null,null,null,null,null,null,null,null,null,null,null,null,null,"Day 25","2019-10-31",76366,0,0,9,684,2,75,0,0,71542.509999999995,11,922,77.594913232104119,69,2861.7003999999997,9.9389780792499272E-3,0,0,0,0,0.90118577075098816,0.81818181818181823,0.63554284019389318,0.59652928416485895,9.8814229249011856E-2,0.18181818181818182,0.12558617247284168,0.24728850325379609,0,0,0.23887098733326523,0.1561822125813449,null,"Day 25","2019-05-02",74493,0,0,4,751.23,0,0,3,175,62685.500000000007,7,951,65.915352260778135,132.31857142857143,2507.42,1.2433785724833248E-2,0,0,0,0,0.81106204722368891,0.5714285714285714,0.65121040751050885,0.57623554153522605,0,0,0.11580333569964345,0.22607781282860148,0.18893795277630759,0.42857142857142855,0.23298625678984772,0.19768664563617244,null,"Day 25","2018-11-02",74104,0,0,2,9141.66,0,0,2,100,57831.26,4,923,62.655752979414956,62.5,2313.2503999999999,3.373637050631545E-3,0,0,0,0,0.6,0.5,0.65110011436721249,0.59046587215601298,0,0,0.15988515553698812,0.21885157096424701,0.4,0.5,0.18901473009579939,0.19068255687973998,null,"Day 25","2018-05-03",96226,0,0,5,345,1,50,0,0,64028.849999999991,6,968,66.145506198347093,65.833333333333329,2561.1539999999995,4.1049196682809222E-3,0,0,0,0,0.87341772151898733,0.83333333333333337,0.6101309019293647,0.56404958677685946,0.12658227848101267,0.16666666666666666,0.18348041546896443,0.25516528925619836,0,0,0.20638868260167098,0.18078512396694216]
["Day 26","2020-08-09",65854,null,null,null,null,null,null,null,null,null,null,null,null,null,null,null,null,null,null,null,null,null,null,null,null,null,null,null,null,null,null,null,null,"Day 26","2019-11-01",76366,0,0,9,461,0,0,0,0,72003.509999999995,9,931,77.339967776584317,51.222222222222221,2769.3657692307688,6.0367179111122755E-3,0,0,0,0,1,1,0.63787626464320979,0.6004296455424275,0,0,0.12478211131651777,0.24489795918367346,0,0,0.23734162404027251,0.15467239527389903,null,"Day 26","2019-05-03",74493,0,0,6,275,0,0,0,0,62960.500000000007,6,957,65.789446185997917,45.833333333333336,2421.5576923076924,3.6916220316002848E-3,0,0,0,0,1,1,0.65273385694205099,0.57889237199582022,0,0,0.11529752781505864,0.22466039707419017,0,0,0.23196861524289036,0.19644723092998956,null,"Day 26","2018-11-03",74104,0,0,3,9141.66,0,0,0,0,57906.26,3,926,62.533758099352056,25,2227.1638461538464,1.0120911151894636E-3,0,0,0,0,1,1,0.65155200836662563,0.59179265658747304,0,0,0.15967807280249147,0.21814254859611232,0,0,0.18876991883088284,0.19006479481641469,null,"Day 26","2018-05-04",96226,0,0,5,326.63,3,123.18,2,45,64523.659999999989,10,978,65.975112474437623,49.481000000000002,2481.6792307692303,5.1421653191444901E-3,0,0,0,0,0.66011196216729962,0.5,0.6105141896786388,0.56339468302658491,0.24894403912613042,0.3,0.18398243373051068,0.2556237218813906,9.0943998706574672E-2,0.2,0.20550337659085058,0.18098159509202455]
["Day 27","2020-08-10",65854,null,null,null,null,null,null,null,null,null,null,null,null,null,null,null,null,null,null,null,null,null,null,null,null,null,null,null,null,null,null,null,null,"Day 27","2019-11-02",76366,0,0,4,219.79,1,35,0,0,72258.299999999988,5,936,77.19903846153845,50.957999999999998,2676.2333333333331,3.3364324437576095E-3,0,0,0,0,0.86263197142747172,0.8,0.63866877576693626,0.60149572649572647,0.1373680285725534,0.2,0.12482649052081216,0.24465811965811965,0,0,0.23650473371225178,0.15384615384615385,null,"Day 27","2019-05-04",74493,0,0,3,95,2,61,1,50,63166.500000000007,6,963,65.593457943925245,34.333333333333336,2339.5000000000005,2.7653605036714857E-3,0,0,0,0,0.46116504854368934,0.5,0.65210910846730463,0.57840083073727933,0.29611650485436891,0.33333333333333331,0.11588721869978548,0.22533748701973,0.24271844660194175,0.16666666666666666,0.23200367283290982,0.19626168224299065,null,"Day 27","2018-11-04",74104,0,0,8,9141.66,5,158,0,0,59097.26,13,939,62.936379126730564,91.615384615384613,2188.7874074074075,1.607200690920868E-2,0,0,0,0,0.86733837111670864,0.61538461538461542,0.65590079810806801,0.59211927582534607,0.13266162888329136,0.38461538461538464,0.15913360450213768,0.22044728434504793,0,0,0.18496559738979437,0.18743343982960597,null,"Day 27","2018-05-05",96226,0,0,4,259,0,0,1,50,64832.659999999989,5,983,65.953875890132238,61.8,2401.209629629629,3.2111903227817844E-3,0,0,0,0,0.8381877022653722,0.8,0.61159930812649055,0.56459816887080361,0,0,0.18310555204737863,0.25432349949135302,0.16181229773462782,0.2,0.20529513982613087,0.18107833163784334]
["Day 28","2020-08-11",65854,null,null,null,null,null,null,null,null,null,null,null,null,null,null,null,null,null,null,null,null,null,null,null,null,null,null,null,null,null,null,null,null,"Day 28","2019-11-03",76366,0,0,11,458.89,0,0,0,0,72717.189999999988,11,947,76.786895459345288,41.717272727272729,2597.0424999999996,6.0090878139486079E-3,0,0,0,0,1.0000000000000013,1,0.64094899706658093,0.60612460401267154,0,0,0.12403875892344027,0.24181626187961985,0,0,0.23501224400997897,0.15205913410770855,null,"Day 28","2019-05-05",74493,0,0,1,64,1,20,1,128,63378.500000000007,3,966,65.609213250517612,70.666666666666671,2263.5178571428573,2.8459049843609467E-3,0,0,0,0,0.30188679245283018,0.33333333333333331,0.65093762080200701,0.57763975155279501,9.4339622641509441E-2,0.33333333333333331,0.11581514235900187,0.22567287784679088,0.60377358490566035,0.33333333333333331,0.23324723683899112,0.19668737060041408,null,"Day 28","2018-11-05",74104,0,0,60,9141.66,10,520,1,20,62891.880000000005,71,1010,62.269188118811883,53.445352112676055,2246.1385714285716,5.1206682500269926E-2,0,0,0,0,0.85769326045822714,0.84507042253521125,0.66807606959753785,0.60990099009900989,0.13703611955874359,0.14084507042253522,0.15780033924888237,0.21485148514851485,5.2706199830286002E-3,1.4084507042253521E-2,0.17412359115357973,0.17524752475247524,null,"Day 28","2018-05-06",96226,0,0,10,561.05999999999995,2,205,0,0,65598.719999999987,12,995,65.928361809045214,63.838333333333331,2342.8114285714282,7.9610500280589205E-3,0,0,0,0,0.73239694018745483,0.83333333333333337,0.61300997946301394,0.56783919597989951,0.26760305981254812,0.16666666666666666,0.18409231155729874,0.25326633165829143,0,0,0.20289770897968745,0.17889447236180905]
["Day 29","2020-08-12",65854,null,null,null,null,null,null,null,null,null,null,null,null,null,null,null,null,null,null,null,null,null,null,null,null,null,null,null,null,null,null,null,null,"Day 29","2019-11-04",76366,0,0,35,2794.63,0,0,0,0,75511.819999999992,35,982,76.895947046843176,79.846571428571437,2603.8558620689651,3.6595212529136063E-2,0,0,0,0,0.99999999999999833,1,0.65423717770277556,0.62016293279022405,0,0,0.11944818705204034,0.23319755600814665,0,0,0.22631463524518416,0.14663951120162932,null,"Day 29","2019-05-06",74493,0,0,34,2021.11,13,789.52,8,530,66719.13,55,1021,65.346846229187079,60.738727272727274,2300.6596551724137,4.4844884754272181E-2,0,0,0,0,0.60500863609558719,0.61818181818181817,0.64863795436181504,0.57982370225269342,0.23633865468489496,0.23636363636363636,0.12184976033110743,0.22624877571008814,0.1586527092195186,0.14545454545454545,0.2295122853070776,0.19392752203721841,null,"Day 29","2018-11-06",74104,0,0,18,9141.66,3,105,3,275,64963.880000000005,24,1034,62.827736943907162,86.333333333333329,2240.1337931034486,2.7960703875634242E-2,0,0,0,0,0.81660231660231664,0.75,0.67281326176946332,0.61315280464216637,5.0675675675675678E-2,0.125,0.15438363595277868,0.21276595744680851,0.13272200772200773,0.125,0.17280310227775803,0.17408123791102514,null,"Day 29","2018-05-07",96226,0,0,63,3714.3900000000003,3,90,11,604.63,70007.739999999991,77,1072,65.305727611940284,57.260000000000005,2414.0599999999995,4.581942510340245E-2,0,0,0,0,0.84245251779306896,0.81818181818181823,0.62746004941739297,0.58582089552238803,2.0412699420732934E-2,3.896103896103896E-2,0.17378392732003636,0.23787313432835822,0.13713478278619726,0.14285714285714285,0.19875602326257069,0.17630597014925373]
["Day 30","2020-08-13",65854,null,null,null,null,null,null,null,null,null,null,null,null,null,null,null,null,null,null,null,null,null,null,null,null,null,null,null,null,null,null,null,null,"Day 30",null,null,null,null,null,null,null,null,null,null,null,null,null,null,null,null,null,null,null,null,null,null,null,null,null,null,null,null,null,null,null,null,null,null,"Day 30","2019-05-07",74493,0,0,6,319.76,2,222.9,3,200,67461.790000000008,11,1032,65.369951550387611,67.514545454545456,2248.7263333333335,9.9695273381392013E-3,0,0,0,0,0.43056041795707117,0.54545454545454541,0.64623722554649088,0.5794573643410853,0.30013734414132842,0.18181818181818182,0.12381245739254769,0.22577519379844962,0.26930223790159569,0.27272727272727271,0.22995031706096145,0.19476744186046513,null,"Day 30","2018-11-07",74104,0,0,17,9141.66,1,19.89,1,30,66241.200000000012,19,1053,62.907122507122516,67.227368421052645,2208.0400000000004,1.7236856310050834E-2,0,0,0,0,0.96094165909873275,0.89473684210526316,0.67836920224875152,0.61823361823361822,1.5571665675006962E-2,5.2631578947368418E-2,0.15170694371478774,0.20987654320987653,2.3486675226254843E-2,5.2631578947368418E-2,0.16992385403646065,0.17188983855650522,null,"Day 30","2018-05-08",96226,0,0,15,1373.79,1,10,6,419.79,71811.319999999992,22,1094,65.641060329067628,81.980909090909094,2393.7106666666664,1.8743167127387626E-2,0,0,0,0,0.76170172656605117,0.68181818181818177,0.63083160148010087,0.58775137111517373,5.5445281052129598E-3,4.5454545454545456E-2,0.16955850414670001,0.2340036563071298,0.23275374532873486,0.27272727272727271,0.19960989437319912,0.17824497257769653]
["Day 31","2020-08-14",65854,null,null,null,null,null,null,null,null,null,null,null,null,null,null,null,null,null,null,null,null,null,null,null,null,null,null,null,null,null,null,null,null,"Day 31",null,null,null,null,null,null,null,null,null,null,null,null,null,null,null,null,null,null,null,null,null,null,null,null,null,null,null,null,null,null,null,null,null,null,"Day 31","2019-05-08",74493,0,0,6,308,1,10,3,225,68004.790000000008,10,1042,65.263714011516328,54.3,2193.7029032258065,7.289275502396198E-3,0,0,0,0,0.56721915285451197,0.6,0.64560628743945836,0.57965451055662187,1.841620626151013E-2,0.1,0.12297089660890063,0.22456813819577734,0.4143646408839779,0.3,0.23142281595164105,0.19577735124760076,null,"Day 31","2018-11-08",74104,0,0,6,9141.66,2,87,2,85,66847.200000000012,10,1063,62.885418626528704,60.6,2156.3612903225812,8.177696210730865E-3,0,0,0,0,0.71617161716171618,0.6,0.67871189817972921,0.61806208842897459,0.14356435643564355,0.2,0.151633127490755,0.20978363123236124,0.14026402640264027,0.2,0.16965497432951562,0.17215428033866415,null,"Day 31","2018-05-09",96226,0,0,15,1089.55,2,525,2,75,73500.87,19,1113,66.038517520215635,88.923684210526318,2370.9958064516127,1.7558144368465933E-2,0,0,0,0,0.64487585451747398,0.78947368421052633,0.63115443395431914,0.5911949685534591,0.31073362729720877,0.10526315789473684,0.17280366885453197,0.23180592991913745,4.4390518185315538E-2,0.10526315789473684,0.1960418971911489,0.17699910152740342]
["Day 32","2020-08-15",65854,null,null,null,null,null,null,null,null,null,null,null,null,null,null,null,null,null,null,null,null,null,null,null,null,null,null,null,null,null,null,null,null,"Day 32",null,null,null,null,null,null,null,null,null,null,null,null,null,null,null,null,null,null,null,null,null,null,null,null,null,null,null,null,null,null,null,null,null,null,"Day 32","2019-05-09",74493,0,0,1,25,2,50,2,200,68279.790000000008,5,1047,65.214699140401152,55,2133.7434375000003,3.6916220316002848E-3,0,0,0,0,9.0909090909090912E-2,0.2,0.64337221892451635,0.57784145176695323,0.18181818181818182,0.4,0.12320790676128324,0.22540592168099333,0.72727272727272729,0.4,0.23341987431420042,0.19675262655205347,null,"Day 32","2018-11-09",74104,0,0,8,9141.66,1,25,0,0,67232.200000000012,9,1072,62.716604477611952,42.777777777777779,2101.0062500000004,5.1954010579725787E-3,0,0,0,0,0.93506493506493504,0.88888888888888884,0.68017988404365759,0.62033582089552242,6.4935064935064929E-2,0.1111111111111111,0.15113665773245555,0.20895522388059701,0,0,0.16868345822388672,0.1707089552238806,null,"Day 32","2018-05-10",96226,0,0,9,1127.42,2,86,3,120,74834.289999999994,14,1127,66.401322094055004,95.244285714285724,2338.5715624999998,1.385716957994719E-2,0,0,0,0,0.84551004184728107,0.6428571428571429,0.63497388697079904,0.59183673469387754,6.4495807772494876E-2,0.14285714285714285,0.17087380664665894,0.23070097604259096,8.9994150380225402E-2,0.21428571428571427,0.19415230638254202,0.1774622892635315]
["Day 33","2020-08-16",65854,null,null,null,null,null,null,null,null,null,null,null,null,null,null,null,null,null,null,null,null,null,null,null,null,null,null,null,null,null,null,null,null,"Day 33",null,null,null,null,null,null,null,null,null,null,null,null,null,null,null,null,null,null,null,null,null,null,null,null,null,null,null,null,null,null,null,null,null,null,"Day 33","2019-05-10",74493,0,0,14,815.64,0,0,1,58,69153.430000000008,15,1062,65.116224105461399,58.242666666666665,2095.558484848485,1.1727813351590075E-2,0,0,0,0,0.93361109839293133,0.93333333333333335,0.64703891043437756,0.58286252354048962,0,0,0.12165137723465054,0.22222222222222221,6.6388901607069312E-2,6.6666666666666666E-2,0.23130971233097186,0.19491525423728814,null,"Day 33","2018-11-10",74104,0,0,4,9141.66,1,100,0,0,67504.200000000012,5,1077,62.67799442896937,54.4,2045.5818181818186,3.6705171110871207E-3,0,0,0,0,0.63235294117647056,0.8,0.67998717116860874,0.62116991643454034,0.36764705882352944,0.2,0.15200906017699636,0.20891364902506965,0,0,0.16800376865439479,0.16991643454038996,null,"Day 33","2018-05-11",96226,0,0,0,0,3,39.89,1,100,74974.179999999993,4,1131,66.290167992926612,34.972499999999997,2271.9448484848481,1.4537650946729514E-3,0,0,0,0,0,0,0.63378912580304314,0.58974358974358976,0.28515261991564922,0.75,0.1710870328958583,0.23253757736516356,0.714847380084355,0.25,0.19512384130109861,0.17771883289124668]
["Day 34","2020-08-17",65854,null,null,null,null,null,null,null,null,null,null,null,null,null,null,null,null,null,null,null,null,null,null,null,null,null,null,null,null,null,null,null,null,"Day 34",null,null,null,null,null,null,null,null,null,null,null,null,null,null,null,null,null,null,null,null,null,null,null,null,null,null,null,null,null,null,null,null,null,null,"Day 34","2019-05-11",74493,0,0,4,143.57999999999998,1,10,1,10,69317.010000000009,6,1068,64.90356741573035,27.263333333333332,2038.7355882352945,2.195911025197022E-3,0,0,0,0,0.87773566450665397,0.66666666666666663,0.64758332767094251,0.58333333333333337,6.1132167746667646E-2,0.16666666666666666,0.12150855901026313,0.22191011235955055,6.1132167746667646E-2,0.16666666666666666,0.23090811331879432,0.19475655430711611,null,"Day 34","2018-11-11",74104,0,0,2,9141.66,5,139.88999999999999,0,0,67844.090000000011,7,1084,62.586798892988938,48.555714285714281,1995.4144117647063,4.5866619885566156E-3,0,0,0,0,0.58842566712760114,0.2857142857142857,0.67952846003240663,0.61900369003690037,0.41157433287240058,0.7142857142857143,0.15330944817743147,0.21217712177121772,0,0,0.16716209179016178,0.16881918819188191,null,"Day 34","2018-05-12",96226,0,0,5,185,0,0,1,25,75184.179999999993,6,1137,66.125048372911166,35,2211.2994117647058,2.1823623552885913E-3,0,0,0,0,0.88095238095238093,0.83333333333333337,0.63447948757305062,0.59102902374670185,0,0,0.17060916272545637,0.23131046613896217,0.11904761904761904,0.16666666666666666,0.19491134970149307,0.17766051011433598]
["Day 35","2020-08-18",65854,null,null,null,null,null,null,null,null,null,null,null,null,null,null,null,null,null,null,null,null,null,null,null,null,null,null,null,null,null,null,null,null,"Day 35",null,null,null,null,null,null,null,null,null,null,null,null,null,null,null,null,null,null,null,null,null,null,null,null,null,null,null,null,null,null,null,null,null,null,"Day 35","2019-05-12",74493,0,0,3,175,0,0,1,100,69592.010000000009,4,1072,64.917919776119405,68.75,1988.3431428571432,3.6916220316002848E-3,0,0,0,0,0.63636363636363635,0.75,0.6475389919043868,0.58395522388059706,0,0,0.12102840541608152,0.22108208955223882,0.36363636363636365,0.25,0.23143260267953172,0.19496268656716417,null,"Day 35","2018-11-12",74104,0,0,6,9141.66,0,0,0,0,68233.090000000011,6,1090,62.59916513761469,64.833333333333329,1949.5168571428574,5.2493792507826839E-3,0,0,0,0,1,1,0.68135548309478577,0.62110091743119267,0,0,0.15243542392701251,0.21100917431192662,0,0,0.16620909297820161,0.16788990825688074,null,"Day 35","2018-05-13",96226,0,0,13,1154.79,4,185,1,25,76548.969999999987,18,1155,66.276164502164491,75.821666666666658,2187.1134285714284,1.4183172947020489E-2,0,0,0,0,0.84613017387290745,0.72222222222222221,0.6382530032735908,0.59307359307359309,0.13555198968339516,0.22222222222222221,0.16998412911369026,0.23116883116883116,1.8317836443702048E-2,5.5555555555555552E-2,0.19176286761271905,0.17575757575757575]
["Day 36","2020-08-19",65854,null,null,null,null,null,null,null,null,null,null,null,null,null,null,null,null,null,null,null,null,null,null,null,null,null,null,null,null,null,null,null,null,"Day 36",null,null,null,null,null,null,null,null,null,null,null,null,null,null,null,null,null,null,null,null,null,null,null,null,null,null,null,null,null,null,null,null,null,null,"Day 36","2019-05-13",74493,0,0,3,164,0,0,0,0,69756.010000000009,3,1075,64.889311627906991,54.666666666666664,1937.6669444444447,2.2015491388452605E-3,0,0,0,0,1,1,0.6483676460279193,0.58511627906976749,0,0,0.12074386135330847,0.22046511627906976,0,0,0.23088849261877217,0.19441860465116279,null,"Day 36","2018-11-13",74104,0,0,65,6044.9900000000007,2,34.629999999999995,0,0,74312.710000000006,67,1157,64.228789974070878,90.740597014925385,2064.2419444444445,8.2041725143042143E-2,0,0,0,0,0.99430392031080972,0.97014925373134331,0.70695820405419207,0.64131374243733796,5.6960796891911041E-3,2.9850746268656716E-2,0.14043048625194798,0.20051858254105445,0,0,0.15261130969385989,0.15816767502160761,null,"Day 36","2018-05-14",96226,0,0,51,3159.01,18,1089.6799999999998,7,625,81422.659999999989,76,1231,66.143509341998367,64.127500000000012,2261.7405555555551,5.0648369463554575E-2,0,0,0,0,0.64817622786841156,0.67105263157894735,0.63884697454001138,0.59788789601949632,0.2235841836472979,0.23684210526315788,0.17319245035718561,0.23151909017059302,0.12823958848429007,9.2105263157894732E-2,0.18796057510280309,0.17059301380991065]
["Day 37","2020-08-20",65854,null,null,null,null,null,null,null,null,null,null,null,null,null,null,null,null,null,null,null,null,null,null,null,null,null,null,null,null,null,null,null,null,"Day 37",null,null,null,null,null,null,null,null,null,null,null,null,null,null,null,null,null,null,null,null,null,null,null,null,null,null,null,null,null,null,null,null,null,null,"Day 37","2019-05-14",74493,0,0,31,1791.03,5,114.78999999999999,2,153,71814.830000000016,38,1113,64.523656783468113,54.179473684210521,1940.9413513513518,2.7637764622179359E-2,0,0,0,0,0.86993034845202299,0.81578947368421051,0.65471950570655113,0.59299191374663074,5.5755238437551417E-2,0.13157894736842105,0.1188807381428042,0.21743036837376459,7.4314413110422223E-2,5.2631578947368418E-2,0.22639975615064462,0.18957771787960467,null,"Day 37",null,null,null,null,null,null,null,null,null,null,null,null,null,null,null,null,null,null,null,null,null,null,null,null,null,null,null,null,null,null,null,null,null,null,"Day 37","2018-05-15",96226,0,0,7,425,0,0,4,530,82377.659999999989,11,1242,66.326618357487916,86.818181818181813,2226.4232432432427,9.9245526157171662E-3,0,0,0,0,0.44502617801047123,0.63636363636363635,0.63660001995686699,0.59822866344605474,0,0,0.17118463913638726,0.22946859903381642,0.55497382198952883,0.36363636363636365,0.19221534090674586,0.17230273752012881]
["Day 38","2020-08-21",65854,null,null,null,null,null,null,null,null,null,null,null,null,null,null,null,null,null,null,null,null,null,null,null,null,null,null,null,null,null,null,null,null,"Day 38",null,null,null,null,null,null,null,null,null,null,null,null,null,null,null,null,null,null,null,null,null,null,null,null,null,null,null,null,null,null,null,null,null,null,"Day 38","2019-05-15",74493,0,0,8,552,4,135,1,50,72551.830000000016,13,1126,64.433241563055077,56.692307692307693,1909.2586842105268,9.8935470446887622E-3,0,0,0,0,0.74898236092265946,0.61538461538461542,0.6556770518400431,0.59325044404973359,0.18317503392130258,0.30769230769230771,0.11953385600335649,0.21847246891651864,6.7842605156037988E-2,7.6923076923076927E-2,0.22478909215660028,0.18827708703374779,null,"Day 38",null,null,null,null,null,null,null,null,null,null,null,null,null,null,null,null,null,null,null,null,null,null,null,null,null,null,null,null,null,null,null,null,null,null,"Day 38","2018-05-16",96226,0,0,7,318,0,0,2,300,82995.659999999989,9,1251,66.34345323741006,68.666666666666671,2184.0963157894735,6.4223806455635689E-3,0,0,0,0,0.5145631067961165,0.77777777777777779,0.63569131205173868,0.59952038369304561,0,0,0.1699099687863197,0.22781774580335731,0.4854368932038835,0.22222222222222221,0.19439871916194174,0.17266187050359713]
["Day 39","2020-08-22",65854,null,null,null,null,null,null,null,null,null,null,null,null,null,null,null,null,null,null,null,null,null,null,null,null,null,null,null,null,null,null,null,null,"Day 39",null,null,null,null,null,null,null,null,null,null,null,null,null,null,null,null,null,null,null,null,null,null,null,null,null,null,null,null,null,null,null,null,null,null,"Day 39","2019-05-16",74493,0,0,1,25,3,225,0,0,72801.830000000016,4,1130,64.426398230088509,62.5,1866.7135897435901,3.3560200287275316E-3,0,0,0,0,0.1,0.25,0.65376886817268187,0.59203539823008855,0.9,0.75,0.12221396083038022,0.22035398230088496,0,0,0.2240171709969378,0.18761061946902655,null,"Day 39",null,null,null,null,null,null,null,null,null,null,null,null,null,null,null,null,null,null,null,null,null,null,null,null,null,null,null,null,null,null,null,null,null,null,"Day 39","2018-05-17",96226,0,0,8,725,0,0,0,0,83720.659999999989,8,1259,66.497744241461476,90.625,2146.6835897435894,7.5343462265915657E-3,0,0,0,0,1,1,0.6388461342755779,0.60206513105639392,0,0,0.1684385909045629,0.22637013502779985,0,0,0.19271527481985931,0.17156473391580621]
["Day 40","2020-08-23",65854,null,null,null,null,null,null,null,null,null,null,null,null,null,null,null,null,null,null,null,null,null,null,null,null,null,null,null,null,null,null,null,null,"Day 40",null,null,null,null,null,null,null,null,null,null,null,null,null,null,null,null,null,null,null,null,null,null,null,null,null,null,null,null,null,null,null,null,null,null,"Day 40","2019-05-17",74493,0,0,15,907.94999999999982,0,0,0,0,73709.780000000013,15,1145,64.37535371179041,60.529999999999987,1842.7445000000002,1.2188393540332609E-2,0,0,0,0,1.0000000000000031,1,0.65803371004498989,0.59737991266375545,0,0,0.12070854098329964,0.21746724890829694,0,0,0.22125774897171038,0.18515283842794761,null,"Day 40",null,null,null,null,null,null,null,null,null,null,null,null,null,null,null,null,null,null,null,null,null,null,null,null,null,null,null,null,null,null,null,null,null,null,"Day 40","2018-05-18",96226,0,0,2,150,0,0,2,40,83910.659999999989,4,1263,66.437577197149636,47.5,2097.7664999999997,1.9745183214515826E-3,0,0,0,0,0.78947368421052633,0.5,0.6391872021981474,0.60174188440221699,0,0,0.1680571932100165,0.22565320665083136,0.21052631578947367,0.5,0.19275560459183616,0.17260490894695171]
["Day 41","2020-08-24",65854,null,null,null,null,null,null,null,null,null,null,null,null,null,null,null,null,null,null,null,null,null,null,null,null,null,null,null,null,null,null,null,null,"Day 41",null,null,null,null,null,null,null,null,null,null,null,null,null,null,null,null,null,null,null,null,null,null,null,null,null,null,null,null,null,null,null,null,null,null,"Day 41","2019-05-18",74493,0,0,5,193.57999999999998,0,0,0,0,73903.360000000015,5,1150,64.263791304347833,38.715999999999994,1802.5209756097565,2.5986334286443257E-3,0,0,0,0,0.9999999999999909,1,0.65892944515648544,0.59913043478260875,0,0,0.12039236105097251,0.21652173913043479,0,0,0.220678193792542,0.18434782608695652,null,"Day 41",null,null,null,null,null,null,null,null,null,null,null,null,null,null,null,null,null,null,null,null,null,null,null,null,null,null,null,null,null,null,null,null,null,null,"Day 41","2018-05-19",96226,0,0,2,120,0,0,2,75,84105.659999999989,4,1267,66.381736385161787,48.75,2051.3575609756094,2.0264793299108351E-3,0,0,0,0,0.61538461538461542,0.5,0.63913201560988886,0.60142067876874505,0,0,0.16766755055486163,0.22494080505130229,0.38461538461538464,0.5,0.19320043383524965,0.17363851617995266]
["Day 42","2020-08-25",65854,null,null,null,null,null,null,null,null,null,null,null,null,null,null,null,null,null,null,null,null,null,null,null,null,null,null,null,null,null,null,null,null,"Day 42",null,null,null,null,null,null,null,null,null,null,null,null,null,null,null,null,null,null,null,null,null,null,null,null,null,null,null,null,null,null,null,null,null,null,"Day 42","2019-05-19",74493,0,0,3,144.79,0,0,0,0,74048.150000000009,3,1153,64.222159583694719,48.263333333333328,1763.0511904761906,1.9436725598377513E-3,0,0,0,0,1.0000000000000442,1,0.65959635723512333,0.60017346053772769,0,0,0.12015695192925145,0.21595836947094535,0,0,0.22024669083562518,0.18386816999132696,null,"Day 42",null,null,null,null,null,null,null,null,null,null,null,null,null,null,null,null,null,null,null,null,null,null,null,null,null,null,null,null,null,null,null,null,null,null,"Day 42","2018-05-20",96226,0,0,10,772.79,2,15,0,0,84893.449999999983,12,1279,66.374863174354957,65.649166666666659,2021.2726190476187,8.1868725708227879E-3,0,0,0,0,0.9809593927315734,0.83333333333333337,0.64230408824237917,0.60359655981235338,1.9040607268434637E-2,0.16666666666666666,0.16628832966500953,0.22439405785770133,0,0,0.19140758209261141,0.17200938232994528]
["Day 43","2020-08-26",65854,null,null,null,null,null,null,null,null,null,null,null,null,null,null,null,null,null,null,null,null,null,null,null,null,null,null,null,null,null,null,null,null,"Day 43",null,null,null,null,null,null,null,null,null,null,null,null,null,null,null,null,null,null,null,null,null,null,null,null,null,null,null,null,null,null,null,null,null,null,"Day 43","2019-05-20",74493,0,0,6,1034.3699999999999,0,0,0,0,75082.52,6,1159,64.782157031924072,172.39499999999998,1746.1051162790698,1.3885465748459525E-2,0,0,0,0,1.0000000000000044,1,0.66428590835789747,0.60224331320103541,0,0,0.1185016166212855,0.21484037963761865,0,0,0.21721247502081709,0.18291630716134599,null,"Day 43",null,null,null,null,null,null,null,null,null,null,null,null,null,null,null,null,null,null,null,null,null,null,null,null,null,null,null,null,null,null,null,null,null,null,"Day 43","2018-05-21",96226,0,0,46,3178.0699999999997,13,758.42000000000007,1,19.79,88849.729999999981,60,1339,66.35528752800596,65.938000000000002,2066.2727906976738,4.1114459709434031E-2,0,0,0,0,0.80329754213554161,0.76666666666666672,0.64947276710914048,0.61090365944734881,0.19170028410527068,0.21666666666666667,0.16741986722975977,0.22404779686333084,5.0021737591879256E-3,1.6666666666666666E-2,0.18310736566109997,0.1650485436893204]
["Day 44","2020-08-27",65854,null,null,null,null,null,null,null,null,null,null,null,null,null,null,null,null,null,null,null,null,null,null,null,null,null,null,null,null,null,null,null,null,"Day 44",null,null,null,null,null,null,null,null,null,null,null,null,null,null,null,null,null,null,null,null,null,null,null,null,null,null,null,null,null,null,null,null,null,null,"Day 44","2019-05-21",74493,0,0,1,19.79,0,0,0,0,75102.31,1,1160,64.743370689655166,19.79,1706.8706818181818,2.6566254547398543E-4,0,0,0,0,1.0000000000003235,1,0.66437437144077205,0.60258620689655173,0,0,0.11847039059118157,0.21465517241379312,0,0,0.21715523796804653,0.18275862068965518,null,"Day 44",null,null,null,null,null,null,null,null,null,null,null,null,null,null,null,null,null,null,null,null,null,null,null,null,null,null,null,null,null,null,null,null,null,null,"Day 44","2018-05-22",96226,0,0,12,558.77,4,239.88,0,0,89648.379999999976,16,1355,66.161166051660501,49.915624999999999,2037.4631818181813,8.299731881196289E-3,0,0,0,0,0.6996431478119377,0.75,0.64991971968707085,0.61254612546125464,0.30035685218806957,0.25,0.16860416217225571,0.22435424354243541,0,0,0.18147611814067366,0.16309963099630997]

{"sheet":"Sanitized Raw Data","index":6,"n_rows":969,"n_cols":12,"rows_kept":969,"cut":false,"hidden":false,"merged":[]}
["donate_id","donate_invoice","donate_amount","donate_method","donate_affiliation","donate_classyear","donate_isthanked","donate_transac_date","donate_create_date","donate_mod_date","donate_num_recurring","donate_pledge"]
[54014,"EF47-000001",20,"Personal Check",11,null,"N","2019-11-07","2019-11-07T17:45:00","2019-11-07T17:45:00",1,"None. Donation by check."]
[54015,"EF47-000002",100,"Personal Check",1,1969,"N","2019-10-31","2019-11-07T17:46:00","2019-11-07T17:46:00",1,"None. Donation by check."]
[54016,"EF47-000003",25,"Personal Check",1,1949,"N","2019-10-30","2019-11-07T18:26:00","2019-11-07T18:26:00",1,"None. Donation by check."]
[54017,"EF47-000004",500,"Personal Check",1,1951,"N","2019-11-01","2019-11-07T18:27:00","2019-11-07T18:29:00",1,"None. Donation by check."]
[54018,"EF47-000005",55,"Personal Check",1,1955,"N","2019-10-30","2019-11-07T18:29:00","2019-11-07T18:29:00",1,"None. Donation by check."]
[54019,"EF47-000006",50,"Personal Check",5,1959,"N","2019-10-31","2019-11-07T18:32:00","2019-11-07T18:32:00",1,"None. Donation by check."]
[54020,"EF47-000007",100,"Personal Check",1,1966,"N","2019-11-01","2019-11-07T19:04:00","2019-11-07T19:04:00",1,"None. Donation by check."]
[54021,"EF47-000008",50,"Personal Check",1,1960,"N","2019-10-29","2019-11-07T19:10:00","2019-11-07T19:10:00",1,"None. Donation by check."]
[54022,"EF47-000009",36,"Personal Check",6,1964,"N","2019-10-30","2019-11-07T19:11:00","2019-11-07T19:11:00",1,"None. Donation by check."]
[54023,"EF47-000010",25,"Personal Check",1,1968,"N","2019-11-01","2019-11-07T19:13:00","2019-11-07T19:13:00",1,"None. Donation by check."]
[54024,"EF47-000011",50,"Personal Check",1,1967,"N","2019-10-31","2019-11-07T19:16:00","2019-11-07T19:16:00",1,"None. Donation by check."]
[54025,"EF47-000012",50,"Personal Check",1,1977,"N","2019-10-29","2019-11-07T19:18:00","2019-11-07T19:18:00",1,"None. Donation by check."]
[54026,"EF47-000013",64,"Personal Check",1,1964,"N","2019-10-20","2019-11-07T19:20:00","2019-11-07T19:20:00",1,"None. Donation by check."]
[54027,"EF47-000014",25,"Personal Check",1,1968,"N","2019-10-29","2019-11-07T19:21:00","2019-11-07T19:21:00",1,"None. Donation by check."]
[54028,"EF47-000015",100,"Personal Check",1,1962,"N","2019-10-20","2019-11-07T19:23:00","2019-11-07T19:23:00",1,"None. Donation by check."]
[54029,"EF47-000016",100,"Personal Check",3,2016,"N","2019-10-28","2019-11-07T19:27:00","2019-11-07T19:27:00",1,"None. Donation by check."]
[54030,"EF47-000017",100,"Personal Check",1,1958,"N","2019-10-31","2019-11-07T19:29:00","2019-11-07T19:29:00",1,"None. Donation by check."]
[54031,"EF47-000018",50,"Personal Check",5,1946,"N","2019-10-28","2019-11-07T19:32:00","2019-11-07T19:32:00",1,"None. Donation by check."]
[54032,"EF47-000019",25,"Personal Check",5,1958,"N","2019-10-28","2019-11-07T19:34:00","2019-11-07T19:34:00",1,"None. Donation by check."]
[54033,"EF47-000020",100,"Personal Check",1,1949,"N","2019-10-28","2019-11-07T19:35:00","2019-11-07T19:35:00",1,"None. Donation by check."]
[54034,"EF47-000021",50,"Personal Check",1,1958,"N","2019-11-04","2019-11-07T19:36:00","2019-11-07T19:36:00",1,"None. Donation by check."]
[54035,"EF47-000022",75,"Personal Check",2,2014,"N","2019-11-03","2019-11-07T19:39:00","2019-11-07T19:39:00",1,"None. Donation by check."]
[54036,"EF47-000023",100,"Personal Check",1,1958,"N","2019-11-01","2019-11-07T19:42:00","2019-11-07T19:42:00",1,"None. Donation by check."]
[54037,"EF47-000024",50,"Personal Check",1,1955,"N","2019-11-04","2019-11-07T19:44:00","2019-11-07T19:44:00",1,"None. Donation by check."]
[54038,"EF47-000025",100,"Personal Check",1,1959,"N","2019-11-02","2019-11-07T19:49:00","2019-11-07T19:49:00",1,"None. Donation by check."]
[54039,"EF47-000026",50,"Personal Check",1,1951,"N","2019-11-04","2019-11-07T19:51:00","2019-11-07T19:51:00",1,"None. Donation by check."]
[54040,"EF47-000027",50,"Personal Check",1,1956,"N","2019-11-04","2019-11-07T19:53:00","2019-11-07T19:53:00",1,"None. Donation by check."]
[54041,"EF47-000028",50,"Personal Check",5,1951,"N","2019-11-04","2019-11-07T19:54:00","2019-11-07T19:54:00",1,"None. Donation by check."]
[54042,"EF47-000029",100,"Personal Check",1,1956,"N","2019-11-04","2019-11-07T19:55:00","2019-11-07T19:55:00",1,"None. Donation by check."]
[54043,"EF47-000030",50,"Personal Check",1,1968,"N","2019-11-04","2019-11-07T19:57:00","2019-11-07T19:57:00",1,"None. Donation by check."]
[54044,"EF47-000031",30,"Personal Check",1,1959,"N","2019-11-04","2019-11-07T19:58:00","2019-11-07T19:58:00",1,"None. Donation by check."]
[54045,"EF47-000032",19.79,"Personal Check",1,1979,"N","2019-11-04","2019-11-23T12:33:00","2019-11-23T12:33:00",1,"None. Donation by check."]
[54046,"EF47-000033",100,"Personal Check",3,2012,"N","2019-11-03","2019-11-23T12:39:00","2019-11-23T12:39:00",1,"None. Donation by check."]
[54047,"EF47-000034",50,"Personal Check",1,1958,"N","2019-11-04","2019-11-23T13:14:00","2019-11-23T13:14:00",1,"None. Donation by check."]
[54048,"EF47-000035",50,"Personal Check",1,1960,"N","2019-11-04","2019-11-23T13:19:00","2019-11-23T13:19:00",1,"None. Donation by check."]
[54049,"EF47-000036",25,"Personal Check",1,1975,"N","2019-11-05","2019-11-23T13:22:00","2019-11-23T13:22:00",1,"None. Donation by check."]
[54050,"EF47-000037",128,"Personal Check",1,1964,"N","2019-11-05","2019-11-23T13:23:00","2019-11-23T13:23:00",1,"None. Donation by check."]
[54051,"EF47-000038",10,"Personal Check",1,1955,"N","2019-11-04","2019-11-23T13:24:00","2019-11-23T13:24:00",1,"None. Donation by check."]
[54052,"EF47-000039",200,"Personal Check",1,1979,"N","2019-11-07","2019-11-23T13:28:00","2019-11-23T13:28:00",1,"None. Donation by check."]
[54053,"EF47-000040",25,"Personal Check",1,1957,"N","2019-11-08","2019-11-23T13:32:00","2019-11-23T13:32:00",1,"None. Donation by check."]
[54054,"EF47-000041",50,"Personal Check",1,1955,"N","2019-11-07","2019-11-23T13:34:00","2019-11-23T13:34:00",1,"None. Donation by check."]
[54055,"EF47-000042",50,"Personal Check",1,1949,"N","2019-11-07","2019-11-23T13:36:00","2019-11-23T13:36:00",1,"None. Donation by check."]
[54056,"EF47-000043",50,"Personal Check",2,2007,"N","2019-11-20","2019-11-23T13:38:00","2019-11-23T13:38:00",1,"None. Donation by check."]
[54057,"EF47-000044",500,"Personal Check",7,null,"N","2019-11-22","2019-12-07T18:55:00","2019-12-07T18:55:00",1,"None. Donation by check."]
[54058,"EF47-000045",50,"Personal Check",1,1979,"N","2019-11-25","2019-12-07T18:59:00","2019-12-07T18:59:00",1,"None. Donation by check."]
[54059,"EF47-000046",50,"Personal Check",1,1956,"N","2019-11-19","2019-12-07T19:20:00","2019-12-07T19:20:00",1,"None. Donation by check."]
[54060,"EF47-000047",300,"Personal Check",1,1957,"N","2019-11-30","2019-12-07T19:21:00","2019-12-07T19:21:00",1,"None. Donation by check."]
[54061,"EF47-000048",50,"Personal Check",2,2007,"N","2020-01-17","2020-01-21T21:54:00","2020-01-21T21:55:00",1,"None. Donation by check."]
[54062,"EF47-000049",50,"Personal Check",2,2007,"N","2019-12-20","2020-01-21T21:56:00","2020-03-09T16:54:00",1,"None. Donation by check."]
[54063,"EF47-000050",50,"Personal Check",5,1946,"N","2019-12-25","2020-01-21T21:59:00","2020-08-04T17:11:00",1,"None. Donation by check."]
[54064,"EF47-000051",100,"Personal Check",1,1959,"N","2020-01-01","2020-01-21T22:00:00","2020-01-21T22:00:00",1,"None. Donation by check."]
[54065,"EF47-000052",100,"Personal Check",1,1957,"N","2020-01-22","2020-01-29T21:37:00","2020-01-29T21:37:00",1,"None. Donation by check."]
[54066,"EF47-000053",250,"Personal Check",1,1955,"N","2020-02-10","2020-03-09T13:54:00","2020-03-09T13:54:00",1,"None. Donation by check."]
[54067,"EF47-000054",50,"Personal Check",2,2007,"N","2020-02-20","2020-03-09T13:57:00","2020-03-09T13:57:00",1,"None. Donation by check."]
[54068,"EF47-000055",19.579999999999998,"Personal Check",1,1958,"N","2020-03-16","2020-03-20T20:47:00","2020-03-20T20:47:00",1,"None. Donation by check."]
[54069,"EF47-000056",50,"Personal Check",2,2007,"N","2020-03-20","2020-03-25T14:08:00","2020-03-25T14:08:00",1,"None. Donation by check."]
[54070,"F47-000005",150,"CC",1,1975,"N","2020-04-20T13:39:00","2020-04-20T13:39:00","2020-04-20T13:39:00",1,150]
[54071,"F47-000006",30,"CC",1,1964,"N","2020-04-20T22:09:00","2020-04-20T22:09:00","2020-04-20T22:09:00",1,30]
[54072,"EF47-000057",50,"Personal Check",1,1964,"N","2020-04-15","2020-04-22T12:25:00","2020-04-22T12:25:00",1,"None. Donation by check."]
[54073,"EF47-000058",250,"Personal Check",7,null,"N","2020-04-14","2020-04-22T12:29:00","2020-04-22T12:29:00",1,"None. Donation by check."]
[54074,"F47-000007",50,"CC",1,1968,"N","2020-04-22T12:45:00","2020-04-22T12:45:00","2020-04-22T12:45:00",1,50]
[54075,"EF47-000059",50,"Personal Check",2,2007,"N","2020-04-20","2020-04-24T08:57:00","2020-04-24T08:57:00",1,"None. Donation by check."]
[54076,"F47-000008",25,"CC",1,1982,"N","2020-04-26T01:33:00","2020-04-26T01:33:00","2020-04-26T01:33:00",1,25]
[54077,"EF47-000060",100,"Personal Check",1,1964,"N","2020-04-19","2020-05-22T21:31:00","2020-05-22T21:31:00",1,"None. Donation by check."]
[54078,"EF47-000061",100,"Personal Check",1,1966,"N","2020-04-28","2020-05-22T21:32:00","2020-05-22T21:32:00",1,"None. Donation by check."]
[54079,"EF47-000062",50,"Personal Check",2,2007,"N","2020-05-20","2020-06-05T14:10:00","2020-06-05T14:10:00",1,"None. Donation by check."]
[54080,"EF47-000063",50,"PayPal",13,null,"N","2019-11-03","2020-06-27T20:53:00","2020-06-27T20:53:00",1,"None. Donation by check."]
[54081,"EF47-000064",20,"PayPal",1,1956,"N","2019-11-03","2020-06-27T20:54:00","2020-06-27T20:54:00",1,"None. Donation by check."]
[54082,"EF47-000065",50,"PayPal",2,1999,"N","2019-11-03","2020-06-27T20:56:00","2020-06-27T20:56:00",1,"None. Donation by check."]
[54083,"EF47-000066",64,"PayPal",1,1964,"N","2019-11-03","2020-06-27T20:57:00","2020-06-27T20:57:00",1,"None. Donation by check."]
[54084,"EF47-000067",50,"PayPal",2,2013,"N","2019-11-04","2020-06-27T20:59:00","2020-06-27T20:59:00",1,"None. Donation by check."]
[54085,"EF47-000068",58,"PayPal",1,1958,"N","2019-11-04","2020-06-27T21:03:00","2020-06-27T21:03:00",1,"None. Donation by check."]
[54086,"EF47-000069",3,"PayPal",1,1975,"N","2019-11-04","2020-06-27T21:05:00","2020-06-27T21:05:00",1,"None. Donation by check."]
[54087,"EF47-000070",100,"PayPal",1,1989,"N","2019-11-04","2020-06-27T21:06:00","2020-06-27T21:06:00",1,"None. Donation by check."]
[54088,"EF47-000071",100,"PayPal",1,1966,"N","2019-11-04","2020-06-27T21:08:00","2020-06-27T21:08:00",1,"None. Donation by check."]
[54089,"EF47-000072",100,"PayPal",1,1964,"N","2019-11-04","2020-06-27T21:11:00","2020-06-27T21:11:00",1,"None. Donation by check."]
[54090,"EF47-000073",100,"PayPal",1,2008,"N","2019-11-04","2020-06-27T21:13:00","2020-06-27T21:13:00",1,"None. Donation by check."]
[54091,"EF47-000074",5,"PayPal",4,null,"N","2019-11-04","2020-06-27T21:18:00","2020-06-27T21:18:00",1,"None. Donation by check."]
[54092,"EF47-000075",25,"PayPal",1,1980,"N","2019-11-04","2020-06-27T21:20:00","2020-06-27T21:20:00",1,"None. Donation by check."]
[54093,"EF47-000076",50,"PayPal",1,1979,"N","2019-11-04","2020-06-27T21:22:00","2020-06-27T21:22:00",1,"None. Donation by check."]
[54094,"EF47-000077",20,"PayPal",1,1977,"N","2019-11-05","2020-06-27T21:24:00","2020-06-27T21:24:00",1,"None. Donation by check."]
[54095,"EF47-000078",50,"PayPal",2,2017,"N","2019-11-05","2020-06-27T21:26:00","2020-06-27T21:26:00",1,"None. Donation by check."]
[54096,"EF47-000079",5,"PayPal",1,1978,"N","2019-11-06","2020-06-27T21:27:00","2020-06-27T21:27:00",1,"None. Donation by check."]
[54097,"EF47-000080",10,"PayPal",2,2019,"N","2019-11-08","2020-06-27T21:30:00","2020-06-27T21:30:00",1,"None. Donation by check."]
[54098,"EF47-000081",25,"PayPal",2,2019,"N","2019-11-09","2020-06-28T10:32:00","2020-06-28T10:32:00",1,"None. Donation by check."]
[54099,"EF47-000082",10,"PayPal",1,1981,"N","2019-11-11","2020-06-28T10:34:00","2020-06-28T10:34:00",1,"None. Donation by check."]
[54100,"EF47-000083",10,"PayPal",1,1965,"N","2019-11-11","2020-06-28T10:35:00","2020-06-28T10:35:00",1,"None. Donation by check."]
[54101,"EF47-000084",25,"PayPal",1,2005,"N","2019-11-14","2020-06-28T10:36:00","2020-06-28T10:36:00",1,"None. Donation by check."]
[54102,"EF47-000085",10,"PayPal",1,1966,"N","2019-11-15","2020-06-28T10:38:00","2020-06-28T10:38:00",1,"None. Donation by check."]
[54103,"EF47-000086",5,"PayPal",2,2011,"N","2019-11-20","2020-06-28T10:39:00","2020-06-28T10:39:00",1,"None. Donation by check."]
[54104,"EF47-000087",50,"PayPal",4,null,"N","2019-11-21","2020-06-28T10:42:00","2020-06-28T10:42:00",1,"None. Donation by check."]
[54105,"EF47-000088",25,"PayPal",13,null,"N","2019-11-22","2020-06-28T10:45:00","2020-06-28T10:45:00",1,"None. Donation by check."]
[54106,"EF47-000089",10,"PayPal",1,1963,"N","2019-11-23","2020-06-28T10:46:00","2020-06-28T10:46:00",1,"None. Donation by check."]
[54107,"EF47-000090",20.09,"PayPal",3,2009,"N","2019-11-23","2020-06-28T10:48:00","2020-06-28T10:48:00",1,"None. Donation by check."]
[54108,"EF47-000091",10,"PayPal",2,2016,"N","2019-11-23","2020-06-28T20:10:00","2020-06-28T20:10:00",1,"None. Donation by check."]
[54109,"EF47-000092",35,"PayPal",6,1978,"N","2019-11-27","2020-06-28T20:11:00","2020-06-28T20:11:00",1,"None. Donation by check."]
[54110,"EF47-000093",10,"PayPal",1,2007,"N","2019-11-27","2020-06-28T20:12:00","2020-06-28T20:12:00",1,"None. Donation by check."]
[54111,"EF47-000094",20,"PayPal",2,2015,"N","2019-11-28","2020-06-28T20:14:00","2020-06-28T20:14:00",1,"None. Donation by check."]
[54112,"EF47-000095",10,"PayPal",1,1986,"N","2019-11-29","2020-06-28T20:15:00","2020-06-28T20:15:00",1,"None. Donation by check."]
[54113,"EF47-000096",3,"PayPal",1,1975,"N","2019-12-04","2020-06-28T20:16:00","2020-06-28T20:16:00",1,"None. Donation by check."]
[54114,"EF47-000097",58,"PayPal",1,1958,"N","2019-12-04","2020-06-28T20:18:00","2020-06-28T20:18:00",1,"None. Donation by check."]
[54115,"EF47-000098",20,"PayPal",1,1977,"N","2019-12-05","2020-06-28T20:19:00","2020-06-28T20:19:00",1,"None. Donation by check."]
[54116,"EF47-000099",5,"PayPal",1,1978,"N","2019-12-06","2020-06-28T20:20:00","2020-06-28T20:20:00",1,"None. Donation by check."]
[54117,"EF47-000100",10,"PayPal",2,2019,"N","2019-12-08","2020-06-28T20:21:00","2020-06-28T20:21:00",1,"None. Donation by check."]
[54118,"EF47-000101",25,"PayPal",2,2019,"N","2019-12-09","2020-06-28T20:22:00","2020-06-28T20:22:00",1,"None. Donation by check."]
[54119,"EF47-000102",10,"PayPal",1,1965,"N","2019-12-11","2020-06-28T20:23:00","2020-06-28T20:23:00",1,"None. Donation by check."]
[54120,"EF47-000103",10,"PayPal",1,1981,"N","2019-12-11","2020-06-28T20:24:00","2020-06-28T20:24:00",1,"None. Donation by check."]
[54121,"EF47-000104",25,"PayPal",1,2005,"N","2019-12-14","2020-06-28T20:25:00","2020-06-28T20:25:00",1,"None. Donation by check."]
[54122,"EF47-000105",10,"PayPal",1,1966,"N","2019-12-15","2020-06-28T20:27:00","2020-06-28T20:27:00",1,"None. Donation by check."]
[54123,"EF47-000106",5,"PayPal",2,2011,"N","2019-12-20","2020-06-28T20:28:00","2020-06-28T20:28:00",1,"None. Donation by check."]
[54124,"EF47-000107",20.09,"PayPal",3,2009,"N","2019-12-23","2020-06-28T20:29:00","2020-06-28T20:29:00",1,"None. Donation by check."]
[54125,"EF47-000108",10,"PayPal",2,2016,"N","2019-12-23","2020-06-28T20:30:00","2020-06-28T20:30:00",1,"None. Donation by check."]
[54126,"EF47-000109",10,"PayPal",1,1963,"N","2019-12-23","2020-06-28T20:31:00","2020-06-28T20:31:00",1,"None. Donation by check."]
[54127,"EF47-000110",35,"PayPal",6,1978,"N","2019-12-27","2020-06-28T20:32:00","2020-06-28T20:32:00",1,"None. Donation by check."]
[54128,"EF47-000111",10,"PayPal",1,2007,"N","2019-12-27","2020-06-28T20:33:00","2020-06-28T20:33:00",1,"None. Donation by check."]
[54129,"EF47-000112",20,"PayPal",2,2015,"N","2019-12-28","2020-06-28T20:34:00","2020-06-28T20:34:00",1,"None. Donation by check."]
[54130,"EF47-000113",10,"PayPal",1,1986,"N","2019-12-29","2020-06-28T20:35:00","2020-06-28T20:35:00",1,"None. Donation by check."]
[54131,"EF47-000114",3,"PayPal",1,1975,"N","2020-01-04","2020-06-28T20:36:00","2020-06-28T20:36:00",1,"None. Donation by check."]
[54132,"EF47-000115",58,"PayPal",1,1958,"N","2020-01-04","2020-06-28T20:38:00","2020-06-28T20:38:00",1,"None. Donation by check."]
[54133,"EF47-000116",20,"PayPal",1,1977,"N","2020-01-05","2020-06-28T20:39:00","2020-06-28T20:39:00",1,"None. Donation by check."]
[54134,"EF47-000117",5,"PayPal",1,1978,"N","2020-01-06","2020-06-28T20:40:00","2020-06-28T20:40:00",1,"None. Donation by check."]
[54135,"EF47-000118",10,"PayPal",2,2019,"N","2020-01-08","2020-06-28T20:41:00","2020-06-28T20:41:00",1,"None. Donation by check."]
[54136,"EF47-000119",25,"PayPal",2,2019,"N","2020-01-09","2020-06-28T20:42:00","2020-06-28T20:42:00",1,"None. Donation by check."]
[54137,"EF47-000120",10,"PayPal",1,1965,"N","2020-01-11","2020-06-28T20:43:00","2020-06-28T20:43:00",1,"None. Donation by check."]
[54138,"EF47-000121",10,"PayPal",1,1981,"N","2020-01-11","2020-06-28T20:55:00","2020-06-28T20:55:00",1,"None. Donation by check."]
[54139,"EF47-000122",25,"PayPal",1,2005,"N","2020-01-14","2020-06-28T20:56:00","2020-06-28T20:56:00",1,"None. Donation by check."]
[54140,"EF47-000123",10,"PayPal",1,1966,"N","2020-01-15","2020-06-28T20:57:00","2020-06-28T20:57:00",1,"None. Donation by check."]
[54141,"EF47-000124",5,"PayPal",2,2011,"N","2020-01-20","2020-06-28T20:58:00","2020-06-28T20:58:00",1,"None. Donation by check."]
[54142,"EF47-000125",10,"PayPal",2,2016,"N","2020-01-23","2020-06-28T20:59:00","2020-06-28T20:59:00",1,"None. Donation by check."]
[54143,"EF47-000126",20.09,"PayPal",3,2009,"N","2020-01-23","2020-06-28T21:00:00","2020-06-28T21:00:00",1,"None. Donation by check."]
[54144,"EF47-000127",10,"PayPal",1,1963,"N","2020-01-23","2020-06-28T21:01:00","2020-06-28T21:01:00",1,"None. Donation by check."]
[54145,"EF47-000128",10,"PayPal",1,2007,"N","2020-01-27","2020-06-28T21:02:00","2020-06-28T21:02:00",1,"None. Donation by check."]
[54146,"EF47-000129",35,"PayPal",6,1978,"N","2020-01-27","2020-06-28T21:03:00","2020-06-28T21:03:00",1,"None. Donation by check."]
[54147,"EF47-000130",20,"PayPal",2,2015,"N","2020-01-28","2020-06-28T21:04:00","2020-06-28T21:04:00",1,"None. Donation by check."]
[54148,"EF47-000131",10,"PayPal",1,1986,"N","2020-01-29","2020-06-28T21:05:00","2020-06-28T21:05:00",1,"None. Donation by check."]
[54149,"EF47-000132",3,"PayPal",1,1975,"N","2020-02-04","2020-06-28T21:05:00","2020-06-28T21:05:00",1,"None. Donation by check."]
[54150,"EF47-000133",58,"PayPal",1,1958,"N","2020-02-04","2020-06-28T21:06:00","2020-06-28T21:06:00",1,"None. Donation by check."]
[54151,"EF47-000134",20,"PayPal",1,1977,"N","2020-02-05","2020-06-28T21:07:00","2020-06-28T21:07:00",1,"None. Donation by check."]
[54152,"EF47-000135",5,"PayPal",1,1978,"N","2020-02-06","2020-06-28T21:08:00","2020-06-28T21:08:00",1,"None. Donation by check."]
[54153,"EF47-000136",25,"PayPal",2,2019,"N","2020-02-09","2020-06-28T21:09:00","2020-06-28T21:09:00",1,"None. Donation by check."]
[54154,"EF47-000137",10,"PayPal",2,2019,"N","2020-02-08","2020-06-28T21:12:00","2020-06-28T21:12:00",1,"None. Donation by check."]
[54155,"EF47-000138",10,"PayPal",1,1981,"N","2020-02-11","2020-06-28T21:13:00","2020-06-28T21:13:00",1,"None. Donation by check."]
[54156,"EF47-000139",10,"PayPal",1,1965,"N","2020-02-11","2020-06-28T21:15:00","2020-06-28T21:15:00",1,"None. Donation by check."]
[54157,"EF47-000140",25,"PayPal",1,2005,"N","2020-02-14","2020-06-28T21:16:00","2020-06-28T21:16:00",1,"None. Donation by check."]
[54158,"EF47-000141",10,"PayPal",1,1966,"N","2020-02-15","2020-06-28T21:17:00","2020-06-28T21:17:00",1,"None. Donation by check."]
[54159,"EF47-000142",5,"PayPal",2,2011,"N","2020-02-20","2020-06-28T21:18:00","2020-06-28T21:18:00",1,"None. Donation by check."]
[54160,"EF47-000143",10,"PayPal",1,1963,"N","2020-02-23","2020-06-28T21:19:00","2020-06-28T21:19:00",1,"None. Donation by check."]
[54161,"EF47-000144",10,"PayPal",2,2016,"N","2020-02-23","2020-06-28T21:20:00","2020-06-28T21:20:00",1,"None. Donation by check."]
[54162,"EF47-000145",20.09,"PayPal",3,2009,"N","2020-02-23","2020-06-28T21:21:00","2020-06-28T21:21:00",1,"None. Donation by check."]
[54163,"EF47-000146",35,"PayPal",6,1978,"N","2020-02-27","2020-06-28T21:22:00","2020-06-28T21:22:00",1,"None. Donation by check."]
[54164,"EF47-000147",10,"PayPal",1,2007,"N","2020-02-27","2020-06-28T21:23:00","2020-06-28T21:23:00",1,"None. Donation by check."]
[54165,"EF47-000148",20,"PayPal",2,2015,"N","2020-02-28","2020-06-28T21:24:00","2020-06-28T21:24:00",1,"None. Donation by check."]
[54166,"EF47-000149",10,"PayPal",1,1986,"N","2020-02-29","2020-06-28T21:25:00","2020-06-28T21:25:00",1,"None. Donation by check."]
[54167,"EF47-000150",3,"PayPal",1,1975,"N","2020-03-04","2020-06-28T21:26:00","2020-06-28T21:26:00",1,"None. Donation by check."]
[54168,"EF47-000151",58,"PayPal",1,1958,"N","2020-03-04","2020-06-28T21:27:00","2020-06-28T21:27:00",1,"None. Donation by check."]
[54169,"EF47-000152",20,"PayPal",1,1977,"N","2020-03-05","2020-06-28T21:27:00","2020-06-28T21:27:00",1,"None. Donation by check."]
[54170,"EF47-000153",5,"PayPal",1,1978,"N","2020-03-06","2020-06-28T21:28:00","2020-06-28T21:28:00",1,"None. Donation by check."]
[54171,"EF47-000154",10,"PayPal",2,2019,"N","2020-03-08","2020-06-28T21:29:00","2020-06-28T21:29:00",1,"None. Donation by check."]
[54172,"EF47-000155",25,"PayPal",2,2019,"N","2020-03-09","2020-06-28T21:30:00","2020-06-28T21:30:00",1,"None. Donation by check."]
[54173,"EF47-000156",10,"PayPal",1,1981,"N","2020-03-11","2020-06-28T21:32:00","2020-06-28T21:32:00",1,"None. Donation by check."]
[54174,"EF47-000157",10,"PayPal",1,1965,"N","2020-03-11","2020-06-28T21:32:00","2020-06-28T21:32:00",1,"None. Donation by check."]
[54175,"EF47-000158",25,"PayPal",1,2005,"N","2020-03-14","2020-06-28T21:33:00","2020-06-28T21:33:00",1,"None. Donation by check."]
[54176,"EF47-000159",10,"PayPal",1,1966,"N","2020-03-15","2020-06-28T21:34:00","2020-06-28T21:34:00",1,"None. Donation by check."]
[54177,"EF47-000160",5,"PayPal",2,2011,"N","2020-03-20","2020-06-28T21:35:00","2020-06-28T21:35:00",1,"None. Donation by check."]
[54178,"EF47-000161",10,"PayPal",2,2016,"N","2020-03-23","2020-06-28T21:39:00","2020-06-28T21:39:00",1,"None. Donation by check."]
[54179,"EF47-000162",20.09,"PayPal",3,2009,"N","2020-03-23","2020-06-28T21:40:00","2020-06-28T21:40:00",1,"None. Donation by check."]
[54180,"EF47-000163",10,"PayPal",1,1963,"N","2020-03-23","2020-06-28T21:40:00","2020-06-28T21:40:00",1,"None. Donation by check."]
[54181,"EF47-000164",10,"PayPal",1,2007,"N","2020-03-27","2020-06-28T21:42:00","2020-06-28T21:42:00",1,"None. Donation by check."]
[54182,"EF47-000165",35,"PayPal",6,1978,"N","2020-03-27","2020-06-28T21:43:00","2020-06-28T21:43:00",1,"None. Donation by check."]
[54183,"EF47-000166",20,"PayPal",2,2015,"N","2020-03-28","2020-06-28T21:44:00","2020-06-28T21:44:00",1,"None. Donation by check."]
[54184,"EF47-000167",10,"PayPal",1,1986,"N","2020-03-29","2020-06-28T21:46:00","2020-06-28T21:46:00",1,"None. Donation by check."]
[54185,"EF47-000168",3,"PayPal",1,1975,"N","2020-04-04","2020-06-28T21:47:00","2020-06-28T21:47:00",1,"None. Donation by check."]
[54186,"EF47-000169",58,"PayPal",1,1958,"N","2020-04-04","2020-06-28T21:48:00","2020-06-28T21:48:00",1,"None. Donation by check."]
[54187,"EF47-000170",20,"PayPal",1,1977,"N","2020-04-05","2020-06-28T21:49:00","2020-06-28T21:49:00",1,"None. Donation by check."]
[54188,"EF47-000171",5,"PayPal",1,1978,"N","2020-04-06","2020-06-28T21:56:00","2020-06-28T21:56:00",1,"None. Donation by check."]
[54189,"EF47-000172",10,"PayPal",2,2019,"N","2020-04-08","2020-06-28T21:56:00","2020-06-28T21:56:00",1,"None. Donation by check."]
[54190,"EF47-000173",10,"PayPal",1,1965,"N","2020-04-11","2020-06-28T21:57:00","2020-06-28T21:57:00",1,"None. Donation by check."]
[54191,"EF47-000174",10,"PayPal",1,1981,"N","2020-04-11","2020-06-28T21:58:00","2020-06-28T21:58:00",1,"None. Donation by check."]
[54192,"EF47-000175",25,"PayPal",1,2005,"N","2020-04-14","2020-06-28T21:59:00","2020-06-28T21:59:00",1,"None. Donation by check."]
[54193,"EF47-000176",10,"PayPal",1,1966,"N","2020-04-15","2020-06-28T22:00:00","2020-06-28T22:00:00",1,"None. Donation by check."]
[54194,"EF47-000177",5,"PayPal",2,2011,"N","2020-04-20","2020-06-28T22:01:00","2020-06-28T22:01:00",1,"None. Donation by check."]
[54195,"EF47-000178",10,"PayPal",2,2016,"N","2020-04-23","2020-06-28T22:01:00","2020-06-28T22:01:00",1,"None. Donation by check."]
[54196,"EF47-000179",10,"PayPal",1,1963,"N","2020-04-23","2020-06-28T22:02:00","2020-06-28T22:02:00",1,"None. Donation by check."]
[54197,"EF47-000180",20.09,"PayPal",3,2009,"N","2020-04-23","2020-06-28T22:03:00","2020-06-28T22:03:00",1,"None. Donation by check."]
[54198,"EF47-000181",35,"PayPal",6,1978,"N","2020-04-27","2020-06-28T22:04:00","2020-06-28T22:04:00",1,"None. Donation by check."]
[54199,"EF47-000182",10,"PayPal",1,2007,"N","2020-04-27","2020-06-28T22:06:00","2020-06-28T22:06:00",1,"None. Donation by check."]
[54200,"EF47-000183",20,"PayPal",2,2015,"N","2020-04-28","2020-06-28T22:07:00","2020-06-28T22:07:00",1,"None. Donation by check."]
[54201,"EF47-000184",10,"PayPal",1,1986,"N","2020-04-29","2020-06-28T22:11:00","2020-06-28T22:11:00",1,"None. Donation by check."]
[54202,"EF47-000185",3,"PayPal",1,1975,"N","2020-05-04","2020-06-28T22:12:00","2020-06-28T22:12:00",1,"None. Donation by check."]
[54203,"EF47-000186",20,"PayPal",1,1977,"N","2020-05-05","2020-06-28T22:13:00","2020-06-28T22:13:00",1,"None. Donation by check."]
[54204,"EF47-000187",5,"PayPal",1,1978,"N","2020-05-06","2020-06-28T22:20:00","2020-06-28T22:20:00",1,"None. Donation by check."]
[54205,"EF47-000188",10,"PayPal",2,2019,"N","2020-05-08","2020-06-28T22:21:00","2020-06-28T22:21:00",1,"None. Donation by check."]
[54206,"EF47-000189",58,"PayPal",1,1958,"N","2020-05-09","2020-06-28T22:23:00","2020-06-28T22:23:00",1,"None. Donation by check."]
[54207,"EF47-000190",10,"PayPal",1,1965,"N","2020-05-11","2020-06-28T22:24:00","2020-06-28T22:24:00",1,"None. Donation by check."]
[54208,"EF47-000191",10,"PayPal",1,1981,"N","2020-05-11","2020-06-28T22:25:00","2020-06-28T22:25:00",1,"None. Donation by check."]
[54209,"EF47-000192",25,"PayPal",1,2005,"N","2020-05-14","2020-06-28T22:26:00","2020-06-28T22:26:00",1,"None. Donation by check."]
[54210,"EF47-000193",10,"PayPal",1,1966,"N","2020-05-15","2020-06-28T22:26:00","2020-06-28T22:26:00",1,"None. Donation by check."]
[54211,"EF47-000194",5,"PayPal",2,2011,"N","2020-05-20","2020-06-28T22:27:00","2020-06-28T22:27:00",1,"None. Donation by check."]
[54212,"EF47-000195",10,"PayPal",2,2016,"N","2020-05-23","2020-06-28T22:28:00","2020-06-28T22:28:00",1,"None. Donation by check."]
[54213,"EF47-000196",10,"PayPal",1,1963,"N","2020-05-23","2020-06-28T22:29:00","2020-06-28T22:29:00",1,"None. Donation by check."]
[54214,"EF47-000197",20.09,"PayPal",3,2009,"N","2020-05-23","2020-06-28T22:30:00","2020-06-28T22:30:00",1,"None. Donation by check."]
[54215,"EF47-000198",35,"PayPal",6,1978,"N","2020-05-27","2020-06-28T22:31:00","2020-06-28T22:31:00",1,"None. Donation by check."]
[54216,"EF47-000199",10,"PayPal",1,2007,"N","2020-05-27","2020-06-28T22:32:00","2020-06-28T22:32:00",1,"None. Donation by check."]
[54217,"EF47-000200",20,"PayPal",2,2015,"N","2020-05-28","2020-06-28T22:33:00","2020-06-28T22:33:00",1,"None. Donation by check."]
[54218,"EF47-000201",10,"PayPal",1,1986,"N","2020-05-29","2020-06-28T22:35:00","2020-06-28T22:35:00",1,"None. Donation by check."]
[54219,"EF47-000202",3,"PayPal",1,1975,"N","2020-06-04","2020-06-28T22:36:00","2020-06-28T22:36:00",1,"None. Donation by check."]
[54220,"EF47-000203",58,"PayPal",1,1958,"N","2020-06-04","2020-06-28T22:37:00","2020-06-28T22:37:00",1,"None. Donation by check."]
[54221,"EF47-000204",20,"PayPal",1,1977,"N","2020-06-05","2020-06-28T22:38:00","2020-06-28T22:38:00",1,"None. Donation by check."]
[54222,"EF47-000205",5,"PayPal",1,1978,"N","2020-06-06","2020-06-28T22:39:00","2020-06-28T22:39:00",1,"None. Donation by check."]
[54223,"EF47-000206",10,"PayPal",2,2019,"N","2020-06-08","2020-06-28T22:40:00","2020-06-28T22:40:00",1,"None. Donation by check."]
[54224,"EF47-000207",10,"PayPal",1,1965,"N","2020-06-11","2020-06-28T22:41:00","2020-06-28T22:41:00",1,"None. Donation by check."]
[54225,"EF47-000208",10,"PayPal",1,1981,"N","2020-06-11","2020-06-28T22:42:00","2020-06-28T22:42:00",1,"None. Donation by check."]
[54226,"EF47-000209",25,"PayPal",1,2005,"N","2020-06-14","2020-06-28T22:43:00","2020-06-28T22:43:00",1,"None. Donation by check."]
[54227,"EF47-000210",10,"PayPal",1,1966,"N","2020-06-15","2020-06-28T22:44:00","2020-06-28T22:44:00",1,"None. Donation by check."]
[54228,"EF47-000211",100,"PayPal",1,1989,"N","2020-06-16","2020-06-28T22:46:00","2020-06-28T22:46:00",1,"None. Donation by check."]
[54229,"EF47-000212",5,"PayPal",2,2011,"N","2020-06-20","2020-06-28T22:47:00","2020-06-28T22:47:00",1,"None. Donation by check."]
[54230,"EF47-000213",10,"PayPal",2,2016,"N","2020-06-23","2020-06-28T22:48:00","2020-06-28T22:48:00",1,"None. Donation by check."]
[54231,"EF47-000214",20.09,"PayPal",3,2009,"N","2020-06-23","2020-06-28T22:49:00","2020-06-28T22:49:00",1,"None. Donation by check."]
[54232,"EF47-000215",10,"PayPal",1,1963,"N","2020-06-23","2020-06-28T22:50:00","2020-06-28T22:50:00",1,"None. Donation by check."]
[54233,"EF47-000216",35,"PayPal",6,1978,"N","2020-06-27","2020-06-28T22:51:00","2020-06-28T22:51:00",1,"None. Donation by check."]
[54234,"EF47-000217",50,"Personal Check",2,2007,"N","2020-06-19","2020-07-03T23:59:00","2020-07-03T23:59:00",1,"None. Donation by check."]
[54235,"EF47-000218",198.29,"Personal Check",1,1982,"N","2020-06-20","2020-07-04T00:01:00","2020-07-04T00:01:00",1,"None. Donation by check."]
[54236,"F47-000014",50,"CC",1,1969,"N","2020-07-14T15:14:00","2020-07-14T15:14:00","2020-07-14T15:14:00",1,50]
[54237,"F47-000015",100,"CC",1,1964,"N","2020-07-14T22:15:00","2020-07-14T22:15:00","2020-07-14T22:15:00",1,100]
[54238,"F47-000016",25,"CC",1,1968,"N","2020-07-14T22:20:00","2020-07-14T22:21:00","2020-07-14T22:21:00",1,25]
[54239,"F47-000017",500,"CC",1,1989,"N","2020-07-14T22:22:00","2020-07-14T22:22:00","2020-07-14T22:22:00",1,500]
[54240,"F47-000018",64,"CC",1,1964,"N","2020-07-14T22:29:00","2020-07-14T22:29:00","2020-07-14T22:29:00",1,64]
[54241,"F47-000019",100,"CC",1,1975,"N","2020-07-14T22:31:00","2020-07-14T22:31:00","2020-07-14T22:31:00",1,100]
[54242,"F47-000020",64,"CC",1,1964,"N","2020-07-14T22:33:00","2020-07-14T22:34:00","2020-07-14T22:34:00",1,64]
[54243,"F47-000021",197.9,"CC",1,1979,"N","2020-07-14T22:51:00","2020-07-14T22:52:00","2020-07-14T22:52:00",1,197.9]
[54244,"F47-000022",19.79,"CC",1,1979,"N","2020-07-14T22:57:00","2020-07-14T22:57:00","2020-07-14T22:57:00",1,19.79]
[54245,"F47-000023",500,"CC",1,1970,"N","2020-07-14T23:01:00","2020-07-14T23:01:00","2020-07-14T23:01:00",1,500]
[54246,"F47-000024",100,"CC",1,1966,"N","2020-07-14T23:02:00","2020-07-14T23:02:00","2020-07-14T23:02:00",1,100]
[54247,"F47-000025",50,"CC",1,1965,"N","2020-07-14T23:05:00","2020-07-14T23:05:00","2020-07-14T23:05:00",1,50]
[54248,"F47-000026",50,"CC",1,1968,"N","2020-07-14T23:14:00","2020-07-14T23:14:00","2020-07-14T23:14:00",1,50]
[54249,"F47-000027",150,"CC",1,1962,"N","2020-07-14T23:15:00","2020-07-14T23:15:00","2020-07-14T23:15:00",1,150]
[54250,"F47-000028",100,"CC",1,1964,"N","2020-07-14T23:26:00","2020-07-14T23:26:00","2020-07-14T23:26:00",1,100]
[54251,"F47-000029",35,"CC",1,1959,"N","2020-07-14T23:31:00","2020-07-14T23:31:00","2020-07-14T23:31:00",1,35]
[54252,"F47-000030",100,"CC",1,1956,"N","2020-07-14T23:36:00","2020-07-14T23:36:00","2020-07-14T23:36:00",1,100]
[54253,"F47-000031",250,"CC",1,1960,"N","2020-07-15T00:10:00","2020-07-15T00:10:00","2020-07-15T00:10:00",1,250]
[54254,"F47-000032",100,"CC",1,1964,"N","2020-07-15T00:19:00","2020-07-15T00:19:00","2020-07-15T00:19:00",1,100]
[54255,"F47-000033",35,"CC",1,1979,"N","2020-07-15T00:27:00","2020-07-15T00:27:00","2020-07-15T00:27:00",1,35]
[54256,"F47-000034",25,"CC",1,1968,"N","2020-07-15T00:36:00","2020-07-15T00:37:00","2020-07-15T00:37:00",1,25]
[54257,"F47-000035",100,"CC",1,1958,"N","2020-07-15T01:00:00","2020-07-15T01:00:00","2020-07-15T01:00:00",1,100]
[54258,"F47-000036",100,"CC",1,1969,"N","2020-07-15T01:07:00","2020-07-15T01:07:00","2020-07-15T01:07:00",1,100]
[54259,"F47-000037",100,"CC",1,1975,"N","2020-07-15T02:35:00","2020-07-15T02:35:00","2020-07-15T02:35:00",1,100]
[54260,"F47-000038",50,"CC",1,1966,"N","2020-07-15T02:43:00","2020-07-15T02:44:00","2020-07-15T02:44:00",1,50]
[54261,"F47-000039",20,"CC",1,1980,"N","2020-07-15T03:32:00","2020-07-15T03:32:00","2020-07-15T03:32:00",1,20]
[54262,"F47-000040",64,"CC",1,1964,"N","2020-07-15T04:39:00","2020-07-15T04:39:00","2020-07-15T04:39:00",1,64]
[54263,"F47-000041",79,"CC",1,1979,"N","2020-07-15T05:27:00","2020-07-15T05:27:00","2020-07-15T05:27:00",1,79]
[54264,"F47-000042",100,"CC",1,1958,"N","2020-07-15T05:56:00","2020-07-15T05:56:00","2020-07-15T05:56:00",1,100]
[54265,"F47-000043",50,"CC",1,1968,"N","2020-07-15T05:58:00","2020-07-15T05:58:00","2020-07-15T05:58:00",1,50]
[54266,"F47-000044",19.89,"CC",1,1989,"N","2020-07-15T06:01:00","2020-07-15T06:01:00","2020-07-15T06:01:00",1,19.89]
[54267,"F47-000045",50,"CC",1,1979,"N","2020-07-15T06:02:00","2020-07-15T06:03:00","2020-07-15T06:03:00",1,50]
[54268,"F47-000046",25,"CC",1,1968,"N","2020-07-15T06:05:00","2020-07-15T06:05:00","2020-07-15T06:05:00",1,25]
[54269,"F47-000047",50,"CC",1,1980,"N","2020-07-15T06:15:00","2020-07-15T06:15:00","2020-07-15T06:15:00",1,50]
[54270,"F47-000048",50,"CC",1,1969,"N","2020-07-15T06:29:00","2020-07-15T06:29:00","2020-07-15T06:29:00",1,50]
[54271,"F47-000049",100,"CC",1,1979,"N","2020-07-15T06:33:00","2020-07-15T06:33:00","2020-07-15T06:33:00",1,100]
[54272,"F47-000050",25,"CC",1,1978,"N","2020-07-15T06:37:00","2020-07-15T06:37:00","2020-07-15T06:37:00",1,25]
[54273,"F47-000051",25,"CC",1,1968,"N","2020-07-15T06:43:00","2020-07-15T06:43:00","2020-07-15T06:43:00",1,25]
[54274,"F47-000052",50,"CC",1,1975,"N","2020-07-15T06:44:00","2020-07-15T06:45:00","2020-07-15T06:45:00",1,50]
[54275,"F47-000053",55,"CC",1,1955,"N","2020-07-15T06:46:00","2020-07-15T06:46:00","2020-07-15T06:46:00",1,55]
[54276,"F47-000054",50,"CC",1,1989,"N","2020-07-15T06:52:00","2020-07-15T06:52:00","2020-07-15T06:52:00",1,50]
[54277,"F47-000055",50,"CC",1,1975,"N","2020-07-15T06:52:00","2020-07-15T06:52:00","2020-07-15T06:52:00",1,50]
[54278,"F47-000056",30,"CC",1,1970,"N","2020-07-15T06:55:00","2020-07-15T06:55:00","2020-07-15T06:55:00",1,30]
[54279,"F47-000057",25,"CC",1,1957,"N","2020-07-15T06:56:00","2020-07-15T06:56:00","2020-07-15T06:56:00",1,25]
[54280,"F47-000058",100,"CC",1,1959,"N","2020-07-15T06:56:00","2020-07-15T06:56:00","2020-07-15T06:56:00",1,100]
[54281,"F47-000059",55,"CC",1,1955,"N","2020-07-15T07:05:00","2020-07-15T07:05:00","2020-07-15T07:05:00",1,55]
[54282,"F47-000061",25,"CC",1,1959,"N","2020-07-15T07:08:00","2020-07-15T07:08:00","2020-07-15T07:08:00",1,25]
[54283,"F47-000062",100,"CC",1,1967,"N","2020-07-15T07:12:00","2020-07-15T07:12:00","2020-07-15T07:12:00",1,100]
[54284,"F47-000063",25,"CC",1,1975,"N","2020-07-15T07:18:00","2020-07-15T07:18:00","2020-07-15T07:18:00",1,25]
[54285,"F47-000064",10,"CC",1,1980,"N","2020-07-15T07:18:00","2020-07-15T07:18:00","2020-07-15T07:18:00",1,10]
[54286,"F47-000065",50,"CC",1,1966,"N","2020-07-15T07:23:00","2020-07-15T07:23:00","2020-07-15T07:23:00",1,50]
[54287,"F47-000066",250,"CC",1,1975,"N","2020-07-15T07:24:00","2020-07-15T07:24:00","2020-07-15T07:24:00",1,250]
[54288,"F47-000067",100,"CC",1,1975,"N","2020-07-15T07:27:00","2020-07-15T07:27:00","2020-07-15T07:27:00",1,100]
[54289,"F47-000068",20,"CC",1,1958,"N","2020-07-15T07:27:00","2020-07-15T07:27:00","2020-07-15T07:27:00",1,20]
[54290,"F47-000069",64,"CC",1,1964,"N","2020-07-15T07:37:00","2020-07-15T07:37:00","2020-07-15T07:37:00",1,64]
[54291,"F47-000070",10,"CC",1,1980,"N","2020-07-15T07:46:00","2020-07-15T07:46:00","2020-07-15T07:46:00",1,10]
[54292,"F47-000071",100,"CC",1,1956,"N","2020-07-15T07:46:00","2020-07-15T07:46:00","2020-07-15T07:46:00",1,100]
[54293,"F47-000072",25,"CC",1,1956,"N","2020-07-15T07:48:00","2020-07-15T07:48:00","2020-07-15T07:48:00",1,25]
[54294,"F47-000073",100,"CC",1,1965,"N","2020-07-15T07:50:00","2020-07-15T07:50:00","2020-07-15T07:50:00",1,100]
[54295,"F47-000074",50,"CC",1,1977,"N","2020-07-15T07:50:00","2020-07-15T07:50:00","2020-07-15T07:50:00",1,50]
[54296,"F47-000075",100,"CC",1,1956,"N","2020-07-15T07:51:00","2020-07-15T07:52:00","2020-07-15T07:52:00",1,100]
[54297,"F47-000077",100,"CC",1,1958,"N","2020-07-15T07:56:00","2020-07-15T07:56:00","2020-07-15T07:56:00",1,100]
[54298,"F47-000078",50,"CC",1,1966,"N","2020-07-15T07:58:00","2020-07-15T07:58:00","2020-07-15T07:58:00",1,50]
[54299,"F47-000079",50,"CC",1,1989,"N","2020-07-15T07:59:00","2020-07-15T07:59:00","2020-07-15T07:59:00",1,50]
[54300,"F47-000080",25,"CC",1,1957,"N","2020-07-15T07:59:00","2020-07-15T07:59:00","2020-07-15T07:59:00",1,25]
[54301,"F47-000081",64.64,"CC",null,1964,"N","2020-07-15T08:07:00","2020-07-15T08:07:00","2020-07-15T08:07:00",1,64.64]
[54302,"F47-000082",25,"CC",1,1965,"N","2020-07-15T08:09:00","2020-07-15T08:09:00","2020-07-15T08:09:00",1,25]
[54303,"F47-000083",40,"CC",1,1948,"N","2020-07-15T08:11:00","2020-07-15T08:11:00","2020-07-15T08:11:00",1,40]
[54304,"F47-000084",50,"CC",1,1975,"N","2020-07-15T08:14:00","2020-07-15T08:14:00","2020-07-15T08:14:00",1,50]
[54305,"F47-000087",50,"CC",1,1986,"N","2020-07-15T08:16:00","2020-07-15T08:16:00","2020-07-15T08:16:00",1,50]
[54306,"F47-000088",100,"CC",1,1966,"N","2020-07-15T08:18:00","2020-07-15T08:18:00","2020-07-15T08:18:00",1,100]
[54307,"F47-000089",100,"CC",1,1968,"N","2020-07-15T08:21:00","2020-07-15T08:21:00","2020-07-15T08:21:00",1,100]
[54308,"F47-000090",100,"CC",1,1948,"N","2020-07-15T08:23:00","2020-07-15T08:23:00","2020-07-15T08:23:00",1,100]
[54309,"F47-000091",100,"CC",1,1975,"N","2020-07-15T08:23:00","2020-07-15T08:23:00","2020-07-15T08:23:00",1,100]
[54310,"F47-000092",50,"CC",1,1975,"N","2020-07-15T08:29:00","2020-07-15T08:29:00","2020-07-15T08:29:00",1,50]
[54311,"F47-000093",19.89,"CC",1,1989,"N","2020-07-15T08:30:00","2020-07-15T08:30:00","2020-07-15T08:30:00",1,19.89]
[54312,"F47-000094",50,"CC",1,1959,"N","2020-07-15T08:31:00","2020-07-15T08:31:00","2020-07-15T08:31:00",1,50]
[54313,"F47-000095",50,"CC",1,1985,"N","2020-07-15T08:36:00","2020-07-15T08:37:00","2020-07-15T08:37:00",1,50]
[54314,"F47-000096",100,"CC",1,1964,"N","2020-07-15T08:37:00","2020-07-15T08:37:00","2020-07-15T08:37:00",1,100]
[54315,"F47-000097",200,"CC",1,1966,"N","2020-07-15T08:39:00","2020-07-15T08:39:00","2020-07-15T08:39:00",1,200]
[54316,"F47-000098",15,"CC",6,1959,"N","2020-07-15T08:44:00","2020-07-15T08:44:00","2020-07-15T08:44:00",1,15]
[54317,"F47-000099",100,"CC",null,1946,"N","2020-07-15T08:47:00","2020-07-15T08:47:00","2020-07-15T08:47:00",1,100]
[54318,"F47-000100",100,"CC",1,1969,"N","2020-07-15T08:48:00","2020-07-15T08:48:00","2020-07-15T08:48:00",1,100]
[54319,"F47-000101",50,"CC",1,1958,"N","2020-07-15T08:48:00","2020-07-15T08:48:00","2020-07-15T08:48:00",1,50]
[54320,"F47-000102",25,"CC",1,1966,"N","2020-07-15T08:56:00","2020-07-15T08:56:00","2020-07-15T08:56:00",1,25]
[54321,"F47-000103",64,"CC",6,1964,"N","2020-07-15T09:02:00","2020-07-15T09:03:00","2020-07-15T09:03:00",1,64]
[54322,"F47-000105",25,"CC",1,1965,"N","2020-07-15T09:06:00","2020-07-15T09:06:00","2020-07-15T09:06:00",1,25]
[54323,"F47-000106",25,"CC",1,1959,"N","2020-07-15T09:08:00","2020-07-15T09:08:00","2020-07-15T09:08:00",1,25]
[54324,"F47-000107",50,"CC",1,1959,"N","2020-07-15T09:08:00","2020-07-15T09:08:00","2020-07-15T09:08:00",1,50]
[54325,"F47-000108",25,"CC",1,1980,"N","2020-07-15T09:08:00","2020-07-15T09:08:00","2020-07-15T09:08:00",1,25]
[54326,"F47-000109",25,"CC",1,1977,"N","2020-07-15T09:09:00","2020-07-15T09:09:00","2020-07-15T09:09:00",1,25]
[54327,"F47-000110",25,"CC",1,1968,"N","2020-07-15T09:09:00","2020-07-15T09:10:00","2020-07-15T09:10:00",1,25]
[54328,"F47-000111",35,"CC",1,1979,"N","2020-07-15T09:11:00","2020-07-15T09:11:00","2020-07-15T09:11:00",1,35]
[54329,"F47-000112",100,"CC",1,1975,"N","2020-07-15T09:11:00","2020-07-15T09:11:00","2020-07-15T09:11:00",1,100]
[54330,"F47-000113",25,"CC",null,1963,"N","2020-07-15T09:12:00","2020-07-15T09:12:00","2020-07-15T09:12:00",1,25]
[54331,"F47-000114",25,"CC",1,1989,"N","2020-07-15T09:14:00","2020-07-15T09:14:00","2020-07-15T09:14:00",1,25]
[54332,"F47-000115",50,"CC",5,1957,"N","2020-07-15T09:17:00","2020-07-15T09:17:00","2020-07-15T09:17:00",1,50]
[54333,"F47-000116",64,"CC",1,1964,"N","2020-07-15T09:20:00","2020-07-15T09:20:00","2020-07-15T09:20:00",1,64]
[54334,"F47-000117",100,"CC",1,1966,"N","2020-07-15T09:21:00","2020-07-15T09:21:00","2020-07-15T09:21:00",1,100]
[54335,"F47-000118",50,"CC",1,1959,"N","2020-07-15T09:26:00","2020-07-15T09:26:00","2020-07-15T09:26:00",1,50]
[54336,"F47-000119",20,"CC",1,1996,"N","2020-07-15T09:27:00","2020-07-15T09:27:00","2020-07-15T09:27:00",1,20]
[54337,"F47-000120",50,"CC",1,1966,"N","2020-07-15T09:35:00","2020-07-15T09:35:00","2020-07-15T09:35:00",1,50]
[54338,"F47-000121",50,"CC",1,1966,"N","2020-07-15T09:35:00","2020-07-15T09:35:00","2020-07-15T09:35:00",1,50]
[54339,"F47-000122",50,"CC",1,1958,"N","2020-07-15T09:39:00","2020-07-15T09:39:00","2020-07-15T09:39:00",1,50]
[54340,"F47-000123",100,"CC",1,1966,"N","2020-07-15T09:39:00","2020-07-15T09:39:00","2020-07-15T09:39:00",1,100]
[54341,"F47-000124",50,"CC",1,1959,"N","2020-07-15T09:46:00","2020-07-15T09:46:00","2020-07-15T09:46:00",1,50]
[54342,"F47-000125",150,"CC",6,1966,"N","2020-07-15T09:51:00","2020-07-15T09:51:00","2020-07-15T09:51:00",1,150]
[54343,"F47-000129",100,"CC",1,1964,"N","2020-07-15T09:52:00","2020-07-15T09:52:00","2020-07-15T09:52:00",1,100]
[54344,"F47-000130",250,"CC",1,1966,"N","2020-07-15T09:53:00","2020-07-15T09:53:00","2020-07-15T09:53:00",1,250]
[54345,"F47-000131",100,"CC",1,1958,"N","2020-07-15T09:57:00","2020-07-15T09:57:00","2020-07-15T09:57:00",1,100]
[54346,"F47-000132",50,"CC",1,1966,"N","2020-07-15T09:58:00","2020-07-15T09:59:00","2020-07-15T09:59:00",1,50]
[54347,"F47-000133",40,"CC",1,1969,"N","2020-07-15T10:02:00","2020-07-15T10:02:00","2020-07-15T10:02:00",1,40]
[54348,"F47-000134",250,"CC",1,1955,"N","2020-07-15T10:04:00","2020-07-15T10:04:00","2020-07-15T10:04:00",1,250]
[54349,"F47-000135",100,"CC",1,1965,"N","2020-07-15T10:14:00","2020-07-15T10:14:00","2020-07-15T10:14:00",1,100]
[54350,"F47-000136",100,"CC",1,1966,"N","2020-07-15T10:15:00","2020-07-15T10:15:00","2020-07-15T10:15:00",1,100]
[54351,"F47-000137",19.89,"CC",1,1989,"N","2020-07-15T10:18:00","2020-07-15T10:18:00","2020-07-15T10:18:00",1,19.89]
[54352,"F47-000138",100,"CC",1,1964,"N","2020-07-15T10:18:00","2020-07-15T10:18:00","2020-07-15T10:18:00",1,100]
[54353,"F47-000139",30,"CC",1,1966,"N","2020-07-15T10:19:00","2020-07-15T10:19:00","2020-07-15T10:19:00",1,30]
[54354,"F47-000140",19.89,"CC",1,1989,"N","2020-07-15T10:20:00","2020-07-15T10:20:00","2020-07-15T10:20:00",1,19.89]
[54355,"F47-000141",100,"CC",1,1966,"N","2020-07-15T10:20:00","2020-07-15T10:20:00","2020-07-15T10:20:00",1,100]
[54357,"F47-000143",1000,"CC",1,1989,"N","2020-07-15T10:22:00","2020-07-15T10:22:00","2020-07-15T10:22:00",1,1000]
[54358,"F47-000144",55,"CC",1,1955,"N","2020-07-15T10:22:00","2020-07-15T10:22:00","2020-07-15T10:22:00",1,55]
[54359,"F47-000145",100,"CC",1,1989,"N","2020-07-15T10:25:00","2020-07-15T10:25:00","2020-07-15T10:25:00",1,100]
[54360,"F47-000146",200,"CC",4,1948,"N","2020-07-15T10:27:00","2020-07-15T10:27:00","2020-07-15T10:27:00",1,200]
[54361,"F47-000147",100,"CC",1,1975,"N","2020-07-15T10:32:00","2020-07-15T10:32:00","2020-07-15T10:32:00",1,100]
[54362,"F47-000148",200,"CC",1,1958,"N","2020-07-15T10:33:00","2020-07-15T10:33:00","2020-07-15T10:33:00",1,200]
[54363,"F47-000151",50,"CC",1,1978,"N","2020-07-15T10:45:00","2020-07-15T10:45:00","2020-07-15T10:45:00",1,50]
[54364,"F47-000152",100,"CC",1,1958,"N","2020-07-15T10:48:00","2020-07-15T10:48:00","2020-07-15T10:48:00",1,100]
[54365,"F47-000153",25,"CC",5,1956,"N","2020-07-15T10:48:00","2020-07-15T10:49:00","2020-07-15T10:49:00",1,25]
[54366,"F47-000154",100,"CC",1,1965,"N","2020-07-15T11:02:00","2020-07-15T11:02:00","2020-07-15T11:02:00",1,100]
[54367,"F47-000155",25,"CC",1,1964,"N","2020-07-15T11:02:00","2020-07-15T11:02:00","2020-07-15T11:02:00",1,25]
[54368,"F47-000156",100,"CC",2,2023,"N","2020-07-15T11:03:00","2020-07-15T11:03:00","2020-07-15T11:03:00",1,100]
[54369,"F47-000157",50,"CC",1,1966,"N","2020-07-15T11:14:00","2020-07-15T11:14:00","2020-07-15T11:14:00",1,50]
[54370,"F47-000158",100,"CC",1,1966,"N","2020-07-15T11:14:00","2020-07-15T11:14:00","2020-07-15T11:14:00",1,100]
[54371,"F47-000159",50,"CC",1,1969,"N","2020-07-15T11:15:00","2020-07-15T11:15:00","2020-07-15T11:15:00",1,50]
[54372,"F47-000160",55,"CC",1,1955,"N","2020-07-15T11:17:00","2020-07-15T11:17:00","2020-07-15T11:17:00",1,55]
[54373,"F47-000161",25,"CC",1,1965,"N","2020-07-15T11:22:00","2020-07-15T11:22:00","2020-07-15T11:22:00",1,25]
[54374,"F47-000162",20,"CC",8,2016,"N","2020-07-15T11:23:00","2020-07-15T11:23:00","2020-07-15T11:23:00",1,20]
[54375,"F47-000163",5,"CC",11,null,"N","2020-07-15T11:31:00","2020-07-15T11:31:00","2020-07-15T11:31:00",1,5]
[54376,"F47-000164",50,"CC",1,1956,"N","2020-07-15T11:33:00","2020-07-15T11:33:00","2020-07-15T11:33:00",1,50]
[54377,"F47-000165",50,"CC",1,1949,"N","2020-07-15T11:34:00","2020-07-15T11:34:00","2020-07-15T11:34:00",1,50]
[54378,"F47-000166",40,"CC",1,1957,"N","2020-07-15T11:36:00","2020-07-15T11:36:00","2020-07-15T11:36:00",1,40]
[54379,"F47-000167",45,"CC",1,1958,"N","2020-07-15T11:37:00","2020-07-15T11:37:00","2020-07-15T11:37:00",1,45]
[54380,"F47-000168",100,"CC",1,1979,"N","2020-07-15T11:49:00","2020-07-15T11:49:00","2020-07-15T11:49:00",1,100]
[54381,"F47-000169",100,"CC",1,1966,"N","2020-07-15T11:50:00","2020-07-15T11:50:00","2020-07-15T11:50:00",1,100]
[54382,"F47-000170",100,"CC",1,1966,"N","2020-07-15T11:51:00","2020-07-15T11:51:00","2020-07-15T11:51:00",1,100]
[54383,"F47-000171",19.77,"CC",1,1977,"N","2020-07-15T11:51:00","2020-07-15T11:51:00","2020-07-15T11:51:00",1,19.77]
[54384,"F47-000172",50,"CC",11,null,"N","2020-07-15T11:51:00","2020-07-15T11:51:00","2020-07-15T11:51:00",1,50]
[54385,"F47-000173",56,"CC",1,1956,"N","2020-07-15T11:52:00","2020-07-15T11:52:00","2020-07-15T11:52:00",1,56]
[54386,"F47-000174",250,"CC",1,1959,"N","2020-07-15T11:59:00","2020-07-15T11:59:00","2020-07-15T11:59:00",1,250]
[54387,"F47-000175",35,"CC",1,1969,"N","2020-07-15T12:09:00","2020-07-15T12:09:00","2020-07-15T12:09:00",1,35]
[54388,"F47-000176",50,"CC",1,1969,"N","2020-07-15T12:09:00","2020-07-15T12:09:00","2020-07-15T12:09:00",1,50]
[54389,"F47-000177",25,"CC",1,1969,"N","2020-07-15T12:12:00","2020-07-15T12:12:00","2020-07-15T12:12:00",1,25]
[54390,"F47-000178",100,"CC",1,1972,"N","2020-07-15T12:15:00","2020-07-15T12:15:00","2020-07-15T12:15:00",1,100]
[54391,"F47-000179",50,"CC",11,null,"N","2020-07-15T12:22:00","2020-07-15T12:22:00","2020-07-15T12:22:00",1,50]
[54392,"F47-000183",66,"CC",1,1966,"N","2020-07-15T12:30:00","2020-07-15T12:30:00","2020-07-15T12:30:00",1,66]
[54393,"F47-000184",100,"CC",1,1966,"N","2020-07-15T12:34:00","2020-07-15T12:34:00","2020-07-15T12:34:00",1,100]
[54394,"F47-000185",25,"CC",1,1966,"N","2020-07-15T12:39:00","2020-07-15T12:39:00","2020-07-15T12:39:00",1,25]
[54395,"F47-000186",25,"CC",1,1965,"N","2020-07-15T12:44:00","2020-07-15T12:44:00","2020-07-15T12:44:00",1,25]
[54396,"F47-000187",50,"CC",1,1958,"N","2020-07-15T12:45:00","2020-07-15T12:45:00","2020-07-15T12:45:00",1,50]
[54397,"F47-000188",35,"CC",1,1958,"N","2020-07-15T12:49:00","2020-07-15T12:49:00","2020-07-15T12:49:00",1,35]
[54398,"F47-000189",20,"CC",11,null,"N","2020-07-15T12:51:00","2020-07-15T12:51:00","2020-07-15T12:51:00",1,20]
[54399,"F47-000190",10,"CC",1,1978,"N","2020-07-15T12:55:00","2020-07-15T12:55:00","2020-07-15T12:55:00",1,10]
[54400,"F47-000191",15,"CC",1,1969,"N","2020-07-15T12:57:00","2020-07-15T12:57:00","2020-07-15T12:57:00",1,15]
[54401,"F47-000192",59,"CC",1,1959,"N","2020-07-15T13:05:00","2020-07-15T13:05:00","2020-07-15T13:05:00",1,59]
[54402,"F47-000193",69.69,"CC",1,1969,"N","2020-07-15T13:14:00","2020-07-15T13:14:00","2020-07-15T13:14:00",1,69.69]
[54403,"F47-000194",69,"CC",1,1969,"N","2020-07-15T13:17:00","2020-07-15T13:17:00","2020-07-15T13:17:00",1,69]
[54404,"F47-000195",100,"CC",1,1948,"N","2020-07-15T13:20:00","2020-07-15T13:20:00","2020-07-15T13:20:00",1,100]
[54405,"F47-000196",100,"CC",1,1975,"N","2020-07-15T13:26:00","2020-07-15T13:26:00","2020-07-15T13:26:00",1,100]
[54406,"F47-000197",5,"CC",11,null,"N","2020-07-15T13:35:00","2020-07-15T13:35:00","2020-07-15T13:35:00",1,5]
[54407,"F47-000198",50,"CC",1,1967,"N","2020-07-15T13:58:00","2020-07-15T13:58:00","2020-07-15T13:58:00",1,50]
[54408,"F47-000199",50,"CC",1,1979,"N","2020-07-15T14:06:00","2020-07-15T14:06:00","2020-07-15T14:06:00",1,50]
[54409,"F47-000200",100,"CC",1,1945,"N","2020-07-15T14:06:00","2020-07-15T14:06:00","2020-07-15T14:06:00",1,100]
[54410,"F47-000201",100,"CC",1,1958,"N","2020-07-15T14:18:00","2020-07-15T14:18:00","2020-07-15T14:18:00",1,100]
[54411,"F47-000202",100,"CC",1,1964,"N","2020-07-15T14:19:00","2020-07-15T14:19:00","2020-07-15T14:19:00",1,100]
[54412,"F47-000203",20,"CC",1,1964,"N","2020-07-15T14:33:00","2020-07-15T14:33:00","2020-07-15T14:33:00",1,20]
[54413,"F47-000204",100,"CC",1,1964,"N","2020-07-15T14:46:00","2020-07-15T14:46:00","2020-07-15T14:46:00",1,100]
[54414,"F47-000205",50,"CC",1,1948,"N","2020-07-15T14:49:00","2020-07-15T14:50:00","2020-07-15T14:50:00",1,50]
[54415,"F47-000206",64,"CC",1,1964,"N","2020-07-15T14:55:00","2020-07-15T14:56:00","2020-07-15T14:56:00",1,64]
[54416,"F47-000207",50,"CC",1,1956,"N","2020-07-15T14:56:00","2020-07-15T14:56:00","2020-07-15T14:56:00",1,50]
[54417,"F47-000208",100,"CC",1,1958,"N","2020-07-15T14:57:00","2020-07-15T14:57:00","2020-07-15T14:57:00",1,100]
[54418,"F47-000209",100,"CC",1,1969,"N","2020-07-15T15:10:00","2020-07-15T15:10:00","2020-07-15T15:10:00",1,100]
[54419,"F47-000210",100,"CC",1,1966,"N","2020-07-15T15:13:00","2020-07-15T15:13:00","2020-07-15T15:13:00",1,100]
[54420,"F47-000211",25,"CC",1,1986,"N","2020-07-15T15:13:00","2020-07-15T15:13:00","2020-07-15T15:13:00",1,25]
[54421,"F47-000212",200,"CC",4,1965,"N","2020-07-15T15:17:00","2020-07-15T15:17:00","2020-07-15T15:17:00",1,200]
[54422,"F47-000213",50,"CC",1,1958,"N","2020-07-15T15:27:00","2020-07-15T15:27:00","2020-07-15T15:27:00",1,50]
[54423,"F47-000214",25,"CC",1,1958,"N","2020-07-15T15:28:00","2020-07-15T15:28:00","2020-07-15T15:28:00",1,25]
[54424,"F47-000215",100,"CC",4,null,"N","2020-07-15T15:56:00","2020-07-15T15:56:00","2020-07-15T15:56:00",1,100]
[54425,"F47-000216",50,"CC",1,1964,"N","2020-07-15T15:58:00","2020-07-15T15:58:00","2020-07-15T15:58:00",1,50]
[54426,"F47-000217",25,"CC",1,1978,"N","2020-07-15T16:01:00","2020-07-15T16:01:00","2020-07-15T16:01:00",1,25]
[54427,"F47-000218",100,"CC",1,1975,"N","2020-07-15T16:03:00","2020-07-15T16:03:00","2020-07-15T16:03:00",1,100]
[54428,"F47-000219",100,"CC",1,1968,"N","2020-07-15T16:08:00","2020-07-15T16:08:00","2020-07-15T16:08:00",1,100]
[54429,"F47-000220",40,"CC",1,1948,"N","2020-07-15T16:13:00","2020-07-15T16:13:00","2020-07-15T16:13:00",1,40]
[54430,"F47-000221",250,"CC",1,1966,"N","2020-07-15T16:14:00","2020-07-15T16:14:00","2020-07-15T16:14:00",1,250]
[54431,"F47-000222",50,"CC",1,1959,"N","2020-07-15T16:25:00","2020-07-15T16:25:00","2020-07-15T16:25:00",1,50]
[54432,"F47-000223",25,"CC",1,1969,"N","2020-07-15T16:29:00","2020-07-15T16:29:00","2020-07-15T16:29:00",1,25]
[54433,"F47-000224",180,"CC",1,1964,"N","2020-07-15T16:40:00","2020-07-15T16:40:00","2020-07-15T16:40:00",1,180]
[54434,"F47-000225",1957,"CC",1,1957,"N","2020-07-15T16:41:00","2020-07-15T16:41:00","2020-07-15T16:41:00",1,1957]
[54435,"F47-000226",100,"CC",1,1957,"N","2020-07-15T16:54:00","2020-07-15T16:54:00","2020-07-15T16:54:00",1,100]
[54436,"F47-000227",30,"CC",1,1975,"N","2020-07-15T17:03:00","2020-07-15T17:03:00","2020-07-15T17:03:00",1,30]
[54437,"F47-000228",100,"CC",1,1967,"N","2020-07-15T17:32:00","2020-07-15T17:32:00","2020-07-15T17:32:00",1,100]
[54438,"F47-000229",25,"CC",1,1959,"N","2020-07-15T18:25:00","2020-07-15T18:25:00","2020-07-15T18:25:00",1,25]
[54439,"F47-000230",100,"CC",1,1951,"N","2020-07-15T18:42:00","2020-07-15T18:42:00","2020-07-15T18:42:00",1,100]
[54440,"F47-000231",100,"CC",1,1968,"N","2020-07-15T18:56:00","2020-07-15T18:56:00","2020-07-15T18:56:00",1,100]
[54441,"F47-000232",50,"CC",1,1958,"N","2020-07-15T19:05:00","2020-07-15T19:05:00","2020-07-15T19:05:00",1,50]
[54442,"F47-000233",100,"CC",1,1964,"N","2020-07-15T19:17:00","2020-07-15T19:17:00","2020-07-15T19:17:00",1,100]
[54443,"F47-000234",10,"CC",11,null,"N","2020-07-15T19:23:00","2020-07-15T19:24:00","2020-07-15T19:24:00",1,10]
[54444,"F47-000235",50,"CC",1,1966,"N","2020-07-15T19:33:00","2020-07-15T19:34:00","2020-07-15T19:34:00",1,50]
[54445,"F47-000236",50,"CC",1,1979,"N","2020-07-15T19:34:00","2020-07-15T19:34:00","2020-07-15T19:34:00",1,50]
[54446,"F47-000237",50,"CC",1,1979,"N","2020-07-15T19:37:00","2020-07-15T19:37:00","2020-07-15T19:37:00",1,50]
[54447,"F47-000238",50,"CC",1,1964,"N","2020-07-15T19:42:00","2020-07-15T19:43:00","2020-07-15T19:43:00",1,50]
[54448,"F47-000239",100,"CC",1,1966,"N","2020-07-15T19:46:00","2020-07-15T19:46:00","2020-07-15T19:46:00",1,100]
[54449,"F47-000240",50,"CC",1,1965,"N","2020-07-15T19:57:00","2020-07-15T19:57:00","2020-07-15T19:57:00",1,50]
[54450,"F47-000241",150,"CC",1,1975,"N","2020-07-15T20:18:00","2020-07-15T20:18:00","2020-07-15T20:18:00",1,150]
[54451,"F47-000242",100,"CC",1,1958,"N","2020-07-15T20:43:00","2020-07-15T20:43:00","2020-07-15T20:43:00",1,100]
[54452,"F47-000243",50,"CC",1,1975,"N","2020-07-15T20:44:00","2020-07-15T20:44:00","2020-07-15T20:44:00",1,50]
[54453,"F47-000244",100,"CC",1,1975,"N","2020-07-15T21:27:00","2020-07-15T21:27:00","2020-07-15T21:27:00",1,100]
[54454,"F47-000245",25,"CC",13,null,"N","2020-07-15T22:30:00","2020-07-15T22:30:00","2020-07-15T22:30:00",1,25]
[54455,"F47-000246",19.89,"CC",1,1989,"N","2020-07-15T22:48:00","2020-07-15T22:48:00","2020-07-15T22:48:00",1,19.89]
[54456,"F47-000247",50,"CC",1,1989,"N","2020-07-15T22:53:00","2020-07-15T22:53:00","2020-07-15T22:53:00",1,50]
[54457,"EF47-000219",20,"PayPal",2,2015,"N","2020-06-28","2020-07-16T02:09:00","2020-07-16T02:09:00",1,"None. Donation by check."]
[54458,"EF47-000220",10,"PayPal",1,1986,"N","2020-06-29","2020-07-16T02:10:00","2020-07-16T02:10:00",1,"None. Donation by check."]
[54459,"EF47-000221",10,"PayPal",1,2007,"N","2020-07-02","2020-07-16T02:11:00","2020-07-16T02:11:00",1,"None. Donation by check."]
[54460,"EF47-000222",58,"PayPal",1,1958,"N","2020-07-04","2020-07-16T02:12:00","2020-07-16T02:12:00",1,"None. Donation by check."]
[54461,"EF47-000223",3,"PayPal",1,1975,"N","2020-07-04","2020-07-16T02:13:00","2020-07-16T02:13:00",1,"None. Donation by check."]
[54462,"EF47-000224",20,"PayPal",1,1977,"N","2020-07-05","2020-07-16T02:14:00","2020-07-16T02:14:00",1,"None. Donation by check."]
[54463,"EF47-000225",5,"PayPal",1,1978,"N","2020-07-06","2020-07-16T02:15:00","2020-07-16T02:15:00",1,"None. Donation by check."]
[54464,"EF47-000226",10,"PayPal",2,2019,"N","2020-07-08","2020-07-16T02:16:00","2020-07-16T02:16:00",1,"None. Donation by check."]
[54465,"EF47-000227",10,"PayPal",1,1965,"N","2020-07-11","2020-07-16T02:17:00","2020-07-16T02:17:00",1,"None. Donation by check."]
[54466,"EF47-000228",10,"PayPal",1,1981,"N","2020-07-11","2020-07-16T02:18:00","2020-07-16T02:18:00",1,"None. Donation by check."]
[54467,"EF47-000229",25,"PayPal",1,2005,"N","2020-07-14","2020-07-16T02:19:00","2020-07-16T02:19:00",1,"None. Donation by check."]
[54468,"EF47-000230",10,"PayPal",1,1978,"N","2020-07-15","2020-07-16T02:21:00","2020-07-16T02:21:00",1,"None. Donation by check."]
[54469,"EF47-000231",10,"PayPal",1,1966,"N","2020-07-15","2020-07-16T02:22:00","2020-07-16T02:22:00",1,"None. Donation by check."]
[54470,"EF47-000232",50,"PayPal",1,1984,"N","2020-07-15","2020-07-16T02:23:00","2020-07-16T02:23:00",1,"None. Donation by check."]
[54471,"EF47-000233",25,"PayPal",1,1958,"N","2020-07-15","2020-07-16T02:25:00","2020-07-16T02:25:00",1,"None. Donation by check."]
[54472,"EF47-000234",25,"PayPal",1,1969,"N","2020-07-15","2020-07-16T02:26:00","2020-07-16T02:26:00",1,"None. Donation by check."]
[54473,"EF47-000235",25,"PayPal",1,1995,"N","2020-07-15","2020-07-16T02:27:00","2020-07-16T02:27:00",1,"None. Donation by check."]
[54474,"EF47-000236",50,"PayPal",5,1959,"N","2020-07-15","2020-07-16T02:28:00","2020-07-16T02:29:00",1,"None. Donation by check."]
[54475,"EF47-000237",50,"PayPal",1,1967,"N","2020-07-15","2020-07-16T02:30:00","2020-07-16T02:30:00",1,"None. Donation by check."]
[54476,"EF47-000238",20,"PayPal",1,1979,"N","2020-07-15","2020-07-16T02:31:00","2020-07-16T02:31:00",1,"None. Donation by check."]
[54477,"F47-000248",25,"CC",1,1962,"N","2020-07-16T04:57:00","2020-07-16T04:57:00","2020-07-16T04:57:00",1,25]
[54478,"F47-000249",20,"CC",1,1989,"N","2020-07-16T06:08:00","2020-07-16T06:08:00","2020-07-16T06:08:00",1,20]
[54479,"F47-000250",30,"CC",1,1963,"N","2020-07-16T06:44:00","2020-07-16T06:45:00","2020-07-16T06:45:00",1,30]
[54480,"F47-000251",100,"CC",1,1975,"N","2020-07-16T08:13:00","2020-07-16T08:13:00","2020-07-16T08:13:00",1,100]
[54481,"F47-000252",77,"CC",1,1977,"N","2020-07-16T08:31:00","2020-07-16T08:31:00","2020-07-16T08:31:00",1,77]
[54482,"F47-000253",50,"CC",1,1978,"N","2020-07-16T08:36:00","2020-07-16T08:36:00","2020-07-16T08:36:00",1,50]
[54483,"F47-000254",1000,"CC",5,1955,"N","2020-07-16T08:53:00","2020-07-16T08:53:00","2020-07-16T08:53:00",1,1000]
[54484,"F47-000255",100,"CC",1,1975,"N","2020-07-16T09:19:00","2020-07-16T09:19:00","2020-07-16T09:19:00",1,100]
[54485,"F47-000256",50,"CC",5,1949,"N","2020-07-16T09:19:00","2020-07-16T09:19:00","2020-07-16T09:19:00",1,50]
[54486,"F47-000257",50,"CC",1,1957,"N","2020-07-16T09:19:00","2020-07-16T09:19:00","2020-07-16T09:19:00",1,50]
[54487,"F47-000258",19.63,"CC",1,1963,"N","2020-07-16T09:30:00","2020-07-16T09:30:00","2020-07-16T09:30:00",1,19.63]
[54488,"F47-000259",20,"CC",11,1941,"N","2020-07-16T09:59:00","2020-07-16T09:59:00","2020-07-16T09:59:00",1,20]
[54489,"F47-000260",100,"CC",1,1971,"N","2020-07-16T10:26:00","2020-07-16T10:27:00","2020-07-16T10:27:00",1,100]
[54490,"F47-000261",25,"CC",1,1958,"N","2020-07-16T10:29:00","2020-07-16T10:29:00","2020-07-16T10:29:00",1,25]
[54491,"F47-000262",200,"CC",1,1980,"N","2020-07-16T10:51:00","2020-07-16T10:51:00","2020-07-16T10:51:00",1,200]
[54492,"F47-000263",50,"CC",1,1966,"N","2020-07-16T10:52:00","2020-07-16T10:52:00","2020-07-16T10:52:00",1,50]
[54493,"F47-000264",50,"CC",1,1969,"N","2020-07-16T10:54:00","2020-07-16T10:54:00","2020-07-16T10:54:00",1,50]
[54494,"F47-000265",25,"CC",1,1993,"N","2020-07-16T10:56:00","2020-07-16T10:56:00","2020-07-16T10:56:00",1,25]
[54495,"F47-000266",100,"CC",1,1975,"N","2020-07-16T11:08:00","2020-07-16T11:08:00","2020-07-16T11:08:00",1,100]
[54496,"F47-000267",50,"CC",1,1968,"N","2020-07-16T11:25:00","2020-07-16T11:25:00","2020-07-16T11:25:00",1,50]
[54497,"F47-000268",100,"CC",null,null,"N","2020-07-16T12:05:00","2020-07-16T12:05:00","2020-07-16T12:05:00",1,100]
[54498,"F47-000269",64,"CC",5,1964,"N","2020-07-16T12:28:00","2020-07-16T12:28:00","2020-07-16T12:28:00",1,64]
[54499,"F47-000270",25,"CC",1,1955,"N","2020-07-16T12:39:00","2020-07-16T12:39:00","2020-07-16T12:39:00",1,25]
[54500,"F47-000271",50,"CC",1,1964,"N","2020-07-16T12:43:00","2020-07-16T12:43:00","2020-07-16T12:43:00",1,50]
[54501,"F47-000272",19.89,"CC",1,1989,"N","2020-07-16T12:47:00","2020-07-16T12:47:00","2020-07-16T12:47:00",1,19.89]
[54502,"F47-000273",150,"CC",1,1978,"N","2020-07-16T12:47:00","2020-07-16T12:48:00","2020-07-16T12:48:00",1,150]
[54503,"F47-000274",50,"CC",1,1958,"N","2020-07-16T12:53:00","2020-07-16T12:53:00","2020-07-16T12:53:00",1,50]
[54504,"F47-000275",25,"CC",1,1957,"N","2020-07-16T12:54:00","2020-07-16T12:54:00","2020-07-16T12:54:00",1,25]
[54505,"F47-000278",10,"CC",1,1975,"N","2020-07-16T12:56:00","2020-07-16T12:56:00","2020-07-16T12:56:00",1,10]
[54506,"F47-000279",100,"CC",1,1958,"N","2020-07-16T13:01:00","2020-07-16T13:01:00","2020-07-16T13:01:00",1,100]
[54507,"F47-000280",100,"CC",1,1946,"N","2020-07-16T13:13:00","2020-07-16T13:13:00","2020-07-16T13:13:00",1,100]
[54508,"F47-000281",50,"CC",1,1975,"N","2020-07-16T13:26:00","2020-07-16T13:26:00","2020-07-16T13:26:00",1,50]
[54509,"F47-000282",100,"CC",1,1964,"N","2020-07-16T13:27:00","2020-07-16T13:27:00","2020-07-16T13:27:00",1,100]
[54510,"F47-000283",100,"CC",1,1978,"N","2020-07-16T14:03:00","2020-07-16T14:03:00","2020-07-16T14:03:00",1,100]
[54511,"F47-000284",50,"CC",1,1959,"N","2020-07-16T14:04:00","2020-07-16T14:04:00","2020-07-16T14:04:00",1,50]
[54512,"F47-000285",25,"CC",1,1949,"N","2020-07-16T14:06:00","2020-07-16T14:06:00","2020-07-16T14:06:00",1,25]
[54513,"F47-000286",64,"CC",1,1964,"N","2020-07-16T14:15:00","2020-07-16T14:15:00","2020-07-16T14:15:00",1,64]
[54514,"F47-000287",25,"CC",1,1955,"N","2020-07-16T14:53:00","2020-07-16T14:53:00","2020-07-16T14:53:00",1,25]
[54515,"F47-000288",19.63,"CC",1,1963,"N","2020-07-16T15:23:00","2020-07-16T15:23:00","2020-07-16T15:23:00",1,19.63]
[54516,"F47-000289",50,"CC",1,1965,"N","2020-07-16T15:34:00","2020-07-16T15:34:00","2020-07-16T15:34:00",1,50]
[54517,"F47-000290",100,"CC",1,1967,"N","2020-07-16T15:36:00","2020-07-16T15:36:00","2020-07-16T15:36:00",1,100]
[54518,"F47-000291",110,"CC",1,1955,"N","2020-07-16T16:28:00","2020-07-16T16:28:00","2020-07-16T16:28:00",1,110]
[54519,"F47-000292",100,"CC",1,1964,"N","2020-07-16T16:34:00","2020-07-16T16:34:00","2020-07-16T16:34:00",1,100]
[54520,"F47-000293",64,"CC",1,1964,"N","2020-07-16T16:51:00","2020-07-16T16:51:00","2020-07-16T16:51:00",1,64]
[54521,"F47-000294",55,"CC",1,1955,"N","2020-07-16T17:12:00","2020-07-16T17:12:00","2020-07-16T17:12:00",1,55]
[54522,"F47-000296",100,"CC",1,1963,"N","2020-07-16T18:06:00","2020-07-16T18:06:00","2020-07-16T18:06:00",1,100]
[54523,"F47-000297",50,"CC",1,1955,"N","2020-07-16T18:52:00","2020-07-16T18:52:00","2020-07-16T18:52:00",1,50]
[54524,"EF47-000239",30,"PayPal",1,1969,"N","2020-07-16","2020-07-16T22:29:00","2020-07-16T22:29:00",1,"None. Donation by check."]
[54525,"EF47-000240",100,"PayPal",1,1975,"N","2020-07-16","2020-07-16T22:31:00","2020-07-16T22:31:00",1,"None. Donation by check."]
[54526,"EF47-000241",100,"PayPal",5,1955,"N","2020-07-16","2020-07-16T22:34:00","2020-07-16T22:34:00",1,"None. Donation by check."]
[54527,"EF47-000242",100,"PayPal",1,1965,"N","2020-07-16","2020-07-16T22:35:00","2020-07-16T22:35:00",1,"None. Donation by check."]
[54528,"F47-000298",25,"CC",1,1968,"N","2020-07-17T06:23:00","2020-07-17T06:23:00","2020-07-17T06:23:00",1,25]
[54529,"F47-000299",200,"CC",2,2001,"N","2020-07-17T07:24:00","2020-07-17T07:24:00","2020-07-17T07:24:00",1,200]
[54530,"F47-000300",100,"CC",1,1965,"N","2020-07-17T07:48:00","2020-07-17T07:48:00","2020-07-17T07:48:00",1,100]
[54531,"F47-000301",100,"CC",5,1951,"N","2020-07-17T08:23:00","2020-07-17T08:23:00","2020-07-17T08:23:00",1,100]
[54532,"F47-000302",100,"CC",1,1964,"N","2020-07-17T09:56:00","2020-07-17T09:56:00","2020-07-17T09:56:00",1,100]
[54533,"F47-000303",100,"CC",1,1969,"N","2020-07-17T09:58:00","2020-07-17T09:58:00","2020-07-17T09:58:00",1,100]
[54534,"F47-000304",100,"CC",1,1964,"N","2020-07-17T09:59:00","2020-07-17T09:59:00","2020-07-17T09:59:00",1,100]
[54535,"F47-000305",200,"CC",1,1975,"N","2020-07-17T10:06:00","2020-07-17T10:06:00","2020-07-17T10:06:00",1,200]
[54536,"F47-000306",100,"CC",1,1964,"N","2020-07-17T10:33:00","2020-07-17T10:33:00","2020-07-17T10:33:00",1,100]
[54537,"F47-000307",100,"CC",1,1955,"N","2020-07-17T10:37:00","2020-07-17T10:37:00","2020-07-17T10:37:00",1,100]
[54538,"F47-000308",100,"CC",1,1963,"N","2020-07-17T11:06:00","2020-07-17T11:06:00","2020-07-17T11:06:00",1,100]
[54539,"F47-000309",50,"CC",1,1960,"N","2020-07-17T11:54:00","2020-07-17T11:54:00","2020-07-17T11:54:00",1,50]
[54540,"F47-000310",50,"CC",1,1975,"N","2020-07-17T12:12:00","2020-07-17T12:12:00","2020-07-17T12:12:00",1,50]
[54541,"F47-000311",100,"CC",1,1969,"N","2020-07-17T12:26:00","2020-07-17T12:27:00","2020-07-17T12:27:00",1,100]
[54542,"F47-000312",64,"CC",1,1964,"N","2020-07-17T13:09:00","2020-07-17T13:09:00","2020-07-17T13:09:00",1,64]
[54543,"F47-000313",30,"CC",1,1989,"N","2020-07-17T13:19:00","2020-07-17T13:19:00","2020-07-17T13:19:00",1,30]
[54544,"F47-000314",10,"CC",1,1969,"N","2020-07-17T13:42:00","2020-07-17T13:42:00","2020-07-17T13:42:00",1,10]
[54545,"F47-000315",67,"CC",1,1967,"N","2020-07-17T14:23:00","2020-07-17T14:23:00","2020-07-17T14:23:00",1,67]
[54546,"F47-000316",64,"CC",1,1964,"N","2020-07-17T14:28:00","2020-07-17T14:28:00","2020-07-17T14:28:00",1,64]
[54547,"F47-000317",50,"CC",11,null,"N","2020-07-17T14:41:00","2020-07-17T14:41:00","2020-07-17T14:41:00",1,50]
[54548,"F47-000318",50,"CC",1,1975,"N","2020-07-17T15:19:00","2020-07-17T15:19:00","2020-07-17T15:19:00",1,50]
[54549,"F47-000319",50,"CC",1,1969,"N","2020-07-17T15:32:00","2020-07-17T15:32:00","2020-07-17T15:32:00",1,50]
[54550,"F47-000320",30,"CC",1,1966,"N","2020-07-17T15:50:00","2020-07-17T15:50:00","2020-07-17T15:50:00",1,30]
[54551,"F47-000321",100,"CC",1,1967,"N","2020-07-17T17:23:00","2020-07-17T17:24:00","2020-07-17T17:24:00",1,100]
[54552,"F47-000322",50,"CC",1,1958,"N","2020-07-17T18:03:00","2020-07-17T18:03:00","2020-07-17T18:03:00",1,50]
[54553,"F47-000323",30,"CC",1,1980,"N","2020-07-17T18:14:00","2020-07-17T18:15:00","2020-07-17T18:15:00",1,30]
[54554,"F47-000324",100,"CC",1,1957,"N","2020-07-17T20:07:00","2020-07-17T20:08:00","2020-07-17T20:08:00",1,100]
[54555,"F47-000325",100,"CC",1,1962,"N","2020-07-17T21:14:00","2020-07-17T21:14:00","2020-07-17T21:14:00",1,100]
[54556,"F47-000326",50,"CC",1,1957,"N","2020-07-18T09:06:00","2020-07-18T09:06:00","2020-07-18T09:06:00",1,50]
[54557,"F47-000327",50,"CC",1,1980,"N","2020-07-18T09:28:00","2020-07-18T09:28:00","2020-07-18T09:28:00",1,50]
[54558,"F47-000328",40,"CC",11,1944,"N","2020-07-18T09:36:00","2020-07-18T09:36:00","2020-07-18T09:36:00",1,40]
[54559,"F47-000329",55,"CC",1,1955,"N","2020-07-18T10:50:00","2020-07-18T10:51:00","2020-07-18T10:51:00",1,55]
[54560,"F47-000330",55,"CC",1,1955,"N","2020-07-18T12:14:00","2020-07-18T12:14:00","2020-07-18T12:14:00",1,55]
[54561,"F47-000331",150,"CC",2,2011,"N","2020-07-18T12:20:00","2020-07-18T12:20:00","2020-07-18T12:20:00",1,150]
[54562,"F47-000332",100,"CC",1,1969,"N","2020-07-18T12:48:00","2020-07-18T12:48:00","2020-07-18T12:48:00",1,100]
[54563,"F47-000333",100,"CC",1,1959,"N","2020-07-18T12:52:00","2020-07-18T12:52:00","2020-07-18T12:52:00",1,100]
[54564,"F47-000334",50,"CC",1,1950,"N","2020-07-18T15:35:00","2020-07-18T15:35:00","2020-07-18T15:35:00",1,50]
[54565,"F47-000338",50,"CC",null,1948,"N","2020-07-18T15:40:00","2020-07-18T15:41:00","2020-07-18T15:41:00",1,50]
[54566,"F47-000339",25,"CC",1,1958,"N","2020-07-18T15:50:00","2020-07-18T15:50:00","2020-07-18T15:50:00",1,25]
[54567,"EF47-000243",158,"Personal Check",1,1958,"N","2020-07-15","2020-07-18T17:17:00","2020-07-18T17:17:00",1,"None. Donation by check."]
[54568,"EF47-000244",100,"Personal Check",1,1958,"N","2020-07-15","2020-07-18T17:20:00","2020-07-18T17:20:00",1,"None. Donation by check."]
[54569,"EF47-000245",51,"Personal Check",1,1951,"N","2020-07-15","2020-07-18T17:21:00","2020-07-18T17:21:00",1,"None. Donation by check."]
[54570,"EF47-000246",50,"Personal Check",1,1969,"N","2020-07-15","2020-07-18T17:22:00","2020-07-18T17:22:00",1,"None. Donation by check."]
[54571,"EF47-000247",60,"Personal Check",1,1966,"N","2020-07-15","2020-07-18T17:24:00","2020-07-18T17:24:00",1,"None. Donation by check."]
[54572,"EF47-000248",25,"Personal Check",1,1963,"N","2020-07-15","2020-07-18T17:25:00","2020-07-18T17:25:00",1,"None. Donation by check."]
[54573,"EF47-000249",50,"Personal Check",1,1956,"N","2020-07-15","2020-07-18T17:27:00","2020-07-18T17:27:00",1,"None. Donation by check."]
[54574,"EF47-000250",50,"Personal Check",1,1948,"N","2020-07-13","2020-07-18T17:30:00","2020-07-18T17:30:00",1,"None. Donation by check."]
[54575,"F47-000340",19.79,"CC",1,1979,"N","2020-07-18T19:39:00","2020-07-18T19:40:00","2020-07-18T19:40:00",1,19.79]
[54576,"F47-000341",40,"CC",2,2008,"N","2020-07-18T21:00:00","2020-07-18T21:00:00","2020-07-18T21:00:00",1,40]
[54577,"F47-000342",50,"CC",1,1978,"N","2020-07-19T09:59:00","2020-07-19T09:59:00","2020-07-19T09:59:00",1,50]
[54578,"F47-000343",25,"CC",1,1966,"N","2020-07-19T14:23:00","2020-07-19T14:23:00","2020-07-19T14:23:00",1,25]
[54579,"F47-000344",50,"CC",1,1960,"N","2020-07-19T14:52:00","2020-07-19T14:52:00","2020-07-19T14:52:00",1,50]
[54580,"F47-000345",100,"CC",1,1965,"N","2020-07-19T15:11:00","2020-07-19T15:11:00","2020-07-19T15:11:00",1,100]
[54581,"F47-000346",50,"CC",1,1966,"N","2020-07-19T15:28:00","2020-07-19T15:28:00","2020-07-19T15:28:00",1,50]
[54582,"F47-000347",50,"CC",1,1975,"N","2020-07-19T15:36:00","2020-07-19T15:36:00","2020-07-19T15:36:00",1,50]
[54583,"F47-000348",55,"CC",1,1955,"N","2020-07-19T15:54:00","2020-07-19T15:54:00","2020-07-19T15:54:00",1,55]
[54584,"F47-000349",51,"CC",1,1951,"N","2020-07-19T17:03:00","2020-07-19T17:03:00","2020-07-19T17:03:00",1,51]
[54585,"F47-000350",50,"CC",1,1977,"N","2020-07-19T17:38:00","2020-07-19T17:39:00","2020-07-19T17:39:00",1,50]
[54586,"F47-000351",200,"CC",1,1985,"N","2020-07-20T02:26:00","2020-07-20T02:26:00","2020-07-20T02:26:00",1,200]
[54587,"F47-000352",64,"CC",null,1964,"N","2020-07-20T02:48:00","2020-07-20T02:48:00","2020-07-20T02:48:00",1,64]
[54588,"F47-000353",25,"CC",1,1956,"N","2020-07-20T09:32:00","2020-07-20T09:32:00","2020-07-20T09:32:00",1,25]
[54589,"F47-000357",100,"CC",1,1966,"N","2020-07-20T12:30:00","2020-07-20T12:30:00","2020-07-20T12:30:00",1,100]
[54590,"F47-000358",25,"CC",1,1966,"N","2020-07-20T12:51:00","2020-07-20T12:51:00","2020-07-20T12:51:00",1,25]
[54591,"F47-000359",100,"CC",1,1966,"N","2020-07-20T13:33:00","2020-07-20T13:33:00","2020-07-20T13:33:00",1,100]
[54592,"F47-000360",50,"CC",1,1968,"N","2020-07-20T13:40:00","2020-07-20T13:40:00","2020-07-20T13:40:00",1,50]
[54593,"F47-000361",25,"CC",1,1964,"N","2020-07-20T13:46:00","2020-07-20T13:46:00","2020-07-20T13:46:00",1,25]
[54594,"F47-000362",25,"CC",5,1966,"N","2020-07-20T14:32:00","2020-07-20T14:32:00","2020-07-20T14:32:00",1,25]
[54595,"F47-000363",100,"CC",8,null,"N","2020-07-20T17:07:00","2020-07-20T17:07:00","2020-07-20T17:07:00",1,100]
[54596,"F47-000364",100,"CC",1,1959,"N","2020-07-20T17:30:00","2020-07-20T17:30:00","2020-07-20T17:30:00",1,100]
[54597,"F47-000365",50,"CC",1,1966,"N","2020-07-20T20:40:00","2020-07-20T20:41:00","2020-07-20T20:41:00",1,50]
[54598,"EF47-000251",25,"Personal Check",1,1955,"N","2020-07-15","2020-07-20T23:51:00","2020-07-20T23:51:00",1,"None. Donation by check."]
[54599,"EF47-000252",40,"Personal Check",1,1949,"N","2020-07-15","2020-07-20T23:53:00","2020-07-20T23:53:00",1,"None. Donation by check."]
[54600,"EF47-000253",50,"Personal Check",1,1957,"N","2020-07-15","2020-07-20T23:55:00","2020-07-20T23:55:00",1,"None. Donation by check."]
[54601,"EF47-000254",50,"Personal Check",1,1969,"N","2020-07-16","2020-07-20T23:59:00","2020-07-20T23:59:00",1,"None. Donation by check."]
[54602,"EF47-000255",200,"Personal Check",1,1969,"N","2020-07-16","2020-07-21T00:02:00","2020-07-21T00:02:00",1,"None. Donation by check."]
[54603,"EF47-000256",100,"Personal Check",13,null,"N","2020-07-16","2020-07-21T00:04:00","2020-07-21T00:04:00",1,"None. Donation by check."]
[54604,"EF47-000257",50,"Personal Check",1,1951,"N","2020-07-16","2020-07-21T00:06:00","2020-07-21T00:06:00",1,"None. Donation by check."]
[54605,"EF47-000258",30,"Personal Check",1,1964,"N","2020-07-15","2020-07-21T00:08:00","2020-07-21T00:08:00",1,"None. Donation by check."]
[54606,"EF47-000259",50,"Personal Check",1,1959,"N","2020-07-15","2020-07-21T00:10:00","2020-07-21T00:10:00",1,"None. Donation by check."]
[54607,"EF47-000260",25,"Personal Check",1,1968,"N","2020-07-16","2020-07-21T00:11:00","2020-07-21T00:11:00",1,"None. Donation by check."]
[54608,"EF47-000261",50,"Personal Check",2,2007,"N","2020-07-20","2020-07-21T00:13:00","2020-07-21T00:13:00",1,"None. Donation by check."]
[54609,"EF47-000262",100,"Personal Check",1,1967,"N","2020-07-16","2020-07-21T00:16:00","2020-07-21T00:16:00",1,"None. Donation by check."]
[54610,"EF47-000263",40,"Personal Check",1,1966,"N","2020-07-15","2020-07-21T00:18:00","2020-07-21T00:18:00",1,"None. Donation by check."]
[54611,"EF47-000264",100,"Personal Check",1,1955,"N","2020-07-16","2020-07-21T00:21:00","2020-07-21T00:21:00",1,"None. Donation by check."]
[54612,"EF47-000265",50,"Personal Check",1,1951,"N","2020-07-16","2020-07-21T00:23:00","2020-07-21T00:23:00",1,"None. Donation by check."]
[54613,"EF47-000266",300,"Personal Check",1,1951,"N","2020-07-17","2020-07-21T00:26:00","2020-07-21T00:26:00",1,"None. Donation by check."]
[54614,"EF47-000267",50,"Personal Check",1,1964,"N","2020-07-15","2020-07-21T00:30:00","2020-07-21T00:30:00",1,"None. Donation by check."]
[54615,"EF47-000268",25,"Personal Check",7,null,"N","2020-07-16","2020-07-21T00:32:00","2020-07-21T00:35:00",1,"None. Donation by check."]
[54616,"EF47-000269",66,"Personal Check",1,1966,"N","2020-07-15","2020-07-21T00:36:00","2020-07-21T00:36:00",1,"None. Donation by check."]
[54617,"EF47-000270",200,"Personal Check",1,1957,"N","2020-07-15","2020-07-21T00:39:00","2020-07-21T00:39:00",1,"None. Donation by check."]
[54618,"EF47-000271",30,"Personal Check",1,1959,"N","2020-07-15","2020-07-21T00:41:00","2020-07-21T00:41:00",1,"None. Donation by check."]
[54619,"EF47-000272",20,"Personal Check",1,1955,"N","2020-07-16","2020-07-21T00:44:00","2020-07-21T00:44:00",1,"None. Donation by check."]
[54620,"EF47-000273",250,"Personal Check",2,1990,"N","2020-07-16","2020-07-21T00:51:00","2020-07-21T00:51:00",1,"None. Donation by check."]
[54621,"EF47-000274",15,"Personal Check",11,null,"N","2020-07-15","2020-07-21T00:53:00","2020-07-21T00:53:00",1,"None. Donation by check."]
[54622,"EF47-000275",5,"PayPal",2,2011,"N","2020-07-20","2020-07-21T01:30:00","2020-07-21T01:30:00",1,"None. Donation by check."]
[54623,"F47-000366",15,"CC",1,1957,"N","2020-07-21T08:39:00","2020-07-21T08:40:00","2020-07-21T08:40:00",1,15]
[54624,"F47-000367",19.77,"CC",1,1977,"N","2020-07-21T09:20:00","2020-07-21T09:20:00","2020-07-21T09:20:00",1,19.77]
[54625,"F47-000368",150,"CC",1,1989,"N","2020-07-21T12:13:00","2020-07-21T12:13:00","2020-07-21T12:13:00",1,150]
[54626,"F47-000369",78,"CC",1,1978,"N","2020-07-21T12:15:00","2020-07-21T12:15:00","2020-07-21T12:15:00",1,78]
[54627,"F47-000370",50,"CC",1,1965,"N","2020-07-21T12:52:00","2020-07-21T12:52:00","2020-07-21T12:52:00",1,50]
[54628,"F47-000371",50,"CC",1,1978,"N","2020-07-21T15:09:00","2020-07-21T15:09:00","2020-07-21T15:09:00",1,50]
[54629,"F47-000372",30,"CC",1,1956,"N","2020-07-21T15:19:00","2020-07-21T15:19:00","2020-07-21T15:19:00",1,30]
[54630,"F47-000373",100,"CC",1,1992,"N","2020-07-21T18:35:00","2020-07-21T18:35:00","2020-07-21T18:35:00",1,100]
[54631,"F47-000374",100,"CC",1,1964,"N","2020-07-21T22:07:00","2020-07-21T22:07:00","2020-07-21T22:07:00",1,100]
[54632,"F47-000375",100,"CC",1,1963,"N","2020-07-22T08:38:00","2020-07-22T08:38:00","2020-07-22T08:38:00",1,100]
[54633,"F47-000376",200,"CC",1,1968,"N","2020-07-22T08:54:00","2020-07-22T08:54:00","2020-07-22T08:54:00",1,200]
[54634,"F47-000377",30,"CC",1,1978,"N","2020-07-22T09:48:00","2020-07-22T09:48:00","2020-07-22T09:48:00",1,30]
[54635,"F47-000378",25,"CC",1,1979,"N","2020-07-22T10:10:00","2020-07-22T10:10:00","2020-07-22T10:10:00",1,25]
[54636,"F47-000379",75,"CC",1,1975,"N","2020-07-22T12:02:00","2020-07-22T12:02:00","2020-07-22T12:02:00",1,75]
[54637,"F47-000380",64,"CC",1,1964,"N","2020-07-22T12:18:00","2020-07-22T12:18:00","2020-07-22T12:18:00",1,64]
[54638,"F47-000381",100,"CC",1,1956,"N","2020-07-22T13:40:00","2020-07-22T13:40:00","2020-07-22T13:40:00",1,100]
[54639,"F47-000382",100,"CC",1,1979,"N","2020-07-22T14:58:00","2020-07-22T14:58:00","2020-07-22T14:58:00",1,100]
[54640,"EF47-000276",64,"Personal Check",1,1964,"N","2020-07-17","2020-07-22T16:53:00","2020-07-22T16:53:00",1,"None. Donation by check."]
[54641,"EF47-000277",50,"Personal Check",1,1977,"N","2020-07-17","2020-07-22T16:56:00","2020-07-22T16:56:00",1,"None. Donation by check."]
[54642,"EF47-000278",100,"Personal Check",1,1960,"N","2020-07-15","2020-07-22T16:58:00","2020-07-22T16:58:00",1,"None. Donation by check."]
[54643,"EF47-000279",36,"Personal Check",6,1964,"N","2020-07-20","2020-07-22T16:59:00","2020-07-22T16:59:00",1,"None. Donation by check."]
[54644,"EF47-000280",200,"Personal Check",1,1949,"N","2020-07-20","2020-07-22T17:00:00","2020-07-22T17:00:00",1,"None. Donation by check."]
[54645,"EF47-000281",50,"Personal Check",1,1958,"N","2020-07-15","2020-07-22T17:02:00","2020-07-22T17:02:00",1,"None. Donation by check."]
[54646,"EF47-000282",25,"Personal Check",1,1959,"N","2020-07-17","2020-07-22T17:03:00","2020-07-22T17:03:00",1,"None. Donation by check."]
[54647,"EF47-000283",200,"Personal Check",1,1948,"N","2020-07-15","2020-07-22T17:07:00","2020-07-22T17:07:00",1,"None. Donation by check."]
[54648,"F47-000383",19.760000000000002,"CC",null,1976,"N","2020-07-22T18:09:00","2020-07-22T18:09:00","2020-07-22T18:09:00",1,19.760000000000002]
[54649,"F47-000385",20,"CC",1,1969,"N","2020-07-22T19:52:00","2020-07-22T19:52:00","2020-07-22T19:52:00",1,20]
[54650,"F47-000386",25,"CC",1,1975,"N","2020-07-22T19:56:00","2020-07-22T19:56:00","2020-07-22T19:56:00",1,25]
[54651,"F47-000387",50,"CC",2,2010,"N","2020-07-22T19:58:00","2020-07-22T19:58:00","2020-07-22T19:58:00",1,50]
[54652,"F47-000388",100,"CC",1,1965,"N","2020-07-22T19:59:00","2020-07-22T19:59:00","2020-07-22T19:59:00",1,100]
[54653,"F47-000389",75,"CC",2,2013,"N","2020-07-22T19:59:00","2020-07-22T19:59:00","2020-07-22T19:59:00",1,75]
[54654,"F47-000390",19.63,"CC",1,1963,"N","2020-07-22T20:03:00","2020-07-22T20:03:00","2020-07-22T20:03:00",1,19.63]
[54655,"F47-000392",50,"CC",2,2015,"N","2020-07-22T20:10:00","2020-07-22T20:10:00","2020-07-22T20:10:00",1,50]
[54656,"F47-000394",100,"CC",1,1971,"N","2020-07-22T20:15:00","2020-07-22T20:15:00","2020-07-22T20:15:00",1,100]
[54657,"F47-000395",100,"CC",1,1964,"N","2020-07-22T20:56:00","2020-07-22T20:56:00","2020-07-22T20:56:00",1,100]
[54658,"F47-000396",19.63,"CC",1,1963,"N","2020-07-22T20:58:00","2020-07-22T20:58:00","2020-07-22T20:58:00",1,19.63]
[54659,"F47-000397",25,"CC",1,1986,"N","2020-07-22T21:11:00","2020-07-22T21:11:00","2020-07-22T21:11:00",1,25]
[54660,"F47-000398",100,"CC",null,1980,"N","2020-07-22T21:15:00","2020-07-22T21:15:00","2020-07-22T21:15:00",1,100]
[54661,"F47-000399",100,"CC",1,1956,"N","2020-07-22T21:17:00","2020-07-22T21:17:00","2020-07-22T21:17:00",1,100]
[54662,"F47-000400",100,"CC",null,1963,"N","2020-07-22T21:20:00","2020-07-22T21:20:00","2020-07-22T21:20:00",1,100]
[54663,"F47-000403",89,"CC",1,1989,"N","2020-07-22T21:27:00","2020-07-22T21:27:00","2020-07-22T21:27:00",1,89]
[54664,"F47-000406",50,"CC",1,1949,"N","2020-07-22T21:34:00","2020-07-22T21:34:00","2020-07-22T21:34:00",1,50]
[54665,"F47-000407",100,"CC",1,1978,"N","2020-07-22T21:43:00","2020-07-22T21:43:00","2020-07-22T21:43:00",1,100]
[54666,"F47-000408",25,"CC",1,1958,"N","2020-07-22T22:14:00","2020-07-22T22:14:00","2020-07-22T22:14:00",1,25]
[54667,"F47-000409",19.89,"CC",null,1989,"N","2020-07-22T22:15:00","2020-07-22T22:16:00","2020-07-22T22:16:00",1,19.89]
[54668,"F47-000410",57,"CC",1,1957,"N","2020-07-22T22:53:00","2020-07-22T22:53:00","2020-07-22T22:53:00",1,57]
[54669,"F47-000411",20,"CC",2,2013,"N","2020-07-22T23:59:00","2020-07-22T23:59:00","2020-07-22T23:59:00",1,20]
[54670,"F47-000412",100,"CC",1,1959,"N","2020-07-23T01:50:00","2020-07-23T01:50:00","2020-07-23T01:50:00",1,100]
[54671,"F47-000413",100,"CC",1,1978,"N","2020-07-23T05:23:00","2020-07-23T05:23:00","2020-07-23T05:23:00",1,100]
[54672,"F47-000414",78,"CC",1,1978,"N","2020-07-23T05:26:00","2020-07-23T05:26:00","2020-07-23T05:26:00",1,78]
[54673,"F47-000415",10,"CC",1,1979,"N","2020-07-23T06:03:00","2020-07-23T06:03:00","2020-07-23T06:03:00",1,10]
[54674,"F47-000416",19.63,"CC",1,1963,"N","2020-07-23T06:41:00","2020-07-23T06:41:00","2020-07-23T06:41:00",1,19.63]
[54675,"F47-000417",100,"CC",2,2012,"N","2020-07-23T07:10:00","2020-07-23T07:10:00","2020-07-23T07:10:00",1,100]
[54676,"F47-000418",640,"CC",1,1964,"N","2020-07-23T07:19:00","2020-07-23T07:19:00","2020-07-23T07:19:00",1,640]
[54677,"F47-000419",100,"CC",1,1989,"N","2020-07-23T07:32:00","2020-07-23T07:32:00","2020-07-23T07:32:00",1,100]
[54678,"F47-000420",30,"CC",1,1987,"N","2020-07-23T07:40:00","2020-07-23T07:40:00","2020-07-23T07:40:00",1,30]
[54679,"F47-000421",64,"CC",1,1964,"N","2020-07-23T07:42:00","2020-07-23T07:42:00","2020-07-23T07:42:00",1,64]
[54680,"F47-000422",50,"CC",2,2004,"N","2020-07-23T07:49:00","2020-07-23T07:49:00","2020-07-23T07:49:00",1,50]
[54681,"F47-000423",50,"CC",1,1969,"N","2020-07-23T07:53:00","2020-07-23T07:53:00","2020-07-23T07:53:00",1,50]
[54682,"F47-000424",25,"CC",1,1979,"N","2020-07-23T08:06:00","2020-07-23T08:06:00","2020-07-23T08:06:00",1,25]
[54683,"F47-000425",50,"CC",1,1956,"N","2020-07-23T08:07:00","2020-07-23T08:08:00","2020-07-23T08:08:00",1,50]
[54684,"F47-000426",50,"CC",1,1977,"N","2020-07-23T08:39:00","2020-07-23T08:40:00","2020-07-23T08:40:00",1,50]
[54685,"F47-000427",20,"CC",1,1955,"N","2020-07-23T08:45:00","2020-07-23T08:45:00","2020-07-23T08:45:00",1,20]
[54686,"F47-000428",50,"CC",1,1963,"N","2020-07-23T09:12:00","2020-07-23T09:12:00","2020-07-23T09:12:00",1,50]
[54687,"F47-000429",100,"CC",1,1975,"N","2020-07-23T09:18:00","2020-07-23T09:18:00","2020-07-23T09:18:00",1,100]
[54688,"F47-000430",50,"CC",1,1968,"N","2020-07-23T09:32:00","2020-07-23T09:32:00","2020-07-23T09:32:00",1,50]
[54689,"F47-000431",20,"CC",1,1978,"N","2020-07-23T09:44:00","2020-07-23T09:44:00","2020-07-23T09:44:00",1,20]
[54690,"F47-000432",50,"CC",1,1958,"N","2020-07-23T09:54:00","2020-07-23T09:54:00","2020-07-23T09:54:00",1,50]
[54691,"F47-000433",100,"CC",1,1967,"N","2020-07-23T10:03:00","2020-07-23T10:04:00","2020-07-23T10:04:00",1,100]
[54692,"F47-000434",25,"CC",2,2015,"N","2020-07-23T10:22:00","2020-07-23T10:22:00","2020-07-23T10:22:00",1,25]
[54693,"F47-000435",50,"CC",1,1989,"N","2020-07-23T10:58:00","2020-07-23T10:58:00","2020-07-23T10:58:00",1,50]
[54694,"F47-000436",30,"CC",1,1967,"N","2020-07-23T11:22:00","2020-07-23T11:22:00","2020-07-23T11:22:00",1,30]
[54695,"F47-000437",100,"CC",2,2009,"N","2020-07-23T12:03:00","2020-07-23T12:03:00","2020-07-23T12:03:00",1,100]
[54696,"F47-000438",50,"CC",2,2016,"N","2020-07-23T12:35:00","2020-07-23T12:35:00","2020-07-23T12:35:00",1,50]
[54697,"F47-000439",50,"CC",1,1965,"N","2020-07-23T12:38:00","2020-07-23T12:38:00","2020-07-23T12:38:00",1,50]
[54698,"F47-000440",100,"CC",1,1964,"N","2020-07-23T12:55:00","2020-07-23T12:55:00","2020-07-23T12:55:00",1,100]
[54699,"F47-000441",100,"CC",1,1968,"N","2020-07-23T13:05:00","2020-07-23T13:05:00","2020-07-23T13:05:00",1,100]
[54700,"F47-000442",25,"CC",1,1957,"N","2020-07-23T13:19:00","2020-07-23T13:19:00","2020-07-23T13:19:00",1,25]
[54701,"F47-000443",75,"CC",1,1969,"N","2020-07-23T13:21:00","2020-07-23T13:21:00","2020-07-23T13:21:00",1,75]
[54702,"F47-000444",41,"CC",1,1970,"N","2020-07-23T13:31:00","2020-07-23T13:31:00","2020-07-23T13:31:00",1,41]
[54703,"F47-000445",50,"CC",1,1963,"N","2020-07-23T13:42:00","2020-07-23T13:42:00","2020-07-23T13:42:00",1,50]
[54704,"F47-000446",100,"CC",1,1983,"N","2020-07-23T14:03:00","2020-07-23T14:03:00","2020-07-23T14:03:00",1,100]
[54705,"F47-000447",50,"CC",1,1966,"N","2020-07-23T14:20:00","2020-07-23T14:20:00","2020-07-23T14:20:00",1,50]
[54706,"F47-000448",19.63,"CC",1,1963,"N","2020-07-23T14:20:00","2020-07-23T14:20:00","2020-07-23T14:20:00",1,19.63]
[54707,"F47-000449",50,"CC",1,1967,"N","2020-07-23T14:25:00","2020-07-23T14:25:00","2020-07-23T14:25:00",1,50]
[54708,"F47-000450",25,"CC",6,1963,"N","2020-07-23T14:28:00","2020-07-23T14:28:00","2020-07-23T14:28:00",1,25]
[54709,"F47-000451",64,"CC",1,1964,"N","2020-07-23T14:50:00","2020-07-23T14:50:00","2020-07-23T14:50:00",1,64]
[54710,"F47-000452",19.63,"CC",1,1963,"N","2020-07-23T14:52:00","2020-07-23T14:52:00","2020-07-23T14:52:00",1,19.63]
[54711,"F47-000453",19.63,"CC",1,1963,"N","2020-07-23T15:13:00","2020-07-23T15:13:00","2020-07-23T15:13:00",1,19.63]
[54712,"F47-000454",100,"CC",1,1966,"N","2020-07-23T15:33:00","2020-07-23T15:33:00","2020-07-23T15:33:00",1,100]
[54713,"F47-000455",200,"CC",1,1964,"N","2020-07-23T15:37:00","2020-07-23T15:37:00","2020-07-23T15:37:00",1,200]
[54714,"F47-000456",30,"CC",1,1966,"N","2020-07-23T15:44:00","2020-07-23T15:45:00","2020-07-23T15:45:00",1,30]
[54715,"F47-000457",50,"CC",1,1963,"N","2020-07-23T15:44:00","2020-07-23T15:45:00","2020-07-23T15:45:00",1,50]
[54716,"F47-000458",50,"CC",1,1989,"N","2020-07-23T15:58:00","2020-07-23T15:58:00","2020-07-23T15:58:00",1,50]
[54717,"F47-000459",100,"CC",1,1975,"N","2020-07-23T16:15:00","2020-07-23T16:15:00","2020-07-23T16:15:00",1,100]
[54718,"F47-000460",100,"CC",1,1963,"N","2020-07-23T16:34:00","2020-07-23T16:35:00","2020-07-23T16:35:00",1,100]
[54719,"F47-000461",50,"CC",1,1989,"N","2020-07-23T16:55:00","2020-07-23T16:55:00","2020-07-23T16:55:00",1,50]
[54720,"F47-000462",100,"CC",1,1966,"N","2020-07-23T17:16:00","2020-07-23T17:17:00","2020-07-23T17:17:00",1,100]
[54721,"F47-000463",75,"CC",1,1964,"N","2020-07-23T17:22:00","2020-07-23T17:22:00","2020-07-23T17:22:00",1,75]
[54722,"F47-000464",25,"CC",1,1963,"N","2020-07-23T18:10:00","2020-07-23T18:10:00","2020-07-23T18:10:00",1,25]
[54723,"F47-000465",50,"CC",1,1963,"N","2020-07-23T18:32:00","2020-07-23T18:32:00","2020-07-23T18:32:00",1,50]
[54724,"F47-000466",25,"CC",1,1966,"N","2020-07-23T18:50:00","2020-07-23T18:50:00","2020-07-23T18:50:00",1,25]
[54725,"F47-000467",100,"CC",1,1964,"N","2020-07-23T19:30:00","2020-07-23T19:30:00","2020-07-23T19:30:00",1,100]
[54726,"F47-000468",19.63,"CC",1,1963,"N","2020-07-23T19:37:00","2020-07-23T19:37:00","2020-07-23T19:37:00",1,19.63]
[54727,"F47-000469",66,"CC",1,1966,"N","2020-07-23T19:38:00","2020-07-23T19:38:00","2020-07-23T19:38:00",1,66]
[54728,"EF47-000284",25,"Personal Check",1,1980,"N","2020-07-19","2020-07-23T19:46:00","2020-07-23T19:46:00",1,"None. Donation by check."]
[54729,"EF47-000285",25,"Personal Check",1,1955,"N","2020-07-18","2020-07-23T19:48:00","2020-07-23T19:48:00",1,"None. Donation by check."]
[54730,"EF47-000286",50,"Personal Check",1,1960,"N","2020-07-15","2020-07-23T19:51:00","2020-07-23T19:51:00",1,"None. Donation by check."]
[54731,"EF47-000287",50,"Personal Check",1,1956,"N","2020-07-19","2020-07-23T19:53:00","2020-07-23T19:53:00",1,"None. Donation by check."]
[54732,"EF47-000288",50,"Personal Check",11,null,"N","2020-07-18","2020-07-23T19:56:00","2020-07-23T19:56:00",1,"None. Donation by check."]
[54733,"EF47-000289",250,"Personal Check",1,1958,"N","2020-07-20","2020-07-23T19:58:00","2020-07-23T19:58:00",1,"None. Donation by check."]
[54734,"F47-000470",100,"CC",1,1966,"N","2020-07-23T20:53:00","2020-07-23T20:53:00","2020-07-23T20:53:00",1,100]
[54735,"F47-000472",25,"CC",1,1980,"N","2020-07-23T23:53:00","2020-07-23T23:53:00","2020-07-23T23:53:00",1,25]
[54736,"F47-000473",50,"CC",1,1966,"N","2020-07-24T08:59:00","2020-07-24T08:59:00","2020-07-24T08:59:00",1,50]
[54737,"F47-000474",197.7,"CC",1,1977,"N","2020-07-24T09:31:00","2020-07-24T09:31:00","2020-07-24T09:31:00",1,197.7]
[54738,"F47-000475",500,"CC",null,1969,"N","2020-07-24T10:25:00","2020-07-24T10:25:00","2020-07-24T10:25:00",1,500]
[54739,"F47-000476",200,"CC",1,1967,"N","2020-07-24T10:26:00","2020-07-24T10:26:00","2020-07-24T10:26:00",1,200]
[54740,"F47-000477",50,"CC",1,1959,"N","2020-07-24T11:06:00","2020-07-24T11:06:00","2020-07-24T11:06:00",1,50]
[54741,"F47-000478",250,"CC",1,1965,"N","2020-07-24T11:20:00","2020-07-24T11:20:00","2020-07-24T11:20:00",1,250]
[54742,"F47-000479",100,"CC",5,1955,"N","2020-07-24T11:21:00","2020-07-24T11:22:00","2020-07-24T11:22:00",1,100]
[54743,"F47-000480",50,"CC",1,1958,"N","2020-07-24T11:33:00","2020-07-24T11:33:00","2020-07-24T11:33:00",1,50]
[54744,"F47-000481",100,"CC",1,1978,"N","2020-07-24T12:07:00","2020-07-24T12:08:00","2020-07-24T12:08:00",1,100]
[54745,"F47-000482",100,"CC",1,1989,"N","2020-07-24T12:10:00","2020-07-24T12:10:00","2020-07-24T12:10:00",1,100]
[54746,"F47-000483",250,"CC",1,1969,"N","2020-07-24T12:31:00","2020-07-24T12:31:00","2020-07-24T12:31:00",1,250]
[54747,"F47-000484",100,"CC",1,1966,"N","2020-07-24T13:03:00","2020-07-24T13:03:00","2020-07-24T13:03:00",1,100]
[54748,"F47-000485",30,"CC",1,1975,"N","2020-07-24T13:06:00","2020-07-24T13:06:00","2020-07-24T13:06:00",1,30]
[54749,"F47-000486",164,"CC",1,1964,"N","2020-07-24T13:40:00","2020-07-24T13:40:00","2020-07-24T13:40:00",1,164]
[54750,"F47-000487",50,"CC",1,1963,"N","2020-07-24T14:26:00","2020-07-24T14:26:00","2020-07-24T14:26:00",1,50]
[54751,"F47-000488",19.63,"CC",1,1963,"N","2020-07-24T16:37:00","2020-07-24T16:37:00","2020-07-24T16:37:00",1,19.63]
[54752,"EF47-000290",25,"Personal Check",1,1969,"N","2020-07-20","2020-07-25T10:23:00","2020-07-25T10:23:00",1,"None. Donation by check."]
[54753,"EF47-000291",59,"Personal Check",1,1959,"N","2020-07-21","2020-07-25T10:25:00","2020-07-25T10:25:00",1,"None. Donation by check."]
[54754,"EF47-000292",55,"Personal Check",1,1955,"N","2020-07-20","2020-07-25T10:27:00","2020-07-25T10:27:00",1,"None. Donation by check."]
[54755,"EF47-000293",50,"Personal Check",1,1979,"N","2020-07-17","2020-07-25T10:31:00","2020-07-25T10:31:00",1,"None. Donation by check."]
[54756,"EF47-000294",25,"PayPal",2,2020,"N","2020-07-22","2020-07-25T12:31:00","2020-07-25T12:33:00",1,"None. Donation by check."]
[54757,"EF47-000295",100,"PayPal",1,1960,"N","2020-07-22","2020-07-25T12:34:00","2020-07-25T12:36:00",1,"None. Donation by check."]
[54758,"EF47-000296",100,"PayPal",2,2001,"N","2020-07-23","2020-07-25T12:36:00","2020-07-25T12:36:00",1,"None. Donation by check."]
[54759,"EF47-000297",50,"PayPal",1,1966,"N","2020-07-23","2020-07-25T12:38:00","2020-07-25T12:38:00",1,"None. Donation by check."]
[54760,"EF47-000298",20.09,"PayPal",3,2009,"N","2020-07-23","2020-07-25T12:40:00","2020-07-25T12:40:00",1,"None. Donation by check."]
[54761,"EF47-000299",10,"PayPal",1,1963,"N","2020-07-23","2020-07-25T12:41:00","2020-07-25T12:41:00",1,"None. Donation by check."]
[54762,"EF47-000300",10,"PayPal",2,2016,"N","2020-07-23","2020-07-25T12:42:00","2020-07-25T12:42:00",1,"None. Donation by check."]
[54763,"EF47-000301",100,"PayPal",1,1965,"N","2020-07-23","2020-07-25T12:43:00","2020-07-25T12:43:00",1,"None. Donation by check."]
[54764,"EF47-000302",50,"PayPal",1,1959,"N","2020-07-23","2020-07-25T12:44:00","2020-07-25T12:44:00",1,"None. Donation by check."]
[54765,"EF47-000303",50,"PayPal",1,1969,"N","2020-07-23","2020-07-25T12:46:00","2020-07-25T12:46:00",1,"None. Donation by check."]
[54766,"EF47-000304",50,"PayPal",1,1957,"N","2020-07-24","2020-07-25T12:48:00","2020-07-25T12:48:00",1,"None. Donation by check."]
[54767,"F47-000489",50,"CC",1,1966,"N","2020-07-25T14:12:00","2020-07-25T14:12:00","2020-07-25T14:12:00",1,50]
[54768,"F47-000490",25,"CC",1,1982,"N","2020-07-26T05:15:00","2020-07-26T05:15:00","2020-07-26T05:15:00",1,25]
[54769,"F47-000491",100,"CC",11,null,"N","2020-07-26T11:34:00","2020-07-26T11:34:00","2020-07-26T11:34:00",1,100]
[54770,"F47-000492",25,"CC",1,1963,"N","2020-07-26T13:17:00","2020-07-26T13:17:00","2020-07-26T13:17:00",1,25]
[54771,"F47-000493",50,"CC",1,1955,"N","2020-07-26T15:31:00","2020-07-26T15:31:00","2020-07-26T15:31:00",1,50]
[54772,"F47-000494",50,"CC",1,1969,"N","2020-07-26T19:52:00","2020-07-26T19:52:00","2020-07-26T19:52:00",1,50]
[54773,"F47-000496",50,"CC",1,1968,"N","2020-07-27T05:42:00","2020-07-27T05:42:00","2020-07-27T05:42:00",1,50]
[54774,"F47-000497",50,"CC",2,2013,"N","2020-07-27T08:37:00","2020-07-27T08:38:00","2020-07-27T08:38:00",1,50]
[54775,"EF47-000305",50,"Personal Check",1,1960,"N","2020-07-23","2020-07-27T15:40:00","2020-07-27T15:40:00",1,"None. Donation by check."]
[54776,"EF47-000306",100,"Personal Check",1,1967,"N","2020-07-20","2020-07-27T15:42:00","2020-07-27T15:42:00",1,"None. Donation by check."]
[54777,"EF47-000307",100,"Personal Check",1,1964,"N","2020-07-14","2020-07-27T16:01:00","2020-07-27T16:01:00",1,"None. Donation by check."]
[54778,"EF47-000308",19.63,"Personal Check",1,1963,"N","2020-07-22","2020-07-27T16:03:00","2020-07-27T16:03:00",1,"None. Donation by check."]
[54779,"EF47-000309",19.63,"Personal Check",1,1963,"N","2020-07-23","2020-07-27T16:05:00","2020-07-27T16:05:00",1,"None. Donation by check."]
[54780,"EF47-000310",100,"Personal Check",5,1959,"N","2020-07-22","2020-07-27T16:08:00","2020-07-27T16:08:00",1,"None. Donation by check."]
[54781,"EF47-000311",50,"Personal Check",1,1964,"N","2020-07-23","2020-07-27T16:09:00","2020-07-27T16:09:00",1,"None. Donation by check."]
[54782,"EF47-000312",50,"Personal Check",1,1958,"N","2020-07-23","2020-07-27T16:11:00","2020-07-27T16:11:00",1,"None. Donation by check."]
[54783,"EF47-000313",50,"Personal Check",11,1938,"N","2020-07-27","2020-07-27T16:17:00","2020-07-28T00:23:00",1,"None. Donation by check."]
[54784,"F47-000498",100,"CC",1,1968,"N","2020-07-27T16:49:00","2020-07-27T16:49:00","2020-07-27T16:49:00",1,100]
[54785,"EF47-000314",500,"Personal Check",1,1979,"N","2020-07-22","2020-07-27T17:16:00","2020-07-27T17:16:00",1,"None. Donation by check."]
[54786,"EF47-000315",100,"Personal Check",1,1951,"N","2020-07-23","2020-07-27T17:21:00","2020-07-27T17:21:00",1,"None. Donation by check."]
[54787,"F47-000499",25,"CC",1,1987,"N","2020-07-27T17:34:00","2020-07-27T17:35:00","2020-07-27T17:35:00",1,25]
[54788,"F47-000500",50,"CC",2,2020,"N","2020-07-27T18:48:00","2020-07-27T18:48:00","2020-07-27T18:48:00",1,50]
[54789,"F47-000501",50,"CC",1,1966,"N","2020-07-28T09:06:00","2020-07-28T09:06:00","2020-07-28T09:06:00",1,50]
[54790,"F47-000505",55,"CC",1,1955,"N","2020-07-28T10:51:00","2020-07-28T10:51:00","2020-07-28T10:51:00",1,55]
[54791,"F47-000506",19.63,"CC",5,1963,"N","2020-07-28T12:49:00","2020-07-28T12:49:00","2020-07-28T12:49:00",1,19.63]
[54792,"F47-000507",25,"CC",1,1964,"N","2020-07-28T13:57:00","2020-07-28T13:58:00","2020-07-28T13:58:00",1,25]
[54793,"F47-000508",264,"CC",1,1964,"N","2020-07-28T16:01:00","2020-07-28T16:01:00","2020-07-28T16:01:00",1,264]
[54794,"F47-000509",100,"CC",1,1980,"N","2020-07-28T19:15:00","2020-07-28T19:16:00","2020-07-28T19:16:00",1,100]
[54795,"F47-000510",25,"CC",2,2004,"N","2020-07-28T20:08:00","2020-07-28T20:08:00","2020-07-28T20:08:00",1,25]
[54796,"F47-000513",50,"CC",1,1979,"N","2020-07-28T20:24:00","2020-07-28T20:24:00","2020-07-28T20:24:00",1,50]
[54797,"F47-000515",50,"CC",5,1966,"N","2020-07-28T20:34:00","2020-07-28T20:34:00","2020-07-28T20:34:00",1,50]
[54798,"F47-000516",64,"CC",1,1964,"N","2020-07-28T21:44:00","2020-07-28T21:45:00","2020-07-28T21:45:00",1,64]
[54799,"F47-000517",64,"CC",1,1964,"N","2020-07-28T21:46:00","2020-07-28T21:46:00","2020-07-28T21:46:00",1,64]
[54800,"F47-000518",64,"CC",1,1964,"N","2020-07-28T21:51:00","2020-07-28T21:51:00","2020-07-28T21:51:00",1,64]
[54801,"F47-000519",64,"CC",1,1964,"N","2020-07-28T22:12:00","2020-07-28T22:12:00","2020-07-28T22:12:00",1,64]
[54802,"F47-000520",64,"CC",1,1964,"N","2020-07-28T22:47:00","2020-07-28T22:47:00","2020-07-28T22:47:00",1,64]
[54803,"F47-000521",164,"CC",1,1964,"N","2020-07-28T22:54:00","2020-07-28T22:54:00","2020-07-28T22:54:00",1,164]
[54804,"F47-000522",200,"CC",1,1964,"N","2020-07-29T00:02:00","2020-07-29T00:02:00","2020-07-29T00:02:00",1,200]
[54805,"F47-000523",64,"CC",1,1964,"N","2020-07-29T05:48:00","2020-07-29T05:48:00","2020-07-29T05:48:00",1,64]
[54806,"F47-000524",64,"CC",1,1964,"N","2020-07-29T06:21:00","2020-07-29T06:21:00","2020-07-29T06:21:00",1,64]
[54807,"F47-000525",50,"CC",1,1964,"N","2020-07-29T07:04:00","2020-07-29T07:04:00","2020-07-29T07:04:00",1,50]
[54808,"F47-000526",100,"CC",1,1964,"N","2020-07-29T08:56:00","2020-07-29T08:56:00","2020-07-29T08:56:00",1,100]
[54809,"F47-000527",64,"CC",1,1964,"N","2020-07-29T09:19:00","2020-07-29T09:19:00","2020-07-29T09:19:00",1,64]
[54810,"F47-000528",64,"CC",1,1964,"N","2020-07-29T09:30:00","2020-07-29T09:31:00","2020-07-29T09:31:00",1,64]
[54811,"F47-000529",100,"CC",5,1964,"N","2020-07-29T09:35:00","2020-07-29T09:35:00","2020-07-29T09:35:00",1,100]
[54812,"F47-000530",50,"CC",13,null,"N","2020-07-29T10:45:00","2020-07-29T10:45:00","2020-07-29T10:45:00",1,50]
[54813,"F47-000531",100,"CC",1,1964,"N","2020-07-29T11:34:00","2020-07-29T11:34:00","2020-07-29T11:34:00",1,100]
[54814,"F47-000534",100,"CC",1,1964,"N","2020-07-29T11:44:00","2020-07-29T11:44:00","2020-07-29T11:44:00",1,100]
[54815,"F47-000535",64,"CC",1,1964,"N","2020-07-29T12:11:00","2020-07-29T12:11:00","2020-07-29T12:11:00",1,64]
[54816,"F47-000536",64,"CC",1,1964,"N","2020-07-29T12:27:00","2020-07-29T12:27:00","2020-07-29T12:27:00",1,64]
[54817,"F47-000539",9.64,"CC",1,1964,"N","2020-07-29T13:04:00","2020-07-29T13:04:00","2020-07-29T13:04:00",1,9.64]
[54818,"F47-000540",100,"CC",1,1964,"N","2020-07-29T13:43:00","2020-07-29T13:43:00","2020-07-29T13:43:00",1,100]
[54819,"F47-000541",64,"CC",1,1964,"N","2020-07-29T15:01:00","2020-07-29T15:01:00","2020-07-29T15:01:00",1,64]
[54820,"F47-000542",50,"CC",1,1964,"N","2020-07-29T15:09:00","2020-07-29T15:09:00","2020-07-29T15:09:00",1,50]
[54821,"F47-000543",64,"CC",1,1964,"N","2020-07-29T15:48:00","2020-07-29T15:48:00","2020-07-29T15:48:00",1,64]
[54822,"F47-000544",100,"CC",1,1964,"N","2020-07-29T16:20:00","2020-07-29T16:20:00","2020-07-29T16:20:00",1,100]
[54823,"EF47-000316",64.010000000000005,"Personal Check",1,1964,"N","2020-07-24","2020-07-29T18:03:00","2020-07-29T18:03:00",1,"None. Donation by check."]
[54824,"F47-000545",250,"CC",1,1964,"N","2020-07-29T18:03:00","2020-07-29T18:03:00","2020-07-29T18:03:00",1,250]
[54825,"EF47-000317",55,"Personal Check",1,1955,"N","2020-07-23","2020-07-29T18:04:00","2020-07-29T18:04:00",1,"None. Donation by check."]
[54826,"EF47-000318",50,"Personal Check",1,1960,"N","2020-07-23","2020-07-29T18:32:00","2020-07-29T18:32:00",1,"None. Donation by check."]
[54827,"EF47-000319",50,"Personal Check",1,1957,"N","2020-07-25","2020-07-29T19:37:00","2020-07-29T19:37:00",1,"None. Donation by check."]
[54828,"EF47-000320",200,"Personal Check",1,1958,"N","2020-07-24","2020-07-29T19:40:00","2020-07-29T19:40:00",1,"None. Donation by check."]
[54829,"F47-000546",100,"CC",1,1959,"N","2020-07-29T22:57:00","2020-07-29T22:57:00","2020-07-29T22:57:00",1,100]
[54830,"F47-000547",50,"CC",1,1967,"N","2020-07-29T22:59:00","2020-07-29T22:59:00","2020-07-29T22:59:00",1,50]
[54831,"F47-000548",50,"CC",1,1980,"N","2020-07-29T23:48:00","2020-07-29T23:48:00","2020-07-29T23:48:00",1,50]
[54832,"F47-000549",50,"CC",1,1997,"N","2020-07-30T00:30:00","2020-07-30T00:30:00","2020-07-30T00:30:00",1,50]
[54833,"F47-000550",100,"CC",2,2003,"N","2020-07-30T04:31:00","2020-07-30T04:31:00","2020-07-30T04:31:00",1,100]
[54834,"F47-000551",25,"CC",2,2009,"N","2020-07-30T05:22:00","2020-07-30T05:22:00","2020-07-30T05:22:00",1,25]
[54835,"F47-000552",25,"CC",1,1968,"N","2020-07-30T06:06:00","2020-07-30T06:06:00","2020-07-30T06:06:00",1,25]
[54836,"F47-000553",20,"CC",1,1980,"N","2020-07-30T06:10:00","2020-07-30T06:10:00","2020-07-30T06:10:00",1,20]
[54837,"F47-000554",200,"CC",2,2008,"N","2020-07-30T06:11:00","2020-07-30T06:11:00","2020-07-30T06:11:00",1,200]
[54838,"F47-000555",50,"CC",1,1960,"N","2020-07-30T06:25:00","2020-07-30T06:25:00","2020-07-30T06:25:00",1,50]
[54839,"F47-000556",100,"CC",1,1965,"N","2020-07-30T06:28:00","2020-07-30T06:28:00","2020-07-30T06:28:00",1,100]
[54840,"F47-000557",50,"CC",1,1989,"N","2020-07-30T06:35:00","2020-07-30T06:35:00","2020-07-30T06:35:00",1,50]
[54841,"F47-000558",100,"CC",13,null,"N","2020-07-30T06:37:00","2020-07-30T06:37:00","2020-07-30T06:37:00",1,100]
[54842,"F47-000559",50,"CC",4,1946,"N","2020-07-30T06:51:00","2020-07-30T06:51:00","2020-07-30T06:51:00",1,50]
[54843,"F47-000560",197.9,"CC",1,1979,"N","2020-07-30T07:01:00","2020-07-30T07:01:00","2020-07-30T07:01:00",1,197.9]
[54844,"F47-000563",55,"CC",1,1955,"N","2020-07-30T07:10:00","2020-07-30T07:10:00","2020-07-30T07:10:00",1,55]
[54845,"F47-000564",50,"CC",8,2012,"N","2020-07-30T07:30:00","2020-07-30T07:30:00","2020-07-30T07:30:00",1,50]
[54846,"F47-000565",25,"CC",2,2012,"N","2020-07-30T07:43:00","2020-07-30T07:44:00","2020-07-30T07:44:00",1,25]
[54847,"F47-000566",20,"CC",1,1958,"N","2020-07-30T07:52:00","2020-07-30T07:52:00","2020-07-30T07:52:00",1,20]
[54848,"F47-000567",64,"CC",1,1964,"N","2020-07-30T08:11:00","2020-07-30T08:11:00","2020-07-30T08:11:00",1,64]
[54849,"F47-000568",19.89,"CC",1,1989,"N","2020-07-30T08:21:00","2020-07-30T08:21:00","2020-07-30T08:21:00",1,19.89]
[54850,"F47-000569",50,"CC",2,2016,"N","2020-07-30T08:25:00","2020-07-30T08:25:00","2020-07-30T08:25:00",1,50]
[54851,"F47-000570",100,"CC",1,1982,"N","2020-07-30T08:30:00","2020-07-30T08:30:00","2020-07-30T08:30:00",1,100]
[54852,"F47-000571",100,"CC",1,1963,"N","2020-07-30T08:43:00","2020-07-30T08:44:00","2020-07-30T08:44:00",1,100]
[54854,"F47-000573",200,"CC",1,1964,"N","2020-07-30T08:58:00","2020-07-30T08:58:00","2020-07-30T08:58:00",1,200]
[54855,"F47-000574",50,"CC",2,2016,"N","2020-07-30T09:00:00","2020-07-30T09:00:00","2020-07-30T09:00:00",1,50]
[54856,"F47-000575",75,"CC",1,1967,"N","2020-07-30T09:08:00","2020-07-30T09:08:00","2020-07-30T09:08:00",1,75]
[54857,"F47-000576",25,"CC",1,1980,"N","2020-07-30T09:08:00","2020-07-30T09:08:00","2020-07-30T09:08:00",1,25]
[54858,"F47-000578",50,"CC",1,1963,"N","2020-07-30T09:56:00","2020-07-30T09:56:00","2020-07-30T09:56:00",1,50]
[54859,"F47-000579",50,"CC",1,1951,"N","2020-07-30T10:00:00","2020-07-30T10:00:00","2020-07-30T10:00:00",1,50]
[54860,"F47-000580",50,"CC",null,1964,"N","2020-07-30T10:07:00","2020-07-30T10:07:00","2020-07-30T10:07:00",1,50]
[54861,"F47-000581",20,"CC",2,2009,"N","2020-07-30T10:10:00","2020-07-30T10:10:00","2020-07-30T10:10:00",1,20]
[54862,"F47-000582",64,"CC",1,1964,"N","2020-07-30T10:17:00","2020-07-30T10:17:00","2020-07-30T10:17:00",1,64]
[54863,"F47-000583",100,"CC",2,1925,"N","2020-07-30T10:23:00","2020-07-30T10:23:00","2020-07-30T10:23:00",1,100]
[54864,"F47-000584",25,"CC",1,1958,"N","2020-07-30T10:35:00","2020-07-30T10:35:00","2020-07-30T10:35:00",1,25]
[54865,"F47-000585",25,"CC",1,1959,"N","2020-07-30T10:41:00","2020-07-30T10:41:00","2020-07-30T10:41:00",1,25]
[54866,"F47-000586",100,"CC",6,1979,"N","2020-07-30T11:02:00","2020-07-30T11:02:00","2020-07-30T11:02:00",1,100]
[54867,"F47-000587",64,"CC",1,1964,"N","2020-07-30T11:13:00","2020-07-30T11:13:00","2020-07-30T11:13:00",1,64]
[54868,"F47-000588",25,"CC",5,1946,"N","2020-07-30T11:38:00","2020-07-30T11:38:00","2020-07-30T11:38:00",1,25]
[54869,"F47-000589",50,"CC",1,1968,"N","2020-07-30T11:43:00","2020-07-30T11:43:00","2020-07-30T11:43:00",1,50]
[54870,"F47-000590",100,"CC",1,1966,"N","2020-07-30T11:48:00","2020-07-30T11:48:00","2020-07-30T11:48:00",1,100]
[54871,"F47-000591",50,"CC",1,1964,"N","2020-07-30T12:04:00","2020-07-30T12:04:00","2020-07-30T12:04:00",1,50]
[54872,"F47-000592",58,"CC",1,1958,"N","2020-07-30T12:18:00","2020-07-30T12:18:00","2020-07-30T12:18:00",1,58]
[54873,"F47-000593",100,"CC",1,1963,"N","2020-07-30T12:24:00","2020-07-30T12:24:00","2020-07-30T12:24:00",1,100]
[54874,"F47-000594",75,"CC",1,1963,"N","2020-07-30T12:25:00","2020-07-30T12:25:00","2020-07-30T12:25:00",1,75]
[54875,"F47-000595",25,"CC",9,1961,"N","2020-07-30T12:29:00","2020-07-30T12:29:00","2020-07-30T12:29:00",1,25]
[54876,"F47-000596",50,"CC",1,1958,"N","2020-07-30T12:35:00","2020-07-30T12:35:00","2020-07-30T12:35:00",1,50]
[54877,"F47-000597",100,"CC",1,1965,"N","2020-07-30T13:25:00","2020-07-30T13:25:00","2020-07-30T13:25:00",1,100]
[54878,"F47-000598",50,"CC",1,1977,"N","2020-07-30T13:29:00","2020-07-30T13:29:00","2020-07-30T13:29:00",1,50]
[54879,"F47-000599",78,"CC",1,1978,"N","2020-07-30T13:44:00","2020-07-30T13:44:00","2020-07-30T13:44:00",1,78]
[54880,"F47-000600",50,"CC",1,1965,"N","2020-07-30T13:46:00","2020-07-30T13:46:00","2020-07-30T13:46:00",1,50]
[54881,"F47-000601",25,"CC",1,1989,"N","2020-07-30T13:58:00","2020-07-30T13:58:00","2020-07-30T13:58:00",1,25]
[54882,"F47-000602",50,"CC",1,1974,"N","2020-07-30T14:45:00","2020-07-30T14:45:00","2020-07-30T14:45:00",1,50]
[54883,"F47-000603",100,"CC",1,1964,"N","2020-07-30T14:49:00","2020-07-30T14:49:00","2020-07-30T14:49:00",1,100]
[54884,"F47-000604",19.79,"CC",1,1979,"N","2020-07-30T14:56:00","2020-07-30T14:57:00","2020-07-30T14:57:00",1,19.79]
[54885,"F47-000605",25,"CC",5,1956,"N","2020-07-30T15:28:00","2020-07-30T15:28:00","2020-07-30T15:28:00",1,25]
[54886,"F47-000606",50,"CC",1,1978,"N","2020-07-30T15:34:00","2020-07-30T15:34:00","2020-07-30T15:34:00",1,50]
[54887,"F47-000607",100,"CC",1,1968,"N","2020-07-30T15:37:00","2020-07-30T15:38:00","2020-07-30T15:38:00",1,100]
[54888,"EF47-000321",100,"Personal Check",1,1979,"N","2020-07-23","2020-07-30T15:58:00","2020-07-30T15:58:00",1,"None. Donation by check."]
[54889,"EF47-000322",250,"Personal Check",1,1968,"N","2020-07-23","2020-07-30T16:02:00","2020-07-30T16:02:00",1,"None. Donation by check."]
[54890,"EF47-000323",40,"Personal Check",1,1948,"N","2020-07-23","2020-07-30T16:04:00","2020-07-30T16:04:00",1,"None. Donation by check."]
[54891,"EF47-000324",64,"Personal Check",1,1964,"N","2020-07-27","2020-07-30T16:05:00","2020-07-30T16:05:00",1,"None. Donation by check."]
[54892,"EF47-000325",10,"PayPal",1,2007,"N","2020-07-27","2020-07-30T16:27:00","2020-07-30T16:27:00",1,"None. Donation by check."]
[54893,"EF47-000326",35,"PayPal",6,1978,"N","2020-07-27","2020-07-30T16:28:00","2020-07-30T16:28:00",1,"None. Donation by check."]
[54894,"EF47-000327",20,"PayPal",2,2015,"N","2020-07-28","2020-07-30T16:30:00","2020-07-30T16:30:00",1,"None. Donation by check."]
[54895,"F47-000608",100,"CC",1,1956,"N","2020-07-30T16:30:00","2020-07-30T16:30:00","2020-07-30T16:30:00",1,100]
[54896,"EF47-000328",10,"PayPal",1,1986,"N","2020-07-29","2020-07-30T16:31:00","2020-07-30T16:31:00",1,"None. Donation by check."]
[54897,"EF47-000329",25,"PayPal",1,1956,"N","2020-07-30","2020-07-30T16:32:00","2020-07-30T16:32:00",1,"None. Donation by check."]
[54898,"EF47-000330",100,"PayPal",1,1973,"N","2020-07-30","2020-07-30T16:34:00","2020-07-30T16:34:00",1,"None. Donation by check."]
[54899,"EF47-000331",100,"PayPal",1,1980,"N","2020-07-30","2020-07-30T16:36:00","2020-07-30T16:36:00",1,"None. Donation by check."]
[54900,"EF47-000332",25,"PayPal",1,1979,"N","2020-07-30","2020-07-30T16:37:00","2020-07-30T16:37:00",1,"None. Donation by check."]
[54901,"EF47-000333",50,"PayPal",1,1979,"N","2020-07-30","2020-07-30T16:38:00","2020-07-30T16:38:00",1,"None. Donation by check."]
[54902,"EF47-000334",50,"PayPal",1,1989,"N","2020-07-30","2020-07-30T16:40:00","2020-07-30T16:40:00",1,"None. Donation by check."]
[54903,"EF47-000335",50,"PayPal",1,1978,"N","2020-07-30","2020-07-30T16:41:00","2020-07-30T16:41:00",1,"None. Donation by check."]
[54904,"EF47-000336",50,"PayPal",1,1964,"N","2020-07-30","2020-07-30T16:42:00","2020-07-30T16:42:00",1,"None. Donation by check."]
[54905,"EF47-000337",50,"PayPal",1,1957,"N","2020-07-30","2020-07-30T16:43:00","2020-07-30T16:43:00",1,"None. Donation by check."]
[54906,"EF47-000338",64,"PayPal",5,1964,"N","2020-07-30","2020-07-30T16:45:00","2020-07-30T16:45:00",1,"None. Donation by check."]
[54907,"EF47-000339",10,"PayPal",2,2013,"N","2020-07-30","2020-07-30T16:47:00","2020-07-30T16:47:00",1,"None. Donation by check."]
[54908,"EF47-000340",25,"PayPal",2,2015,"N","2020-07-30","2020-07-30T16:48:00","2020-07-30T16:48:00",1,"None. Donation by check."]
[54909,"EF47-000341",10,"PayPal",1,1965,"N","2020-07-30","2020-07-30T16:53:00","2020-07-30T16:53:00",1,"None. Donation by check."]
[54910,"F47-000612",50,"CC",1,1975,"N","2020-07-30T19:19:00","2020-07-30T19:19:00","2020-07-30T19:19:00",1,50]
[54911,"F47-000613",64,"CC",1,1964,"N","2020-07-30T20:03:00","2020-07-30T20:03:00","2020-07-30T20:03:00",1,64]
[54912,"F47-000614",77,"CC",1,1977,"N","2020-07-30T21:27:00","2020-07-30T21:27:00","2020-07-30T21:27:00",1,77]
[54913,"F47-000615",100,"CC",1,1951,"N","2020-07-31T06:16:00","2020-07-31T06:16:00","2020-07-31T06:16:00",1,100]
[54914,"F47-000616",25,"CC",1,2016,"N","2020-07-31T07:12:00","2020-07-31T07:12:00","2020-07-31T07:12:00",1,25]
[54915,"F47-000617",79,"CC",1,1979,"N","2020-07-31T08:39:00","2020-07-31T08:39:00","2020-07-31T08:39:00",1,79]
[54916,"F47-000618",50,"CC",1,1963,"N","2020-07-31T09:07:00","2020-07-31T09:07:00","2020-07-31T09:07:00",1,50]
[54917,"F47-000619",100,"CC",1,1951,"N","2020-07-31T09:59:00","2020-07-31T09:59:00","2020-07-31T09:59:00",1,100]
[54918,"F47-000620",25,"CC",1,1980,"N","2020-07-31T13:49:00","2020-07-31T13:49:00","2020-07-31T13:49:00",1,25]
[54919,"F47-000621",25,"CC",13,null,"N","2020-07-31T13:57:00","2020-07-31T13:57:00","2020-07-31T13:57:00",1,25]
[54920,"F47-000622",80,"CC",1,1963,"N","2020-07-31T15:23:00","2020-07-31T15:23:00","2020-07-31T15:23:00",1,80]
[54921,"EF47-000342",64,"PayPal",1,1964,"N","2020-07-30","2020-08-01T02:52:00","2020-08-01T02:52:00",1,"None. Donation by check."]
[54922,"EF47-000343",200,"PayPal",2,2010,"N","2020-07-30","2020-08-01T02:54:00","2020-08-01T02:54:00",1,"None. Donation by check."]
[54923,"EF47-000344",50,"PayPal",1,1969,"N","2020-07-31","2020-08-01T02:56:00","2020-08-01T02:56:00",1,"None. Donation by check."]
[54924,"EF47-000345",50,"PayPal",1,1975,"N","2020-07-31","2020-08-01T02:58:00","2020-08-01T02:58:00",1,"None. Donation by check."]
[54925,"EF47-000346",25,"PayPal",2,2003,"N","2020-07-31","2020-08-01T02:59:00","2020-08-01T02:59:00",1,"None. Donation by check."]
[54926,"EF47-000347",50,"PayPal",1,1956,"N","2020-07-31","2020-08-01T03:00:00","2020-08-01T03:00:00",1,"None. Donation by check."]
[54927,"F47-000623",25,"CC",1,1969,"N","2020-08-01T10:33:00","2020-08-01T10:33:00","2020-08-01T10:33:00",1,25]
[54928,"F47-000624",100,"CC",null,1964,"N","2020-08-01T18:37:00","2020-08-01T18:37:00","2020-08-01T18:37:00",1,100]
[54929,"EF47-000348",50,"Personal Check",1,1956,"N","2020-07-27","2020-08-01T20:23:00","2020-08-01T20:23:00",1,"None. Donation by check."]
[54930,"F47-000625",50,"CC",1,1981,"N","2020-08-01T20:24:00","2020-08-01T20:24:00","2020-08-01T20:24:00",1,50]
[54931,"EF47-000349",10,"Personal Check",1,1959,"N","2020-07-20","2020-08-01T20:26:00","2020-08-01T20:26:00",1,"None. Donation by check."]
[54932,"EF47-000350",250,"Personal Check",1,1969,"N","2020-07-27","2020-08-01T20:29:00","2020-08-01T20:29:00",1,"None. Donation by check."]
[54933,"EF47-000351",40,"PayPal",1,1957,"N","2020-08-01","2020-08-02T01:31:00","2020-08-02T01:31:00",1,"None. Donation by check."]
[54934,"EF47-000352",25,"PayPal",2,2014,"N","2020-08-01","2020-08-02T01:33:00","2020-08-02T01:33:00",1,"None. Donation by check."]
[54935,"F47-000626",50,"CC",1,1989,"N","2020-08-02T12:06:00","2020-08-02T12:06:00","2020-08-02T12:06:00",1,50]
[54936,"F47-000627",100,"CC",5,1958,"N","2020-08-02T12:17:00","2020-08-02T12:17:00","2020-08-02T12:17:00",1,100]
[54937,"F47-000628",50,"CC",1,1963,"N","2020-08-02T15:04:00","2020-08-02T15:04:00","2020-08-02T15:04:00",1,50]
[54938,"F47-000629",100,"CC",1,1965,"N","2020-08-03T07:21:00","2020-08-03T07:21:00","2020-08-03T07:21:00",1,100]
[54939,"F47-000630",50,"CC",1,1956,"N","2020-08-03T10:23:00","2020-08-03T10:23:00","2020-08-03T10:23:00",1,50]
[54940,"F47-000631",250,"CC",1,1978,"N","2020-08-03T10:59:00","2020-08-03T10:59:00","2020-08-03T10:59:00",1,250]
[54941,"F47-000632",50,"CC",1,1980,"N","2020-08-03T13:07:00","2020-08-03T13:07:00","2020-08-03T13:07:00",1,50]
[54942,"F47-000633",50,"CC",1,1979,"N","2020-08-03T13:12:00","2020-08-03T13:12:00","2020-08-03T13:12:00",1,50]
[54943,"F47-000634",50,"CC",1,1978,"N","2020-08-03T13:42:00","2020-08-03T13:43:00","2020-08-03T13:43:00",1,50]
[54944,"EF47-000353",55,"Personal Check",1,1955,"N","2020-07-29","2020-08-03T15:34:00","2020-08-03T15:34:00",1,"None. Donation by check."]
[54945,"EF47-000354",25,"Personal Check",1,1949,"N","2020-07-28","2020-08-03T15:53:00","2020-08-03T15:53:00",1,"None. Donation by check."]
[54946,"EF47-000355",150,"Personal Check",1,1964,"N","2020-07-30","2020-08-03T15:56:00","2020-08-03T15:56:00",1,"None. Donation by check."]
[54947,"EF47-000356",100,"Personal Check",1,1956,"N","2020-08-01","2020-08-03T15:58:00","2020-08-03T15:58:00",1,"None. Donation by check."]
[54948,"EF47-000357",25,"Personal Check",1,1968,"N","2020-07-30","2020-08-03T16:01:00","2020-08-03T16:01:00",1,"None. Donation by check."]
[54949,"EF47-000358",50,"Personal Check",2,2007,"N","2020-07-31","2020-08-03T16:04:00","2020-08-03T16:04:00",1,"None. Donation by check."]
[54950,"EF47-000359",50,"Personal Check",1,1963,"N","2020-08-01","2020-08-03T16:06:00","2020-08-03T16:06:00",1,"None. Donation by check."]
[54951,"F47-000635",50,"CC",2,2012,"N","2020-08-03T16:09:00","2020-08-03T16:09:00","2020-08-03T16:09:00",1,50]
[54952,"EF47-000360",100,"PayPal",1,1958,"N","2020-08-02","2020-08-03T17:04:00","2020-08-03T17:04:00",1,"None. Donation by check."]
[54953,"F47-000636",50,"CC",1,1979,"N","2020-08-03T20:46:00","2020-08-03T20:46:00","2020-08-03T20:46:00",1,50]
[54954,"F47-000637",50,"CC",1,1968,"N","2020-08-04T08:44:00","2020-08-04T08:44:00","2020-08-04T08:44:00",1,50]
[54955,"F47-000638",150,"CC",2,2010,"N","2020-08-04T09:17:00","2020-08-04T09:17:00","2020-08-04T09:17:00",1,150]
[54956,"F47-000639",50,"CC",1,1968,"N","2020-08-04T12:16:00","2020-08-04T12:16:00","2020-08-04T12:16:00",1,50]
[54957,"F47-000642",25,"CC",1,1968,"N","2020-08-04T12:35:00","2020-08-04T12:35:00","2020-08-04T12:35:00",1,25]
[54958,"F47-000643",50,"CC",1,1956,"N","2020-08-04T13:20:00","2020-08-04T13:20:00","2020-08-04T13:20:00",1,50]
[54959,"EF47-000361",100,"Personal Check",1,1964,"N","2020-07-30","2020-08-04T14:06:00","2020-08-04T14:06:00",1,"None. Donation by check."]
[54960,"F47-000644",50,"CC",1,1987,"N","2020-08-04T14:06:00","2020-08-04T14:06:00","2020-08-04T14:06:00",1,50]
[54961,"F47-000645",300,"CC",1,1963,"N","2020-08-04T17:41:00","2020-08-04T17:41:00","2020-08-04T17:41:00",1,300]
[54962,"EF47-000362",58,"PayPal",1,1958,"N","2020-08-04","2020-08-04T21:44:00","2020-08-04T21:44:00",1,"None. Donation by check."]
[54963,"EF47-000363",3,"PayPal",1,1975,"N","2020-08-04","2020-08-04T21:45:00","2020-08-04T21:45:00",1,"None. Donation by check."]
[54964,"F47-000646",100,"CC",2,2015,"N","2020-08-05T10:06:00","2020-08-05T10:06:00","2020-08-05T10:06:00",1,100]
[54965,"F47-000647",25,"CC",1,1965,"N","2020-08-05T13:05:00","2020-08-05T13:05:00","2020-08-05T13:05:00",1,25]
[54966,"F47-000648",100,"CC",1,1989,"N","2020-08-05T23:41:00","2020-08-05T23:41:00","2020-08-05T23:41:00",1,100]
[54967,"F47-000649",50,"CC",2,2018,"N","2020-08-05T23:43:00","2020-08-05T23:43:00","2020-08-05T23:43:00",1,50]
[54968,"F47-000650",25,"CC",1,1969,"N","2020-08-05T23:58:00","2020-08-05T23:58:00","2020-08-05T23:58:00",1,25]
[54969,"F47-000651",20,"CC",6,1958,"N","2020-08-06T00:24:00","2020-08-06T00:24:00","2020-08-06T00:24:00",1,20]
[54970,"F47-000652",50,"CC",5,1957,"N","2020-08-06T00:50:00","2020-08-06T00:50:00","2020-08-06T00:50:00",1,50]
[54971,"F47-000655",200,"CC",1,1992,"N","2020-08-06T03:59:00","2020-08-06T03:59:00","2020-08-06T03:59:00",1,200]
[54972,"F47-000656",35,"CC",null,null,"N","2020-08-06T04:45:00","2020-08-06T04:45:00","2020-08-06T04:45:00",1,35]
[54973,"F47-000657",200,"CC",1,1967,"N","2020-08-06T04:52:00","2020-08-06T04:52:00","2020-08-06T04:52:00",1,200]
[54974,"F47-000658",20,"CC",2,2014,"N","2020-08-06T06:06:00","2020-08-06T06:06:00","2020-08-06T06:06:00",1,20]
[54975,"F47-000659",100,"CC",1,1960,"N","2020-08-06T06:07:00","2020-08-06T06:07:00","2020-08-06T06:07:00",1,100]
[54976,"F47-000660",60,"CC",1,1969,"N","2020-08-06T06:25:00","2020-08-06T06:25:00","2020-08-06T06:25:00",1,60]
[54977,"F47-000661",100,"CC",1,1978,"N","2020-08-06T06:47:00","2020-08-06T06:47:00","2020-08-06T06:47:00",1,100]
[54978,"F47-000662",25,"CC",null,1975,"N","2020-08-06T06:47:00","2020-08-06T06:47:00","2020-08-06T06:47:00",1,25]
[54979,"F47-000663",10,"CC",1,1987,"N","2020-08-06T06:58:00","2020-08-06T06:58:00","2020-08-06T06:58:00",1,10]
[54980,"F47-000664",25,"CC",1,1969,"N","2020-08-06T07:11:00","2020-08-06T07:11:00","2020-08-06T07:11:00",1,25]
[54981,"F47-000665",250,"CC",1,1958,"N","2020-08-06T07:21:00","2020-08-06T07:21:00","2020-08-06T07:21:00",1,250]
[54982,"F47-000666",10,"CC",1,1969,"N","2020-08-06T07:24:00","2020-08-06T07:25:00","2020-08-06T07:25:00",1,10]
[54983,"F47-000667",300,"CC",1,1979,"N","2020-08-06T07:26:00","2020-08-06T07:26:00","2020-08-06T07:26:00",1,300]

{"sheet":"Sheet11","index":7,"n_rows":62,"n_cols":1,"rows_kept":62,"cut":false,"hidden":true,"merged":[]}
[1]
[2]
[3]
[4]
[5]
[6]
[7]
[8]
[9]
[10]
[11]
[12]
[13]
[14]
[15]
[16]
[17]
[18]
[19]
[20]
[21]
[22]
[23]
[24]
[25]
[26]
[27]
[28]
[29]
[30]
[31]
[32]
[33]
[34]
[35]
[36]
[37]
[38]
[39]
[40]
[41]
[42]
[43]
[44]
[45]
[46]
[47]
[48]
[49]
[50]
[51]
[52]
[53]
[54]
[55]
[56]
[57]
[58]
[59]
[60]
[61]
[62]