{"text_format":"1","workbook":"xlsx","n_sheets":8,"sheets":["Running Totals","Donation Averages","Income Source Analytics","Donations by Class","Fund Drive Budget History","Tables","Sanitized Raw Data","Sheet11"],"not_rendered":{"charts":10,"images":0,"macros":1,"external_links":0,"defined_names":1,"comments":0,"pivot_tables":1},"unopened":[],"bounds":{"document_bytes":16777216,"sheet_cells":100000,"rows_first":2000,"rows_last":500,"rows_between":2000,"halvings":0,"cell_chars":16384,"cell_head_chars":4096},"cells_cut":0,"cells_raw":0,"read":"whole","date_system":"1900"}

{"sheet":"Running Totals","index":0,"n_rows":0,"n_cols":0,"rows_kept":0,"cut":false,"hidden":false,"merged":[]}

{"sheet":"Donation Averages","index":1,"n_rows":0,"n_cols":0,"rows_kept":0,"cut":false,"hidden":false,"merged":[]}

{"sheet":"Income Source Analytics","index":2,"n_rows":0,"n_cols":0,"rows_kept":0,"cut":false,"hidden":false,"merged":[]}

{"sheet":"Donations by Class","index":3,"n_rows":105,"n_cols":4,"rows_kept":105,"cut":false,"hidden":false,"merged":[]}
[]
[]
[]
[]
[]
[]
[]
[]
[]
[]
[]
[]
[]
[]
[]
[]
[]
[]
[]
[]
[]
[]
[]
[]
[]
[]
[]
[]
[]
[]
[]
[]
[]
[]
[]
[]
[]
[]
[]
[]
["Row Labels","Count of donate_id","Sum of donate_amount","Average of donate_amount2"]
[1926,2,88,44]
[1946,4,425,106.25]
[1948,4,280,70]
[1949,3,1240,413.33333333333331]
[1951,8,752,94]
[1954,1,200,200]
[1955,25,3320,132.80000000000001]
[1956,19,671,35.315789473684212]
[1957,18,1495,83.055555555555557]
[1958,41,2969.58,72.428780487804872]
[1959,12,530,44.166666666666664]
[1960,9,625,69.444444444444443]
[1961,1,25,25]
[1962,2,300,150]
[1963,29,2224.7100000000005,76.7141379310345]
[1964,78,5779.6399999999994,74.097948717948711]
[1965,18,1145,63.611111111111114]
[1966,58,4085.66,70.442413793103441]
[1967,12,945,78.75]
[1968,35,1955,55.857142857142854]
[1969,37,4395.47,118.79648648648649]
[1970,1,30,30]
[1971,1,100,100]
[1972,1,100,100]
[1973,4,250,62.5]
[1975,34,1791,52.676470588235297]
[1976,1,25,25]
[1977,67,4109.49,61.335671641791045]
[1978,36,2103,58.416666666666664]
[1979,31,1642.5899999999997,52.986774193548378]
[1980,18,1070,59.444444444444443]
[1981,7,85,12.142857142857142]
[1982,1,25,25]
[1985,1,85,85]
[1986,8,210,26.25]
[1987,4,199.23000000000002,49.807500000000005]
[1988,1,25,25]
[1989,10,1444.78,144.47800000000001]
[1992,5,725,145]
[1995,2,62,31]
[1996,5,190,38]
[1997,1,19.97,19.97]
[1998,1,100,100]
[2001,2,200,100]
[2002,1,50,50]
[2003,2,50,25]
[2004,1,20.04,20.04]
[2005,7,225,32.142857142857146]
[2006,2,75,37.5]
[2007,13,410,31.53846153846154]
[2008,2,240,120]
[2009,8,155.54000000000002,19.442500000000003]
[2010,4,600,150]
[2011,3,225,75]
[2012,6,450,75]
[2013,2,85,42.5]
[2014,2,200,100]
[2015,31,871.1400000000001,28.101290322580649]
[2016,10,190,19]
[2018,1,25,25]
[2019,6,90,15]
[2020,2,50,25]
["(blank)",12,933.73,77.810833333333335]
["Grand Total",773,52988.569999999985,68.549249676584722]

{"sheet":"Fund Drive Budget History","index":4,"n_rows":43,"n_cols":3,"rows_kept":43,"cut":false,"hidden":false,"merged":[]}
[8,"Fall 2000",68617]
[9,"Spring 2001",102827]
[10,"Fall 2001",95623]
[11,"Spring 2002",111701]
[12,"Fall 2002",106844]
[13,"Spring 2003",102871]
[14,"Fall 2003",98477]
[15,"Spring 2004",108900]
[16,"Fall 2004",113124]
[17,"Spring 2005",118619]
[18,"Fall 2005",111051]
[19,"Spring 2006",113413]
[20,"Fall 2006",95079]
[21,"Spring 2007",103994]
[22,"Fall 2007",116556]
[23,"Spring 2008",107504]
[24,"Fall 2008",108019]
[25,"Spring 2009",113444]
[26,"Fall 2009",109229]
[27,"Spring 2010",98094]
[28,"Fall 2010",96500]
[29,"Spring 2011",104010]
[30,"Fall 2011",98593]
[31,"Spring 2012",104884]
[32,"Fall 2012",117343]
[33,"Spring 2013",104622]
[34,"Fall 2013",97167]
[35,"Spring 2014",99462]
[36,"Fall 2014",98667]
[37,"Spring 2015",101357]
[38,"Fall 2015",99590]
[39,"Spring 2016",89448]
[40,"Fall 2016",95352]
[41,"Spring 2017",96226]
[42,"Fall 2017",92344]
[43,"Spring 2018",96226]
[44,"Fall 2018",74104]
[45,"Spring 2019",74493]
[46,"Fall 2019",75511.820000000007]
[47,"Spring 2020",65854]
[48,"Fall 2020",45171.65]
[49,"Spring 2021",59014]
[50,"Fall 2021",59014]

{"sheet":"Tables","index":5,"n_rows":47,"n_cols":204,"rows_kept":47,"cut":false,"hidden":false,"merged":[[0,164,0,203],[0,0,0,39],[0,41,0,80],[0,82,0,121],[0,123,0,162]]}
["FD49",null,null,null,null,null,null,null,null,null,null,null,null,null,null,null,null,null,null,null,null,null,null,null,null,null,null,null,null,null,null,null,null,null,null,null,null,null,null,null,null,"FD 48",null,null,null,null,null,null,null,null,null,null,null,null,null,null,null,null,null,null,null,null,null,null,null,null,null,null,null,null,null,null,null,null,null,null,null,null,null,null,null,null,"FD 47",null,null,null,null,null,null,null,null,null,null,null,null,null,null,null,null,null,null,null,null,null,null,null,null,null,null,null,null,null,null,null,null,null,null,null,null,null,null,null,null,"FD 46",null,null,null,null,null,null,null,null,null,null,null,null,null,null,null,null,null,null,null,null,null,null,null,null,null,null,null,null,null,null,null,null,null,null,null,null,null,null,null,null,"FD 45"]
["Day","Date","Goal","Matching Grant #","Matching Grant Amt","Cash #","Cash Amt","Credit Card #","Credit Card Amt","PayPal #","PayPal Amt","Check #","Check Amt","Operating Budget","Donations by Day","Total Donations","Avg Overall Donation Amt","Avg Donation/Day","Average Donated Daily","Daily % of Goal","Daily % Matching $","Daily % Matching #","Overall %Matching $","Overall % Matching #","Daily % Cash $","Daily % Cash #","Overall % Cash $","Overall % Cash #","Daily % CC $","Daily % CC #","Overall % CC $","Overall % CC #","Daily % PP $","Daily % PP #","Overall % PP $","Overall % PP #","Daily % Chk $","Daily % Chk #","Overall % Chk $","Overall % Chk #",null,"Day","Date","Goal","Matching Grant #","Matching Grant Amt","Cash #","Cash Amt","Credit Card #","Credit Card Amt","PayPal #","PayPal Amt","Check #","Check Amt","Operating Budget","Donations by Day","Total Donations","Avg Overall Donation Amt","Avg Donation/Day","Average Donated  Daily","Daily % of Goal","Daily % Matching $","Daily % Matching #","Overall %Matching $","Overall % Matching #","Daily % Cash $","Daily % Cash #","Overall % Cash $","Overall % Cash #","Daily % CC $","Daily % CC #","Overall % CC $","Overall % CC #","Daily % PP $","Daily % PP #","Overall % PP $","Overall % PP #","Daily % Chk $","Daily % Chk #","Overall % Chk $","Overall % Chk #",null,"Day","Date","Goal","Matching Grant #","Matching Grant Amt","Cash #","Cash Amt","Credit Card #","Credit Card Amt","PayPal #","PayPal Amt","Check #","Check Amt","Operating Budget","Donations by Day","Total Donations","Avg Overall Donation Amt","Avg Donation/Day","Average Donated Daily","Daily % of Goal","Daily % Matching $","Daily % Matching #","Overall %Matching $","Overall % Matching #","Daily % Cash $","Daily % Cash #","Overall % Cash $","Overall % Cash #","Daily % CC $","Daily % CC #","Overall % CC $","Overall % CC #","Daily % PP $","Daily % PP #","Overall % PP $","Overall % PP #","Daily % Chk $","Daily % Chk #","Overall % Chk $","Overall % Chk #",null,"Day","Date","Goal","Matching Grant #","Matching Grant Amt","Cash #","Cash Amt","Credit Card #","Credit Card Amt","PayPal #","PayPal Amt","Check #","Check Amt","Operating Budget","Donations by Day","Total Donations","Avg Overall Donation Amt","Avg Donation/Day","Average Donated Daily","Daily % of Goal","Daily % Matching $","Daily % Matching #","Overall %Matching $","Overall % Matching #","Daily % Cash $","Daily % Cash #","Overall % Cash $","Overall % Cash #","Daily % CC $","Daily % CC #","Overall % CC $","Overall % CC #","Daily % PP $","Daily % PP #","Overall % PP $","Overall % PP #","Daily % Chk $","Daily % Chk #","Overall % Chk $","Overall % Chk #",null,"Day","Date","Goal","Matching Grant #","Matching Grant Amt","Cash #","Cash Amt","Credit Card #","Credit Card Amt","PayPal #","PayPal Amt","Check #","Check Amt","Operating Budget","Donations by Day","Total Donations","Avg Overall Donation Amt","Avg Donation/Day","Average Donated Daily","Daily % of Goal","Daily % Matching $","Daily % Matching #","Overall %Matching $","Overall % Matching #","Daily % Cash $","Daily % Cash #","Overall % Cash $","Overall % Cash #","Daily % CC $","Daily % CC #","Overall % CC $","Overall % CC #","Daily % PP $","Daily % PP #","Overall % PP $","Overall % PP #","Daily % Chk $","Daily % Chk #","Overall % Chk $","Overall % Chk #"]
["Pre-Fund Drive",null,52905,{"$f":"COUNTIFS('Sanitized Raw Data'!$H:$H,\"<\"&B4,'Sanitized Raw Data'!$D:$D,\"Matching Grant\")","v":20},{"$f":"SUMIFS('Sanitized Raw Data'!$C:$C,'Sanitized Raw Data'!$H:$H,\"<\"&B4,'Sanitized Raw Data'!$D:$D,\"Matching Grant\")","v":541.07000000000005},{"$f":"COUNTIFS('Sanitized Raw Data'!$H:$H,\"<\"&B4,'Sanitized Raw Data'!$D:$D,\"Cash\")","v":0},{"$f":"SUMIFS('Sanitized Raw Data'!$C:$C,'Sanitized Raw Data'!$H:$H,\"<\"&B4,'Sanitized Raw Data'!$D:$D,\"Cash\")","v":0},{"$f":"COUNTIFS('Sanitized Raw Data'!$H:$H,\"<\"&B4,'Sanitized Raw Data'!$D:$D,\"CC\")","v":3},{"$f":"SUMIFS('Sanitized Raw Data'!$C:$C,'Sanitized Raw Data'!$H:$H,\"<\"&B4,'Sanitized Raw Data'!$D:$D,\"CC\")","v":70},{"$f":"COUNTIFS('Sanitized Raw Data'!$H:$H,\"<\"&B4,'Sanitized Raw Data'!$D:$D,\"PayPal\")","v":122},{"$f":"SUMIFS('Sanitized Raw Data'!$C:$C,'Sanitized Raw Data'!$H:$H,\"<\"&B4,'Sanitized Raw Data'!$D:$D,\"PayPal\")","v":3596.8700000000008},{"$f":"COUNTIFS('Sanitized Raw Data'!$H:$H,\"<\"&B4,'Sanitized Raw Data'!$D:$D,\"Personal Check\")+COUNTIFS('Sanitized Raw Data'!$H:$H,\"<\"&B4,'Sanitized Raw Data'!$D:$D,\"ACH Grant Deposit\")","v":80},{"$f":"SUMIFS('Sanitized Raw Data'!$C:$C,'Sanitized Raw Data'!$H:$H,\"<\"&B4,'Sanitized Raw Data'!$D:$D,\"Personal Check\")+SUMIFS('Sanitized Raw Data'!$C:$C,'Sanitized Raw Data'!$H:$H,\"<\"&B4,'Sanitized Raw Data'!$D:$D,\"ACH Grant Deposit\")","v":6204.49},{"$f":"SUM(G3,M3,K3,I3,E3)","v":10412.43},{"$f":"SUM(F3,H3,J3,L3)","v":205},{"$f":"SUM(F3,L3,J3,H3,D3)","v":225},{"$f":"N3/P3","v":46.277466666666669},{"$f":"(SUM(G3,M3,K3,I3,E3))/(SUM(F3,H3,J3,L3,D3))","v":46.277466666666669},null,{"$f":"(N3/C$3)","v":0.19681372271051886},{"$f":"E3/N3","v":5.1963854738999449E-2},{"$f":"D3/O3","v":9.7560975609756101E-2},{"$f":"E3/N3","v":5.1963854738999449E-2},{"$f":"D3/O3","v":9.7560975609756101E-2},{"$f":"G3/N3","v":0},{"$f":"F3/O3","v":0},{"$f":"B3/J3","v":0},{"$f":"F3/O3","v":0},{"$f":"I3/N3","v":6.7227342704824907E-3},{"$f":"H3/O3","v":1.4634146341463415E-2},{"$f":"H3/N3","v":2.8811718302067815E-4},{"$f":"H3/P3","v":1.3333333333333334E-2},{"$f":"K3/N3","v":0.34544001736386232},{"$f":"J3/O3","v":0.59512195121951217},{"$f":"K3/N3","v":0.34544001736386232},{"$f":"J3/P3","v":0.54222222222222227},{"$f":"M3/N3","v":0.59587339362665581},{"$f":"L3/O3","v":0.3902439024390244},{"$f":"M3/N3","v":0.59587339362665581},{"$f":"L3/P3","v":0.35555555555555557},null,"Pre-Fund Drive",null,59014,4,42.46,0,0,0,0,72,1289.45,66,7247,8578.91,138,142,60.414859154929573,60.414859154929573,null,0.14537075948080116,4.9493467118783161E-3,2.8985507246376812E-2,4.9493467118783161E-3,2.8985507246376812E-2,0,0,0,0,0,0,0,0,0.1503046424312646,0.52173913043478259,0.1503046424312646,0.50704225352112675,0.84474601085685708,0.47826086956521741,0.84474601085685708,0.46478873239436619,null,"Pre-Fund Drive",null,45128,null,null,0,0,54,4648.8900000000003,68,2228.06,44,5118.37,11995.32,166,166,72.260963855421679,72.260963855421679,null,0.26580659457542988,null,null,null,null,0,0,0,0,0.38755864787267036,0.3253012048192771,4.5017556847170397E-3,0.3253012048192771,0.18574410686834533,0.40963855421686746,0.18574410686834533,0.40963855421686746,0.42669724525898434,0.26506024096385544,0.42669724525898434,0.26506024096385544,null,"Pre-Fund Drive",null,65854,null,null,0,0,21,2460.69,165,3373.7200000000003,66,5705.66,11540.070000000002,252,252,45.79392857142858,45.79392857142858,null,0.17523719136271149,null,null,null,null,0,0,0,0,0.21323007572744357,8.3333333333333329E-2,1.8197463273619656E-3,8.3333333333333329E-2,0.29234831331179101,0.65476190476190477,0.29234831331179101,0.65476190476190477,0.49442161096076531,0.26190476190476192,0.49442161096076531,0.26190476190476192,null,"Pre-Fund Drive",null,76366,null,null,0,0,0,0,88,2170.8199999999997,29,2963.79,5134.6099999999997,117,117,43.885555555555555,43.885555555555555,null,6.7236859335306279E-2,null,null,null,null,0,0,0,0,0,0,0,0,0.42278186658772521,0.75213675213675213,0.42278186658772521,0.75213675213675213,0.57721813341227479,0.24786324786324787,0.57721813341227479,0.24786324786324787]
["Day 1","2021-10-04",52905,{"$f":"COUNTIFS('Sanitized Raw Data'!$H:$H,\">=\"&$B4,'Sanitized Raw Data'!$H:$H,\"<\"&$B5,'Sanitized Raw Data'!$D:$D,\"Matching Grant\")","v":0},{"$f":"SUMIFS('Sanitized Raw Data'!$C:$C,'Sanitized Raw Data'!$H:$H,\">=\"&$B4,'Sanitized Raw Data'!$H:$H,\"<\"&$B5,'Sanitized Raw Data'!$D:$D,\"Matching Grant\")","v":0},{"$f":"COUNTIFS('Sanitized Raw Data'!$H:$H,\">=\"&$B4,'Sanitized Raw Data'!$H:$H,\"<\"&$B5,'Sanitized Raw Data'!$D:$D,\"Cash\")","v":0},{"$f":"SUMIFS('Sanitized Raw Data'!$C:$C,'Sanitized Raw Data'!$H:$H,\">=\"&$B4,'Sanitized Raw Data'!$H:$H,\"<\"&$B5,'Sanitized Raw Data'!$D:$D,\"Cash\")","v":0},{"$f":"COUNTIFS('Sanitized Raw Data'!$H:$H,\">=\"&$B4,'Sanitized Raw Data'!$H:$H,\"<\"&$B5,'Sanitized Raw Data'!$D:$D,\"CC\")","v":87},{"$f":"SUMIFS('Sanitized Raw Data'!$C:$C,'Sanitized Raw Data'!$H:$H,\">=\"&$B4,'Sanitized Raw Data'!$H:$H,\"<\"&$B5,'Sanitized Raw Data'!$D:$D,\"CC\")","v":6723.6599999999989},{"$f":"COUNTIFS('Sanitized Raw Data'!$H:$H,\">=\"&$B4,'Sanitized Raw Data'!$H:$H,\"<\"&$B5,'Sanitized Raw Data'!$D:$D,\"PayPal\")","v":22},{"$f":"SUMIFS('Sanitized Raw Data'!$C:$C,'Sanitized Raw Data'!$H:$H,\">=\"&$B4,'Sanitized Raw Data'!$H:$H,\"<\"&$B5,'Sanitized Raw Data'!$D:$D,\"PayPal\")","v":1120.6799999999998},{"$f":"COUNTIFS('Sanitized Raw Data'!$H:$H,\">=\"&$B4,'Sanitized Raw Data'!$H:$H,\"<\"&$B5,'Sanitized Raw Data'!$D:$D,\"Personal Check\")+COUNTIFS('Sanitized Raw Data'!$H:$H,\">=\"&$B4,'Sanitized Raw Data'!$H:$H,\"<\"&$B5,'Sanitized Raw Data'!$D:$D,\"ACH Grant Deposit\")","v":7},{"$f":"SUMIFS('Sanitized Raw Data'!$C:$C,'Sanitized Raw Data'!$H:$H,\">=\"&$B4,'Sanitized Raw Data'!$H:$H,\"<\"&$B5,'Sanitized Raw Data'!$D:$D,\"Personal Check\")+SUMIFS('Sanitized Raw Data'!$C:$C,'Sanitized Raw Data'!$H:$H,\">=\"&$B4,'Sanitized Raw Data'!$H:$H,\"<\"&$B5,'Sanitized Raw Data'!$D:$D,\"ACH Grant Deposit\")","v":339},{"$f":"SUM(G4,M4,K4,I4,N3,E4)","v":18595.769999999997},{"$f":"SUM(F4,H4,J4,L4,D4)","v":116},{"$f":"SUM(F4,L4,J4,H4,P3,D4)","v":341},{"$f":"N4/P4","v":54.533049853372425},70.5460344827586,{"$f":"N4/Sheet11!$A1","v":18595.769999999997},{"$f":"(N4-N3)/C$3","v":0.15467989793025227},{"$f":"E4/(N4-N3)","v":0},0,{"$f":"SUM(E$3:E4)/N4","v":2.9096402031214632E-2},{"$f":"SUM(D$3:D4)/O4","v":0.17241379310344829},{"$f":"G4/(N4-N3)","v":0},0,{"$f":"SUM(G$3:G4)/N4","v":0},{"$f":"SUM(F$3:F4)/O4","v":0},{"$f":"I4/(N4-N3)","v":0.82162784388770382},{"$f":"H4/O4","v":0.75},{"$f":"SUM(I$3:I4)/N4","v":0.36533362157092714},{"$f":"SUM(H$3:H4)/P4","v":0.26392961876832843},{"$f":"K4/(N4-N3)","v":0.13694652794580212},{"$f":"J4/O4","v":0.18965517241379309},{"$f":"SUM(K$3:K4)/N4","v":0.2536894143130401},{"$f":"SUM(J$3:J4)/P4","v":0.42228739002932553},{"$f":"M4/(N4-N3)","v":4.142562816649438E-2},{"$f":"L4/O4","v":6.0344827586206899E-2},{"$f":"SUM(M$3:M4)/N4","v":0.35188056208481827},{"$f":"SUM(L$3:L4)/P4","v":0.25513196480938416},null,"Day 1","2021-04-04",59014,0,0,0,0,21,1365.58,0,0,0,0,9944.49,21,163,61.009141104294478,65.027619047619041,9944.49,2.3139932897278611E-2,0,0,4.2697011108664201E-3,0.19047619047619047,0,0,0,0,1,1,0.13732026478984843,0.12883435582822086,0,0,0.12966476913345984,0.44171779141104295,0,0,0.72874526496582526,0.40490797546012269,null,"Day 1","2020-11-08",45128,null,null,0,0,36,2252.59,6,320,2,100,14667.91,44,210,69.847190476190477,60.74068181818182,14667.91,5.9222433965608938E-2,null,null,null,null,0,0,0,0,0.84284907149993082,0.81818181818181823,0.47051556765755997,0.42857142857142855,0.1197340407619575,0.13636363636363635,0.17371663720325528,0.35238095238095241,3.741688773811172E-2,4.5454545454545456E-2,0.35576779513918477,0.21904761904761905,null,"Day 1","2020-07-15",65854,null,null,0,0,203,16744.550000000003,9,265,22,1490,30039.620000000003,234,486,61.80991769547326,79.057905982905993,30039.620000000003,0.28091763598262826,null,null,null,null,0,0,0,0,0.90513282755526492,0.86752136752136755,0.63933032441821835,0.46090534979423869,1.4324672762310432E-2,3.8461538461538464E-2,0.12113069339758625,0.35802469135802467,8.054249968242469E-2,9.4017094017094016E-2,0.23953898218419539,0.18106995884773663,null,"Day 1","2019-10-07",76366,null,null,0,0,31,3227.28,11,474,6,569,9404.89,48,165,56.999333333333333,88.964166666666685,9404.89,5.5918602519445824E-2,null,null,null,null,0,0,0,0,0.75575372106747107,0.64583333333333337,0.34314914900652749,0.18787878787878787,0.11099974708918385,0.22916666666666666,0.28121753683456158,0.6,0.13324653184334517,0.125,0.37563331415891099,0.21212121212121213]
["Day 2","2021-10-05",52905,{"$f":"COUNTIFS('Sanitized Raw Data'!$H:$H,\">=\"&$B5,'Sanitized Raw Data'!$H:$H,\"<\"&$B6,'Sanitized Raw Data'!$D:$D,\"Matching Grant\")","v":0},{"$f":"SUMIFS('Sanitized Raw Data'!$C:$C,'Sanitized Raw Data'!$H:$H,\">=\"&$B5,'Sanitized Raw Data'!$H:$H,\"<\"&$B6,'Sanitized Raw Data'!$D:$D,\"Matching Grant\")","v":0},{"$f":"COUNTIFS('Sanitized Raw Data'!$H:$H,\">=\"&$B5,'Sanitized Raw Data'!$H:$H,\"<\"&$B6,'Sanitized Raw Data'!$D:$D,\"Cash\")","v":0},{"$f":"SUMIFS('Sanitized Raw Data'!$C:$C,'Sanitized Raw Data'!$H:$H,\">=\"&$B5,'Sanitized Raw Data'!$H:$H,\"<\"&$B6,'Sanitized Raw Data'!$D:$D,\"Cash\")","v":0},{"$f":"COUNTIFS('Sanitized Raw Data'!$H:$H,\">=\"&$B5,'Sanitized Raw Data'!$H:$H,\"<\"&$B6,'Sanitized Raw Data'!$D:$D,\"CC\")","v":51},{"$f":"SUMIFS('Sanitized Raw Data'!$C:$C,'Sanitized Raw Data'!$H:$H,\">=\"&$B5,'Sanitized Raw Data'!$H:$H,\"<\"&$B6,'Sanitized Raw Data'!$D:$D,\"CC\")","v":4535.3599999999997},{"$f":"COUNTIFS('Sanitized Raw Data'!$H:$H,\">=\"&$B5,'Sanitized Raw Data'!$H:$H,\"<\"&$B6,'Sanitized Raw Data'!$D:$D,\"PayPal\")","v":7},{"$f":"SUMIFS('Sanitized Raw Data'!$C:$C,'Sanitized Raw Data'!$H:$H,\">=\"&$B5,'Sanitized Raw Data'!$H:$H,\"<\"&$B6,'Sanitized Raw Data'!$D:$D,\"PayPal\")","v":1385},{"$f":"COUNTIFS('Sanitized Raw Data'!$H:$H,\">=\"&$B5,'Sanitized Raw Data'!$H:$H,\"<\"&$B6,'Sanitized Raw Data'!$D:$D,\"Personal Check\")+COUNTIFS('Sanitized Raw Data'!$H:$H,\">=\"&$B5,'Sanitized Raw Data'!$H:$H,\"<\"&$B6,'Sanitized Raw Data'!$D:$D,\"ACH Grant Deposit\")","v":8},{"$f":"SUMIFS('Sanitized Raw Data'!$C:$C,'Sanitized Raw Data'!$H:$H,\">=\"&$B5,'Sanitized Raw Data'!$H:$H,\"<\"&$B6,'Sanitized Raw Data'!$D:$D,\"Personal Check\")+SUMIFS('Sanitized Raw Data'!$C:$C,'Sanitized Raw Data'!$H:$H,\">=\"&$B5,'Sanitized Raw Data'!$H:$H,\"<\"&$B6,'Sanitized Raw Data'!$D:$D,\"ACH Grant Deposit\")","v":1110},{"$f":"SUM(G5,M5,K5,I5,N4,E5)","v":25626.129999999997},{"$f":"SUM(F5,H5,J5,L5,D5)","v":66},{"$f":"SUM(F5,L5,J5,H5,P4,D5)","v":407},{"$f":"N5/P5","v":62.963464373464369},{"$f":"(SUM(G5,M5,K5,I5,E5))/(SUM(F5,H5,J5,L5,D5))","v":106.52060606060606},{"$f":"N5/Sheet11!$A2","v":12813.064999999999},{"$f":"(N5-N4)/C$3","v":0.13288649466024005},{"$f":"E5/(N5-N4)","v":0},{"$f":"D5/O5","v":0},{"$f":"SUM(E$3:E5)/N5","v":2.1113995753553116E-2},{"$f":"SUM(D$3:D5)/O5","v":0.30303030303030304},{"$f":"G5/(N5-N4)","v":0},{"$f":"F5/O5","v":0},{"$f":"SUM(G$3:G5)/N5","v":0},{"$f":"SUM(F$3:F5)/O5","v":0},{"$f":"I5/(N5-N4)","v":0.64511063444830696},{"$f":"H5/O5","v":0.77272727272727271},{"$f":"SUM(I$3:I5)/N5","v":0.44208860253186882},{"$f":"SUM(H$3:H5)/P5","v":0.34643734643734642},{"$f":"K5/(N5-N4)","v":0.19700271394352492},{"$f":"J5/O5","v":0.10606060606060606},{"$f":"SUM(K$3:K5)/N5","v":0.2381377913871506},{"$f":"SUM(J$3:J5)/P5","v":0.37100737100737102},{"$f":"M5/(N5-N4)","v":0.15788665160816798},{"$f":"L5/O5","v":0.12121212121212122},{"$f":"SUM(M$3:M5)/N5","v":0.29865961032742755},{"$f":"SUM(L$3:L5)/P5","v":0.2334152334152334},null,"Day 2","2021-04-05",59014,0,0,0,0,130,9679.0500000000011,42,2174.4700000000003,27,1885.79,23683.800000000003,199,362,65.424861878453044,69.041758793969862,11841.900000000001,0.23281441691801952,0,0,1.7927866305238178E-3,2.0100502512562814E-2,0,0,0,0,0.70447860918779759,0.65326633165829151,0.46633690539524908,0.41712707182320441,0.15826631759527951,0.21105527638190955,0.14625693512020874,0.31491712707182318,0.13725507321692279,0.135678391959799,0.38561337285401837,0.25690607734806631,null,"Day 2","2020-11-09",45128,null,null,0,0,100,6744.75,20,1199.47,11,520,23132.129999999997,131,341,67.836158357771254,64.612366412213731,11566.064999999999,0.18756027300124087,null,null,null,null,0,0,0,0,0.79685428781388035,0.76335877862595425,0.58992535490678988,0.55718475073313778,0.14171063606569778,0.15267175572519084,0.16200540114550627,0.2756598240469208,6.1435076120422219E-2,8.3969465648854963E-2,0.24806924394770394,0.16715542521994134,null,"Day 2","2020-07-16",65854,null,null,0,0,47,3898.15,4,330,11,970,35237.770000000004,62,548,64.302500000000009,83.841129032258053,17618.885000000002,7.8934461080572199E-2,null,null,null,null,0,0,0,0,0.74991102603810955,0.75806451612903225,0.65564279464903708,0.49452554744525545,6.3484124159556746E-2,6.4516129032258063E-2,0.11262687735347611,0.32481751824817517,0.18660484980233347,0.17741935483870969,0.23173032799748675,0.18065693430656934,null,"Day 2","2019-10-08",76366,null,null,0,0,71,4453.26,17,739.68000000000006,14,957,15554.83,102,267,58.257790262172286,60.293529411764709,7777.415,8.053243590079355E-2,null,null,null,null,0,0,0,0,0.72411438160372299,0.69607843137254899,0.49377203093830024,0.38202247191011235,0.12027434413994283,0.16666666666666666,0.21758514879301155,0.43445692883895132,0.1556112742563342,0.13725490196078433,0.28864282026868826,0.18352059925093633]
["Day 3","2021-10-06",52905,{"$f":"COUNTIFS('Sanitized Raw Data'!$H:$H,\">=\"&$B6,'Sanitized Raw Data'!$H:$H,\"<\"&$B7,'Sanitized Raw Data'!$D:$D,\"Matching Grant\")","v":0},{"$f":"SUMIFS('Sanitized Raw Data'!$C:$C,'Sanitized Raw Data'!$H:$H,\">=\"&$B6,'Sanitized Raw Data'!$H:$H,\"<\"&$B7,'Sanitized Raw Data'!$D:$D,\"Matching Grant\")","v":0},{"$f":"COUNTIFS('Sanitized Raw Data'!$H:$H,\">=\"&$B6,'Sanitized Raw Data'!$H:$H,\"<\"&$B7,'Sanitized Raw Data'!$D:$D,\"Cash\")","v":0},{"$f":"SUMIFS('Sanitized Raw Data'!$C:$C,'Sanitized Raw Data'!$H:$H,\">=\"&$B6,'Sanitized Raw Data'!$H:$H,\"<\"&$B7,'Sanitized Raw Data'!$D:$D,\"Cash\")","v":0},{"$f":"COUNTIFS('Sanitized Raw Data'!$H:$H,\">=\"&$B6,'Sanitized Raw Data'!$H:$H,\"<\"&$B7,'Sanitized Raw Data'!$D:$D,\"CC\")","v":19},{"$f":"SUMIFS('Sanitized Raw Data'!$C:$C,'Sanitized Raw Data'!$H:$H,\">=\"&$B6,'Sanitized Raw Data'!$H:$H,\"<\"&$B7,'Sanitized Raw Data'!$D:$D,\"CC\")","v":1680},{"$f":"COUNTIFS('Sanitized Raw Data'!$H:$H,\">=\"&$B6,'Sanitized Raw Data'!$H:$H,\"<\"&$B7,'Sanitized Raw Data'!$D:$D,\"PayPal\")","v":5},{"$f":"SUMIFS('Sanitized Raw Data'!$C:$C,'Sanitized Raw Data'!$H:$H,\">=\"&$B6,'Sanitized Raw Data'!$H:$H,\"<\"&$B7,'Sanitized Raw Data'!$D:$D,\"PayPal\")","v":230},{"$f":"COUNTIFS('Sanitized Raw Data'!$H:$H,\">=\"&$B6,'Sanitized Raw Data'!$H:$H,\"<\"&$B7,'Sanitized Raw Data'!$D:$D,\"Personal Check\")+COUNTIFS('Sanitized Raw Data'!$H:$H,\">=\"&$B6,'Sanitized Raw Data'!$H:$H,\"<\"&$B7,'Sanitized Raw Data'!$D:$D,\"ACH Grant Deposit\")","v":4},{"$f":"SUMIFS('Sanitized Raw Data'!$C:$C,'Sanitized Raw Data'!$H:$H,\">=\"&$B6,'Sanitized Raw Data'!$H:$H,\"<\"&$B7,'Sanitized Raw Data'!$D:$D,\"Personal Check\")+SUMIFS('Sanitized Raw Data'!$C:$C,'Sanitized Raw Data'!$H:$H,\">=\"&$B6,'Sanitized Raw Data'!$H:$H,\"<\"&$B7,'Sanitized Raw Data'!$D:$D,\"ACH Grant Deposit\")","v":389},{"$f":"SUM(G6,M6,K6,I6,N5,E6)","v":27925.129999999997},{"$f":"SUM(F6,H6,J6,L6,D6)","v":28},{"$f":"SUM(F6,L6,J6,H6,P5,D6)","v":435},{"$f":"N6/P6","v":64.195701149425275},{"$f":"(SUM(G6,M6,K6,I6,E6))/(SUM(F6,H6,J6,L6,D6))","v":82.107142857142861},{"$f":"N6/Sheet11!$A3","v":9308.3766666666652},{"$f":"(N6-N5)/C$3","v":4.3455249976372741E-2},{"$f":"E6/(N6-N5)","v":0},{"$f":"D6/O6","v":0},{"$f":"SUM(E$3:E6)/N6","v":1.9375737910620295E-2},{"$f":"SUM(D$3:D6)/O6","v":0.7142857142857143},{"$f":"G6/(N6-N5)","v":0},{"$f":"F6/O6","v":0},{"$f":"SUM(G$3:G6)/N6","v":0},{"$f":"SUM(F$3:F6)/O6","v":0},{"$f":"I6/(N6-N5)","v":0.73075250108742928},{"$f":"H6/O6","v":0.6785714285714286},{"$f":"SUM(I$3:I6)/N6","v":0.46585351616984416},{"$f":"SUM(H$3:H6)/P6","v":0.36781609195402298},{"$f":"K6/(N6-N5)","v":0.10004349717268378},{"$f":"J6/O6","v":0.17857142857142858},{"$f":"SUM(K$3:K6)/N6","v":0.2267688637438752},{"$f":"SUM(J$3:J6)/P6","v":0.35862068965517241},{"$f":"M6/(N6-N5)","v":0.16920400173988689},{"$f":"L6/O6","v":0.14285714285714285},{"$f":"SUM(M$3:M6)/N6","v":0.28800188217566042},{"$f":"SUM(L$3:L6)/P6","v":0.22758620689655173},null,"Day 3","2021-04-06",59014,0,0,0,0,33,3646.3,10,1038.79,3,264,28632.890000000003,46,408,70.178651960784322,107.58891304347826,9544.2966666666671,8.3862981665367542E-2,0,0,1.4829100380716021E-3,8.6956521739130432E-2,0,0,0,0,0.73676170770788163,0.71739130434782605,0.51307884045236085,0.45098039215686275,0.20989515244216611,0.21739130434782608,0.15725656753474762,0.30392156862745096,5.3343139849952211E-2,6.5217391304347824E-2,0.32818168197481984,0.23529411764705882,null,"Day 3","2020-11-10",45128,null,null,0,0,18,1087.6799999999998,4,150,8,584,24953.809999999998,30,371,67.260943396226409,60.722666666666662,8317.9366666666665,4.036695621343734E-2,null,null,null,null,0,0,0,0,0.59707522726274631,0.6,0.59044731045078891,0.56064690026954178,8.2341574810065418E-2,0.13333333333333333,0.1561897762305636,0.26415094339622641,0.32058319792718803,0.26666666666666666,0.25336291331864758,0.17520215633423181,null,"Day 3","2020-07-17",65854,null,null,0,0,28,2220,0,0,5,489,37946.770000000004,33,581,65.312857142857155,82.090909090909093,12648.923333333334,4.1136453366538102E-2,null,null,null,null,0,0,0,0,0.81949058693244736,0.84848484848484851,0.66733980257081171,0.51462994836488818,0,0,0.10458650367343518,0.30636833046471601,0.18050941306755261,0.15151515151515152,0.22807369375575309,0.17900172117039587,null,"Day 3","2019-10-09",76366,null,null,0,0,17,1729,3,99.789999999999992,8,331,17714.62,28,295,60.049559322033893,77.135357142857146,5904.873333333333,2.828208888772489E-2,null,null,null,null,0,0,0,0,0.8005407933178692,0.6071428571428571,0.53117368591592717,0.4033898305084746,4.6203566087443707E-2,0.10714285714285714,0.19669007859045243,0.4033898305084746,0.15325564059468752,0.2857142857142857,0.27213623549362054,0.19322033898305085]
["Day 4","2021-10-07",52905,{"$f":"COUNTIFS('Sanitized Raw Data'!$H:$H,\">=\"&$B7,'Sanitized Raw Data'!$H:$H,\"<\"&$B8,'Sanitized Raw Data'!$D:$D,\"Matching Grant\")","v":0},{"$f":"SUMIFS('Sanitized Raw Data'!$C:$C,'Sanitized Raw Data'!$H:$H,\">=\"&$B7,'Sanitized Raw Data'!$H:$H,\"<\"&$B8,'Sanitized Raw Data'!$D:$D,\"Matching Grant\")","v":0},{"$f":"COUNTIFS('Sanitized Raw Data'!$H:$H,\">=\"&$B7,'Sanitized Raw Data'!$H:$H,\"<\"&$B8,'Sanitized Raw Data'!$D:$D,\"Cash\")","v":0},{"$f":"SUMIFS('Sanitized Raw Data'!$C:$C,'Sanitized Raw Data'!$H:$H,\">=\"&$B7,'Sanitized Raw Data'!$H:$H,\"<\"&$B8,'Sanitized Raw Data'!$D:$D,\"Cash\")","v":0},{"$f":"COUNTIFS('Sanitized Raw Data'!$H:$H,\">=\"&$B7,'Sanitized Raw Data'!$H:$H,\"<\"&$B8,'Sanitized Raw Data'!$D:$D,\"CC\")","v":22},{"$f":"SUMIFS('Sanitized Raw Data'!$C:$C,'Sanitized Raw Data'!$H:$H,\">=\"&$B7,'Sanitized Raw Data'!$H:$H,\"<\"&$B8,'Sanitized Raw Data'!$D:$D,\"CC\")","v":1343.09},{"$f":"COUNTIFS('Sanitized Raw Data'!$H:$H,\">=\"&$B7,'Sanitized Raw Data'!$H:$H,\"<\"&$B8,'Sanitized Raw Data'!$D:$D,\"PayPal\")","v":1},{"$f":"SUMIFS('Sanitized Raw Data'!$C:$C,'Sanitized Raw Data'!$H:$H,\">=\"&$B7,'Sanitized Raw Data'!$H:$H,\"<\"&$B8,'Sanitized Raw Data'!$D:$D,\"PayPal\")","v":64},{"$f":"COUNTIFS('Sanitized Raw Data'!$H:$H,\">=\"&$B7,'Sanitized Raw Data'!$H:$H,\"<\"&$B8,'Sanitized Raw Data'!$D:$D,\"Personal Check\")+COUNTIFS('Sanitized Raw Data'!$H:$H,\">=\"&$B7,'Sanitized Raw Data'!$H:$H,\"<\"&$B8,'Sanitized Raw Data'!$D:$D,\"ACH Grant Deposit\")","v":2},{"$f":"SUMIFS('Sanitized Raw Data'!$C:$C,'Sanitized Raw Data'!$H:$H,\">=\"&$B7,'Sanitized Raw Data'!$H:$H,\"<\"&$B8,'Sanitized Raw Data'!$D:$D,\"Personal Check\")+SUMIFS('Sanitized Raw Data'!$C:$C,'Sanitized Raw Data'!$H:$H,\">=\"&$B7,'Sanitized Raw Data'!$H:$H,\"<\"&$B8,'Sanitized Raw Data'!$D:$D,\"ACH Grant Deposit\")","v":300},{"$f":"SUM(G7,M7,K7,I7,N6,E7)","v":29632.219999999998},{"$f":"SUM(F7,H7,J7,L7,D7)","v":25},{"$f":"SUM(F7,L7,J7,H7,P6,D7)","v":460},{"$f":"N7/P7","v":64.417869565217387},{"$f":"(SUM(G7,M7,K7,I7,E7))/(SUM(F7,H7,J7,L7,D7))","v":68.283599999999993},{"$f":"N7/Sheet11!$A4","v":7408.0549999999994},{"$f":"(N7-N6)/C$3","v":3.2267082506379365E-2},{"$f":"E7/(N7-N6)","v":0},{"$f":"D7/O7","v":0},{"$f":"SUM(E$3:E7)/N7","v":1.8259516161799556E-2},{"$f":"SUM(D$3:D7)/O7","v":0.8},{"$f":"G7/(N7-N6)","v":0},{"$f":"F7/O7","v":0},{"$f":"SUM(G$3:G7)/N7","v":0},{"$f":"SUM(F$3:F7)/O7","v":0},{"$f":"I7/(N7-N6)","v":0.78677164062820348},{"$f":"H7/O7","v":0.88},{"$f":"SUM(I$3:I7)/N7","v":0.48434136895581903},{"$f":"SUM(H$3:H7)/P7","v":0.39565217391304347},{"$f":"K7/(N7-N6)","v":3.7490700548887285E-2},{"$f":"J7/O7","v":0.04},{"$f":"SUM(K$3:K7)/N7","v":0.21586469052943053},{"$f":"SUM(J$3:J7)/P7","v":0.34130434782608693},{"$f":"M7/(N7-N6)","v":0.17573765882290915},{"$f":"L7/O7","v":0.08},{"$f":"SUM(M$3:M7)/N7","v":0.28153442435295095},{"$f":"SUM(L$3:L7)/P7","v":0.21956521739130436},null,"Day 4","2021-04-07",59014,0,0,0,0,20,1203.32,2,125,9,1059,31020.210000000003,31,439,70.661070615034177,77.010322580645152,7755.0525000000007,4.0453451723319885E-2,0,0,1.3687850598045595E-3,0.12903225806451613,0,0,0,0,0.50404637836569877,0.64516129032258063,0.51238370081956242,0.46469248291571752,5.2359968500242958E-2,6.4516129032258063E-2,0.14918370958803953,0.28701594533029612,0.44359365313405835,0.29032258064516131,0.33706380453259344,0.23917995444191345,null,"Day 4","2020-11-11",45128,null,null,0,0,13,1297,3,60,8,456,26766.809999999998,24,395,67.764075949367083,75.541666666666671,6691.7024999999994,4.0174614430065592E-2,null,null,null,null,0,0,0,0,0.71538885824600107,0.54166666666666663,0.59890999338359707,0.55949367088607593,3.3094318808604521E-2,0.125,0.14785213478931558,0.25569620253164554,0.25151682294539435,0.33333333333333331,0.25323787182708735,0.18481012658227849,null,"Day 4","2020-07-18",65854,null,null,0,0,13,784.79,0,0,2,75,38806.560000000005,15,596,65.111677852349004,57.319333333333333,9701.6400000000012,1.3056002672578748E-2,null,null,null,null,0,0,0,0,0.91276939717837979,0.8666666666666667,0.67277748916678004,0.52348993288590606,0,0,0.10226930704499444,0.29865771812080538,8.7230602821619138E-2,0.13333333333333333,0.22495320378822548,0.17785234899328858,null,"Day 4","2019-10-10",76366,null,null,0,0,9,399.68,1,50,5,235,18399.3,15,310,59.352580645161289,45.64533333333334,4599.8249999999998,8.9657701071157361E-3,null,null,null,null,0,0,0,0,0.58374715195419735,0.6,0.53313006473072355,0.41290322580645161,7.3026815446631976E-2,6.6666666666666666E-2,0.19208828596740093,0.38709677419354838,0.34322603259917028,0.33333333333333331,0.2747816493018756,0.2]
["Day 5","2021-10-08",52905,{"$f":"COUNTIFS('Sanitized Raw Data'!$H:$H,\">=\"&$B8,'Sanitized Raw Data'!$H:$H,\"<\"&$B9,'Sanitized Raw Data'!$D:$D,\"Matching Grant\")","v":0},{"$f":"SUMIFS('Sanitized Raw Data'!$C:$C,'Sanitized Raw Data'!$H:$H,\">=\"&$B8,'Sanitized Raw Data'!$H:$H,\"<\"&$B9,'Sanitized Raw Data'!$D:$D,\"Matching Grant\")","v":0},{"$f":"COUNTIFS('Sanitized Raw Data'!$H:$H,\">=\"&$B8,'Sanitized Raw Data'!$H:$H,\"<\"&$B9,'Sanitized Raw Data'!$D:$D,\"Cash\")","v":0},{"$f":"SUMIFS('Sanitized Raw Data'!$C:$C,'Sanitized Raw Data'!$H:$H,\">=\"&$B8,'Sanitized Raw Data'!$H:$H,\"<\"&$B9,'Sanitized Raw Data'!$D:$D,\"Cash\")","v":0},{"$f":"COUNTIFS('Sanitized Raw Data'!$H:$H,\">=\"&$B8,'Sanitized Raw Data'!$H:$H,\"<\"&$B9,'Sanitized Raw Data'!$D:$D,\"CC\")","v":14},{"$f":"SUMIFS('Sanitized Raw Data'!$C:$C,'Sanitized Raw Data'!$H:$H,\">=\"&$B8,'Sanitized Raw Data'!$H:$H,\"<\"&$B9,'Sanitized Raw Data'!$D:$D,\"CC\")","v":1085},{"$f":"COUNTIFS('Sanitized Raw Data'!$H:$H,\">=\"&$B8,'Sanitized Raw Data'!$H:$H,\"<\"&$B9,'Sanitized Raw Data'!$D:$D,\"PayPal\")","v":0},{"$f":"SUMIFS('Sanitized Raw Data'!$C:$C,'Sanitized Raw Data'!$H:$H,\">=\"&$B8,'Sanitized Raw Data'!$H:$H,\"<\"&$B9,'Sanitized Raw Data'!$D:$D,\"PayPal\")","v":0},{"$f":"COUNTIFS('Sanitized Raw Data'!$H:$H,\">=\"&$B8,'Sanitized Raw Data'!$H:$H,\"<\"&$B9,'Sanitized Raw Data'!$D:$D,\"Personal Check\")+COUNTIFS('Sanitized Raw Data'!$H:$H,\">=\"&$B8,'Sanitized Raw Data'!$H:$H,\"<\"&$B9,'Sanitized Raw Data'!$D:$D,\"ACH Grant Deposit\")","v":1},{"$f":"SUMIFS('Sanitized Raw Data'!$C:$C,'Sanitized Raw Data'!$H:$H,\">=\"&$B8,'Sanitized Raw Data'!$H:$H,\"<\"&$B9,'Sanitized Raw Data'!$D:$D,\"Personal Check\")+SUMIFS('Sanitized Raw Data'!$C:$C,'Sanitized Raw Data'!$H:$H,\">=\"&$B8,'Sanitized Raw Data'!$H:$H,\"<\"&$B9,'Sanitized Raw Data'!$D:$D,\"ACH Grant Deposit\")","v":40},{"$f":"SUM(G8,M8,K8,I8,N7,E8)","v":30757.219999999998},{"$f":"SUM(F8,H8,J8,L8,D8)","v":15},{"$f":"SUM(F8,L8,J8,H8,P7,D8)","v":475},{"$f":"N8/P8","v":64.752042105263158},{"$f":"(SUM(G8,M8,K8,I8,E8))/(SUM(F8,H8,J8,L8,D8))","v":75},{"$f":"N8/Sheet11!$A5","v":6151.4439999999995},{"$f":"(N8-N7)/C$3","v":2.1264530762687837E-2},{"$f":"E8/(N8-N7)","v":0},{"$f":"D8/O8","v":0},{"$f":"SUM(E$3:E8)/N8","v":1.7591641897414658E-2},{"$f":"SUM(D$3:D8)/O8","v":1.3333333333333333},{"$f":"G8/(N8-N7)","v":0},{"$f":"F8/O8","v":0},{"$f":"SUM(G$3:G8)/N8","v":0},{"$f":"SUM(F$3:F8)/O8","v":0},{"$f":"I8/(N8-N7)","v":0.96444444444444444},{"$f":"H8/O8","v":0.93333333333333335},{"$f":"SUM(I$3:I8)/N8","v":0.50190199244275002},{"$f":"SUM(H$3:H8)/P8","v":0.4126315789473684},{"$f":"K8/(N8-N7)","v":0},{"$f":"J8/O8","v":0},{"$f":"SUM(K$3:K8)/N8","v":0.20796905572090071},{"$f":"SUM(J$3:J8)/P8","v":0.33052631578947367},{"$f":"M8/(N8-N7)","v":3.5555555555555556E-2},{"$f":"L8/O8","v":6.6666666666666666E-2},{"$f":"SUM(M$3:M8)/N8","v":0.27253730993893466},{"$f":"SUM(L$3:L8)/P8","v":0.21473684210526317},null,"Day 5","2021-04-08",59014,0,0,0,0,7,564,5,165,6,499,32248.210000000003,18,457,70.565010940919038,68.222222222222229,6449.6420000000007,2.0808621682990476E-2,0,0,1.3166622271437701E-3,0.22222222222222221,0,0,0,0,0.45928338762214982,0.3888888888888889,0.51036166038363051,0.46170678336980309,0.13436482084690554,0.27777777777777779,0.14861941174409368,0.28665207877461707,0.40635179153094464,0.33333333333333331,0.33970226564513195,0.24288840262582057,null,"Day 5","2020-11-12",45128,null,null,0,0,19,1168.32,3,165,9,1134.01,29234.14,31,426,68.624741784037553,79.591290322580647,5846.8279999999995,5.467403829108318E-2,null,null,null,null,0,0,0,0,0.47351590585774872,0.61290322580645162,0.58832686714916194,0.56338028169014087,6.6873908232785995E-2,9.6774193548387094E-2,0.14101765948989775,0.24413145539906103,0.45961018590946456,0.29032258064516131,0.27065547336094031,0.19248826291079812,null,"Day 5","2020-07-19",65854,null,null,0,0,9,481,0,0,2,75,39362.560000000005,11,607,64.847710049423398,50.545454545454547,7872.5120000000006,8.4429191848634857E-3,null,null,null,null,0,0,0,0,0.8651079136690647,0.81818181818181823,0.6754941751755984,0.52883031301482697,0,0,0.10082474310613943,0.29324546952224051,0.13489208633093525,0.18181818181818182,0.2236810817182622,0.17792421746293247,null,"Day 5","2019-10-11",76366,null,null,0,0,8,425,2,20,3,246,19090.3,13,323,59.103095975232193,53.153846153846153,3818.06,9.0485294502789197E-3,null,null,null,null,0,0,0,0,0.61505065123010128,0.61538461538461542,0.5360952944689189,0.42105263157894735,2.8943560057887119E-2,0.15384615384615385,0.18618303536350922,0.37770897832817335,0.35600578871201155,0.23076923076923078,0.27772167016757204,0.20123839009287925]
["Day 6","2021-10-09",52905,{"$f":"COUNTIFS('Sanitized Raw Data'!$H:$H,\">=\"&$B9,'Sanitized Raw Data'!$H:$H,\"<\"&$B10,'Sanitized Raw Data'!$D:$D,\"Matching Grant\")","v":0},{"$f":"SUMIFS('Sanitized Raw Data'!$C:$C,'Sanitized Raw Data'!$H:$H,\">=\"&$B9,'Sanitized Raw Data'!$H:$H,\"<\"&$B10,'Sanitized Raw Data'!$D:$D,\"Matching Grant\")","v":0},{"$f":"COUNTIFS('Sanitized Raw Data'!$H:$H,\">=\"&$B9,'Sanitized Raw Data'!$H:$H,\"<\"&$B10,'Sanitized Raw Data'!$D:$D,\"Cash\")","v":0},{"$f":"SUMIFS('Sanitized Raw Data'!$C:$C,'Sanitized Raw Data'!$H:$H,\">=\"&$B9,'Sanitized Raw Data'!$H:$H,\"<\"&$B10,'Sanitized Raw Data'!$D:$D,\"Cash\")","v":0},{"$f":"COUNTIFS('Sanitized Raw Data'!$H:$H,\">=\"&$B9,'Sanitized Raw Data'!$H:$H,\"<\"&$B10,'Sanitized Raw Data'!$D:$D,\"CC\")","v":6},{"$f":"SUMIFS('Sanitized Raw Data'!$C:$C,'Sanitized Raw Data'!$H:$H,\">=\"&$B9,'Sanitized Raw Data'!$H:$H,\"<\"&$B10,'Sanitized Raw Data'!$D:$D,\"CC\")","v":380},{"$f":"COUNTIFS('Sanitized Raw Data'!$H:$H,\">=\"&$B9,'Sanitized Raw Data'!$H:$H,\"<\"&$B10,'Sanitized Raw Data'!$D:$D,\"PayPal\")","v":1},{"$f":"SUMIFS('Sanitized Raw Data'!$C:$C,'Sanitized Raw Data'!$H:$H,\">=\"&$B9,'Sanitized Raw Data'!$H:$H,\"<\"&$B10,'Sanitized Raw Data'!$D:$D,\"PayPal\")","v":5},{"$f":"COUNTIFS('Sanitized Raw Data'!$H:$H,\">=\"&$B9,'Sanitized Raw Data'!$H:$H,\"<\"&$B10,'Sanitized Raw Data'!$D:$D,\"Personal Check\")+COUNTIFS('Sanitized Raw Data'!$H:$H,\">=\"&$B9,'Sanitized Raw Data'!$H:$H,\"<\"&$B10,'Sanitized Raw Data'!$D:$D,\"ACH Grant Deposit\")","v":4},{"$f":"SUMIFS('Sanitized Raw Data'!$C:$C,'Sanitized Raw Data'!$H:$H,\">=\"&$B9,'Sanitized Raw Data'!$H:$H,\"<\"&$B10,'Sanitized Raw Data'!$D:$D,\"Personal Check\")+SUMIFS('Sanitized Raw Data'!$C:$C,'Sanitized Raw Data'!$H:$H,\">=\"&$B9,'Sanitized Raw Data'!$H:$H,\"<\"&$B10,'Sanitized Raw Data'!$D:$D,\"ACH Grant Deposit\")","v":396},{"$f":"SUM(G9,M9,K9,I9,N8,E9)","v":31538.219999999998},{"$f":"SUM(F9,H9,J9,L9,D9)","v":11},{"$f":"SUM(F9,L9,J9,H9,P8,D9)","v":486},{"$f":"N9/P9","v":64.893456790123452},{"$f":"(SUM(G9,M9,K9,I9,E9))/(SUM(F9,H9,J9,L9,D9))","v":71},{"$f":"N9/Sheet11!$A6","v":5256.37},{"$f":"(N9-N8)/C$3","v":1.4762309800585956E-2},{"$f":"E9/(N9-N8)","v":0},{"$f":"D9/O9","v":0},{"$f":"SUM(E$3:E9)/N9","v":1.7156009438706436E-2},{"$f":"SUM(D$3:D9)/O9","v":1.8181818181818181},{"$f":"G9/(N9-N8)","v":0},{"$f":"F9/O9","v":0},{"$f":"SUM(G$3:G9)/N9","v":0},{"$f":"SUM(F$3:F9)/O9","v":0},{"$f":"I9/(N9-N8)","v":0.48655569782330343},{"$f":"H9/O9","v":0.54545454545454541},{"$f":"SUM(I$3:I9)/N9","v":0.50152196287552053},{"$f":"SUM(H$3:H9)/P9","v":0.41563786008230452},{"$f":"K9/(N9-N8)","v":6.4020486555697821E-3},{"$f":"J9/O9","v":9.0909090909090912E-2},{"$f":"SUM(K$3:K9)/N9","v":0.20297753012059658},{"$f":"SUM(J$3:J9)/P9","v":0.32510288065843623},{"$f":"M9/(N9-N8)","v":0.50704225352112675},{"$f":"L9/O9","v":0.36363636363636365},{"$f":"SUM(M$3:M9)/N9","v":0.27834449756517649},{"$f":"SUM(L$3:L9)/P9","v":0.21810699588477367},null,"Day 6","2021-04-09",59014,0,0,0,0,15,1007.77,0,0,4,240,33495.980000000003,19,476,70.369705882352946,65.672105263157889,5582.6633333333339,2.1143626935981302E-2,0,0,1.2676148003432054E-3,0.21052631578947367,0,0,0,0,0.80765685983795066,0.78947368421052633,0.52143630369972749,0.47478991596638653,0,0,0.14308314012606885,0.27521008403361347,0.19234314016204904,0.21052631578947367,0.33421294137386037,0.24159663865546219,null,"Day 6","2020-11-13",45128,null,null,0,0,3,659,1,50,4,260,30203.14,8,434,69.59248847926267,121.125,5033.8566666666666,2.1472256692075874E-2,null,null,null,null,0,0,0,0,0.68008255933952533,0.375,0.59127064272125351,0.55990783410138245,5.159958720330237E-2,0.125,0.13814888120903984,0.24193548387096775,0.26831785345717235,0.5,0.27058047606970664,0.19815668202764977,null,"Day 6","2020-07-20",65854,null,null,0,0,12,864,1,5,8,726,40957.560000000005,21,628,65.219044585987263,75.952380952380949,6826.2600000000011,2.4220244783915934E-2,null,null,null,null,0,0,0,0,0.541692789968652,0.5714285714285714,0.6702835813461544,0.53025477707006374,3.134796238244514E-3,4.7619047619047616E-2,9.702042797471333E-2,0.28503184713375795,0.45517241379310347,0.38095238095238093,0.23269599067913221,0.18471337579617833,null,"Day 6","2019-10-12",76366,null,null,0,0,6,328.51,3,40,2,125,19583.809999999998,11,334,58.634161676646698,44.864545454545457,3263.9683333333328,6.4624309247570703E-3,null,null,null,null,0,0,0,0,0.66566027030860786,0.54545454545454541,0.53936031854884225,0.42514970059880242,8.1052055682762511E-2,0.27272727272727271,0.18353374547649309,0.37425149700598803,0.25328767400863289,0.18181818181818182,0.27710593597466482,0.20059880239520958]
["Day 7","2021-10-10",52905,{"$f":"COUNTIFS('Sanitized Raw Data'!$H:$H,\">=\"&$B10,'Sanitized Raw Data'!$H:$H,\"<\"&$B11,'Sanitized Raw Data'!$D:$D,\"Matching Grant\")","v":0},{"$f":"SUMIFS('Sanitized Raw Data'!$C:$C,'Sanitized Raw Data'!$H:$H,\">=\"&$B10,'Sanitized Raw Data'!$H:$H,\"<\"&$B11,'Sanitized Raw Data'!$D:$D,\"Matching Grant\")","v":0},{"$f":"COUNTIFS('Sanitized Raw Data'!$H:$H,\">=\"&$B10,'Sanitized Raw Data'!$H:$H,\"<\"&$B11,'Sanitized Raw Data'!$D:$D,\"Cash\")","v":0},{"$f":"SUMIFS('Sanitized Raw Data'!$C:$C,'Sanitized Raw Data'!$H:$H,\">=\"&$B10,'Sanitized Raw Data'!$H:$H,\"<\"&$B11,'Sanitized Raw Data'!$D:$D,\"Cash\")","v":0},{"$f":"COUNTIFS('Sanitized Raw Data'!$H:$H,\">=\"&$B10,'Sanitized Raw Data'!$H:$H,\"<\"&$B11,'Sanitized Raw Data'!$D:$D,\"CC\")","v":2},{"$f":"SUMIFS('Sanitized Raw Data'!$C:$C,'Sanitized Raw Data'!$H:$H,\">=\"&$B10,'Sanitized Raw Data'!$H:$H,\"<\"&$B11,'Sanitized Raw Data'!$D:$D,\"CC\")","v":127.50999999999999},{"$f":"COUNTIFS('Sanitized Raw Data'!$H:$H,\">=\"&$B10,'Sanitized Raw Data'!$H:$H,\"<\"&$B11,'Sanitized Raw Data'!$D:$D,\"PayPal\")","v":0},{"$f":"SUMIFS('Sanitized Raw Data'!$C:$C,'Sanitized Raw Data'!$H:$H,\">=\"&$B10,'Sanitized Raw Data'!$H:$H,\"<\"&$B11,'Sanitized Raw Data'!$D:$D,\"PayPal\")","v":0},{"$f":"COUNTIFS('Sanitized Raw Data'!$H:$H,\">=\"&$B10,'Sanitized Raw Data'!$H:$H,\"<\"&$B11,'Sanitized Raw Data'!$D:$D,\"Personal Check\")+COUNTIFS('Sanitized Raw Data'!$H:$H,\">=\"&$B10,'Sanitized Raw Data'!$H:$H,\"<\"&$B11,'Sanitized Raw Data'!$D:$D,\"ACH Grant Deposit\")","v":0},{"$f":"SUMIFS('Sanitized Raw Data'!$C:$C,'Sanitized Raw Data'!$H:$H,\">=\"&$B10,'Sanitized Raw Data'!$H:$H,\"<\"&$B11,'Sanitized Raw Data'!$D:$D,\"Personal Check\")+SUMIFS('Sanitized Raw Data'!$C:$C,'Sanitized Raw Data'!$H:$H,\">=\"&$B10,'Sanitized Raw Data'!$H:$H,\"<\"&$B11,'Sanitized Raw Data'!$D:$D,\"ACH Grant Deposit\")","v":0},{"$f":"SUM(G10,M10,K10,I10,N9,E10)","v":31665.729999999996},{"$f":"SUM(F10,H10,J10,L10,D10)","v":2},{"$f":"SUM(F10,L10,J10,H10,P9,D10)","v":488},{"$f":"N10/P10","v":64.888790983606555},{"$f":"(SUM(G10,M10,K10,I10,E10))/(SUM(F10,H10,J10,L10,D10))","v":63.754999999999995},{"$f":"N10/Sheet11!$A7","v":4523.6757142857141},{"$f":"(N10-N9)/C$3","v":2.410169171155815E-3},{"$f":"E10/(N10-N9)","v":0},{"$f":"D10/O10","v":0},{"$f":"SUM(E$3:E10)/N10","v":1.7086926465930206E-2},{"$f":"SUM(D$3:D10)/O10","v":10},{"$f":"G10/(N10-N9)","v":0},{"$f":"F10/O10","v":0},{"$f":"SUM(G$3:G10)/N10","v":0},{"$f":"SUM(F$3:F10)/O10","v":0},{"$f":"I10/(N10-N9)","v":1.0000000000000124},{"$f":"H10/O10","v":1},{"$f":"SUM(I$3:I10)/N10","v":0.50352920965346448},{"$f":"SUM(H$3:H10)/P10","v":0.41803278688524592},{"$f":"K10/(N10-N9)","v":0},{"$f":"J10/O10","v":0},{"$f":"SUM(K$3:K10)/N10","v":0.20216019021194212},{"$f":"SUM(J$3:J10)/P10","v":0.32377049180327871},{"$f":"M10/(N10-N9)","v":0},{"$f":"L10/O10","v":0},{"$f":"SUM(M$3:M10)/N10","v":0.2772236736686633},{"$f":"SUM(L$3:L10)/P10","v":0.21721311475409835},null,"Day 7","2021-04-10",59014,0,0,0,0,6,380,3,50,4,380,34305.980000000003,13,489,70.155378323108394,62.307692307692307,4900.8542857142866,1.3725556647575151E-2,0,0,1.2376850916370847E-3,0.30769230769230771,0,0,0,0,0.46913580246913578,0.46153846153846156,0.5202014342688942,0.47443762781186094,6.1728395061728392E-2,0.23076923076923078,0.14116226966843681,0.27402862985685073,0.46913580246913578,0.30769230769230771,0.33739861097103185,0.24335378323108384,null,"Day 7","2020-11-14",45128,null,null,0,0,4,594,1,25,5,340,31162.14,10,444,70.185000000000002,95.9,4451.7342857142858,2.1250664775748981E-2,null,null,null,null,0,0,0,0,0.6193952033368092,0.4,0.59213616266405322,0.55630630630630629,2.6068821689259645E-2,0.1,0.13469967081849962,0.23873873873873874,0.35453597497393119,0.5,0.27316416651744718,0.20495495495495494,null,"Day 7","2020-07-21",65854,null,null,0,0,9,592.77,0,0,1,59,41609.33,10,638,65.218385579937305,65.176999999999992,5944.1900000000005,9.8971968293497248E-3,null,null,null,null,0,0,0,0,0.90947726958896991,0.9,0.67403031964225335,0.53605015673981193,0,0,9.5500696598575366E-2,0.28056426332288403,9.0522730411035007E-2,0.1,0.2304689837591713,0.18338557993730409,null,"Day 7","2019-10-13",76366,null,null,0,0,10,665,3,40,5,364,20652.809999999998,18,352,58.672755681818174,59.388888888888886,2950.4014285714284,1.3998376240735405E-2,null,null,null,null,0,0,0,0,0.62207670720299346,0.55555555555555558,0.5436417610969162,0.43181818181818182,3.7418147801683815E-2,0.16666666666666666,0.17597072747001499,0.36363636363636365,0.34050514499532275,0.27777777777777779,0.28038751143306895,0.20454545454545456]
["Day 8","2021-10-11",52905,{"$f":"COUNTIFS('Sanitized Raw Data'!$H:$H,\">=\"&$B11,'Sanitized Raw Data'!$H:$H,\"<\"&$B12,'Sanitized Raw Data'!$D:$D,\"Matching Grant\")","v":0},{"$f":"SUMIFS('Sanitized Raw Data'!$C:$C,'Sanitized Raw Data'!$H:$H,\">=\"&$B11,'Sanitized Raw Data'!$H:$H,\"<\"&$B12,'Sanitized Raw Data'!$D:$D,\"Matching Grant\")","v":0},{"$f":"COUNTIFS('Sanitized Raw Data'!$H:$H,\">=\"&$B11,'Sanitized Raw Data'!$H:$H,\"<\"&$B12,'Sanitized Raw Data'!$D:$D,\"Cash\")","v":0},{"$f":"SUMIFS('Sanitized Raw Data'!$C:$C,'Sanitized Raw Data'!$H:$H,\">=\"&$B11,'Sanitized Raw Data'!$H:$H,\"<\"&$B12,'Sanitized Raw Data'!$D:$D,\"Cash\")","v":0},{"$f":"COUNTIFS('Sanitized Raw Data'!$H:$H,\">=\"&$B11,'Sanitized Raw Data'!$H:$H,\"<\"&$B12,'Sanitized Raw Data'!$D:$D,\"CC\")","v":127},{"$f":"SUMIFS('Sanitized Raw Data'!$C:$C,'Sanitized Raw Data'!$H:$H,\">=\"&$B11,'Sanitized Raw Data'!$H:$H,\"<\"&$B12,'Sanitized Raw Data'!$D:$D,\"CC\")","v":8738.2900000000009},{"$f":"COUNTIFS('Sanitized Raw Data'!$H:$H,\">=\"&$B11,'Sanitized Raw Data'!$H:$H,\"<\"&$B12,'Sanitized Raw Data'!$D:$D,\"PayPal\")","v":29},{"$f":"SUMIFS('Sanitized Raw Data'!$C:$C,'Sanitized Raw Data'!$H:$H,\">=\"&$B11,'Sanitized Raw Data'!$H:$H,\"<\"&$B12,'Sanitized Raw Data'!$D:$D,\"PayPal\")","v":1771.09},{"$f":"COUNTIFS('Sanitized Raw Data'!$H:$H,\">=\"&$B11,'Sanitized Raw Data'!$H:$H,\"<\"&$B12,'Sanitized Raw Data'!$D:$D,\"Personal Check\")+COUNTIFS('Sanitized Raw Data'!$H:$H,\">=\"&$B11,'Sanitized Raw Data'!$H:$H,\"<\"&$B12,'Sanitized Raw Data'!$D:$D,\"ACH Grant Deposit\")","v":5},{"$f":"SUMIFS('Sanitized Raw Data'!$C:$C,'Sanitized Raw Data'!$H:$H,\">=\"&$B11,'Sanitized Raw Data'!$H:$H,\"<\"&$B12,'Sanitized Raw Data'!$D:$D,\"Personal Check\")+SUMIFS('Sanitized Raw Data'!$C:$C,'Sanitized Raw Data'!$H:$H,\">=\"&$B11,'Sanitized Raw Data'!$H:$H,\"<\"&$B12,'Sanitized Raw Data'!$D:$D,\"ACH Grant Deposit\")","v":375},{"$f":"SUM(G11,M11,K11,I11,N10,E11)","v":42550.11},{"$f":"SUM(F11,H11,J11,L11,D11)","v":161},{"$f":"SUM(F11,L11,J11,H11,P10,D11)","v":649},{"$f":"N11/P11","v":65.56257318952234},{"$f":"(SUM(G11,M11,K11,I11,E11))/(SUM(F11,H11,J11,L11,D11))","v":67.604844720496899},{"$f":"N11/Sheet11!$A8","v":5318.7637500000001},{"$f":"(N11-N10)/C$3","v":0.20573442963803051},{"$f":"E11/(N11-N10)","v":0},{"$f":"D11/O11","v":0},{"$f":"SUM(E$3:E11)/N11","v":1.2716065833907364E-2},{"$f":"SUM(D$3:D11)/O11","v":0.12422360248447205},{"$f":"G11/(N11-N10)","v":0},{"$f":"F11/O11","v":0},{"$f":"SUM(G$3:G11)/N11","v":0},{"$f":"SUM(F$3:F11)/O11","v":0},{"$f":"I11/(N11-N10)","v":0.80282845692634741},{"$f":"H11/O11","v":0.78881987577639756},{"$f":"SUM(I$3:I11)/N11","v":0.58009039224575443},{"$f":"SUM(H$3:H11)/P11","v":0.51001540832049308},{"$f":"K11/(N11-N10)","v":0.16271850119161579},{"$f":"J11/O11","v":0.18012422360248448},{"$f":"SUM(K$3:K11)/N11","v":0.19207094881775866},{"$f":"SUM(J$3:J11)/P11","v":0.28813559322033899},{"$f":"M11/(N11-N10)","v":3.4453041882036448E-2},{"$f":"L11/O11","v":3.1055900621118012E-2},{"$f":"SUM(M$3:M11)/N11","v":0.21512259310257953},{"$f":"SUM(L$3:L11)/P11","v":0.17103235747303544},null,"Day 8","2021-04-11",59014,0,0,0,0,16,1289.1199999999999,4,50,3,109.01,35754.11,23,512,69.832246093750001,62.962173913043472,4469.2637500000001,2.4538753516114776E-2,0,0,1.1875557803005025E-3,0.17391304347826086,0,0,0,0,0.89019632215339939,0.69565217391304346,0.53518714352000374,0.484375,3.4527286914848868E-2,0.17391304347826086,0.13684328878554103,0.26953125,7.5276390931753506E-2,0.13043478260869565,0.32678201191415479,0.23828125,null,"Day 8","2020-11-15",45128,null,null,0,0,2,75,3,39.89,0,0,31277.03,5,449,69.659309576837416,22.978000000000002,3909.6287499999999,2.545869526679654E-3,null,null,null,null,0,0,0,0,0.65279832883628153,0.4,0.59235899316527174,0.55456570155902007,0.34720167116372358,0.6,0.13548025499863639,0.24276169265033407,0,0,0.2721607518360919,0.20267260579064589,null,"Day 8","2020-07-22",65854,null,null,0,0,30,1958.91,2,125,3,619.63,44312.87,35,673,65.843789004457662,77.244,5539.1087500000003,4.1053542685334239E-2,null,null,null,null,0,0,0,0,0.72457222752391293,0.8571428571428571,0.67711389490231622,0.55274888558692425,4.6235676187517095E-2,5.7142857142857141E-2,9.2495024583151578E-2,0.2689450222882615,0.22919209628856974,8.5714285714285715E-2,0.23039108051453219,0.17830609212481427,null,"Day 8","2019-10-14",76366,null,null,0,0,81,6404.5199999999995,8,365,13,797.01,28219.339999999997,102,454,62.157136563876641,74.181666666666658,3527.4174999999996,9.9082445067176478E-2,null,null,null,null,0,0,0,0,0.84642762270155547,0.79411764705882348,0.62482857501273958,0.513215859030837,4.8238756735253817E-2,7.8431372549019607E-2,0.14172159944208476,0.29955947136563876,0.1053336205631908,0.12745098039215685,0.23344982554517579,0.18722466960352424]
["Day 9","2021-10-12",52905,{"$f":"COUNTIFS('Sanitized Raw Data'!$H:$H,\">=\"&$B12,'Sanitized Raw Data'!$H:$H,\"<\"&$B13,'Sanitized Raw Data'!$D:$D,\"Matching Grant\")","v":0},{"$f":"SUMIFS('Sanitized Raw Data'!$C:$C,'Sanitized Raw Data'!$H:$H,\">=\"&$B12,'Sanitized Raw Data'!$H:$H,\"<\"&$B13,'Sanitized Raw Data'!$D:$D,\"Matching Grant\")","v":0},{"$f":"COUNTIFS('Sanitized Raw Data'!$H:$H,\">=\"&$B12,'Sanitized Raw Data'!$H:$H,\"<\"&$B13,'Sanitized Raw Data'!$D:$D,\"Cash\")","v":0},{"$f":"SUMIFS('Sanitized Raw Data'!$C:$C,'Sanitized Raw Data'!$H:$H,\">=\"&$B12,'Sanitized Raw Data'!$H:$H,\"<\"&$B13,'Sanitized Raw Data'!$D:$D,\"Cash\")","v":0},{"$f":"COUNTIFS('Sanitized Raw Data'!$H:$H,\">=\"&$B12,'Sanitized Raw Data'!$H:$H,\"<\"&$B13,'Sanitized Raw Data'!$D:$D,\"CC\")","v":32},{"$f":"SUMIFS('Sanitized Raw Data'!$C:$C,'Sanitized Raw Data'!$H:$H,\">=\"&$B12,'Sanitized Raw Data'!$H:$H,\"<\"&$B13,'Sanitized Raw Data'!$D:$D,\"CC\")","v":3888.83},{"$f":"COUNTIFS('Sanitized Raw Data'!$H:$H,\">=\"&$B12,'Sanitized Raw Data'!$H:$H,\"<\"&$B13,'Sanitized Raw Data'!$D:$D,\"PayPal\")","v":6},{"$f":"SUMIFS('Sanitized Raw Data'!$C:$C,'Sanitized Raw Data'!$H:$H,\">=\"&$B12,'Sanitized Raw Data'!$H:$H,\"<\"&$B13,'Sanitized Raw Data'!$D:$D,\"PayPal\")","v":300},{"$f":"COUNTIFS('Sanitized Raw Data'!$H:$H,\">=\"&$B12,'Sanitized Raw Data'!$H:$H,\"<\"&$B13,'Sanitized Raw Data'!$D:$D,\"Personal Check\")+COUNTIFS('Sanitized Raw Data'!$H:$H,\">=\"&$B12,'Sanitized Raw Data'!$H:$H,\"<\"&$B13,'Sanitized Raw Data'!$D:$D,\"ACH Grant Deposit\")","v":2},{"$f":"SUMIFS('Sanitized Raw Data'!$C:$C,'Sanitized Raw Data'!$H:$H,\">=\"&$B12,'Sanitized Raw Data'!$H:$H,\"<\"&$B13,'Sanitized Raw Data'!$D:$D,\"Personal Check\")+SUMIFS('Sanitized Raw Data'!$C:$C,'Sanitized Raw Data'!$H:$H,\">=\"&$B12,'Sanitized Raw Data'!$H:$H,\"<\"&$B13,'Sanitized Raw Data'!$D:$D,\"ACH Grant Deposit\")","v":805},{"$f":"SUM(G12,M12,K12,I12,N11,E12)","v":47543.94},{"$f":"SUM(F12,H12,J12,L12,D12)","v":40},{"$f":"SUM(F12,L12,J12,H12,P11,D12)","v":689},{"$f":"N12/P12","v":69.004267053701014},{"$f":"(SUM(G12,M12,K12,I12,E12))/(SUM(F12,H12,J12,L12,D12))","v":124.84575},{"$f":"N12/Sheet11!$A9","v":5282.66},{"$f":"(N12-N11)/C$3","v":9.4392401474340831E-2},{"$f":"E12/(N12-N11)","v":0},{"$f":"D12/O12","v":0},{"$f":"SUM(E$3:E12)/N12","v":1.1380419881061603E-2},{"$f":"SUM(D$3:D12)/O12","v":0.5},{"$f":"G12/(N12-N11)","v":0},{"$f":"F12/O12","v":0},{"$f":"SUM(G$3:G12)/N12","v":0},{"$f":"SUM(F$3:F12)/O12","v":0},{"$f":"I12/(N12-N11)","v":0.77872694905513373},{"$f":"H12/O12","v":0.8},{"$f":"SUM(I$3:I12)/N12","v":0.60095440133905598},{"$f":"SUM(H$3:H12)/P12","v":0.52685050798258348},{"$f":"K12/(N12-N11)","v":6.0074131478244135E-2},{"$f":"J12/O12","v":0.15},{"$f":"SUM(K$3:K12)/N12","v":0.17820651801260057},{"$f":"SUM(J$3:J12)/P12","v":0.28011611030478956},{"$f":"M12/(N12-N11)","v":0.16119891946662177},{"$f":"L12/O12","v":0.05},{"$f":"SUM(M$3:M12)/N12","v":0.20945866076728178},{"$f":"SUM(L$3:L12)/P12","v":0.16400580551523947},null,"Day 9","2021-04-12",59014,0,0,0,0,122,9823.6700000000019,43,2425.58,14,1615,49618.36,179,691,71.806599131693204,77.453910614525157,5513.1511111111113,0.23493154166807875,0,0,8.5573162837304575E-4,2.23463687150838E-2,0,0,0,0,0.70856122761779405,0.68156424581005581,0.583630938225286,0.5354558610709117,0.17495212506987395,0.24022346368715083,0.14749157368361226,0.26193921852387841,0.11648664731233208,7.8212290502793297E-2,0.26802175646272874,0.19681620839363242,null,"Day 9","2020-11-16",45128,null,null,0,0,19,900.88,5,264.89,4,583,33025.799999999996,28,477,69.236477987421381,62.456071428571427,3669.5333333333328,3.875132955149789E-2,null,null,null,null,0,0,0,0,0.51515064874168792,0.6785714285714286,0.58827068534297433,0.56184486373165621,0.15147217758767617,0.17857142857142858,0.13632705339461879,0.2389937106918239,0.33337717367063768,0.14285714285714285,0.27540226126240702,0.19916142557651992,null,"Day 9","2020-07-23",65854,null,null,0,0,60,4166.1500000000005,8,390.09000000000003,10,764.63,49633.740000000005,78,751,66.090199733688422,68.216282051282064,5514.8600000000006,8.0797977343821215E-2,null,null,null,null,0,0,0,0,0.78298285806644374,0.76923076923076927,0.68846333159661144,0.57523302263648468,7.3313198781402258E-2,0.10256410256410256,9.0438681429205206E-2,0.25166444740346205,0.14370394315215362,0.12820512820512819,0.22109798697418323,0.17310252996005326,null,"Day 9","2019-10-15",76366,null,null,0,0,16,1567,3,60,4,225,30071.339999999997,23,477,63.042641509433956,80.521739130434781,3341.2599999999998,2.4251630306680982E-2,null,null,null,null,0,0,0,0,0.84611231101511875,0.69565217391304346,0.63845674984885947,0.5220125786163522,3.2397408207343416E-2,0.13043478260869565,0.13498866362456746,0.29140461215932911,0.12149028077753779,0.17391304347826086,0.22655458652657318,0.18658280922431866]
["Day 10","2021-10-13",52905,{"$f":"COUNTIFS('Sanitized Raw Data'!$H:$H,\">=\"&$B13,'Sanitized Raw Data'!$H:$H,\"<\"&$B14,'Sanitized Raw Data'!$D:$D,\"Matching Grant\")","v":0},{"$f":"SUMIFS('Sanitized Raw Data'!$C:$C,'Sanitized Raw Data'!$H:$H,\">=\"&$B13,'Sanitized Raw Data'!$H:$H,\"<\"&$B14,'Sanitized Raw Data'!$D:$D,\"Matching Grant\")","v":0},{"$f":"COUNTIFS('Sanitized Raw Data'!$H:$H,\">=\"&$B13,'Sanitized Raw Data'!$H:$H,\"<\"&$B14,'Sanitized Raw Data'!$D:$D,\"Cash\")","v":0},{"$f":"SUMIFS('Sanitized Raw Data'!$C:$C,'Sanitized Raw Data'!$H:$H,\">=\"&$B13,'Sanitized Raw Data'!$H:$H,\"<\"&$B14,'Sanitized Raw Data'!$D:$D,\"Cash\")","v":0},{"$f":"COUNTIFS('Sanitized Raw Data'!$H:$H,\">=\"&$B13,'Sanitized Raw Data'!$H:$H,\"<\"&$B14,'Sanitized Raw Data'!$D:$D,\"CC\")","v":15},{"$f":"SUMIFS('Sanitized Raw Data'!$C:$C,'Sanitized Raw Data'!$H:$H,\">=\"&$B13,'Sanitized Raw Data'!$H:$H,\"<\"&$B14,'Sanitized Raw Data'!$D:$D,\"CC\")","v":1153.97},{"$f":"COUNTIFS('Sanitized Raw Data'!$H:$H,\">=\"&$B13,'Sanitized Raw Data'!$H:$H,\"<\"&$B14,'Sanitized Raw Data'!$D:$D,\"PayPal\")","v":3},{"$f":"SUMIFS('Sanitized Raw Data'!$C:$C,'Sanitized Raw Data'!$H:$H,\">=\"&$B13,'Sanitized Raw Data'!$H:$H,\"<\"&$B14,'Sanitized Raw Data'!$D:$D,\"PayPal\")","v":410},{"$f":"COUNTIFS('Sanitized Raw Data'!$H:$H,\">=\"&$B13,'Sanitized Raw Data'!$H:$H,\"<\"&$B14,'Sanitized Raw Data'!$D:$D,\"Personal Check\")+COUNTIFS('Sanitized Raw Data'!$H:$H,\">=\"&$B13,'Sanitized Raw Data'!$H:$H,\"<\"&$B14,'Sanitized Raw Data'!$D:$D,\"ACH Grant Deposit\")","v":1},{"$f":"SUMIFS('Sanitized Raw Data'!$C:$C,'Sanitized Raw Data'!$H:$H,\">=\"&$B13,'Sanitized Raw Data'!$H:$H,\"<\"&$B14,'Sanitized Raw Data'!$D:$D,\"Personal Check\")+SUMIFS('Sanitized Raw Data'!$C:$C,'Sanitized Raw Data'!$H:$H,\">=\"&$B13,'Sanitized Raw Data'!$H:$H,\"<\"&$B14,'Sanitized Raw Data'!$D:$D,\"ACH Grant Deposit\")","v":64},{"$f":"SUM(G13,M13,K13,I13,N12,E13)","v":49171.91},{"$f":"SUM(F13,H13,J13,L13,D13)","v":19},{"$f":"SUM(F13,L13,J13,H13,P12,D13)","v":708},{"$f":"N13/P13","v":69.451850282485879},{"$f":"(SUM(G13,M13,K13,I13,E13))/(SUM(F13,H13,J13,L13,D13))","v":85.682631578947365},{"$f":"N13/Sheet11!$A10","v":4917.1910000000007},{"$f":"(N13-N12)/C$3","v":3.077157168509595E-2},{"$f":"E13/(N13-N12)","v":0},{"$f":"D13/O13","v":0},{"$f":"SUM(E$3:E13)/N13","v":1.1003640086382653E-2},{"$f":"SUM(D$3:D13)/O13","v":1.0526315789473684},{"$f":"G13/(N13-N12)","v":0},{"$f":"F13/O13","v":0},{"$f":"SUM(G$3:G13)/N13","v":0},{"$f":"SUM(F$3:F13)/O13","v":0},{"$f":"I13/(N13-N12)","v":0.70883984348605888},{"$f":"H13/O13","v":0.78947368421052633},{"$f":"SUM(I$3:I13)/N13","v":0.60452624272679256},{"$f":"SUM(H$3:H13)/P13","v":0.53389830508474578},{"$f":"K13/(N13-N12)","v":0.25184739276522278},{"$f":"J13/O13","v":0.15789473684210525},{"$f":"SUM(K$3:K13)/N13","v":0.18064459973183877},{"$f":"SUM(J$3:J13)/P13","v":0.2768361581920904},{"$f":"M13/(N13-N12)","v":3.93127637487177E-2},{"$f":"L13/O13","v":5.2631578947368418E-2},{"$f":"SUM(M$3:M13)/N13","v":0.20382551745498598},{"$f":"SUM(L$3:L13)/P13","v":0.16101694915254236},null,"Day 10","2021-04-13",59014,0,0,0,0,38,2294.21,14,653.89,1,150,52716.46,53,744,70.855456989247315,58.454716981132073,5271.6459999999997,5.249771240722538E-2,0,0,8.0544103302839377E-4,7.5471698113207544E-2,0,0,0,0,0.74052161001904426,0.71698113207547165,0.59285126505080199,0.54838709677419351,0.21106161841128443,0.26415094339622641,0.15122752931437355,0.26209677419354838,4.8416771569671758E-2,1.8867924528301886E-2,0.25511576460179614,0.18413978494623656,null,"Day 10","2020-11-17",45128,null,null,0,0,72,7223.7699999999995,11,551,2,250,41050.569999999992,85,562,73.043718861209953,94.409058823529406,4105.0569999999989,0.17782241623825557,null,null,null,null,0,0,0,0,0.90018405511933708,0.84705882352941175,0.64924506529385595,0.604982206405694,6.8662404031517438E-2,0.12941176470588237,0.12309963052888184,0.22241992882562278,3.1153540849145844E-2,2.3529411764705882E-2,0.2276553041772624,0.17259786476868327,null,"Day 10","2020-07-24",65854,null,null,0,0,16,2211.33,1,50,2,264.01,52159.08,19,770,67.739064935064931,132.91263157894738,5215.9080000000004,3.8347556716372529E-2,null,null,null,null,0,0,0,0,0.875656347264132,0.84210526315789469,0.69752649011447287,0.58181818181818179,1.979931415175781E-2,5.2631578947368418E-2,8.7018597720665322E-2,0.24675324675324675,0.10454433858411159,0.10526315789473684,0.21545491216486176,0.17142857142857143,null,"Day 10","2019-10-16",76366,null,null,0,0,10,894,1,50,3,175,31190.339999999997,14,491,63.524114052953152,79.928571428571431,3119.0339999999997,1.4653117879684676E-2,null,null,null,null,0,0,0,0,0.79892761394101874,0.7142857142857143,0.64421388160565107,0.52749490835030555,4.4682752457551385E-2,7.1428571428571425E-2,0.13174880427722174,0.285132382892057,0.15638963360142985,0.21428571428571427,0.22403731411712732,0.18737270875763748]
["Day 11","2021-10-14",52905,{"$f":"COUNTIFS('Sanitized Raw Data'!$H:$H,\">=\"&$B14,'Sanitized Raw Data'!$H:$H,\"<\"&$B15,'Sanitized Raw Data'!$D:$D,\"Matching Grant\")","v":0},{"$f":"SUMIFS('Sanitized Raw Data'!$C:$C,'Sanitized Raw Data'!$H:$H,\">=\"&$B14,'Sanitized Raw Data'!$H:$H,\"<\"&$B15,'Sanitized Raw Data'!$D:$D,\"Matching Grant\")","v":0},{"$f":"COUNTIFS('Sanitized Raw Data'!$H:$H,\">=\"&$B14,'Sanitized Raw Data'!$H:$H,\"<\"&$B15,'Sanitized Raw Data'!$D:$D,\"Cash\")","v":0},{"$f":"SUMIFS('Sanitized Raw Data'!$C:$C,'Sanitized Raw Data'!$H:$H,\">=\"&$B14,'Sanitized Raw Data'!$H:$H,\"<\"&$B15,'Sanitized Raw Data'!$D:$D,\"Cash\")","v":0},{"$f":"COUNTIFS('Sanitized Raw Data'!$H:$H,\">=\"&$B14,'Sanitized Raw Data'!$H:$H,\"<\"&$B15,'Sanitized Raw Data'!$D:$D,\"CC\")","v":9},{"$f":"SUMIFS('Sanitized Raw Data'!$C:$C,'Sanitized Raw Data'!$H:$H,\">=\"&$B14,'Sanitized Raw Data'!$H:$H,\"<\"&$B15,'Sanitized Raw Data'!$D:$D,\"CC\")","v":530},{"$f":"COUNTIFS('Sanitized Raw Data'!$H:$H,\">=\"&$B14,'Sanitized Raw Data'!$H:$H,\"<\"&$B15,'Sanitized Raw Data'!$D:$D,\"PayPal\")","v":0},{"$f":"SUMIFS('Sanitized Raw Data'!$C:$C,'Sanitized Raw Data'!$H:$H,\">=\"&$B14,'Sanitized Raw Data'!$H:$H,\"<\"&$B15,'Sanitized Raw Data'!$D:$D,\"PayPal\")","v":0},{"$f":"COUNTIFS('Sanitized Raw Data'!$H:$H,\">=\"&$B14,'Sanitized Raw Data'!$H:$H,\"<\"&$B15,'Sanitized Raw Data'!$D:$D,\"Personal Check\")+COUNTIFS('Sanitized Raw Data'!$H:$H,\">=\"&$B14,'Sanitized Raw Data'!$H:$H,\"<\"&$B15,'Sanitized Raw Data'!$D:$D,\"ACH Grant Deposit\")","v":0},{"$f":"SUMIFS('Sanitized Raw Data'!$C:$C,'Sanitized Raw Data'!$H:$H,\">=\"&$B14,'Sanitized Raw Data'!$H:$H,\"<\"&$B15,'Sanitized Raw Data'!$D:$D,\"Personal Check\")+SUMIFS('Sanitized Raw Data'!$C:$C,'Sanitized Raw Data'!$H:$H,\">=\"&$B14,'Sanitized Raw Data'!$H:$H,\"<\"&$B15,'Sanitized Raw Data'!$D:$D,\"ACH Grant Deposit\")","v":0},{"$f":"SUM(G14,M14,K14,I14,N13,E14)","v":49701.91},{"$f":"SUM(F14,H14,J14,L14,D14)","v":9},{"$f":"SUM(F14,L14,J14,H14,P13,D14)","v":717},{"$f":"N14/P14","v":69.319260808926089},{"$f":"(SUM(G14,M14,K14,I14,E14))/(SUM(F14,H14,J14,L14,D14))","v":58.888888888888886},{"$f":"N14/Sheet11!$A11","v":4518.3554545454544},{"$f":"(N14-N13)/C$3","v":1.001795671486627E-2},{"$f":"E14/(N14-N13)","v":0},{"$f":"D14/O14","v":0},{"$f":"SUM(E$3:E14)/N14","v":1.088630195499529E-2},{"$f":"SUM(D$3:D14)/O14","v":2.2222222222222223},{"$f":"G14/(N14-N13)","v":0},{"$f":"F14/O14","v":0},{"$f":"SUM(G$3:G14)/N14","v":0},{"$f":"SUM(F$3:F14)/O14","v":0},{"$f":"I14/(N14-N13)","v":1},{"$f":"H14/O14","v":1},{"$f":"SUM(I$3:I14)/N14","v":0.60874340644051705},{"$f":"SUM(H$3:H14)/P14","v":0.53974895397489542},{"$f":"K14/(N14-N13)","v":0},{"$f":"J14/O14","v":0},{"$f":"SUM(K$3:K14)/N14","v":0.17871828265754777},{"$f":"SUM(J$3:J14)/P14","v":0.27336122733612273},{"$f":"M14/(N14-N13)","v":0},{"$f":"L14/O14","v":0},{"$f":"SUM(M$3:M14)/N14","v":0.20165200894693985},{"$f":"SUM(L$3:L14)/P14","v":0.15899581589958159},null,"Day 11","2021-04-14",59014,0,0,0,0,11,1614.77,3,65,2,115,54511.229999999996,16,760,71.725302631578941,112.173125,4955.5663636363633,3.0412613956010384E-2,0,0,7.7892206798489054E-4,0.25,0,0,0,0,0.89970859775904588,0.6875,0.60295447378457623,0.5513157894736842,3.6216339698122942E-2,0.1875,0.1474408117373246,0.26052631578947366,6.4075062542832906E-2,0.125,0.24882579241011443,0.18289473684210528,null,"Day 11","2020-11-18",45128,null,null,0,0,16,1214.77,4,205,1,25,42495.339999999989,21,583,72.890806174957106,68.798571428571421,3863.2127272727262,3.2014935295160363E-2,null,null,null,null,0,0,0,0,0.84080511084809528,0.76190476190476186,0.65575778426528675,0.61063464837049741,0.14189109685278656,0.19047619047619047,0.12373850874001718,0.22126929674099485,1.7303792299120314E-2,4.7619047619047616E-2,0.22050370699469643,0.16809605488850771,null,"Day 11","2020-07-25",65854,null,null,0,0,1,50,0,0,1,50,52259.08,2,772,67.693108808290162,50,4750.8254545454547,1.5185106447596199E-3,null,null,null,null,0,0,0,0,0.5,0.5,0.69714851466960392,0.58160621761658027,0,0,8.6852083886666209E-2,0.24611398963730569,0.5,0.5,0.21599940144372992,0.17227979274611399,null,"Day 11","2019-10-17",76366,null,null,0,0,1,10,3,150,1,100,31450.339999999997,5,496,63.407943548387088,52,2859.1218181818181,3.4046565225362073E-3,null,null,null,null,0,0,0,0,3.8461538461538464E-2,0.2,0.63920612622947803,0.52419354838709675,0.57692307692307687,0.6,0.13542906054433754,0.28830645161290325,0.38461538461538464,0.2,0.22536481322618454,0.1875]
["Day 12","2021-10-15",52905,{"$f":"COUNTIFS('Sanitized Raw Data'!$H:$H,\">=\"&$B15,'Sanitized Raw Data'!$H:$H,\"<\"&$B16,'Sanitized Raw Data'!$D:$D,\"Matching Grant\")","v":0},{"$f":"SUMIFS('Sanitized Raw Data'!$C:$C,'Sanitized Raw Data'!$H:$H,\">=\"&$B15,'Sanitized Raw Data'!$H:$H,\"<\"&$B16,'Sanitized Raw Data'!$D:$D,\"Matching Grant\")","v":0},{"$f":"COUNTIFS('Sanitized Raw Data'!$H:$H,\">=\"&$B15,'Sanitized Raw Data'!$H:$H,\"<\"&$B16,'Sanitized Raw Data'!$D:$D,\"Cash\")","v":0},{"$f":"SUMIFS('Sanitized Raw Data'!$C:$C,'Sanitized Raw Data'!$H:$H,\">=\"&$B15,'Sanitized Raw Data'!$H:$H,\"<\"&$B16,'Sanitized Raw Data'!$D:$D,\"Cash\")","v":0},{"$f":"COUNTIFS('Sanitized Raw Data'!$H:$H,\">=\"&$B15,'Sanitized Raw Data'!$H:$H,\"<\"&$B16,'Sanitized Raw Data'!$D:$D,\"CC\")","v":5},{"$f":"SUMIFS('Sanitized Raw Data'!$C:$C,'Sanitized Raw Data'!$H:$H,\">=\"&$B15,'Sanitized Raw Data'!$H:$H,\"<\"&$B16,'Sanitized Raw Data'!$D:$D,\"CC\")","v":410.77},{"$f":"COUNTIFS('Sanitized Raw Data'!$H:$H,\">=\"&$B15,'Sanitized Raw Data'!$H:$H,\"<\"&$B16,'Sanitized Raw Data'!$D:$D,\"PayPal\")","v":0},{"$f":"SUMIFS('Sanitized Raw Data'!$C:$C,'Sanitized Raw Data'!$H:$H,\">=\"&$B15,'Sanitized Raw Data'!$H:$H,\"<\"&$B16,'Sanitized Raw Data'!$D:$D,\"PayPal\")","v":0},{"$f":"COUNTIFS('Sanitized Raw Data'!$H:$H,\">=\"&$B15,'Sanitized Raw Data'!$H:$H,\"<\"&$B16,'Sanitized Raw Data'!$D:$D,\"Personal Check\")+COUNTIFS('Sanitized Raw Data'!$H:$H,\">=\"&$B15,'Sanitized Raw Data'!$H:$H,\"<\"&$B16,'Sanitized Raw Data'!$D:$D,\"ACH Grant Deposit\")","v":0},{"$f":"SUMIFS('Sanitized Raw Data'!$C:$C,'Sanitized Raw Data'!$H:$H,\">=\"&$B15,'Sanitized Raw Data'!$H:$H,\"<\"&$B16,'Sanitized Raw Data'!$D:$D,\"Personal Check\")+SUMIFS('Sanitized Raw Data'!$C:$C,'Sanitized Raw Data'!$H:$H,\">=\"&$B15,'Sanitized Raw Data'!$H:$H,\"<\"&$B16,'Sanitized Raw Data'!$D:$D,\"ACH Grant Deposit\")","v":0},{"$f":"SUM(G15,M15,K15,I15,N14,E15)","v":50112.68},{"$f":"SUM(F15,H15,J15,L15,D15)","v":5},{"$f":"SUM(F15,L15,J15,H15,P14,D15)","v":722},{"$f":"N15/P15","v":69.408144044321332},{"$f":"(SUM(G15,M15,K15,I15,E15))/(SUM(F15,H15,J15,L15,D15))","v":82.153999999999996},{"$f":"N15/Sheet11!$A12","v":4176.0566666666664},{"$f":"(N15-N14)/C$3","v":7.764294490123746E-3},{"$f":"E15/(N15-N14)","v":0},{"$f":"D15/O15","v":0},{"$f":"SUM(E$3:E15)/N15","v":1.0797067728167803E-2},{"$f":"SUM(D$3:D15)/O15","v":4},{"$f":"G15/(N15-N14)","v":0},{"$f":"F15/O15","v":0},{"$f":"SUM(G$3:G15)/N15","v":0},{"$f":"SUM(F$3:F15)/O15","v":0},{"$f":"I15/(N15-N14)","v":1.0000000000000078},{"$f":"H15/O15","v":1},{"$f":"SUM(I$3:I15)/N15","v":0.61195050833441755},{"$f":"SUM(H$3:H15)/P15","v":0.54293628808864269},{"$f":"K15/(N15-N14)","v":0},{"$f":"J15/O15","v":0},{"$f":"SUM(K$3:K15)/N15","v":0.17725334186876457},{"$f":"SUM(J$3:J15)/P15","v":0.27146814404432135},{"$f":"M15/(N15-N14)","v":0},{"$f":"L15/O15","v":0},{"$f":"SUM(M$3:M15)/N15","v":0.19999908206865008},{"$f":"SUM(L$3:L15)/P15","v":0.15789473684210525},null,"Day 12","2021-04-15",59014,0,0,0,0,11,819,2,206.3,0,0,55536.53,13,773,71.845446313065978,78.869230769230768,4628.0441666666666,1.7373843494764004E-2,0,0,7.6454182499338728E-4,0.30769230769230771,0,0,0,0,0.79879059787379081,0.84615384615384615,0.60656994594368785,0.55627425614489001,0.20120940212620642,0.15384615384615385,0.14843347252700159,0.25873221216041398,0,0,0.24423203970431717,0.17981888745148772,null,"Day 12","2020-11-19",45128,null,null,0,0,6,975,3,275,0,0,43745.339999999989,9,592,73.894155405405385,138.88888888888889,3645.4449999999993,2.769898954086155E-2,null,null,null,null,0,0,0,0,0.78,0.66666666666666663,0.65930794000000936,0.61148648648648651,0.22,0.33333333333333331,0.12648913004219425,0.22297297297297297,0,0,0.21420292995779672,0.16554054054054054,null,"Day 12","2020-07-26",65854,null,null,0,0,5,250,0,0,0,0,52509.08,5,777,67.579253539253543,50,4375.7566666666671,3.7962766118990496E-3,null,null,null,null,0,0,0,0,1,1,0.6985904152196154,0.58429858429858428,0,0,8.6438574052335335E-2,0.24453024453024452,0,0,0.21497101072804928,0.17117117117117117,null,"Day 12","2019-10-18",76366,null,null,0,0,5,400.2,0,0,3,158.63,32009.17,8,504,63.510257936507934,69.853749999999991,2667.4308333333333,7.3177854018804406E-3,null,null,null,null,0,0,0,0,0.71613907628437756,0.625,0.64054925510408434,0.52579365079365081,0,0,0.1330646811523073,0.28373015873015872,0.28386092371561922,0.375,0.22638606374360851,0.19047619047619047]
["Day 13","2021-10-16",52905,{"$f":"COUNTIFS('Sanitized Raw Data'!$H:$H,\">=\"&$B16,'Sanitized Raw Data'!$H:$H,\"<\"&$B17,'Sanitized Raw Data'!$D:$D,\"Matching Grant\")","v":0},{"$f":"SUMIFS('Sanitized Raw Data'!$C:$C,'Sanitized Raw Data'!$H:$H,\">=\"&$B16,'Sanitized Raw Data'!$H:$H,\"<\"&$B17,'Sanitized Raw Data'!$D:$D,\"Matching Grant\")","v":0},{"$f":"COUNTIFS('Sanitized Raw Data'!$H:$H,\">=\"&$B16,'Sanitized Raw Data'!$H:$H,\"<\"&$B17,'Sanitized Raw Data'!$D:$D,\"Cash\")","v":0},{"$f":"SUMIFS('Sanitized Raw Data'!$C:$C,'Sanitized Raw Data'!$H:$H,\">=\"&$B16,'Sanitized Raw Data'!$H:$H,\"<\"&$B17,'Sanitized Raw Data'!$D:$D,\"Cash\")","v":0},{"$f":"COUNTIFS('Sanitized Raw Data'!$H:$H,\">=\"&$B16,'Sanitized Raw Data'!$H:$H,\"<\"&$B17,'Sanitized Raw Data'!$D:$D,\"CC\")","v":2},{"$f":"SUMIFS('Sanitized Raw Data'!$C:$C,'Sanitized Raw Data'!$H:$H,\">=\"&$B16,'Sanitized Raw Data'!$H:$H,\"<\"&$B17,'Sanitized Raw Data'!$D:$D,\"CC\")","v":60},{"$f":"COUNTIFS('Sanitized Raw Data'!$H:$H,\">=\"&$B16,'Sanitized Raw Data'!$H:$H,\"<\"&$B17,'Sanitized Raw Data'!$D:$D,\"PayPal\")","v":0},{"$f":"SUMIFS('Sanitized Raw Data'!$C:$C,'Sanitized Raw Data'!$H:$H,\">=\"&$B16,'Sanitized Raw Data'!$H:$H,\"<\"&$B17,'Sanitized Raw Data'!$D:$D,\"PayPal\")","v":0},{"$f":"COUNTIFS('Sanitized Raw Data'!$H:$H,\">=\"&$B16,'Sanitized Raw Data'!$H:$H,\"<\"&$B17,'Sanitized Raw Data'!$D:$D,\"Personal Check\")+COUNTIFS('Sanitized Raw Data'!$H:$H,\">=\"&$B16,'Sanitized Raw Data'!$H:$H,\"<\"&$B17,'Sanitized Raw Data'!$D:$D,\"ACH Grant Deposit\")","v":0},{"$f":"SUMIFS('Sanitized Raw Data'!$C:$C,'Sanitized Raw Data'!$H:$H,\">=\"&$B16,'Sanitized Raw Data'!$H:$H,\"<\"&$B17,'Sanitized Raw Data'!$D:$D,\"Personal Check\")+SUMIFS('Sanitized Raw Data'!$C:$C,'Sanitized Raw Data'!$H:$H,\">=\"&$B16,'Sanitized Raw Data'!$H:$H,\"<\"&$B17,'Sanitized Raw Data'!$D:$D,\"ACH Grant Deposit\")","v":0},{"$f":"SUM(G16,M16,K16,I16,N15,E16)","v":50172.68},{"$f":"SUM(F16,H16,J16,L16,D16)","v":2},{"$f":"SUM(F16,L16,J16,H16,P15,D16)","v":724},{"$f":"N16/P16","v":69.299281767955804},{"$f":"(SUM(G16,M16,K16,I16,E16))/(SUM(F16,H16,J16,L16,D16))","v":30},{"$f":"N16/Sheet11!$A13","v":3859.436923076923},{"$f":"(N16-N15)/C$3","v":1.1341083073433513E-3},{"$f":"E16/(N16-N15)","v":0},{"$f":"D16/O16","v":0},{"$f":"SUM(E$3:E16)/N16","v":1.0784155839393073E-2},{"$f":"SUM(D$3:D16)/O16","v":10},{"$f":"G16/(N16-N15)","v":0},{"$f":"F16/O16","v":0},{"$f":"SUM(G$3:G16)/N16","v":0},{"$f":"SUM(F$3:F16)/O16","v":0},{"$f":"I16/(N16-N15)","v":1},{"$f":"H16/O16","v":1},{"$f":"SUM(I$3:I16)/N16","v":0.61241456505811531},{"$f":"SUM(H$3:H16)/P16","v":0.54419889502762431},{"$f":"K16/(N16-N15)","v":0},{"$f":"J16/O16","v":0},{"$f":"SUM(K$3:K16)/N16","v":0.17704136992482764},{"$f":"SUM(J$3:J16)/P16","v":0.27071823204419887},{"$f":"M16/(N16-N15)","v":0},{"$f":"L16/O16","v":0},{"$f":"SUM(M$3:M16)/N16","v":0.19975990917766401},{"$f":"SUM(L$3:L16)/P16","v":0.15745856353591159},null,"Day 13","2021-04-16",59014,0,0,0,0,4,84.72999999999999,0,0,0,0,55621.26,4,777,71.584633204633207,21.182499999999997,4278.5584615384614,1.4357610058630698E-3,0,0,7.6337716908966098E-4,1,0,0,0,0,0.99999999999996214,1,0.60716927304415624,0.55855855855855852,0,0,0.14820735812169661,0.2574002574002574,0,0,0.24385999166505759,0.17889317889317891,null,"Day 13","2020-11-20",45128,null,null,0,0,11,1021.31,3,155,1,50,44971.649999999987,15,607,74.088385502471155,81.753999999999991,3459.3576923076912,2.7174038291083089E-2,null,null,null,null,0,0,0,0,0.83283182881979423,0.73333333333333328,0.66403967833068189,0.61449752883031306,0.12639544650210818,0.2,0.12648657543141073,0.22240527182866557,4.0772724678099413E-2,6.6666666666666666E-2,0.20947374623790774,0.1630971993410214,null,"Day 13","2020-07-27",65854,null,null,0,0,5,275,2,45,4,414,53243.08,11,788,67.567360406091368,66.727272727272734,4095.6215384615384,1.1145868132535609E-2,null,null,null,null,0,0,0,0,0.37465940054495911,0.45454545454545453,0.69412475762108428,0.5824873096446701,6.1307901907356951E-2,0.18181818181818182,8.6092126901749486E-2,0.24365482233502539,0.56403269754768393,0.36363636363636365,0.2197831154771662,0.17385786802030456,null,"Day 13","2019-10-19",76366,null,null,0,0,5,304,2,75,1,50,32438.17,8,512,63.355800781249997,53.625,2495.2438461538459,5.6176832621847419E-3,null,null,null,null,0,0,0,0,0.70862470862470861,0.625,0.64144956389340091,0.52734375,0.17482517482517482,0.25,0.13361697037779877,0.283203125,0.11655011655011654,0.125,0.22493346572880038,0.189453125]
["Day 14","2021-10-17",52905,{"$f":"COUNTIFS('Sanitized Raw Data'!$H:$H,\">=\"&$B17,'Sanitized Raw Data'!$H:$H,\"<\"&$B18,'Sanitized Raw Data'!$D:$D,\"Matching Grant\")","v":0},{"$f":"SUMIFS('Sanitized Raw Data'!$C:$C,'Sanitized Raw Data'!$H:$H,\">=\"&$B17,'Sanitized Raw Data'!$H:$H,\"<\"&$B18,'Sanitized Raw Data'!$D:$D,\"Matching Grant\")","v":0},{"$f":"COUNTIFS('Sanitized Raw Data'!$H:$H,\">=\"&$B17,'Sanitized Raw Data'!$H:$H,\"<\"&$B18,'Sanitized Raw Data'!$D:$D,\"Cash\")","v":0},{"$f":"SUMIFS('Sanitized Raw Data'!$C:$C,'Sanitized Raw Data'!$H:$H,\">=\"&$B17,'Sanitized Raw Data'!$H:$H,\"<\"&$B18,'Sanitized Raw Data'!$D:$D,\"Cash\")","v":0},{"$f":"COUNTIFS('Sanitized Raw Data'!$H:$H,\">=\"&$B17,'Sanitized Raw Data'!$H:$H,\"<\"&$B18,'Sanitized Raw Data'!$D:$D,\"CC\")","v":5},{"$f":"SUMIFS('Sanitized Raw Data'!$C:$C,'Sanitized Raw Data'!$H:$H,\">=\"&$B17,'Sanitized Raw Data'!$H:$H,\"<\"&$B18,'Sanitized Raw Data'!$D:$D,\"CC\")","v":203},{"$f":"COUNTIFS('Sanitized Raw Data'!$H:$H,\">=\"&$B17,'Sanitized Raw Data'!$H:$H,\"<\"&$B18,'Sanitized Raw Data'!$D:$D,\"PayPal\")","v":0},{"$f":"SUMIFS('Sanitized Raw Data'!$C:$C,'Sanitized Raw Data'!$H:$H,\">=\"&$B17,'Sanitized Raw Data'!$H:$H,\"<\"&$B18,'Sanitized Raw Data'!$D:$D,\"PayPal\")","v":0},{"$f":"COUNTIFS('Sanitized Raw Data'!$H:$H,\">=\"&$B17,'Sanitized Raw Data'!$H:$H,\"<\"&$B18,'Sanitized Raw Data'!$D:$D,\"Personal Check\")+COUNTIFS('Sanitized Raw Data'!$H:$H,\">=\"&$B17,'Sanitized Raw Data'!$H:$H,\"<\"&$B18,'Sanitized Raw Data'!$D:$D,\"ACH Grant Deposit\")","v":0},{"$f":"SUMIFS('Sanitized Raw Data'!$C:$C,'Sanitized Raw Data'!$H:$H,\">=\"&$B17,'Sanitized Raw Data'!$H:$H,\"<\"&$B18,'Sanitized Raw Data'!$D:$D,\"Personal Check\")+SUMIFS('Sanitized Raw Data'!$C:$C,'Sanitized Raw Data'!$H:$H,\">=\"&$B17,'Sanitized Raw Data'!$H:$H,\"<\"&$B18,'Sanitized Raw Data'!$D:$D,\"ACH Grant Deposit\")","v":0},{"$f":"SUM(G17,M17,K17,I17,N16,E17)","v":50375.68},{"$f":"SUM(F17,H17,J17,L17,D17)","v":5},{"$f":"SUM(F17,L17,J17,H17,P16,D17)","v":729},{"$f":"N17/P17","v":69.102441700960213},{"$f":"(SUM(G17,M17,K17,I17,E17))/(SUM(F17,H17,J17,L17,D17))","v":40.6},{"$f":"N17/Sheet11!$A14","v":3598.2628571428572},{"$f":"(N17-N16)/C$3","v":3.8370664398450051E-3},{"$f":"E17/(N17-N16)","v":0},{"$f":"D17/O17","v":0},{"$f":"SUM(E$3:E17)/N17","v":1.074069868635024E-2},{"$f":"SUM(D$3:D17)/O17","v":4},{"$f":"G17/(N17-N16)","v":0},{"$f":"F17/O17","v":0},{"$f":"SUM(G$3:G17)/N17","v":0},{"$f":"SUM(F$3:F17)/O17","v":0},{"$f":"I17/(N17-N16)","v":1},{"$f":"H17/O17","v":1},{"$f":"SUM(I$3:I17)/N17","v":0.61397642672019515},{"$f":"SUM(H$3:H17)/P17","v":0.54732510288065839},{"$f":"K17/(N17-N16)","v":0},{"$f":"J17/O17","v":0},{"$f":"SUM(K$3:K17)/N17","v":0.17632794237219232},{"$f":"SUM(J$3:J17)/P17","v":0.26886145404663925},{"$f":"M17/(N17-N16)","v":0},{"$f":"L17/O17","v":0},{"$f":"SUM(M$3:M17)/N17","v":0.19895493222126232},{"$f":"SUM(L$3:L17)/P17","v":0.15637860082304528},null,"Day 14","2021-04-17",59014,0,0,0,0,3,203,0,0,0,0,55824.26,3,780,71.569564102564101,67.666666666666671,3987.4471428571428,3.4398617277256243E-3,0,0,7.6060121531391553E-4,1.3333333333333333,0,0,0,0,1,1,0.60859776735061066,0.56025641025641026,0,0,0.14766841512990947,0.25641025641025639,0,0,0.24297321630416599,0.17820512820512821,null,"Day 14","2020-11-21",45128,null,null,0,0,3,200,0,0,0,0,45171.649999999987,3,610,74.051885245901616,66.666666666666671,3226.5464285714274,4.4318383265378476E-3,null,null,null,null,0,0,0,0,1,1,0.6655271613943704,0.61639344262295082,0,0,0.12592654906340597,0.22131147540983606,0,0,0.20854628954222401,0.16229508196721312,null,"Day 14","2020-07-28",65854,null,null,0,0,15,1122.6300000000001,1,20,1,25,54410.71,17,805,67.590944099378888,68.684117647058827,3886.4792857142857,1.7730585841406708E-2,null,null,null,null,0,0,0,0,0.96146039413170492,0.88235294117647056,0.69986166326445665,0.58881987577639749,1.712871371924329E-2,5.8823529411764705E-2,8.4612202266796374E-2,0.23975155279503105,2.1410892149054114E-2,5.8823529411764705E-2,0.21552613446874702,0.17142857142857143,null,"Day 14","2019-10-20",76366,null,null,0,0,44,3830.89,12,599.79,3,125,36993.85,59,571,64.787828371278451,77.214915254237297,2642.417857142857,5.9655867794568267E-2,null,null,null,null,0,0,0,0,0.84090410213184408,0.74576271186440679,0.66601178303961339,0.54991243432574433,0.13165762301127382,0.20338983050847459,0.13337568271482964,0.27495621716287216,2.7438274856881956E-2,5.0847457627118647E-2,0.20061253424555706,0.17513134851138354]
["Day 15","2021-10-18",52905,{"$f":"COUNTIFS('Sanitized Raw Data'!$H:$H,\">=\"&$B18,'Sanitized Raw Data'!$H:$H,\"<\"&$B19,'Sanitized Raw Data'!$D:$D,\"Matching Grant\")","v":0},{"$f":"SUMIFS('Sanitized Raw Data'!$C:$C,'Sanitized Raw Data'!$H:$H,\">=\"&$B18,'Sanitized Raw Data'!$H:$H,\"<\"&$B19,'Sanitized Raw Data'!$D:$D,\"Matching Grant\")","v":0},{"$f":"COUNTIFS('Sanitized Raw Data'!$H:$H,\">=\"&$B18,'Sanitized Raw Data'!$H:$H,\"<\"&$B19,'Sanitized Raw Data'!$D:$D,\"Cash\")","v":0},{"$f":"SUMIFS('Sanitized Raw Data'!$C:$C,'Sanitized Raw Data'!$H:$H,\">=\"&$B18,'Sanitized Raw Data'!$H:$H,\"<\"&$B19,'Sanitized Raw Data'!$D:$D,\"Cash\")","v":0},{"$f":"COUNTIFS('Sanitized Raw Data'!$H:$H,\">=\"&$B18,'Sanitized Raw Data'!$H:$H,\"<\"&$B19,'Sanitized Raw Data'!$D:$D,\"CC\")","v":44},{"$f":"SUMIFS('Sanitized Raw Data'!$C:$C,'Sanitized Raw Data'!$H:$H,\">=\"&$B18,'Sanitized Raw Data'!$H:$H,\"<\"&$B19,'Sanitized Raw Data'!$D:$D,\"CC\")","v":2612.8900000000003},{"$f":"COUNTIFS('Sanitized Raw Data'!$H:$H,\">=\"&$B18,'Sanitized Raw Data'!$H:$H,\"<\"&$B19,'Sanitized Raw Data'!$D:$D,\"PayPal\")","v":0},{"$f":"SUMIFS('Sanitized Raw Data'!$C:$C,'Sanitized Raw Data'!$H:$H,\">=\"&$B18,'Sanitized Raw Data'!$H:$H,\"<\"&$B19,'Sanitized Raw Data'!$D:$D,\"PayPal\")","v":0},{"$f":"COUNTIFS('Sanitized Raw Data'!$H:$H,\">=\"&$B18,'Sanitized Raw Data'!$H:$H,\"<\"&$B19,'Sanitized Raw Data'!$D:$D,\"Personal Check\")+COUNTIFS('Sanitized Raw Data'!$H:$H,\">=\"&$B18,'Sanitized Raw Data'!$H:$H,\"<\"&$B19,'Sanitized Raw Data'!$D:$D,\"ACH Grant Deposit\")","v":0},{"$f":"SUMIFS('Sanitized Raw Data'!$C:$C,'Sanitized Raw Data'!$H:$H,\">=\"&$B18,'Sanitized Raw Data'!$H:$H,\"<\"&$B19,'Sanitized Raw Data'!$D:$D,\"Personal Check\")+SUMIFS('Sanitized Raw Data'!$C:$C,'Sanitized Raw Data'!$H:$H,\">=\"&$B18,'Sanitized Raw Data'!$H:$H,\"<\"&$B19,'Sanitized Raw Data'!$D:$D,\"ACH Grant Deposit\")","v":0},{"$f":"SUM(G18,M18,K18,I18,N17,E18)","v":52988.57},{"$f":"SUM(F18,H18,J18,L18,D18)","v":44},{"$f":"SUM(F18,L18,J18,H18,P17,D18)","v":773},{"$f":"N18/P18","v":68.549249676584736},{"$f":"(SUM(G18,M18,K18,I18,E18))/(SUM(F18,H18,J18,L18,D18))","v":59.383863636363643},{"$f":"N18/Sheet11!$A15","v":3532.5713333333333},{"$f":"(N18-N17)/C$3","v":4.9388337586239478E-2},{"$f":"E18/(N18-N17)","v":0},{"$f":"D18/O18","v":0},{"$f":"SUM(E$3:E18)/N18","v":1.0211070047748034E-2},{"$f":"SUM(D$3:D18)/O18","v":0.45454545454545453},{"$f":"G18/(N18-N17)","v":0},{"$f":"F18/O18","v":0},{"$f":"SUM(G$3:G18)/N18","v":0},{"$f":"SUM(F$3:F18)/O18","v":0},{"$f":"I18/(N18-N17)","v":1.0000000000000004},{"$f":"H18/O18","v":1},{"$f":"SUM(I$3:I18)/N18","v":0.63301142114233322},{"$f":"SUM(H$3:H18)/P18","v":0.57309184993531692},{"$f":"K18/(N18-N17)","v":0},{"$f":"J18/O18","v":0},{"$f":"SUM(K$3:K18)/N18","v":0.16763313295678675},{"$f":"SUM(J$3:J18)/P18","v":0.25355756791720568},{"$f":"M18/(N18-N17)","v":0},{"$f":"L18/O18","v":0},{"$f":"SUM(M$3:M18)/N18","v":0.1891443758531321},{"$f":"SUM(L$3:L18)/P18","v":0.14747736093143596},null,"Day 15","2021-04-18",59014,0,0,0,0,28,2339.7399999999998,0,0,0,0,58164,28,808,71.985148514851488,83.562142857142845,3877.6,3.964720235876229E-2,0,0,7.3000481397427961E-4,0.14285714285714285,0,0,0,0,1.0000000000000009,1,0.62434254865552574,0.57549504950495045,0,0,0.1417282167663847,0.24752475247524752,0,0,0.23319922976411528,0.17202970297029702,null,"Day 15",null,null,null,null,null,null,null,null,null,null,null,null,null,null,null,null,null,null,null,null,null,null,null,null,null,null,null,null,null,null,null,null,null,null,null,null,null,null,null,null,"Day 15","2020-07-29",65854,null,null,0,0,23,1921.64,1,10,1,55,56397.35,25,830,67.948614457831326,79.465600000000009,3759.8233333333333,3.01673398730525E-2,null,null,null,null,0,0,0,0,0.96728144001932947,0.92,0.70928173043591591,0.59879518072289162,5.0336246124109063E-3,0.04,8.1808985705888668E-2,0.23373493975903614,2.7684935368259986E-2,0.04,0.20890928385819543,0.1674698795180723,null,"Day 15","2019-10-21",76366,null,null,0,0,68,5477.52,21,1522.58,13,948,44941.95,102,673,66.77852897473997,77.922549019607843,2996.1299999999997,0.10407904041065394,null,null,null,null,0,0,0,0,0.68916093154338787,0.66666666666666663,0.67010576977634484,0.56760772659732539,0.19156527975239368,0.20588235294117646,0.14366666332902778,0.26448736998514116,0.11927378870421863,0.12745098039215685,0.18622756689462741,0.16790490341753342]
["Day 16","2021-10-19",52905,null,null,null,null,null,null,null,null,null,null,null,null,null,null,null,null,null,null,null,null,null,null,null,null,null,null,null,null,null,null,null,null,null,null,null,null,null,null,"Day 16","2021-04-19",59014,0,0,0,0,22,2167.56,0,0,0,0,60331.56,22,830,72.688626506024093,98.525454545454537,3770.7224999999999,3.6729589588911066E-2,0,0,7.0377759169496033E-4,0.18181818181818182,0,0,0,0,1.0000000000000011,1,0.63783896852658872,0.58674698795180724,0,0,0.1366362812431835,0.24096385542168675,0,0,0.22482097263853282,0.1674698795180723,null,"Day 16",null,null,null,null,null,null,null,null,null,null,null,null,null,null,null,null,null,null,null,null,null,null,null,null,null,null,null,null,null,null,null,null,null,null,null,null,null,null,null,null,"Day 16","2020-07-30",65854,null,null,0,0,59,3821.58,15,873,3,275,61366.93,77,907,67.659239250275633,64.539999999999992,3835.433125,7.546360129984514E-2,null,null,null,null,0,0,0,0,0.76899456292080992,0.76623376623376627,0.71411735930084819,0.61300992282249178,0.17566876878931412,0.19480519480519481,8.9409882488825823E-2,0.23042998897464168,5.533666828987558E-2,3.896103896103896E-2,0.19647275821032595,0.1565600882028666,null,"Day 16","2019-10-22",76366,null,null,0,0,20,1289.8899999999999,1,64,10,1096,47391.839999999997,31,704,67.31795454545454,79.028709677419357,2961.99,3.2080899876908563E-2,null,null,null,null,0,0,0,0,0.52650935348117678,0.64516129032258063,0.66268264747686523,0.57102272727272729,2.61236218769006E-2,3.2258064516129031E-2,0.13759035310720158,0.25426136363636365,0.44736702464192279,0.32258064516129031,0.19972699941593322,0.17471590909090909]
["Day 17","2021-10-20",52905,null,null,null,null,null,null,null,null,null,null,null,null,null,null,null,null,null,null,null,null,null,null,null,null,null,null,null,null,null,null,null,null,null,null,null,null,null,null,"Day 17","2021-04-20",59014,null,null,null,null,null,null,null,null,null,null,null,null,null,null,null,null,null,null,null,null,null,null,null,null,null,null,null,null,null,null,null,null,null,null,null,null,null,null,"Day 17",null,null,null,null,null,null,null,null,null,null,null,null,null,null,null,null,null,null,null,null,null,null,null,null,null,null,null,null,null,null,null,null,null,null,null,null,null,null,null,null,"Day 17","2020-07-31",65854,null,null,0,0,8,484,4,175,1,50,62075.93,13,920,67.473836956521737,54.53846153846154,3651.5252941176473,1.0766240471345704E-2,null,null,null,null,0,0,0,0,0.68265162200282092,0.61538461538461542,0.71375797350116221,0.61304347826086958,0.24682651622002821,0.30769230769230771,9.120781597633737E-2,0.23152173913043478,7.0521861777150918E-2,7.6923076923076927E-2,0.19503421052250039,0.15543478260869564,null,"Day 17","2019-10-23",76366,null,null,0,0,5,475,6,195.09,2,200,48261.929999999993,13,717,67.310920502092046,66.930000000000007,2838.9370588235288,1.1393683052667372E-2,null,null,null,null,0,0,0,0,0.54592053695594933,0.38461538461538464,0.66057760226331608,0.56764295676429566,0.22421818432576029,0.46153846153846156,0.13915212259435131,0.25801952580195259,0.22986127871829443,0.15384615384615385,0.20027027514233273,0.17433751743375175]
["Day 18","2021-10-21",52905,null,null,null,null,null,null,null,null,null,null,null,null,null,null,null,null,null,null,null,null,null,null,null,null,null,null,null,null,null,null,null,null,null,null,null,null,null,null,"Day 18","2021-04-21",59014,null,null,null,null,null,null,null,null,null,null,null,null,null,null,null,null,null,null,null,null,null,null,null,null,null,null,null,null,null,null,null,null,null,null,null,null,null,null,"Day 18",null,null,null,null,null,null,null,null,null,null,null,null,null,null,null,null,null,null,null,null,null,null,null,null,null,null,null,null,null,null,null,null,null,null,null,null,null,null,null,null,"Day 18","2020-08-01",65854,null,null,0,0,3,175,2,65,2,150,62465.93,7,927,67.385037756202806,55.714285714285715,3470.3294444444446,5.922191514562517E-3,null,null,null,null,0,0,0,0,0.44871794871794873,0.42857142857142855,0.7121032217082176,0.61165048543689315,0.16666666666666666,0.2857142857142857,9.1678936021604096E-2,0.2319309600862999,0.38461538461538464,0.2857142857142857,0.1962178422701783,0.15641855447680691,null,"Day 18","2019-10-24",76366,null,null,0,0,6,589,0,0,3,109,48959.929999999993,9,726,67.437920110192834,77.555555555555557,2719.9961111111106,9.1401932797318172E-3,null,null,null,null,0,0,0,0,0.84383954154727792,0.66666666666666663,0.66319028642402067,0.56887052341597799,0,0,0.1371682925200261,0.25482093663911848,0.15616045845272206,0.33333333333333331,0.19964142105595334,0.17630853994490359]
["Day 19","2021-10-22",52905,null,null,null,null,null,null,null,null,null,null,null,null,null,null,null,null,null,null,null,null,null,null,null,null,null,null,null,null,null,null,null,null,null,null,null,null,null,null,"Day 19","2021-04-22",59014,null,null,null,null,null,null,null,null,null,null,null,null,null,null,null,null,null,null,null,null,null,null,null,null,null,null,null,null,null,null,null,null,null,null,null,null,null,null,"Day 19",null,null,null,null,null,null,null,null,null,null,null,null,null,null,null,null,null,null,null,null,null,null,null,null,null,null,null,null,null,null,null,null,null,null,null,null,null,null,null,null,"Day 19","2020-08-02",65854,null,null,0,0,3,200,1,100,0,0,62765.93,4,931,67.417755102040815,75,3303.47,4.555531934278859E-3,null,null,null,null,0,0,0,0,0.66666666666666663,0.75,0.71188605028237462,0.61224489795918369,0.33333333333333331,0.25,9.2833962629088745E-2,0.23200859291084855,0,0,0.19527998708853669,0.15574650912996776,null,"Day 19","2019-10-25",76366,null,null,0,0,6,475,0,0,3,5350,54784.929999999993,9,735,74.537319727891145,647.22222222222217,2883.4173684210523,7.6277400937590029E-2,null,null,null,null,0,0,0,0,8.15450643776824E-2,0.66666666666666663,0.60134693975149744,0.57006802721088434,0,0,0.12258389305234123,0.25170068027210885,0.91845493562231761,0.33333333333333331,0.27606916719616148,0.17823129251700681]
["Day 20","2021-10-23",52905,null,null,null,null,null,null,null,null,null,null,null,null,null,null,null,null,null,null,null,null,null,null,null,null,null,null,null,null,null,null,null,null,null,null,null,null,null,null,"Day 20","2021-04-23",59014,null,null,null,null,null,null,null,null,null,null,null,null,null,null,null,null,null,null,null,null,null,null,null,null,null,null,null,null,null,null,null,null,null,null,null,null,null,null,"Day 20",null,null,null,null,null,null,null,null,null,null,null,null,null,null,null,null,null,null,null,null,null,null,null,null,null,null,null,null,null,null,null,null,null,null,null,null,null,null,null,null,"Day 20","2020-08-03",65854,null,null,0,0,8,650,0,0,0,0,63415.93,8,939,67.535601703940358,81.25,3170.7964999999999,9.8703191909375286E-3,null,null,null,null,0,0,0,0,1,1,0.71483915792136143,0.61554845580404682,0,0,9.188243395626304E-2,0.23003194888178913,0,0,0.19327840812237554,0.15441959531416399,null,"Day 20","2019-10-26",76366,null,null,0,0,1,25,0,0,0,0,54809.929999999993,1,736,74.470013586956512,25,2740.4964999999997,3.2737081947463529E-4,null,null,null,null,0,0,0,0,1,1,0.60152877407433292,0.57065217391304346,0,0,0.12252797987517956,0.25135869565217389,0,0,0.27594324605048759,0.17798913043478262]
["Day 21","2021-10-24",52905,null,null,null,null,null,null,null,null,null,null,null,null,null,null,null,null,null,null,null,null,null,null,null,null,null,null,null,null,null,null,null,null,null,null,null,null,null,null,"Day 21","2021-04-24",59014,null,null,null,null,null,null,null,null,null,null,null,null,null,null,null,null,null,null,null,null,null,null,null,null,null,null,null,null,null,null,null,null,null,null,null,null,null,null,"Day 21",null,null,null,null,null,null,null,null,null,null,null,null,null,null,null,null,null,null,null,null,null,null,null,null,null,null,null,null,null,null,null,null,null,null,null,null,null,null,null,null,"Day 21","2020-08-04",65854,null,null,0,0,7,675,2,61,0,0,64151.93,9,948,67.67081223628692,81.777777777777771,3054.8538095238096,1.1176238345430802E-2,null,null,null,null,0,0,0,0,0.91711956521739135,0.77777777777777779,0.71715987344418164,0.61708860759493667,8.2880434782608689E-2,0.22222222222222221,9.1779156137625176E-2,0.22995780590717299,0,0,0.19106097041819317,0.15295358649789029,null,"Day 21","2019-10-27",76366,null,null,0,0,5,289,4,209,2,75,55382.929999999993,11,747,74.140468540829971,52.090909090909093,2637.2823809523807,7.5033391823586416E-3,null,null,null,null,0,0,0,0,0.50436300174520066,0.45454545454545453,0.60052348259653299,0.5689424364123159,0.36474694589877837,0.36363636363636365,0.12503401318781798,0.25301204819277107,0.13089005235602094,0.18181818181818182,0.27444250421564914,0.17804551539491298]
["Day 22","2021-10-25",52905,null,null,null,null,null,null,null,null,null,null,null,null,null,null,null,null,null,null,null,null,null,null,null,null,null,null,null,null,null,null,null,null,null,null,null,null,null,null,"Day 22","2021-04-25",59014,null,null,null,null,null,null,null,null,null,null,null,null,null,null,null,null,null,null,null,null,null,null,null,null,null,null,null,null,null,null,null,null,null,null,null,null,null,null,"Day 22",null,null,null,null,null,null,null,null,null,null,null,null,null,null,null,null,null,null,null,null,null,null,null,null,null,null,null,null,null,null,null,null,null,null,null,null,null,null,null,null,"Day 22","2020-08-05",65854,null,null,0,0,5,300,0,0,0,0,64451.93,5,953,67.630566631689405,60,2929.633181818182,4.555531934278859E-3,null,null,null,null,0,0,0,0,1,1,0.71847639007862141,0.61909758656873037,0,0,9.1351957963089703E-2,0.22875131164742918,0,0,0.19017165195828889,0.1521511017838405,null,"Day 22","2019-10-28",76366,null,null,0,0,86,8055.79,33,1865,10,1690,66993.72,129,876,76.476849315068492,90.006124031007758,3045.1690909090908,0.15204135348191614,null,null,null,null,0,0,0,0,0.69381928361463729,0.66666666666666663,0.61669272881099901,0.58333333333333337,0.16062645177459919,0.2558139534883721,0.13120259630305647,0.25342465753424659,0.14555426461076282,7.7519379844961239E-2,0.25210467488594451,0.1632420091324201]
["Day 23","2021-10-26",52905,null,null,null,null,null,null,null,null,null,null,null,null,null,null,null,null,null,null,null,null,null,null,null,null,null,null,null,null,null,null,null,null,null,null,null,null,null,null,"Day 23","2021-04-26",59014,null,null,null,null,null,null,null,null,null,null,null,null,null,null,null,null,null,null,null,null,null,null,null,null,null,null,null,null,null,null,null,null,null,null,null,null,null,null,"Day 23",null,null,null,null,null,null,null,null,null,null,null,null,null,null,null,null,null,null,null,null,null,null,null,null,null,null,null,null,null,null,null,null,null,null,null,null,null,null,null,null,"Day 23","2020-08-06",65854,null,null,0,0,15,1405,0,0,0,0,65856.929999999993,15,968,68.034018595041317,93.666666666666671,2863.3447826086954,2.1335074558872548E-2,null,null,null,null,0,0,0,0,1.0000000000000051,1,0.72448245006258272,0.625,0,0,8.9403043840640628E-2,0.22520661157024793,0,0,0.18611450609677674,0.14979338842975207,null,"Day 23","2019-10-29",76366,null,null,0,0,21,2100,3,110,1,200,69403.72,25,901,77.02965593784684,96.4,3017.5530434782609,3.1558546997354844E-2,null,null,null,null,0,0,0,0,0.87136929460580914,0.84,0.62553621045096719,0.59045504994450615,4.5643153526970952E-2,0.12,0.12823159911313112,0.24972253052164262,8.2987551867219914E-2,0.04,0.24623219043590169,0.15982241953385129]
["Day 24","2021-10-27",52905,null,null,null,null,null,null,null,null,null,null,null,null,null,null,null,null,null,null,null,null,null,null,null,null,null,null,null,null,null,null,null,null,null,null,null,null,null,null,"Day 24","2021-04-27",59014,null,null,null,null,null,null,null,null,null,null,null,null,null,null,null,null,null,null,null,null,null,null,null,null,null,null,null,null,null,null,null,null,null,null,null,null,null,null,"Day 24",null,null,null,null,null,null,null,null,null,null,null,null,null,null,null,null,null,null,null,null,null,null,null,null,null,null,null,null,null,null,null,null,null,null,null,null,null,null,null,null,"Day 24",null,null,null,null,null,null,null,null,null,null,null,null,null,null,null,null,null,null,null,null,null,null,null,null,null,null,null,null,null,null,null,null,null,null,null,null,null,null,null,null,"Day 24","2019-10-30",76366,null,null,0,0,9,1369.79,1,10,0,0,70783.509999999995,10,911,77.698693743139401,137.97899999999998,2949.3129166666663,1.8068119320116198E-2,null,null,null,null,0,0,0,0,0.99275252031106642,0.9,0.63269439449950993,0.59385290889132825,7.2474796889382053E-3,0.1,0.12587324364106839,0.24807903402854006,0,0,0.2414323618594218,0.15806805708013172]
["Day 25","2021-10-28",52905,null,null,null,null,null,null,null,null,null,null,null,null,null,null,null,null,null,null,null,null,null,null,null,null,null,null,null,null,null,null,null,null,null,null,null,null,null,null,"Day 25","2021-04-28",59014,null,null,null,null,null,null,null,null,null,null,null,null,null,null,null,null,null,null,null,null,null,null,null,null,null,null,null,null,null,null,null,null,null,null,null,null,null,null,"Day 25",null,null,null,null,null,null,null,null,null,null,null,null,null,null,null,null,null,null,null,null,null,null,null,null,null,null,null,null,null,null,null,null,null,null,null,null,null,null,null,null,"Day 25",null,null,null,null,null,null,null,null,null,null,null,null,null,null,null,null,null,null,null,null,null,null,null,null,null,null,null,null,null,null,null,null,null,null,null,null,null,null,null,null,"Day 25","2019-10-31",76366,null,null,0,0,9,684,2,75,0,0,71542.509999999995,11,922,77.594913232104119,69,2861.7003999999997,9.9389780792499272E-3,null,null,null,null,0,0,0,0,0.90118577075098816,0.81818181818181823,0.63554284019389318,0.59652928416485895,9.8814229249011856E-2,0.18181818181818182,0.12558617247284168,0.24728850325379609,0,0,0.23887098733326523,0.1561822125813449]
["Day 26","2021-10-29",52905,null,null,null,null,null,null,null,null,null,null,null,null,null,null,null,null,null,null,null,null,null,null,null,null,null,null,null,null,null,null,null,null,null,null,null,null,null,null,"Day 26","2021-04-29",59014,null,null,null,null,null,null,null,null,null,null,null,null,null,null,null,null,null,null,null,null,null,null,null,null,null,null,null,null,null,null,null,null,null,null,null,null,null,null,"Day 26",null,null,null,null,null,null,null,null,null,null,null,null,null,null,null,null,null,null,null,null,null,null,null,null,null,null,null,null,null,null,null,null,null,null,null,null,null,null,null,null,"Day 26",null,null,null,null,null,null,null,null,null,null,null,null,null,null,null,null,null,null,null,null,null,null,null,null,null,null,null,null,null,null,null,null,null,null,null,null,null,null,null,null,"Day 26","2019-11-01",76366,null,null,0,0,9,461,0,0,0,0,72003.509999999995,9,931,77.339967776584317,51.222222222222221,2769.3657692307688,6.0367179111122755E-3,null,null,null,null,0,0,0,0,1,1,0.63787626464320979,0.6004296455424275,0,0,0.12478211131651777,0.24489795918367346,0,0,0.23734162404027251,0.15467239527389903]
["Day 27","2021-10-30",52905,null,null,null,null,null,null,null,null,null,null,null,null,null,null,null,null,null,null,null,null,null,null,null,null,null,null,null,null,null,null,null,null,null,null,null,null,null,null,"Day 27","2021-04-30",59014,null,null,null,null,null,null,null,null,null,null,null,null,null,null,null,null,null,null,null,null,null,null,null,null,null,null,null,null,null,null,null,null,null,null,null,null,null,null,"Day 27",null,null,null,null,null,null,null,null,null,null,null,null,null,null,null,null,null,null,null,null,null,null,null,null,null,null,null,null,null,null,null,null,null,null,null,null,null,null,null,null,"Day 27",null,null,null,null,null,null,null,null,null,null,null,null,null,null,null,null,null,null,null,null,null,null,null,null,null,null,null,null,null,null,null,null,null,null,null,null,null,null,null,null,"Day 27","2019-11-02",76366,null,null,0,0,4,219.79,1,35,0,0,72258.299999999988,5,936,77.19903846153845,50.957999999999998,2676.2333333333331,3.3364324437576095E-3,null,null,null,null,0,0,0,0,0.86263197142747172,0.8,0.63866877576693626,0.60149572649572647,0.1373680285725534,0.2,0.12482649052081216,0.24465811965811965,0,0,0.23650473371225178,0.15384615384615385]
["Day 28","2021-10-31",52905,null,null,null,null,null,null,null,null,null,null,null,null,null,null,null,null,null,null,null,null,null,null,null,null,null,null,null,null,null,null,null,null,null,null,null,null,null,null,"Day 28","2021-05-01",59014,null,null,null,null,null,null,null,null,null,null,null,null,null,null,null,null,null,null,null,null,null,null,null,null,null,null,null,null,null,null,null,null,null,null,null,null,null,null,"Day 28",null,null,null,null,null,null,null,null,null,null,null,null,null,null,null,null,null,null,null,null,null,null,null,null,null,null,null,null,null,null,null,null,null,null,null,null,null,null,null,null,"Day 28",null,null,null,null,null,null,null,null,null,null,null,null,null,null,null,null,null,null,null,null,null,null,null,null,null,null,null,null,null,null,null,null,null,null,null,null,null,null,null,null,"Day 28","2019-11-03",76366,null,null,0,0,11,458.89,0,0,0,0,72717.189999999988,11,947,76.786895459345288,41.717272727272729,2597.0424999999996,6.0090878139486079E-3,null,null,null,null,0,0,0,0,1.0000000000000013,1,0.64094899706658093,0.60612460401267154,0,0,0.12403875892344027,0.24181626187961985,0,0,0.23501224400997897,0.15205913410770855]
["Day 29","2021-11-01",52905,null,null,null,null,null,null,null,null,null,null,null,null,null,null,null,null,null,null,null,null,null,null,null,null,null,null,null,null,null,null,null,null,null,null,null,null,null,null,"Day 29","2021-05-02",59014,null,null,null,null,null,null,null,null,null,null,null,null,null,null,null,null,null,null,null,null,null,null,null,null,null,null,null,null,null,null,null,null,null,null,null,null,null,null,"Day 29",null,null,null,null,null,null,null,null,null,null,null,null,null,null,null,null,null,null,null,null,null,null,null,null,null,null,null,null,null,null,null,null,null,null,null,null,null,null,null,null,"Day 29",null,null,null,null,null,null,null,null,null,null,null,null,null,null,null,null,null,null,null,null,null,null,null,null,null,null,null,null,null,null,null,null,null,null,null,null,null,null,null,null,"Day 29","2019-11-04",76366,null,null,0,0,35,2794.63,0,0,0,0,75511.819999999992,35,982,76.895947046843176,79.846571428571437,2603.8558620689651,3.6595212529136063E-2,null,null,null,null,0,0,0,0,0.99999999999999833,1,0.65423717770277556,0.62016293279022405,0,0,0.11944818705204034,0.23319755600814665,0,0,0.22631463524518416,0.14663951120162932]
["Day 30","2021-11-02",52905,null,null,null,null,null,null,null,null,null,null,null,null,null,null,null,null,null,null,null,null,null,null,null,null,null,null,null,null,null,null,null,null,null,null,null,null,null,null,"Day 30","2021-05-03",59014,null,null,null,null,null,null,null,null,null,null,null,null,null,null,null,null,null,null,null,null,null,null,null,null,null,null,null,null,null,null,null,null,null,null,null,null,null,null,"Day 30",null,null,null,null,null,null,null,null,null,null,null,null,null,null,null,null,null,null,null,null,null,null,null,null,null,null,null,null,null,null,null,null,null,null,null,null,null,null,null,null,"Day 30",null,null,null,null,null,null,null,null,null,null,null,null,null,null,null,null,null,null,null,null,null,null,null,null,null,null,null,null,null,null,null,null,null,null,null,null,null,null,null,null,"Day 30"]
["Day 31","2021-11-03",52905,null,null,null,null,null,null,null,null,null,null,null,null,null,null,null,null,null,null,null,null,null,null,null,null,null,null,null,null,null,null,null,null,null,null,null,null,null,null,"Day 31","2021-05-04",59014,null,null,null,null,null,null,null,null,null,null,null,null,null,null,null,null,null,null,null,null,null,null,null,null,null,null,null,null,null,null,null,null,null,null,null,null,null,null,"Day 31",null,null,null,null,null,null,null,null,null,null,null,null,null,null,null,null,null,null,null,null,null,null,null,null,null,null,null,null,null,null,null,null,null,null,null,null,null,null,null,null,"Day 31",null,null,null,null,null,null,null,null,null,null,null,null,null,null,null,null,null,null,null,null,null,null,null,null,null,null,null,null,null,null,null,null,null,null,null,null,null,null,null,null,"Day 31"]
["Day 32","2021-11-04",52905,null,null,null,null,null,null,null,null,null,null,null,null,null,null,null,null,null,null,null,null,null,null,null,null,null,null,null,null,null,null,null,null,null,null,null,null,null,null,"Day 32","2021-05-05",59014,null,null,null,null,null,null,null,null,null,null,null,null,null,null,null,null,null,null,null,null,null,null,null,null,null,null,null,null,null,null,null,null,null,null,null,null,null,null,"Day 32",null,null,null,null,null,null,null,null,null,null,null,null,null,null,null,null,null,null,null,null,null,null,null,null,null,null,null,null,null,null,null,null,null,null,null,null,null,null,null,null,"Day 32",null,null,null,null,null,null,null,null,null,null,null,null,null,null,null,null,null,null,null,null,null,null,null,null,null,null,null,null,null,null,null,null,null,null,null,null,null,null,null,null,"Day 32"]
["Day 33","2021-11-05",52905,null,null,null,null,null,null,null,null,null,null,null,null,null,null,null,null,null,null,null,null,null,null,null,null,null,null,null,null,null,null,null,null,null,null,null,null,null,null,"Day 33","2021-05-06",59014,null,null,null,null,null,null,null,null,null,null,null,null,null,null,null,null,null,null,null,null,null,null,null,null,null,null,null,null,null,null,null,null,null,null,null,null,null,null,"Day 33",null,null,null,null,null,null,null,null,null,null,null,null,null,null,null,null,null,null,null,null,null,null,null,null,null,null,null,null,null,null,null,null,null,null,null,null,null,null,null,null,"Day 33",null,null,null,null,null,null,null,null,null,null,null,null,null,null,null,null,null,null,null,null,null,null,null,null,null,null,null,null,null,null,null,null,null,null,null,null,null,null,null,null,"Day 33"]
["Day 34","2021-11-06",52905,null,null,null,null,null,null,null,null,null,null,null,null,null,null,null,null,null,null,null,null,null,null,null,null,null,null,null,null,null,null,null,null,null,null,null,null,null,null,"Day 34","2021-05-07",59014,null,null,null,null,null,null,null,null,null,null,null,null,null,null,null,null,null,null,null,null,null,null,null,null,null,null,null,null,null,null,null,null,null,null,null,null,null,null,"Day 34",null,null,null,null,null,null,null,null,null,null,null,null,null,null,null,null,null,null,null,null,null,null,null,null,null,null,null,null,null,null,null,null,null,null,null,null,null,null,null,null,"Day 34",null,null,null,null,null,null,null,null,null,null,null,null,null,null,null,null,null,null,null,null,null,null,null,null,null,null,null,null,null,null,null,null,null,null,null,null,null,null,null,null,"Day 34"]
["Day 35","2021-11-07",52905,null,null,null,null,null,null,null,null,null,null,null,null,null,null,null,null,null,null,null,null,null,null,null,null,null,null,null,null,null,null,null,null,null,null,null,null,null,null,"Day 35","2021-05-08",59014,null,null,null,null,null,null,null,null,null,null,null,null,null,null,null,null,null,null,null,null,null,null,null,null,null,null,null,null,null,null,null,null,null,null,null,null,null,null,"Day 35",null,null,null,null,null,null,null,null,null,null,null,null,null,null,null,null,null,null,null,null,null,null,null,null,null,null,null,null,null,null,null,null,null,null,null,null,null,null,null,null,"Day 35",null,null,null,null,null,null,null,null,null,null,null,null,null,null,null,null,null,null,null,null,null,null,null,null,null,null,null,null,null,null,null,null,null,null,null,null,null,null,null,null,"Day 35"]
["Day 36","2021-11-08",52905,null,null,null,null,null,null,null,null,null,null,null,null,null,null,null,null,null,null,null,null,null,null,null,null,null,null,null,null,null,null,null,null,null,null,null,null,null,null,"Day 36","2021-05-09",59014,null,null,null,null,null,null,null,null,null,null,null,null,null,null,null,null,null,null,null,null,null,null,null,null,null,null,null,null,null,null,null,null,null,null,null,null,null,null,"Day 36",null,null,null,null,null,null,null,null,null,null,null,null,null,null,null,null,null,null,null,null,null,null,null,null,null,null,null,null,null,null,null,null,null,null,null,null,null,null,null,null,"Day 36",null,null,null,null,null,null,null,null,null,null,null,null,null,null,null,null,null,null,null,null,null,null,null,null,null,null,null,null,null,null,null,null,null,null,null,null,null,null,null,null,"Day 36"]
["Day 37","2021-11-09",52905,null,null,null,null,null,null,null,null,null,null,null,null,null,null,null,null,null,null,null,null,null,null,null,null,null,null,null,null,null,null,null,null,null,null,null,null,null,null,"Day 37","2021-05-10",59014,null,null,null,null,null,null,null,null,null,null,null,null,null,null,null,null,null,null,null,null,null,null,null,null,null,null,null,null,null,null,null,null,null,null,null,null,null,null,"Day 37",null,null,null,null,null,null,null,null,null,null,null,null,null,null,null,null,null,null,null,null,null,null,null,null,null,null,null,null,null,null,null,null,null,null,null,null,null,null,null,null,"Day 37",null,null,null,null,null,null,null,null,null,null,null,null,null,null,null,null,null,null,null,null,null,null,null,null,null,null,null,null,null,null,null,null,null,null,null,null,null,null,null,null,"Day 37"]
["Day 38","2021-11-10",52905,null,null,null,null,null,null,null,null,null,null,null,null,null,null,null,null,null,null,null,null,null,null,null,null,null,null,null,null,null,null,null,null,null,null,null,null,null,null,"Day 38","2021-05-11",59014,null,null,null,null,null,null,null,null,null,null,null,null,null,null,null,null,null,null,null,null,null,null,null,null,null,null,null,null,null,null,null,null,null,null,null,null,null,null,"Day 38",null,null,null,null,null,null,null,null,null,null,null,null,null,null,null,null,null,null,null,null,null,null,null,null,null,null,null,null,null,null,null,null,null,null,null,null,null,null,null,null,"Day 38",null,null,null,null,null,null,null,null,null,null,null,null,null,null,null,null,null,null,null,null,null,null,null,null,null,null,null,null,null,null,null,null,null,null,null,null,null,null,null,null,"Day 38"]
["Day 39","2021-11-11",52905,null,null,null,null,null,null,null,null,null,null,null,null,null,null,null,null,null,null,null,null,null,null,null,null,null,null,null,null,null,null,null,null,null,null,null,null,null,null,"Day 39","2021-05-12",59014,null,null,null,null,null,null,null,null,null,null,null,null,null,null,null,null,null,null,null,null,null,null,null,null,null,null,null,null,null,null,null,null,null,null,null,null,null,null,"Day 39",null,null,null,null,null,null,null,null,null,null,null,null,null,null,null,null,null,null,null,null,null,null,null,null,null,null,null,null,null,null,null,null,null,null,null,null,null,null,null,null,"Day 39",null,null,null,null,null,null,null,null,null,null,null,null,null,null,null,null,null,null,null,null,null,null,null,null,null,null,null,null,null,null,null,null,null,null,null,null,null,null,null,null,"Day 39"]
["Day 40","2021-11-12",52905,null,null,null,null,null,null,null,null,null,null,null,null,null,null,null,null,null,null,null,null,null,null,null,null,null,null,null,null,null,null,null,null,null,null,null,null,null,null,"Day 40","2021-05-13",59014,null,null,null,null,null,null,null,null,null,null,null,null,null,null,null,null,null,null,null,null,null,null,null,null,null,null,null,null,null,null,null,null,null,null,null,null,null,null,"Day 40",null,null,null,null,null,null,null,null,null,null,null,null,null,null,null,null,null,null,null,null,null,null,null,null,null,null,null,null,null,null,null,null,null,null,null,null,null,null,null,null,"Day 40",null,null,null,null,null,null,null,null,null,null,null,null,null,null,null,null,null,null,null,null,null,null,null,null,null,null,null,null,null,null,null,null,null,null,null,null,null,null,null,null,"Day 40"]
["Day 41","2021-11-13",52905,null,null,null,null,null,null,null,null,null,null,null,null,null,null,null,null,null,null,null,null,null,null,null,null,null,null,null,null,null,null,null,null,null,null,null,null,null,null,"Day 41","2021-05-14",59014,null,null,null,null,null,null,null,null,null,null,null,null,null,null,null,null,null,null,null,null,null,null,null,null,null,null,null,null,null,null,null,null,null,null,null,null,null,null,"Day 41",null,null,null,null,null,null,null,null,null,null,null,null,null,null,null,null,null,null,null,null,null,null,null,null,null,null,null,null,null,null,null,null,null,null,null,null,null,null,null,null,"Day 41",null,null,null,null,null,null,null,null,null,null,null,null,null,null,null,null,null,null,null,null,null,null,null,null,null,null,null,null,null,null,null,null,null,null,null,null,null,null,null,null,"Day 41"]
["Day 42","2021-11-14",52905,null,null,null,null,null,null,null,null,null,null,null,null,null,null,null,null,null,null,null,null,null,null,null,null,null,null,null,null,null,null,null,null,null,null,null,null,null,null,"Day 42","2021-05-15",59014,null,null,null,null,null,null,null,null,null,null,null,null,null,null,null,null,null,null,null,null,null,null,null,null,null,null,null,null,null,null,null,null,null,null,null,null,null,null,"Day 42",null,null,null,null,null,null,null,null,null,null,null,null,null,null,null,null,null,null,null,null,null,null,null,null,null,null,null,null,null,null,null,null,null,null,null,null,null,null,null,null,"Day 42",null,null,null,null,null,null,null,null,null,null,null,null,null,null,null,null,null,null,null,null,null,null,null,null,null,null,null,null,null,null,null,null,null,null,null,null,null,null,null,null,"Day 42"]
["Day 43","2021-11-15",52905,null,null,null,null,null,null,null,null,null,null,null,null,null,null,null,null,null,null,null,null,null,null,null,null,null,null,null,null,null,null,null,null,null,null,null,null,null,null,"Day 43","2021-05-16",59014,null,null,null,null,null,null,null,null,null,null,null,null,null,null,null,null,null,null,null,null,null,null,null,null,null,null,null,null,null,null,null,null,null,null,null,null,null,null,"Day 43",null,null,null,null,null,null,null,null,null,null,null,null,null,null,null,null,null,null,null,null,null,null,null,null,null,null,null,null,null,null,null,null,null,null,null,null,null,null,null,null,"Day 43",null,null,null,null,null,null,null,null,null,null,null,null,null,null,null,null,null,null,null,null,null,null,null,null,null,null,null,null,null,null,null,null,null,null,null,null,null,null,null,null,"Day 43"]
[null,null,52905,null,null,{"$f":"SUM(F3:F46)","v":0},{"$f":"SUM(G3:G46)","v":0},443,33542.370000000003,196,8882.6400000000012,114,10022.49,{"$f":"LARGE(N3:N46,1)","v":52988.57},null,null,null,null,null,null,null,null,null,null,null,null,null,null,null,null,null,null,null,null,null,null,null,null,null,null,null,"Day 44",null,59014,null,null,0,0,487,38481.82,200,8243.48,139,13563.800000000001,60331.56,null,null,null,null,null,null,null,null,null,null,null,null,null,null,null,null,null,null,null,null,null,null,null,null,null,null,null,"Day 44",null,null,null,null,null,null,null,null,null,null,null,null,null,null,null,null,null,null,null,null,null,null,null,null,null,null,null,null,null,null,null,null,null,null,null,null,null,null,null,null,"Day 44",null,null,null,null,null,null,null,null,null,null,null,null,null,null,null,null,null,null,null,null,null,null,null,null,null,null,null,null,null,null,null,null,null,null,null,null,null,null,null,null,"Day 44"]

{"sheet":"Sanitized Raw Data","index":6,"n_rows":774,"n_cols":12,"rows_kept":774,"cut":false,"hidden":false,"merged":[]}
["donate_id","donate_invoice","donate_amount","donate_method","donate_affiliation","donate_classyear","donate_isthanked","donate_transac_date","donate_create_date","donate_mod_date","donate_num_recurring","donate_pledge"]
[56425,"EF50-000001",25,"PayPal",1,1965,"N","2021-04-17","2021-04-19T11:58:01","2021-04-19T11:58:01",1,"None. Donation by check."]
[56426,"EF50-000002",50,"PayPal",1,1964,"N","2021-04-17","2021-04-19T11:59:13","2021-04-19T11:59:13",1,"None. Donation by check."]
[56427,"EF50-000003",200,"PayPal",1,1980,"N","2021-04-18","2021-04-19T12:01:05","2021-04-19T12:01:05",1,"None. Donation by check."]
[56428,"EF50-000004",100,"PayPal",1,1979,"N","2021-04-18","2021-04-19T12:02:20","2021-04-19T12:02:20",1,"None. Donation by check."]
[56429,"EF50-000005",25,"PayPal",1,1992,"N","2021-04-18","2021-04-19T12:03:45","2021-04-19T12:03:45",1,"None. Donation by check."]
[56430,"EF50-000006",25,"PayPal",1,1963,"N","2021-04-18","2021-04-19T12:04:53","2021-04-19T12:04:53",1,"None. Donation by check."]
[56431,"EF50-000007",100,"PayPal",2,2011,"N","2021-04-18","2021-04-19T13:43:17","2021-04-19T13:43:17",1,"None. Donation by check."]
[56432,"EF50-000008",30,"PayPal",2,2015,"N","2021-04-18","2021-04-19T13:44:54","2021-04-19T13:44:54",1,"None. Donation by check."]
[56433,"EF50-000009",77.77,"PayPal",1,1977,"N","2021-04-18","2021-04-19T13:46:05","2021-04-19T13:46:05",1,"None. Donation by check."]
[56434,"EF50-000010",50,"PayPal",1,1977,"N","2021-04-18","2021-04-19T13:47:31","2021-04-19T13:47:31",1,"None. Donation by check."]
[56435,"EF50-000011",100,"PayPal",2,1998,"N","2021-04-18","2021-04-19T13:50:35","2021-04-19T23:46:48",1,"None. Donation by check."]
[56436,"EF50-000012",25,"PayPal",2,2011,"N","2021-04-18","2021-04-19T13:51:53","2021-04-19T13:51:53",1,"None. Donation by check."]
[56437,"EF50-000013",79,"PayPal",1,1979,"N","2021-04-19","2021-04-19T13:52:56","2021-04-19T13:52:56",1,"None. Donation by check."]
[56438,"EF50-000014",19.79,"PayPal",1,1979,"N","2021-04-19","2021-04-19T13:53:46","2021-04-19T13:53:46",1,"None. Donation by check."]
[56439,"EF50-000015",100,"PayPal",5,1955,"N","2021-04-19","2021-04-19T13:56:06","2021-04-19T13:56:06",1,"None. Donation by check."]
[56440,"EF50-000016",50,"PayPal",1,1968,"N","2021-04-19","2021-04-19T13:57:21","2021-04-19T13:57:21",1,"None. Donation by check."]
[56441,"EF50-000017",50,"PayPal",1,1959,"N","2021-04-19","2021-04-19T13:58:15","2021-04-19T13:58:15",1,"None. Donation by check."]
[56442,"EF50-000018",25,"PayPal",2,2003,"N","2021-04-19","2021-04-19T13:59:27","2021-04-19T13:59:27",1,"None. Donation by check."]
[56443,"EF50-000019",25,"PayPal",1,1968,"N","2021-04-19","2021-04-19T14:00:36","2021-04-19T14:00:36",1,"None. Donation by check."]
[56444,"EF50-000020",50,"PayPal",1,1975,"N","2021-04-19","2021-04-19T14:01:43","2021-04-19T14:01:43",1,"None. Donation by check."]
[56445,"EF50-000021",25,"PayPal",1,1973,"N","2021-04-19","2021-04-19T14:02:41","2021-04-19T14:02:41",1,"None. Donation by check."]
[56446,"EF50-000022",50,"PayPal",1,1975,"N","2021-04-19","2021-04-19T14:03:42","2021-04-19T14:03:42",1,"None. Donation by check."]
[56447,"EF50-000023",50,"PayPal",1,1977,"N","2021-04-19","2021-04-19T22:20:06","2021-04-19T22:20:06",1,"None. Donation by check."]
[56448,"EF50-000024",20,"PayPal",1,1980,"N","2021-04-19","2021-04-19T22:21:10","2021-04-19T22:21:10",1,"None. Donation by check."]
[56449,"EF50-000025",20,"PayPal",1,1968,"N","2021-04-19","2021-04-19T22:22:36","2021-04-19T22:22:36",1,"None. Donation by check."]
[56450,"EF50-000026",10,"PayPal",1,1980,"N","2021-04-19","2021-04-19T22:23:27","2021-04-19T22:23:27",1,"None. Donation by check."]
[56451,"EF50-000027",100,"PayPal",1,1973,"N","2021-04-19","2021-04-19T22:24:25","2021-04-19T22:24:25",1,"None. Donation by check."]
[56452,"EF50-000028",50,"PayPal",1,1975,"N","2021-04-19","2021-04-19T22:25:29","2021-04-19T22:25:29",1,"None. Donation by check."]
[56453,"EF50-000029",100,"PayPal",1,1977,"N","2021-04-19","2021-04-19T22:32:02","2021-04-19T22:32:02",1,"None. Donation by check."]
[56454,"EF50-000030",35,"PayPal",1,1966,"N","2021-04-19","2021-04-19T22:33:21","2021-04-19T22:33:21",1,"None. Donation by check."]
[56455,"EF50-000031",10,"PayPal",1,1968,"N","2021-04-19","2021-04-19T22:34:31","2021-04-19T22:36:39",1,"None. Donation by check."]
[56456,"EF50-000032",77.77,"PayPal",1,1977,"N","2021-04-19","2021-04-19T22:38:25","2021-04-19T22:38:25",1,"None. Donation by check."]
[56457,"EF50-000033",50,"PayPal",1,1958,"N","2021-04-19","2021-04-19T22:39:44","2021-04-19T22:39:44",1,"None. Donation by check."]
[56458,"EF50-000034",25,"PayPal",1,1988,"N","2021-04-19","2021-04-19T22:41:58","2021-04-19T22:41:58",1,"None. Donation by check."]
[56459,"EF50-000035",100,"PayPal",2,2012,"N","2021-04-19","2021-04-19T22:43:33","2021-04-19T22:43:33",1,"None. Donation by check."]
[56460,"EF50-000036",25,"Personal Check",1,1968,"N","2021-04-12","2021-04-19T22:48:05","2021-04-19T22:48:05",1,"None. Donation by check."]
[56461,"EF50-000037",100,"Personal Check",1,1958,"N","2021-04-15","2021-04-19T22:49:56","2021-04-19T22:49:56",1,"None. Donation by check."]
[56462,"EF50-000038",25,"Personal Check",1,1964,"N","2021-04-16","2021-04-19T22:51:10","2021-04-19T22:51:10",1,"None. Donation by check."]
[56463,"EF50-000039",15,"Personal Check",11,null,"N","2021-04-13","2021-04-19T22:53:04","2021-04-19T22:53:04",1,"None. Donation by check."]
[56464,"EF50-000040",100,"Personal Check",1,1967,"N","2021-04-14","2021-04-19T22:54:17","2021-04-19T22:54:17",1,"None. Donation by check."]
[56465,"EF50-000041",100,"Personal Check",1,1965,"N","2021-04-13","2021-04-19T22:56:37","2021-04-19T22:56:37",1,"None. Donation by check."]
[56466,"EF50-000042",50,"Personal Check",1,1959,"N","2021-04-13","2021-04-19T22:59:11","2021-04-19T22:59:11",1,"None. Donation by check."]
[56467,"EF50-000043",25,"Personal Check",1,1968,"N","2021-04-13","2021-04-19T23:00:53","2021-04-19T23:00:53",1,"None. Donation by check."]
[56468,"EF50-000044",50,"Personal Check",2,2007,"N","2021-04-20","2021-04-19T23:02:20","2021-04-19T23:02:20",1,"None. Donation by check."]
[56469,"EF50-000045",100,"Personal Check",1,1968,"N","2021-04-14","2021-04-19T23:05:02","2021-04-19T23:05:02",1,"None. Donation by check."]
[56470,"EF50-000046",55,"Personal Check",1,1955,"N","2021-04-15","2021-04-19T23:06:33","2021-04-19T23:06:33",1,"None. Donation by check."]
[56471,"EF50-000047",25,"Personal Check",1,1956,"N","2021-04-15","2021-04-19T23:07:45","2021-04-19T23:07:45",1,"None. Donation by check."]
[56472,"EF50-000048",25,"Personal Check",1,1966,"N","2021-04-14","2021-04-19T23:09:07","2021-04-19T23:09:07",1,"None. Donation by check."]
[56473,"EF50-000049",50,"Personal Check",1,1956,"N","2021-04-19","2021-04-22T18:07:07","2021-04-22T18:07:07",1,"None. Donation by check."]
[56474,"EF50-000050",19.63,"Personal Check",1,1963,"N","2021-04-15","2021-04-22T18:09:16","2021-04-22T18:09:16",1,"None. Donation by check."]
[56475,"EF50-000051",64,"Personal Check",1,1964,"N","2021-04-19","2021-04-22T18:11:55","2021-04-22T18:11:55",1,"None. Donation by check."]
[56476,"EF50-000052",158,"Personal Check",1,1958,"N","2021-04-19","2021-04-22T18:14:54","2021-04-22T18:16:14",1,"None. Donation by check."]
[56477,"EF50-000053",50,"Personal Check",1,1958,"N","2021-04-18","2021-04-22T18:17:37","2021-04-22T18:17:37",1,"None. Donation by check."]
[56478,"EF50-000054",200,"Personal Check",1,1978,"N","2021-04-16","2021-04-22T18:19:15","2021-04-22T18:19:15",1,"None. Donation by check."]
[56479,"EF50-000055",25,"Personal Check",1,1975,"N","2021-04-15","2021-04-22T18:20:46","2021-04-22T18:20:46",1,"None. Donation by check."]
[56480,"EF50-000056",39.25,"Personal Check",1,1963,"N","2021-04-13","2021-04-22T18:22:38","2021-04-22T18:22:38",1,"None. Donation by check."]
[56481,"EF50-000057",64,"Personal Check",1,1964,"N","2021-04-21","2021-04-26T14:56:52","2021-04-26T14:56:52",1,"None. Donation by check."]
[56482,"EF50-000058",50,"Personal Check",1,1958,"N","2021-04-20","2021-04-26T15:21:03","2021-04-26T15:21:03",1,"None. Donation by check."]
[56483,"EF50-000059",25,"Personal Check",1,1980,"N","2021-04-21","2021-04-26T15:39:06","2021-04-26T15:39:06",1,"None. Donation by check."]
[56484,"EF50-000060",100,"Personal Check",1,1951,"N","2021-04-17","2021-04-26T15:40:19","2021-04-26T15:40:19",1,"None. Donation by check."]
[56485,"EF50-000061",50,"Personal Check",1,1957,"N","2021-04-19","2021-04-26T15:41:35","2021-04-26T15:41:35",1,"None. Donation by check."]
[56486,"EF50-000062",50,"Personal Check",1,1960,"N","2021-04-19","2021-04-26T15:42:46","2021-04-26T15:42:46",1,"None. Donation by check."]
[56487,"EF50-000063",100,"Personal Check",1,1964,"N","2021-04-19","2021-04-26T15:44:19","2021-04-26T15:44:19",1,"None. Donation by check."]
[56488,"EF50-000064",30,"Personal Check",1,1968,"N","2021-04-19","2021-04-26T15:46:19","2021-04-26T15:46:19",1,"None. Donation by check."]
[56489,"EF50-000065",25,"Personal Check",1,1969,"N","2021-04-22","2021-04-27T15:49:19","2021-04-27T15:49:19",1,"None. Donation by check."]
[56490,"EF50-000066",100,"Personal Check",1,1963,"N","2021-04-23","2021-04-27T16:05:19","2021-04-27T16:05:19",1,"None. Donation by check."]
[56491,"EF50-000067",100,"Personal Check",2,2014,"N","2021-04-22","2021-04-27T16:07:08","2021-04-27T16:07:08",1,"None. Donation by check."]
[56492,"EF50-000068",100,"Personal Check",1,1965,"N","2021-04-21","2021-04-27T16:09:30","2021-04-27T16:09:30",1,"None. Donation by check."]
[56493,"EF50-000069",58,"Personal Check",1,1958,"N","2021-04-21","2021-04-27T16:10:35","2021-04-27T16:10:35",1,"None. Donation by check."]
[56494,"EF50-000070",50,"Personal Check",1,1977,"N","2021-04-21","2021-04-27T16:13:40","2021-04-27T16:13:40",1,"None. Donation by check."]
[56495,"EF50-000071",50,"Personal Check",1,1964,"N","2021-04-19","2021-04-27T16:18:15","2021-04-27T16:18:15",1,"None. Donation by check."]
[56496,"EF50-000072",200,"Personal Check",1,1968,"N","2021-04-19","2021-04-27T16:20:51","2021-04-27T16:20:51",1,"None. Donation by check."]
[56497,"EF50-000073",555,"Personal Check",1,1955,"N","2021-04-21","2021-04-27T16:25:33","2021-04-27T16:25:33",1,"None. Donation by check."]
[56498,"EF50-000074",50,"Personal Check",1,1964,"N","2021-04-22","2021-04-29T21:05:35","2021-04-29T21:05:35",1,"None. Donation by check."]
[56499,"EF50-000075",40,"Personal Check",1,1958,"N","2021-04-20","2021-04-29T21:07:53","2021-04-29T21:07:53",1,"None. Donation by check."]
[56500,"EF50-000076",50,"Personal Check",1,1969,"N","2021-04-23","2021-04-29T21:09:45","2021-04-29T21:09:45",1,"None. Donation by check."]
[56501,"EF50-000077",100,"Personal Check",1,1986,"N","2021-04-24","2021-05-03T08:42:44","2021-05-03T08:42:44",1,"None. Donation by check."]
[56502,"EF50-000078",10,"Personal Check",11,null,"N","2021-04-27","2021-05-03T08:44:57","2021-05-03T08:44:57",1,"None. Donation by check."]
[56503,"EF50-000079",100,"Personal Check",2,2012,"N","2021-04-30","2021-05-03T08:46:36","2021-05-03T08:46:36",1,"None. Donation by check."]
[56504,"EF50-000080",100,"Personal Check",1,1960,"N","2021-04-19","2021-05-03T08:48:11","2021-05-03T08:48:11",1,"None. Donation by check."]
[56505,"EF50-000081",19.23,"ACH Grant Deposit",2,2015,"N","2021-05-03","2021-05-10T15:05:51","2021-08-04T02:07:16",1,"None. Donation by check."]
[56506,"EF50-000082",2,"ACH Grant Deposit",1,1977,"N","2021-03-19","2021-05-10T15:29:02","2021-08-04T14:27:28",1,"None. Donation by check."]
[56507,"EF50-000083",100,"Matching Grant",12,1979,"N","2021-02-01","2021-05-10T15:30:17","2021-08-04T21:40:38",1,"None. Donation by check."]
[56508,"F50-000002",10,"CC",4,1964,"N","2021-05-15T10:25:47","2021-05-15T10:25:13","2021-05-15T10:25:13",1,10]
[56509,"EF50-000084",55,"Personal Check",1,1955,"N","2021-05-21","2021-05-17T16:19:14","2021-05-17T16:19:14",1,"None. Donation by check."]
[56510,"EF50-000085",50,"Personal Check",1,1996,"N","2021-05-27","2021-05-17T16:21:53","2021-05-17T16:21:53",1,"None. Donation by check."]
[56511,"EF50-000086",50,"Personal Check",2,2007,"N","2021-05-20","2021-05-23T11:44:23","2021-05-23T11:44:23",1,"None. Donation by check."]
[56512,"EF50-000087",25,"Personal Check",11,null,"N","2021-06-02","2021-05-29T23:27:54","2021-05-29T23:27:54",1,"None. Donation by check."]
[56513,"F50-000003",10,"CC",1,1965,"N","2021-06-12T08:04:02","2021-06-12T08:03:28","2021-06-12T08:03:28",1,10]
[56514,"EF50-000088",50,"Personal Check",2,2007,"N","2021-06-18","2021-06-19T10:06:36","2021-06-19T10:06:36",1,"None. Donation by check."]
[56515,"EF50-000089",555,"Personal Check",1,1955,"N","2021-06-23","2021-07-14T01:53:27","2021-07-14T01:53:27",1,"None. Donation by check."]
[56516,"EF50-000090",50,"Personal Check",2,2007,"N","2021-07-20","2021-07-31T01:26:17","2021-07-31T01:26:17",1,"None. Donation by check."]
[56517,"EF50-000091",2,"ACH Grant Deposit",1,1977,"N","2021-05-13","2021-08-04T01:36:17","2021-08-04T21:59:15",1,"None. Donation by check."]
[56518,"EF50-000092",2,"Matching Grant",12,1977,"N","2021-05-13","2021-08-04T01:37:38","2021-08-04T22:06:49",1,"None. Donation by check."]
[56519,"EF50-000093",2,"ACH Grant Deposit",1,1977,"N","2021-05-13","2021-08-04T01:39:32","2021-08-04T22:03:43",1,"None. Donation by check."]
[56520,"EF50-000094",2,"Matching Grant",12,1977,"N","2021-05-13","2021-08-04T01:41:31","2021-08-30T00:58:22",1,"None. Donation by check."]
[56521,"EF50-000095",2,"ACH Grant Deposit",1,1977,"N","2021-05-17","2021-08-04T01:44:38","2021-08-04T23:55:29",1,"None. Donation by check."]
[56522,"EF50-000096",2,"Matching Grant",12,1977,"N","2021-05-17","2021-08-04T01:47:13","2021-08-04T23:56:17",1,"None. Donation by check."]
[56523,"EF50-000097",19.23,"Matching Grant",12,null,"N","2021-05-03","2021-08-04T02:09:36","2021-08-04T14:24:12",1,"None. Donation by check."]
[56529,"EF50-000098",2,"Matching Grant",12,null,"N","2021-03-19","2021-08-04T14:26:37","2021-08-04T14:26:37",1,"None. Donation by check."]
[56530,"EF50-000099",19.23,"ACH Grant Deposit",1,1987,"N","2021-05-31","2021-08-04T23:58:53","2021-08-04T23:58:53",1,"None. Donation by check."]
[56531,"EF50-000100",19.23,"Matching Grant",12,2015,"N","2021-05-31","2021-08-05T00:02:16","2021-08-05T00:02:16",1,"None. Donation by check."]
[56532,"EF50-000101",19.23,"ACH Grant Deposit",2,2015,"N","2021-05-31","2021-08-05T00:03:51","2021-08-05T00:03:51",1,"None. Donation by check."]
[56533,"EF50-000102",19.23,"Matching Grant",12,2015,"N","2021-05-31","2021-08-05T00:06:05","2021-08-05T00:06:05",1,"None. Donation by check."]
[56534,"EF50-000103",19.23,"ACH Grant Deposit",2,2015,"N","2021-05-31","2021-08-05T00:08:08","2021-08-05T00:08:08",1,"None. Donation by check."]
[56535,"EF50-000104",19.23,"Matching Grant",12,2015,"N","2021-05-31","2021-08-05T00:10:12","2021-08-05T00:10:12",1,"None. Donation by check."]
[56536,"EF50-000105",19.23,"ACH Grant Deposit",2,2015,"N","2021-06-29","2021-08-05T00:21:54","2021-08-05T00:21:54",1,"None. Donation by check."]
[56537,"EF50-000106",19.23,"Matching Grant",12,2015,"N","2021-06-29","2021-08-05T00:24:20","2021-08-05T00:24:20",1,"None. Donation by check."]
[56538,"EF50-000107",250,"ACH Grant Deposit",1,1992,"N","2021-06-29","2021-08-05T00:28:04","2021-08-05T00:28:04",1,"None. Donation by check."]
[56539,"EF50-000108",250,"Matching Grant",12,1992,"N","2021-06-29","2021-08-05T00:30:28","2021-08-05T00:30:49",1,"None. Donation by check."]
[56540,"EF50-000109",19.23,"ACH Grant Deposit",2,2015,"N","2021-06-29","2021-08-05T00:35:34","2021-08-05T00:35:34",1,"None. Donation by check."]
[56541,"EF50-000110",19.23,"Matching Grant",12,2015,"N","2021-06-29","2021-08-05T00:37:28","2021-08-05T00:37:28",1,"None. Donation by check."]
[56542,"EF50-000111",2,"ACH Grant Deposit",1,1977,"N","2021-06-29","2021-08-05T00:40:20","2021-08-05T00:40:20",1,"None. Donation by check."]
[56543,"EF50-000112",2,"Matching Grant",12,1977,"N","2021-06-29","2021-08-05T00:42:09","2021-08-05T00:42:09",1,"None. Donation by check."]
[56544,"EF50-000113",100,"ACH Grant Deposit",1,1992,"N","2021-06-29","2021-08-05T00:44:11","2021-08-05T00:45:23",1,"None. Donation by check."]
[56545,"EF50-000114",212.5,"ACH Grant Deposit",4,null,"N","2021-08-03","2021-08-05T01:42:52","2021-08-05T01:45:55",1,"None. Donation by check."]
[56546,"EF50-000115",19.23,"ACH Grant Deposit",2,2015,"N","2021-08-03","2021-08-05T01:45:21","2021-08-05T01:45:21",1,"None. Donation by check."]
[56547,"EF50-000116",19.23,"Matching Grant",12,2015,"N","2021-08-03","2021-08-05T01:48:03","2021-08-05T01:48:03",1,"None. Donation by check."]
[56548,"EF50-000117",19.23,"ACH Grant Deposit",2,2015,"N","2021-08-03","2021-08-05T01:49:38","2021-08-05T01:49:38",1,"None. Donation by check."]
[56549,"EF50-000118",19.23,"Matching Grant",12,2015,"N","2021-08-03","2021-08-05T01:51:15","2021-08-05T01:51:15",1,"None. Donation by check."]
[56550,"EF50-000119",2,"ACH Grant Deposit",1,1977,"N","2021-08-03","2021-08-05T01:53:09","2021-08-05T01:53:09",1,"None. Donation by check."]
[56551,"EF50-000120",2,"Matching Grant",12,1977,"N","2021-08-03","2021-08-05T01:54:38","2021-08-05T01:54:38",1,"None. Donation by check."]
[56552,"EF50-000121",2,"ACH Grant Deposit",1,1977,"N","2021-08-03","2021-08-05T02:10:36","2021-08-05T02:10:36",1,"None. Donation by check."]
[56553,"EF50-000122",2,"Matching Grant",12,1977,"N","2021-08-03","2021-08-05T02:11:50","2021-08-05T02:11:50",1,"None. Donation by check."]
[56554,"EF50-000123",100,"Personal Check",1,1963,"N","2021-08-03","2021-08-14T01:34:51","2021-08-14T01:34:51",1,"None. Donation by check."]
[56555,"EF50-000124",50,"Personal Check",2,2007,"N","2021-08-20","2021-09-02T02:00:20","2021-09-02T02:00:20",1,"None. Donation by check."]
[56556,"EF50-000125",19.579999999999998,"Personal Check",1,1958,"N","2021-09-16","2021-09-20T18:32:40","2021-09-20T18:32:40",1,"None. Donation by check."]
[56557,"EF50-000126",50,"Personal Check",2,2007,"N","2021-09-20","2021-09-20T18:34:11","2021-09-20T18:34:11",1,"None. Donation by check."]
[56558,"EF50-000127",900,"Personal Check",1,1969,"N","2021-09-20","2021-09-28T08:43:21","2021-09-28T08:43:21",1,"None. Donation by check."]
[56559,"EF50-000128",100,"PayPal",1,1969,"N","2021-04-20","2021-09-29T23:42:34","2021-09-29T23:42:34",1,"None. Donation by check."]
[56560,"EF50-000129",25,"PayPal",1,1975,"N","2021-04-20","2021-09-29T23:45:20","2021-09-29T23:45:20",1,"None. Donation by check."]
[56561,"EF50-000130",20.09,"PayPal",3,2009,"N","2021-04-23","2021-09-29T23:46:32","2021-09-29T23:46:32",1,"None. Donation by check."]
[56562,"EF50-000131",10,"PayPal",2,2016,"N","2021-04-23","2021-09-29T23:47:34","2021-09-29T23:47:34",1,"None. Donation by check."]
[56563,"EF50-000132",25,"PayPal",1,1975,"N","2021-04-24","2021-09-29T23:49:36","2021-09-29T23:49:36",1,"None. Donation by check."]
[56564,"EF50-000133",75,"PayPal",1,1975,"N","2021-04-24","2021-09-29T23:51:17","2021-09-29T23:51:17",1,"None. Donation by check."]
[56565,"EF50-000134",20,"PayPal",11,null,"N","2021-04-26","2021-09-29T23:53:59","2021-09-29T23:53:59",1,"None. Donation by check."]
[56566,"EF50-000135",10,"PayPal",1,2007,"N","2021-04-27","2021-09-29T23:55:03","2021-09-29T23:55:03",1,"None. Donation by check."]
[56567,"EF50-000136",20,"PayPal",2,2015,"N","2021-04-28","2021-09-29T23:58:38","2021-09-29T23:58:38",1,"None. Donation by check."]
[56568,"EF50-000137",25,"PayPal",1,1980,"N","2021-04-28","2021-09-30T00:00:16","2021-09-30T00:00:16",1,"None. Donation by check."]
[56569,"EF50-000138",10,"PayPal",1,1986,"N","2021-04-29","2021-09-30T00:01:34","2021-09-30T00:01:34",1,"None. Donation by check."]
[56570,"EF50-000139",35,"PayPal",6,1978,"N","2021-05-02","2021-09-30T00:03:24","2021-09-30T00:03:24",1,"None. Donation by check."]
[56571,"EF50-000140",25,"PayPal",2,2018,"N","2021-05-03","2021-09-30T00:06:03","2021-09-30T00:06:03",1,"None. Donation by check."]
[56572,"EF50-000141",3,"PayPal",1,1975,"N","2021-05-04","2021-09-30T00:07:18","2021-09-30T00:07:18",1,"None. Donation by check."]
[56573,"EF50-000142",58,"PayPal",1,1958,"N","2021-05-04","2021-09-30T00:08:37","2021-09-30T00:08:37",1,"None. Donation by check."]
[56574,"EF50-000143",20,"PayPal",1,1977,"N","2021-05-05","2021-09-30T00:10:43","2021-09-30T00:10:43",1,"None. Donation by check."]
[56575,"EF50-000144",5,"PayPal",1,1978,"N","2021-05-06","2021-09-30T00:11:42","2021-09-30T00:11:42",1,"None. Donation by check."]
[56576,"EF50-000145",10,"PayPal",2,2019,"N","2021-05-08","2021-09-30T00:12:45","2021-09-30T00:12:45",1,"None. Donation by check."]
[56577,"EF50-000146",5,"PayPal",1,1956,"N","2021-05-09","2021-09-30T00:14:06","2021-09-30T00:14:06",1,"None. Donation by check."]
[56578,"EF50-000147",10,"PayPal",1,1981,"N","2021-05-11","2021-09-30T00:15:29","2021-09-30T00:15:29",1,"None. Donation by check."]
[56579,"EF50-000148",10,"PayPal",1,1965,"N","2021-05-11","2021-09-30T00:16:30","2021-09-30T00:16:30",1,"None. Donation by check."]
[56580,"EF50-000149",25,"PayPal",1,2005,"N","2021-05-14","2021-09-30T00:17:40","2021-09-30T00:17:40",1,"None. Donation by check."]
[56581,"F50-000004",50,"CC",2,2002,"N","2021-09-30T00:18:02","2021-09-30T00:18:05","2021-09-30T00:18:05",1,50]
[56582,"EF50-000150",10,"PayPal",1,1966,"N","2021-05-15","2021-09-30T00:18:42","2021-09-30T00:18:42",1,"None. Donation by check."]
[56583,"EF50-000151",20.09,"PayPal",3,2009,"N","2021-05-23","2021-09-30T00:20:17","2021-09-30T00:20:17",1,"None. Donation by check."]
[56584,"EF50-000152",10,"PayPal",2,2016,"N","2021-05-23","2021-09-30T00:21:14","2021-09-30T00:21:14",1,"None. Donation by check."]
[56585,"EF50-000153",100,"PayPal",4,null,"N","2021-05-23","2021-09-30T00:23:04","2021-09-30T00:23:04",1,"None. Donation by check."]
[56586,"EF50-000154",35,"PayPal",6,1978,"N","2021-05-27","2021-09-30T00:24:45","2021-09-30T00:24:45",1,"None. Donation by check."]
[56587,"EF50-000155",10,"PayPal",1,2007,"N","2021-05-27","2021-09-30T00:25:47","2021-09-30T00:25:47",1,"None. Donation by check."]
[56588,"EF50-000156",20,"PayPal",2,2015,"N","2021-05-28","2021-09-30T00:26:44","2021-09-30T00:26:44",1,"None. Donation by check."]
[56589,"EF50-000157",10,"PayPal",1,1986,"N","2021-05-29","2021-09-30T00:27:44","2021-09-30T00:27:44",1,"None. Donation by check."]
[56590,"EF50-000158",58,"PayPal",1,1958,"N","2021-06-04","2021-09-30T11:26:56","2021-09-30T11:26:56",1,"None. Donation by check."]
[56591,"EF50-000159",3,"PayPal",1,1975,"N","2021-06-04","2021-09-30T11:27:40","2021-09-30T11:27:40",1,"None. Donation by check."]
[56592,"EF50-000160",20,"PayPal",1,1977,"N","2021-06-05","2021-09-30T11:29:02","2021-09-30T11:29:02",1,"None. Donation by check."]
[56593,"EF50-000161",5,"PayPal",1,1978,"N","2021-06-06","2021-09-30T11:30:17","2021-09-30T11:30:17",1,"None. Donation by check."]
[56594,"EF50-000162",10,"PayPal",2,2019,"N","2021-06-08","2021-09-30T11:31:24","2021-09-30T11:31:24",1,"None. Donation by check."]
[56595,"EF50-000163",5,"PayPal",1,1956,"N","2021-06-09","2021-09-30T11:32:13","2021-09-30T11:32:13",1,"None. Donation by check."]
[56596,"EF50-000164",10,"PayPal",1,1981,"N","2021-06-11","2021-09-30T11:33:20","2021-09-30T11:33:20",1,"None. Donation by check."]
[56597,"EF50-000165",25,"PayPal",1,2005,"N","2021-06-14","2021-09-30T11:34:15","2021-09-30T11:34:15",1,"None. Donation by check."]
[56598,"EF50-000166",10,"PayPal",1,1966,"N","2021-06-15","2021-09-30T11:35:08","2021-09-30T11:35:08",1,"None. Donation by check."]
[56599,"EF50-000167",10,"PayPal",2,2016,"N","2021-06-23","2021-09-30T11:36:02","2021-09-30T11:36:02",1,"None. Donation by check."]
[56600,"EF50-000168",20.09,"PayPal",3,2009,"N","2021-06-23","2021-09-30T11:37:24","2021-09-30T11:37:24",1,"None. Donation by check."]
[56601,"EF50-000169",10,"PayPal",1,2007,"N","2021-06-27","2021-09-30T11:38:18","2021-09-30T11:38:18",1,"None. Donation by check."]
[56602,"EF50-000170",24,"PayPal",6,1978,"N","2021-06-27","2021-09-30T11:39:26","2021-09-30T11:39:26",1,"None. Donation by check."]
[56603,"EF50-000171",20,"PayPal",2,2015,"N","2021-06-28","2021-09-30T11:40:21","2021-09-30T11:40:21",1,"None. Donation by check."]
[56604,"EF50-000172",10,"PayPal",1,1986,"N","2021-06-29","2021-09-30T11:41:23","2021-09-30T11:41:23",1,"None. Donation by check."]
[56605,"EF50-000173",58,"PayPal",1,1958,"N","2021-07-04","2021-09-30T11:42:23","2021-09-30T11:42:23",1,"None. Donation by check."]
[56606,"EF50-000174",3,"PayPal",1,1975,"N","2021-07-04","2021-09-30T11:43:07","2021-09-30T11:43:07",1,"None. Donation by check."]
[56607,"EF50-000175",20,"PayPal",1,1977,"N","2021-07-05","2021-09-30T11:43:51","2021-09-30T11:43:51",1,"None. Donation by check."]
[56608,"EF50-000176",5,"PayPal",1,1978,"N","2021-07-06","2021-09-30T11:44:50","2021-09-30T11:44:50",1,"None. Donation by check."]
[56609,"EF50-000177",10,"PayPal",2,2019,"N","2021-07-08","2021-09-30T11:45:53","2021-09-30T11:45:53",1,"None. Donation by check."]
[56610,"EF50-000178",5,"PayPal",1,1956,"N","2021-07-09","2021-09-30T11:46:50","2021-09-30T11:46:50",1,"None. Donation by check."]
[56611,"EF50-000179",10,"PayPal",1,1981,"N","2021-07-11","2021-09-30T11:47:51","2021-09-30T11:47:51",1,"None. Donation by check."]
[56612,"EF50-000180",25,"PayPal",1,2005,"N","2021-07-14","2021-09-30T11:48:50","2021-09-30T11:48:50",1,"None. Donation by check."]
[56613,"EF50-000181",10,"PayPal",1,1966,"N","2021-07-15","2021-09-30T11:49:43","2021-09-30T11:49:43",1,"None. Donation by check."]
[56614,"EF50-000182",10,"PayPal",2,2016,"N","2021-07-23","2021-09-30T11:50:34","2021-09-30T11:50:34",1,"None. Donation by check."]
[56615,"EF50-000183",20.09,"PayPal",3,2009,"N","2021-07-23","2021-09-30T11:51:35","2021-09-30T11:51:35",1,"None. Donation by check."]
[56616,"EF50-000184",10,"PayPal",1,2007,"N","2021-07-27","2021-09-30T11:52:35","2021-09-30T11:52:35",1,"None. Donation by check."]
[56617,"EF50-000185",20,"PayPal",2,2015,"N","2021-07-28","2021-09-30T11:53:30","2021-09-30T11:53:30",1,"None. Donation by check."]
[56618,"EF50-000186",10,"PayPal",1,1986,"N","2021-07-29","2021-09-30T11:54:16","2021-09-30T11:54:16",1,"None. Donation by check."]
[56619,"EF50-000187",58,"PayPal",1,1958,"N","2021-08-04","2021-09-30T11:55:02","2021-09-30T11:55:02",1,"None. Donation by check."]
[56620,"EF50-000188",3,"PayPal",1,1975,"N","2021-08-04","2021-09-30T11:55:59","2021-09-30T11:55:59",1,"None. Donation by check."]
[56621,"EF50-000189",20,"PayPal",1,1977,"N","2021-08-05","2021-09-30T11:56:54","2021-09-30T11:56:54",1,"None. Donation by check."]
[56622,"EF50-000190",5,"PayPal",1,1978,"N","2021-08-06","2021-09-30T11:57:43","2021-09-30T11:57:43",1,"None. Donation by check."]
[56623,"EF50-000191",10,"PayPal",2,2019,"N","2021-08-08","2021-09-30T11:58:32","2021-09-30T11:58:32",1,"None. Donation by check."]
[56624,"EF50-000192",5,"PayPal",1,1956,"N","2021-08-09","2021-09-30T11:59:28","2021-09-30T11:59:28",1,"None. Donation by check."]
[56625,"EF50-000193",10,"PayPal",1,1981,"N","2021-08-11","2021-09-30T12:00:16","2021-09-30T12:00:16",1,"None. Donation by check."]
[56626,"EF50-000194",25,"PayPal",1,2005,"N","2021-08-14","2021-09-30T12:01:39","2021-09-30T12:01:39",1,"None. Donation by check."]
[56627,"EF50-000195",10,"PayPal",1,1966,"N","2021-08-15","2021-09-30T12:02:49","2021-09-30T12:02:49",1,"None. Donation by check."]
[56628,"EF50-000196",10,"PayPal",2,2016,"N","2021-08-23","2021-09-30T12:03:45","2021-09-30T12:03:45",1,"None. Donation by check."]
[56629,"EF50-000197",20.09,"PayPal",3,2009,"N","2021-08-23","2021-09-30T12:04:32","2021-09-30T12:04:32",1,"None. Donation by check."]
[56630,"EF50-000198",24,"PayPal",6,1978,"N","2021-08-27","2021-09-30T12:05:24","2021-09-30T12:05:24",1,"None. Donation by check."]
[56631,"EF50-000199",10,"PayPal",1,2007,"N","2021-08-27","2021-09-30T12:06:13","2021-09-30T12:06:13",1,"None. Donation by check."]
[56632,"EF50-000200",20,"PayPal",2,2015,"N","2021-08-28","2021-09-30T12:07:15","2021-09-30T12:07:15",1,"None. Donation by check."]
[56633,"EF50-000201",10,"PayPal",1,1986,"N","2021-08-29","2021-09-30T12:08:02","2021-09-30T12:08:02",1,"None. Donation by check."]
[56634,"EF50-000202",3,"PayPal",1,1975,"N","2021-09-04","2021-09-30T12:09:18","2021-09-30T12:09:18",1,"None. Donation by check."]
[56635,"EF50-000203",58,"PayPal",1,1958,"N","2021-09-04","2021-09-30T12:10:05","2021-09-30T12:10:05",1,"None. Donation by check."]
[56636,"EF50-000204",5,"PayPal",1,1978,"N","2021-09-06","2021-09-30T12:11:29","2021-09-30T12:11:29",1,"None. Donation by check."]
[56637,"EF50-000205",5,"PayPal",1,1956,"N","2021-09-09","2021-09-30T12:12:09","2021-09-30T12:12:09",1,"None. Donation by check."]
[56638,"EF50-000206",10,"PayPal",1,1981,"N","2021-09-11","2021-09-30T12:13:46","2021-09-30T12:13:46",1,"None. Donation by check."]
[56639,"EF50-000207",25,"PayPal",1,2005,"N","2021-09-14","2021-09-30T12:14:38","2021-09-30T12:14:38",1,"None. Donation by check."]
[56640,"EF50-000208",10,"PayPal",1,1966,"N","2021-09-15","2021-09-30T12:15:29","2021-09-30T12:15:29",1,"None. Donation by check."]
[56641,"EF50-000209",20.09,"PayPal",3,2009,"N","2021-09-23","2021-09-30T12:16:13","2021-09-30T12:16:13",1,"None. Donation by check."]
[56642,"EF50-000210",10,"PayPal",2,2016,"N","2021-09-23","2021-09-30T12:16:56","2021-09-30T12:16:56",1,"None. Donation by check."]
[56643,"EF50-000211",10,"PayPal",1,2007,"N","2021-09-27","2021-09-30T12:17:43","2021-09-30T12:17:43",1,"None. Donation by check."]
[56644,"EF50-000212",24,"PayPal",6,1978,"N","2021-09-27","2021-09-30T12:18:38","2021-09-30T12:18:38",1,"None. Donation by check."]
[56645,"EF50-000213",20,"PayPal",2,2015,"N","2021-09-28","2021-09-30T12:19:31","2021-09-30T12:19:31",1,"None. Donation by check."]
[56646,"EF50-000214",10,"PayPal",1,1986,"N","2021-09-29","2021-09-30T12:20:15","2021-09-30T12:20:15",1,"None. Donation by check."]
[56647,"EF50-000215",19.23,"ACH Grant Deposit",2,2015,"N","2021-08-09","2021-09-30T21:44:55","2021-09-30T21:44:55",1,"None. Donation by check."]
[56648,"EF50-000216",19.23,"Matching Grant",12,2015,"N","2021-08-09","2021-09-30T21:46:58","2021-09-30T21:46:58",1,"None. Donation by check."]
[56649,"EF50-000217",19.23,"ACH Grant Deposit",2,2015,"N","2021-08-26","2021-09-30T21:49:11","2021-09-30T21:49:11",1,"None. Donation by check."]
[56650,"EF50-000218",19.23,"ACH Grant Deposit",12,2015,"N","2021-08-26","2021-09-30T21:50:38","2021-09-30T21:50:38",1,"None. Donation by check."]
[56651,"EF50-000219",2,"ACH Grant Deposit",1,1977,"N","2021-08-31","2021-09-30T21:53:49","2021-09-30T21:53:49",1,"None. Donation by check."]
[56652,"EF50-000220",2,"Matching Grant",12,1977,"N","2021-08-31","2021-09-30T21:56:17","2021-09-30T21:56:17",1,"None. Donation by check."]
[56653,"EF50-000221",2,"ACH Grant Deposit",1,1977,"N","2021-08-31","2021-09-30T21:58:35","2021-09-30T21:58:35",1,"None. Donation by check."]
[56654,"EF50-000222",2,"Matching Grant",12,1977,"N","2021-08-31","2021-09-30T22:00:14","2021-09-30T22:00:14",1,"None. Donation by check."]
[56655,"F50-000005",100,"CC",1,1965,"N","2021-10-04T12:55:18","2021-10-04T12:55:20","2021-10-04T12:55:20",1,100]
[56656,"F50-000009",100,"CC",1,1964,"N","2021-10-04T13:02:10","2021-10-04T13:02:12","2021-10-04T13:02:12",1,100]
[56657,"F50-000010",200,"CC",1,1957,"N","2021-10-04T13:03:01","2021-10-04T13:03:03","2021-10-04T13:03:03",1,200]
[56658,"F50-000011",19.79,"CC",1,1979,"N","2021-10-04T13:04:18","2021-10-04T13:04:20","2021-10-04T13:04:20",1,19.79]
[56659,"F50-000012",19.79,"CC",1,1979,"N","2021-10-04T13:10:05","2021-10-04T13:10:08","2021-10-04T13:10:08",1,19.79]
[56660,"F50-000013",100,"CC",1,1966,"N","2021-10-04T13:10:34","2021-10-04T13:10:36","2021-10-04T13:10:36",1,100]
[56661,"F50-000014",50,"CC",1,1978,"N","2021-10-04T13:14:02","2021-10-04T13:14:04","2021-10-04T13:14:04",1,50]
[56662,"F50-000015",25,"CC",1,1980,"N","2021-10-04T13:14:33","2021-10-04T13:14:35","2021-10-04T13:14:35",1,25]
[56663,"F50-000016",20,"CC",1,1958,"N","2021-10-04T13:16:04","2021-10-04T13:16:07","2021-10-04T13:16:07",1,20]
[56664,"F50-000017",30,"CC",1,1970,"N","2021-10-04T13:18:24","2021-10-04T13:18:26","2021-10-04T13:18:26",1,30]
[56665,"F50-000018",100,"CC",1,1956,"N","2021-10-04T13:19:28","2021-10-04T13:19:30","2021-10-04T13:19:30",1,100]
[56666,"F50-000019",100,"CC",1,1966,"N","2021-10-04T13:20:49","2021-10-04T13:20:50","2021-10-04T13:20:50",1,100]
[56667,"F50-000020",100,"CC",1,1966,"N","2021-10-04T13:22:24","2021-10-04T13:22:25","2021-10-04T13:22:25",1,100]
[56668,"F50-000021",100,"CC",1,1980,"N","2021-10-04T13:25:52","2021-10-04T13:25:54","2021-10-04T13:25:54",1,100]
[56669,"F50-000022",100,"CC",1,1972,"N","2021-10-04T13:26:14","2021-10-04T13:26:16","2021-10-04T13:26:16",1,100]
[56670,"F50-000023",100,"CC",1,1967,"N","2021-10-04T13:31:37","2021-10-04T13:31:39","2021-10-04T13:31:39",1,100]
[56671,"F50-000024",100,"CC",1,1958,"N","2021-10-04T13:32:23","2021-10-04T13:32:24","2021-10-04T13:32:24",1,100]
[56672,"F50-000025",5,"CC",2,2016,"N","2021-10-04T13:35:30","2021-10-04T13:35:32","2021-10-04T13:35:32",1,5]
[56673,"F50-000026",100,"CC",1,1960,"N","2021-10-04T13:38:44","2021-10-04T13:38:46","2021-10-04T13:38:46",1,100]
[56674,"F50-000027",25,"CC",1,1964,"N","2021-10-04T13:38:49","2021-10-04T13:38:51","2021-10-04T13:38:51",1,25]
[56675,"F50-000028",200,"CC",1,1954,"N","2021-10-04T13:39:25","2021-10-04T13:39:27","2021-10-04T13:39:27",1,200]
[56676,"F50-000029",50,"CC",1,1979,"N","2021-10-04T13:47:13","2021-10-04T13:47:15","2021-10-04T13:47:15",1,50]
[56677,"F50-000030",64,"CC",1,1964,"N","2021-10-04T13:48:54","2021-10-04T13:48:56","2021-10-04T13:48:56",1,64]
[56678,"F50-000031",25,"CC",1,1996,"N","2021-10-04T13:50:43","2021-10-04T13:50:45","2021-10-04T13:50:45",1,25]
[56679,"F50-000032",200,"CC",1,1964,"N","2021-10-04T13:50:44","2021-10-04T13:50:46","2021-10-04T13:50:46",1,200]
[56680,"F50-000033",10,"CC",1,1979,"N","2021-10-04T13:50:49","2021-10-04T13:50:51","2021-10-04T13:50:51",1,10]
[56681,"F50-000034",64,"CC",null,1964,"N","2021-10-04T13:53:57","2021-10-04T13:53:58","2021-10-04T13:53:58",1,64]
[56682,"F50-000035",100,"CC",1,1968,"N","2021-10-04T13:56:38","2021-10-04T13:56:40","2021-10-04T13:56:40",1,100]
[56683,"F50-000036",100,"CC",1,1958,"N","2021-10-04T13:59:10","2021-10-04T13:59:12","2021-10-04T13:59:12",1,100]
[56684,"F50-000037",25,"CC",1,1968,"N","2021-10-04T14:00:55","2021-10-04T14:00:57","2021-10-04T14:00:57",1,25]
[56685,"F50-000038",19.79,"CC",1,1979,"N","2021-10-04T14:00:58","2021-10-04T14:00:59","2021-10-04T14:00:59",1,19.79]
[56686,"F50-000039",25,"CC",1,1980,"N","2021-10-04T14:01:55","2021-10-04T14:01:57","2021-10-04T14:01:57",1,25]
[56687,"F50-000040",25,"CC",1,1973,"N","2021-10-04T14:03:42","2021-10-04T14:03:44","2021-10-04T14:03:44",1,25]
[56688,"F50-000041",50,"CC",1,1958,"N","2021-10-04T14:10:30","2021-10-04T14:10:32","2021-10-04T14:10:32",1,50]
[56689,"F50-000042",25,"CC",1,1965,"N","2021-10-04T14:13:15","2021-10-04T14:13:16","2021-10-04T14:13:16",1,25]
[56690,"F50-000043",40,"CC",1,1948,"N","2021-10-04T14:14:21","2021-10-04T14:14:23","2021-10-04T14:14:23",1,40]
[56691,"F50-000044",25,"CC",1,1968,"N","2021-10-04T14:14:58","2021-10-04T14:14:59","2021-10-04T14:14:59",1,25]
[56692,"F50-000045",50,"CC",1,1959,"N","2021-10-04T14:15:51","2021-10-04T14:15:53","2021-10-04T14:15:53",1,50]
[56693,"F50-000046",15,"CC",1,1978,"N","2021-10-04T14:16:47","2021-10-04T14:16:48","2021-10-04T14:16:48",1,15]
[56694,"F50-000047",50,"CC",5,1957,"N","2021-10-04T14:17:42","2021-10-04T14:17:43","2021-10-04T14:17:43",1,50]
[56695,"F50-000048",50,"CC",1,1966,"N","2021-10-04T14:19:33","2021-10-04T14:19:35","2021-10-04T14:19:35",1,50]
[56696,"F50-000049",50,"CC",1,1956,"N","2021-10-04T14:24:17","2021-10-04T14:24:19","2021-10-04T14:24:19",1,50]
[56697,"F50-000050",25,"CC",1,1967,"N","2021-10-04T14:27:53","2021-10-04T14:27:54","2021-10-04T14:27:54",1,25]
[56698,"F50-000051",100,"CC",2,2001,"N","2021-10-04T14:31:19","2021-10-04T14:31:21","2021-10-04T14:31:21",1,100]
[56699,"F50-000052",30,"CC",1,1958,"N","2021-10-04T14:31:46","2021-10-04T14:31:47","2021-10-04T14:31:47",1,30]
[56700,"F50-000053",100,"CC",1,1989,"N","2021-10-04T14:32:10","2021-10-04T14:32:12","2021-10-04T14:32:12",1,100]
[56701,"F50-000054",50,"CC",1,1965,"N","2021-10-04T14:33:42","2021-10-04T14:33:44","2021-10-04T14:33:44",1,50]
[56702,"F50-000055",25,"CC",1,1956,"N","2021-10-04T14:34:36","2021-10-04T14:34:37","2021-10-04T14:34:37",1,25]
[56703,"F50-000056",456.78,"CC",null,1969,"N","2021-10-04T14:35:16","2021-10-04T14:35:18","2021-10-04T14:35:18",1,456.78]
[56704,"F50-000057",100,"CC",1,1964,"N","2021-10-04T14:40:10","2021-10-04T14:40:12","2021-10-04T14:40:12",1,100]
[56705,"F50-000058",64,"CC",1,1964,"N","2021-10-04T14:50:19","2021-10-04T14:50:21","2021-10-04T14:50:21",1,64]
[56706,"F50-000059",100,"CC",1,1964,"N","2021-10-04T14:53:12","2021-10-04T14:53:14","2021-10-04T14:53:14",1,100]
[56707,"F50-000060",10,"CC",2,2013,"N","2021-10-04T14:54:46","2021-10-04T14:54:48","2021-10-04T14:54:48",1,10]
[56708,"F50-000061",33,"CC",1,1966,"N","2021-10-04T15:00:03","2021-10-04T15:00:05","2021-10-04T15:00:05",1,33]
[56709,"F50-000062",19.77,"CC",1,1977,"N","2021-10-04T15:03:03","2021-10-04T15:03:04","2021-10-04T15:03:04",1,19.77]
[56710,"F50-000063",197.7,"CC",1,1977,"N","2021-10-04T15:06:07","2021-10-04T15:06:08","2021-10-04T15:06:08",1,197.7]
[56711,"F50-000064",500,"CC",1,1977,"N","2021-10-04T15:09:54","2021-10-04T15:09:55","2021-10-04T15:09:55",1,500]
[56712,"F50-000065",100,"CC",1,1966,"N","2021-10-04T15:22:36","2021-10-04T15:22:37","2021-10-04T15:22:37",1,100]
[56713,"F50-000066",100,"CC",1,1978,"N","2021-10-04T15:25:42","2021-10-04T15:25:44","2021-10-04T15:25:44",1,100]
[56714,"F50-000067",75,"CC",1,1966,"N","2021-10-04T15:26:17","2021-10-04T15:26:19","2021-10-04T15:26:19",1,75]
[56715,"F50-000068",164,"CC",1,1964,"N","2021-10-04T15:26:18","2021-10-04T15:26:20","2021-10-04T15:26:20",1,164]
[56716,"F50-000069",25,"CC",1,1960,"N","2021-10-04T15:32:41","2021-10-04T15:32:42","2021-10-04T15:32:42",1,25]
[56717,"F50-000070",50,"CC",1,1958,"N","2021-10-04T15:38:19","2021-10-04T15:38:20","2021-10-04T15:38:20",1,50]
[56718,"F50-000071",25,"CC",9,1961,"N","2021-10-04T15:38:56","2021-10-04T15:38:58","2021-10-04T15:38:58",1,25]
[56719,"F50-000072",50,"CC",1,1967,"N","2021-10-04T15:52:59","2021-10-04T15:53:01","2021-10-04T15:53:01",1,50]
[56720,"F50-000073",100,"CC",1,1979,"N","2021-10-04T15:56:08","2021-10-04T15:56:10","2021-10-04T15:56:10",1,100]
[56721,"F50-000074",50,"CC",1,1959,"N","2021-10-04T15:57:28","2021-10-04T15:57:30","2021-10-04T15:57:30",1,50]
[56722,"F50-000075",64,"CC",1,1964,"N","2021-10-04T15:59:35","2021-10-04T15:59:37","2021-10-04T15:59:37",1,64]
[56723,"F50-000076",100,"CC",1,1975,"N","2021-10-04T16:31:33","2021-10-04T16:31:35","2021-10-04T16:31:35",1,100]
[56724,"F50-000077",25,"CC",1,1958,"N","2021-10-04T16:38:26","2021-10-04T16:38:27","2021-10-04T16:38:27",1,25]
[56725,"F50-000078",25,"CC",1,1969,"N","2021-10-04T16:43:04","2021-10-04T16:43:06","2021-10-04T16:43:06",1,25]
[56726,"F50-000079",150,"CC",1,1964,"N","2021-10-04T16:49:27","2021-10-04T16:49:29","2021-10-04T16:49:29",1,150]
[56727,"F50-000080",100,"CC",1,1966,"N","2021-10-04T16:54:53","2021-10-04T16:54:55","2021-10-04T16:54:55",1,100]
[56728,"F50-000081",100,"CC",1,1969,"N","2021-10-04T17:06:23","2021-10-04T17:06:25","2021-10-04T17:06:25",1,100]
[56729,"F50-000082",25,"CC",1,1965,"N","2021-10-04T17:07:37","2021-10-04T17:07:39","2021-10-04T17:07:39",1,25]
[56730,"F50-000083",50,"CC",1,1964,"N","2021-10-04T17:23:49","2021-10-04T17:23:51","2021-10-04T17:23:51",1,50]
[56731,"F50-000086",180,"CC",1,1964,"N","2021-10-04T17:31:36","2021-10-04T17:31:37","2021-10-04T17:31:37",1,180]
[56732,"F50-000087",58,"CC",1,1958,"N","2021-10-04T17:40:44","2021-10-04T17:40:46","2021-10-04T17:40:46",1,58]
[56733,"F50-000088",40,"CC",2,2008,"N","2021-10-04T18:00:18","2021-10-04T18:00:20","2021-10-04T18:00:20",1,40]
[56734,"F50-000089",100,"CC",1,1965,"N","2021-10-04T19:29:03","2021-10-04T19:29:05","2021-10-04T19:29:05",1,100]
[56735,"F50-000090",100,"CC",1,1975,"N","2021-10-04T19:30:11","2021-10-04T19:30:13","2021-10-04T19:30:13",1,100]
[56736,"F50-000091",100,"CC",1,1957,"N","2021-10-04T20:24:15","2021-10-04T20:24:17","2021-10-04T20:24:17",1,100]
[56737,"F50-000092",50,"CC",1,1956,"N","2021-10-04T20:39:17","2021-10-04T20:39:19","2021-10-04T20:39:19",1,50]
[56738,"F50-000093",20.04,"CC",1,2004,"N","2021-10-04T20:43:01","2021-10-04T20:43:03","2021-10-04T20:43:03",1,20.04]
[56739,"F50-000094",69,"CC",1,1969,"N","2021-10-04T20:46:20","2021-10-04T20:46:22","2021-10-04T20:46:22",1,69]
[56740,"F50-000095",25,"CC",1,1964,"N","2021-10-04T20:56:29","2021-10-04T20:56:31","2021-10-04T20:56:31",1,25]
[56741,"F50-000096",35,"CC",1,1975,"N","2021-10-04T21:38:17","2021-10-04T21:38:18","2021-10-04T21:38:18",1,35]
[56742,"F50-000097",58,"CC",1,1958,"N","2021-10-05T00:49:41","2021-10-05T00:49:43","2021-10-05T00:49:43",1,58]
[56743,"F50-000098",100,"CC",1,1964,"N","2021-10-05T02:11:08","2021-10-05T02:11:10","2021-10-05T02:11:10",1,100]
[56744,"F50-000099",100,"CC",1,1966,"N","2021-10-05T05:40:02","2021-10-05T05:40:04","2021-10-05T05:40:04",1,100]
[56745,"F50-000100",25,"CC",1,1969,"N","2021-10-05T06:30:43","2021-10-05T06:30:46","2021-10-05T06:30:46",1,25]
[56746,"F50-000101",69.69,"CC",1,1969,"N","2021-10-05T06:57:10","2021-10-05T06:57:11","2021-10-05T06:57:11",1,69.69]
[56747,"F50-000102",64,"CC",1,1964,"N","2021-10-05T07:52:58","2021-10-05T07:53:00","2021-10-05T07:53:00",1,64]
[56748,"F50-000103",52.5,"CC",1,1963,"N","2021-10-05T08:27:17","2021-10-05T08:27:19","2021-10-05T08:27:19",1,52.5]
[56749,"F50-000104",150,"CC",1,1989,"N","2021-10-05T08:34:28","2021-10-05T08:34:29","2021-10-05T08:34:29",1,150]
[56750,"F50-000105",50,"CC",1,1959,"N","2021-10-05T08:35:08","2021-10-05T08:35:10","2021-10-05T08:35:10",1,50]
[56751,"F50-000107",100,"CC",1,1963,"N","2021-10-05T08:40:39","2021-10-05T08:40:41","2021-10-05T08:40:41",1,100]
[56752,"F50-000108",100,"CC",1,1969,"N","2021-10-05T09:12:15","2021-10-05T09:12:17","2021-10-05T09:12:17",1,100]
[56753,"F50-000109",64,"CC",6,1964,"N","2021-10-05T09:13:58","2021-10-05T09:13:59","2021-10-05T09:13:59",1,64]
[56754,"F50-000110",100,"CC",1,1958,"N","2021-10-05T09:22:07","2021-10-05T09:22:09","2021-10-05T09:22:09",1,100]
[56755,"F50-000111",100,"CC",1,1956,"N","2021-10-05T09:25:25","2021-10-05T09:25:27","2021-10-05T09:25:27",1,100]
[56756,"F50-000112",100,"CC",1,1964,"N","2021-10-05T09:33:32","2021-10-05T09:33:34","2021-10-05T09:33:34",1,100]
[56757,"F50-000114",100,"CC",1,1966,"N","2021-10-05T10:05:05","2021-10-05T10:05:07","2021-10-05T10:05:07",1,100]
[56758,"F50-000115",150,"CC",1,null,"N","2021-10-05T10:06:23","2021-10-05T10:06:24","2021-10-05T10:06:24",1,150]
[56759,"F50-000116",500,"CC",1,1969,"N","2021-10-05T10:33:08","2021-10-05T10:33:10","2021-10-05T10:33:10",1,500]
[56760,"F50-000117",50,"CC",1,1966,"N","2021-10-05T10:52:28","2021-10-05T10:52:30","2021-10-05T10:52:30",1,50]
[56761,"F50-000118",200,"CC",1,1963,"N","2021-10-05T10:52:56","2021-10-05T10:52:58","2021-10-05T10:52:58",1,200]
[56762,"F50-000119",25,"CC",1,1975,"N","2021-10-05T10:55:30","2021-10-05T10:55:32","2021-10-05T10:55:32",1,25]
[56763,"F50-000120",100,"CC",1,1967,"N","2021-10-05T11:02:22","2021-10-05T11:02:24","2021-10-05T11:02:24",1,100]
[56764,"F50-000121",50,"CC",1,1979,"N","2021-10-05T11:39:17","2021-10-05T11:39:19","2021-10-05T11:39:19",1,50]
[56765,"F50-000122",19.63,"CC",1,1963,"N","2021-10-05T11:43:50","2021-10-05T11:43:52","2021-10-05T11:43:52",1,19.63]
[56766,"F50-000123",100,"CC",1,1964,"N","2021-10-05T11:45:40","2021-10-05T11:45:42","2021-10-05T11:45:42",1,100]
[56767,"F50-000124",100,"CC",1,1966,"N","2021-10-05T12:14:30","2021-10-05T12:14:32","2021-10-05T12:14:32",1,100]
[56768,"F50-000125",64,"CC",1,1964,"N","2021-10-05T12:23:18","2021-10-05T12:23:19","2021-10-05T12:23:19",1,64]
[56769,"F50-000126",50,"CC",1,1958,"N","2021-10-05T12:46:54","2021-10-05T12:46:57","2021-10-05T12:46:57",1,50]
[56770,"F50-000127",25,"CC",1,1957,"N","2021-10-05T12:47:15","2021-10-05T12:47:17","2021-10-05T12:47:17",1,25]
[56771,"F50-000128",25,"CC",1,1963,"N","2021-10-05T12:52:31","2021-10-05T12:52:33","2021-10-05T12:52:33",1,25]
[56772,"F50-000129",50,"CC",1,1969,"N","2021-10-05T12:57:04","2021-10-05T12:57:05","2021-10-05T12:57:05",1,50]
[56773,"F50-000130",25,"CC",1,1969,"N","2021-10-05T12:59:30","2021-10-05T12:59:32","2021-10-05T12:59:32",1,25]
[56774,"EF50-000223",58,"PayPal",1,1958,"N","2021-10-04","2021-10-05T13:26:27","2021-10-05T13:26:27",1,"None. Donation by check."]
[56775,"EF50-000224",3,"PayPal",1,1975,"N","2021-10-04","2021-10-05T13:27:26","2021-10-05T13:27:26",1,"None. Donation by check."]
[56776,"EF50-000225",25,"PayPal",2,2015,"N","2021-10-04","2021-10-05T13:29:07","2021-10-05T13:29:07",1,"None. Donation by check."]
[56777,"EF50-000226",100,"PayPal",1,1969,"N","2021-10-04","2021-10-05T13:30:40","2021-10-05T13:30:40",1,"None. Donation by check."]
[56778,"EF50-000227",100,"PayPal",1,1978,"N","2021-10-04","2021-10-05T13:31:48","2021-10-05T13:31:48",1,"None. Donation by check."]
[56779,"F50-000131",40,"CC",1,1996,"N","2021-10-05T13:33:17","2021-10-05T13:33:18","2021-10-05T13:33:18",1,40]
[56780,"EF50-000228",50,"PayPal",2,2016,"N","2021-10-04","2021-10-05T13:33:42","2021-10-05T13:33:42",1,"None. Donation by check."]
[56781,"EF50-000229",100,"PayPal",1,1966,"N","2021-10-04","2021-10-05T13:34:50","2021-10-05T13:34:50",1,"None. Donation by check."]
[56782,"EF50-000230",200,"PayPal",1,1964,"N","2021-10-04","2021-10-05T13:36:02","2021-10-05T13:36:02",1,"None. Donation by check."]
[56783,"EF50-000231",50,"PayPal",1,1968,"N","2021-10-04","2021-10-05T13:37:20","2021-10-05T13:37:20",1,"None. Donation by check."]
[56784,"EF50-000232",50,"PayPal",1,1968,"N","2021-10-04","2021-10-05T13:38:34","2021-10-05T13:38:34",1,"None. Donation by check."]
[56785,"EF50-000233",100,"PayPal",1,1978,"N","2021-10-04","2021-10-05T13:39:48","2021-10-05T13:39:48",1,"None. Donation by check."]
[56786,"EF50-000234",25,"PayPal",1,1969,"N","2021-10-04","2021-10-05T13:41:02","2021-10-05T13:41:02",1,"None. Donation by check."]
[56787,"EF50-000235",25,"PayPal",1,1968,"N","2021-10-04","2021-10-05T13:42:22","2021-10-05T13:42:22",1,"None. Donation by check."]
[56788,"EF50-000236",19.89,"PayPal",1,1989,"N","2021-10-04","2021-10-05T13:43:47","2021-10-05T13:43:47",1,"None. Donation by check."]
[56789,"EF50-000237",15,"PayPal",1,1969,"N","2021-10-04","2021-10-05T13:44:44","2021-10-05T13:44:44",1,"None. Donation by check."]
[56790,"EF50-000238",25,"PayPal",1,1979,"N","2021-10-04","2021-10-05T13:46:50","2021-10-05T13:46:50",1,"None. Donation by check."]
[56791,"F50-000132",100,"CC",1,1958,"N","2021-10-05T13:47:03","2021-10-05T13:47:05","2021-10-05T13:47:05",1,100]
[56792,"EF50-000239",20,"PayPal",1,1958,"N","2021-10-04","2021-10-05T13:47:46","2021-10-05T13:47:46",1,"None. Donation by check."]
[56793,"F50-000133",64,"CC",1,1964,"N","2021-10-05T14:18:26","2021-10-05T14:18:28","2021-10-05T14:18:28",1,64]
[56794,"EF50-000240",19.79,"PayPal",1,1979,"N","2021-10-04","2021-10-05T14:19:34","2021-10-05T14:19:34",1,"None. Donation by check."]
[56795,"EF50-000241",85,"PayPal",1,1985,"N","2021-10-04","2021-10-05T14:20:27","2021-10-05T14:20:27",1,"None. Donation by check."]
[56796,"EF50-000242",25,"PayPal",1,1963,"N","2021-10-04","2021-10-05T14:21:49","2021-10-05T14:21:49",1,"None. Donation by check."]
[56797,"EF50-000243",10,"PayPal",1,1968,"N","2021-10-04","2021-10-05T14:23:14","2021-10-05T14:23:14",1,"None. Donation by check."]
[56798,"F50-000134",64,"CC",1,1964,"N","2021-10-05T14:23:35","2021-10-05T14:23:36","2021-10-05T14:23:36",1,64]
[56799,"EF50-000244",15,"PayPal",1,1956,"N","2021-10-04","2021-10-05T14:24:26","2021-10-05T14:24:26",1,"None. Donation by check."]
[56800,"EF50-000245",1000,"PayPal",1,1989,"N","2021-10-05","2021-10-05T14:26:25","2021-10-05T14:26:25",1,"None. Donation by check."]
[56801,"EF50-000246",30,"PayPal",1,1989,"N","2021-10-05","2021-10-05T14:27:32","2021-10-05T14:27:32",1,"None. Donation by check."]
[56802,"EF50-000247",100,"PayPal",1,1980,"N","2021-10-05","2021-10-05T14:30:19","2021-10-05T14:30:19",1,"None. Donation by check."]
[56803,"EF50-000248",30,"PayPal",1,1966,"N","2021-10-05","2021-10-05T14:31:11","2021-10-05T14:31:11",1,"None. Donation by check."]
[56804,"EF50-000249",25,"PayPal",1,1969,"N","2021-10-05","2021-10-05T14:32:54","2021-10-05T14:32:54",1,"None. Donation by check."]
[56805,"F50-000135",25,"CC",1,1965,"N","2021-10-05T14:52:18","2021-10-05T14:52:20","2021-10-05T14:52:20",1,25]
[56806,"F50-000136",9.64,"CC",1,1964,"N","2021-10-05T15:35:46","2021-10-05T15:35:48","2021-10-05T15:35:48",1,9.64]
[56807,"F50-000137",50,"CC",2,2012,"N","2021-10-05T15:42:31","2021-10-05T15:42:33","2021-10-05T15:42:33",1,50]
[56808,"F50-000138",50,"CC",1,1967,"N","2021-10-05T15:49:13","2021-10-05T15:49:15","2021-10-05T15:49:15",1,50]
[56809,"F50-000139",25,"CC",1,1996,"N","2021-10-05T16:16:11","2021-10-05T16:16:12","2021-10-05T16:16:12",1,25]
[56810,"F50-000140",64,"CC",5,1964,"N","2021-10-05T16:20:10","2021-10-05T16:20:11","2021-10-05T16:20:11",1,64]
[56811,"F50-000141",100,"CC",1,1964,"N","2021-10-05T16:23:25","2021-10-05T16:23:27","2021-10-05T16:23:27",1,100]
[56812,"F50-000142",100,"CC",1,1966,"N","2021-10-05T16:47:02","2021-10-05T16:47:04","2021-10-05T16:47:04",1,100]
[56813,"F50-000143",100,"CC",null,1966,"N","2021-10-05T16:51:55","2021-10-05T16:51:56","2021-10-05T16:51:56",1,100]
[56814,"F50-000144",79,"CC",1,1979,"N","2021-10-05T17:37:33","2021-10-05T17:37:35","2021-10-05T17:37:35",1,79]
[56815,"F50-000145",50,"CC",1,1959,"N","2021-10-05T17:43:02","2021-10-05T17:43:04","2021-10-05T17:43:04",1,50]
[56816,"F50-000146",250,"CC",1,1951,"N","2021-10-05T19:33:50","2021-10-05T19:33:51","2021-10-05T19:33:51",1,250]
[56817,"F50-000147",100,"CC",1,1958,"N","2021-10-05T20:15:49","2021-10-05T20:15:51","2021-10-05T20:15:51",1,100]
[56818,"F50-000148",197.9,"CC",1,1979,"N","2021-10-05T21:28:34","2021-10-05T21:28:36","2021-10-05T21:28:36",1,197.9]
[56819,"F50-000149",200,"CC",1,1964,"N","2021-10-05T22:04:04","2021-10-05T22:04:06","2021-10-05T22:04:06",1,200]
[56820,"F50-000150",25,"CC",2,2009,"N","2021-10-06T05:07:01","2021-10-06T05:07:03","2021-10-06T05:07:03",1,25]
[56821,"F50-000151",100,"CC",1,1979,"N","2021-10-06T07:50:37","2021-10-06T07:50:39","2021-10-06T07:50:39",1,100]
[56822,"F50-000152",25,"CC",1,1964,"N","2021-10-06T07:56:24","2021-10-06T07:56:25","2021-10-06T07:56:25",1,25]
[56823,"F50-000153",50,"CC",1,1966,"N","2021-10-06T09:09:08","2021-10-06T09:09:10","2021-10-06T09:09:10",1,50]
[56824,"F50-000154",100,"CC",1,1975,"N","2021-10-06T09:29:40","2021-10-06T09:29:41","2021-10-06T09:29:41",1,100]
[56825,"F50-000155",64,"CC",1,1964,"N","2021-10-06T10:39:43","2021-10-06T10:39:45","2021-10-06T10:39:45",1,64]
[56826,"F50-000156",300,"CC",1,1966,"N","2021-10-06T10:47:03","2021-10-06T10:47:05","2021-10-06T10:47:05",1,300]
[56827,"F50-000157",25,"CC",1,1977,"N","2021-10-06T10:52:16","2021-10-06T10:52:18","2021-10-06T10:52:18",1,25]
[56828,"F50-000158",100,"CC",1,1975,"N","2021-10-06T11:16:26","2021-10-06T11:16:28","2021-10-06T11:16:28",1,100]
[56829,"F50-000159",50,"CC",1,1957,"N","2021-10-06T11:50:25","2021-10-06T11:50:26","2021-10-06T11:50:26",1,50]
[56830,"F50-000160",50,"CC",1,1963,"N","2021-10-06T13:04:16","2021-10-06T13:04:17","2021-10-06T13:04:17",1,50]
[56831,"F50-000161",50,"CC",4,1946,"N","2021-10-06T13:53:24","2021-10-06T13:53:25","2021-10-06T13:53:25",1,50]
[56832,"F50-000162",200,"CC",1,1963,"N","2021-10-06T14:27:22","2021-10-06T14:27:24","2021-10-06T14:27:24",1,200]
[56833,"F50-000163",25,"CC",1,1964,"N","2021-10-06T14:43:14","2021-10-06T14:43:16","2021-10-06T14:43:16",1,25]
[56834,"F50-000164",75,"CC",1,1966,"N","2021-10-06T16:03:30","2021-10-06T16:03:32","2021-10-06T16:03:32",1,75]
[56835,"F50-000165",250,"CC",7,1969,"N","2021-10-06T17:07:26","2021-10-06T17:07:28","2021-10-06T17:07:28",1,250]
[56836,"F50-000166",50,"CC",1,1978,"N","2021-10-06T18:01:16","2021-10-06T18:01:18","2021-10-06T18:01:18",1,50]
[56837,"F50-000167",77,"CC",1,1977,"N","2021-10-06T20:38:27","2021-10-06T20:38:29","2021-10-06T20:38:29",1,77]
[56838,"F50-000168",64,"CC",1,1964,"N","2021-10-06T21:52:09","2021-10-06T21:52:10","2021-10-06T21:52:10",1,64]
[56839,"F50-000169",100,"CC",1,1969,"N","2021-10-07T02:34:58","2021-10-07T02:35:00","2021-10-07T02:35:00",1,100]
[56840,"F50-000170",19.77,"CC",1,1977,"N","2021-10-07T06:42:23","2021-10-07T06:42:25","2021-10-07T06:42:25",1,19.77]
[56841,"F50-000171",50,"CC",1,1977,"N","2021-10-07T07:41:24","2021-10-07T07:41:25","2021-10-07T07:41:25",1,50]
[56842,"F50-000172",19.77,"CC",1,1977,"N","2021-10-07T08:20:53","2021-10-07T08:20:54","2021-10-07T08:20:54",1,19.77]
[56843,"F50-000173",25,"CC",1,1977,"N","2021-10-07T08:27:31","2021-10-07T08:27:32","2021-10-07T08:27:32",1,25]
[56844,"F50-000174",19.77,"CC",1,1977,"N","2021-10-07T08:38:00","2021-10-07T08:38:02","2021-10-07T08:38:02",1,19.77]
[56845,"F50-000175",197.7,"CC",1,1977,"N","2021-10-07T08:51:43","2021-10-07T08:51:45","2021-10-07T08:51:45",1,197.7]
[56846,"F50-000176",19.77,"CC",1,1977,"N","2021-10-07T09:52:14","2021-10-07T09:52:16","2021-10-07T09:52:16",1,19.77]
[56847,"F50-000177",50,"CC",1,1977,"N","2021-10-07T09:53:40","2021-10-07T09:53:42","2021-10-07T09:53:42",1,50]
[56848,"F50-000178",19.77,"CC",1,1977,"N","2021-10-07T10:08:32","2021-10-07T10:08:34","2021-10-07T10:08:34",1,19.77]
[56849,"F50-000179",100,"CC",1,1955,"N","2021-10-07T10:25:14","2021-10-07T10:25:16","2021-10-07T10:25:16",1,100]
[56850,"F50-000180",77,"CC",1,1977,"N","2021-10-07T10:49:50","2021-10-07T10:49:52","2021-10-07T10:49:52",1,77]
[56851,"F50-000181",50,"CC",1,1957,"N","2021-10-07T11:25:16","2021-10-07T11:25:18","2021-10-07T11:25:18",1,50]
[56852,"F50-000182",15,"CC",1,1955,"N","2021-10-07T11:55:04","2021-10-07T11:55:06","2021-10-07T11:55:06",1,15]
[56853,"F50-000183",19.77,"CC",1,1977,"N","2021-10-07T12:39:32","2021-10-07T12:39:33","2021-10-07T12:39:33",1,19.77]
[56854,"F50-000184",77,"CC",1,1977,"N","2021-10-07T13:19:45","2021-10-07T13:19:47","2021-10-07T13:19:47",1,77]
[56855,"F50-000185",51,"CC",1,1951,"N","2021-10-07T13:52:46","2021-10-07T13:52:48","2021-10-07T13:52:48",1,51]
[56856,"F50-000186",35,"CC",1,1975,"N","2021-10-07T14:36:13","2021-10-07T14:36:15","2021-10-07T14:36:15",1,35]
[56857,"F50-000187",250,"CC",1,1958,"N","2021-10-07T14:52:50","2021-10-07T14:52:51","2021-10-07T14:52:51",1,250]
[56858,"F50-000188",50,"CC",6,1977,"N","2021-10-07T15:41:01","2021-10-07T15:41:03","2021-10-07T15:41:03",1,50]
[56859,"F50-000189",77,"CC",1,1977,"N","2021-10-07T20:29:10","2021-10-07T20:29:12","2021-10-07T20:29:12",1,77]
[56860,"F50-000190",19.77,"CC",1,1977,"N","2021-10-07T22:24:40","2021-10-07T22:24:42","2021-10-07T22:24:42",1,19.77]
[56861,"F50-000191",100,"CC",1,1951,"N","2021-10-08T09:17:58","2021-10-08T09:17:59","2021-10-08T09:17:59",1,100]
[56862,"F50-000192",100,"CC",1,1965,"N","2021-10-08T10:55:18","2021-10-08T10:55:19","2021-10-08T10:55:19",1,100]
[56863,"F50-000193",55,"CC",1,1955,"N","2021-10-08T11:22:01","2021-10-08T11:22:03","2021-10-08T11:22:03",1,55]
[56864,"F50-000194",55,"CC",1,1955,"N","2021-10-08T11:24:56","2021-10-08T11:24:58","2021-10-08T11:24:58",1,55]
[56865,"F50-000195",55,"CC",1,1955,"N","2021-10-08T12:16:16","2021-10-08T12:16:18","2021-10-08T12:16:18",1,55]
[56866,"F50-000196",55,"CC",1,null,"N","2021-10-08T12:38:58","2021-10-08T12:39:00","2021-10-08T12:39:00",1,55]
[56867,"F50-000197",55,"CC",1,1955,"N","2021-10-08T13:07:41","2021-10-08T13:07:43","2021-10-08T13:07:43",1,55]
[56868,"F50-000198",55,"CC",1,1955,"N","2021-10-08T13:52:48","2021-10-08T13:52:49","2021-10-08T13:52:49",1,55]
[56869,"F50-000199",200,"CC",1,1963,"N","2021-10-08T14:41:13","2021-10-08T14:41:15","2021-10-08T14:41:15",1,200]
[56870,"F50-000200",55,"CC",1,1955,"N","2021-10-08T14:56:27","2021-10-08T14:56:29","2021-10-08T14:56:29",1,55]
[56871,"F50-000201",50,"CC",1,1966,"N","2021-10-08T15:50:43","2021-10-08T15:50:45","2021-10-08T15:50:45",1,50]
[56872,"F50-000202",100,"CC",1,1962,"N","2021-10-08T15:51:21","2021-10-08T15:51:22","2021-10-08T15:51:22",1,100]
[56873,"F50-000203",50,"CC",1,1955,"N","2021-10-08T16:20:42","2021-10-08T16:20:44","2021-10-08T16:20:44",1,50]
[56874,"F50-000204",100,"CC",1,1966,"N","2021-10-08T18:45:58","2021-10-08T18:46:00","2021-10-08T18:46:00",1,100]
[56875,"F50-000205",50,"CC",1,1959,"N","2021-10-09T08:14:19","2021-10-09T08:14:21","2021-10-09T08:14:21",1,50]
[56876,"F50-000206",25,"CC",1,1979,"N","2021-10-09T09:51:25","2021-10-09T09:51:27","2021-10-09T09:51:27",1,25]
[56877,"F50-000207",55,"CC",1,1955,"N","2021-10-09T10:46:57","2021-10-09T10:46:59","2021-10-09T10:46:59",1,55]
[56878,"F50-000208",50,"CC",1,1996,"N","2021-10-09T14:18:27","2021-10-09T14:18:29","2021-10-09T14:18:29",1,50]
[56879,"F50-000209",100,"CC",5,1955,"N","2021-10-09T15:41:49","2021-10-09T15:41:51","2021-10-09T15:41:51",1,100]
[56880,"F50-000210",100,"CC",1,1964,"N","2021-10-09T19:38:05","2021-10-09T19:38:06","2021-10-09T19:38:06",1,100]
[56881,"EF50-000250",100,"Personal Check",1,1966,"N","2021-10-05","2021-10-09T20:35:34","2021-10-09T20:35:34",1,"None. Donation by check."]
[56882,"EF50-000251",60,"Personal Check",1,1966,"N","2021-10-04","2021-10-09T20:36:50","2021-10-09T20:36:50",1,"None. Donation by check."]
[56883,"EF50-000252",25,"Personal Check",2,2016,"N","2021-10-04","2021-10-09T20:38:06","2021-10-09T20:38:06",1,"None. Donation by check."]
[56884,"EF50-000253",50,"Personal Check",1,1957,"N","2021-10-04","2021-10-09T20:39:43","2021-10-09T20:39:43",1,"None. Donation by check."]
[56885,"EF50-000254",200,"Personal Check",1,1969,"N","2021-10-05","2021-10-09T20:41:37","2021-10-09T20:41:37",1,"None. Donation by check."]
[56886,"EF50-000255",64,"Personal Check",1,1964,"N","2021-10-04","2021-10-09T20:43:14","2021-10-09T20:43:14",1,"None. Donation by check."]
[56887,"EF50-000256",50,"Personal Check",1,1957,"N","2021-10-04","2021-10-09T20:44:30","2021-10-09T20:44:30",1,"None. Donation by check."]
[56888,"EF50-000257",64,"Personal Check",1,1964,"N","2021-10-05","2021-10-09T20:46:23","2021-10-09T20:46:53",1,"None. Donation by check."]
[56889,"EF50-000258",50,"Personal Check",1,1966,"N","2021-10-05","2021-10-09T20:48:09","2021-10-09T20:48:09",1,"None. Donation by check."]
[56890,"EF50-000259",51,"Personal Check",1,1951,"N","2021-10-05","2021-10-09T20:49:15","2021-10-09T20:49:15",1,"None. Donation by check."]
[56891,"EF50-000260",570,"Personal Check",1,1957,"N","2021-10-05","2021-10-09T20:50:44","2021-10-09T20:50:44",1,"None. Donation by check."]
[56892,"EF50-000261",40,"Personal Check",1,1949,"N","2021-10-04","2021-10-09T20:56:55","2021-10-09T20:56:55",1,"None. Donation by check."]
[56893,"EF50-000262",50,"Personal Check",1,1975,"N","2021-10-04","2021-10-09T20:59:02","2021-10-09T20:59:02",1,"None. Donation by check."]
[56894,"EF50-000263",100,"PayPal",1,1973,"N","2021-10-05","2021-10-09T21:17:45","2021-10-09T21:17:45",1,"None. Donation by check."]
[56895,"EF50-000264",100,"PayPal",1,1967,"N","2021-10-05","2021-10-09T21:19:48","2021-10-09T21:19:48",1,"None. Donation by check."]
[56896,"EF50-000265",100,"PayPal",1,1979,"N","2021-10-06","2021-10-09T21:22:15","2021-10-09T21:23:12",1,"None. Donation by check."]
[56897,"EF50-000266",5,"PayPal",1,1978,"N","2021-10-06","2021-10-09T21:24:30","2021-10-09T21:24:30",1,"None. Donation by check."]
[56898,"EF50-000267",50,"PayPal",1,1966,"N","2021-10-06","2021-10-09T21:25:44","2021-10-09T21:25:44",1,"None. Donation by check."]
[56899,"EF50-000268",50,"PayPal",1,1995,"N","2021-10-06","2021-10-09T21:27:44","2021-10-09T21:27:44",1,"None. Donation by check."]
[56900,"EF50-000269",25,"PayPal",1,1964,"N","2021-10-06","2021-10-09T21:29:25","2021-10-09T21:29:25",1,"None. Donation by check."]
[56901,"EF50-000270",64,"PayPal",1,1964,"N","2021-10-07","2021-10-09T21:30:11","2021-10-09T21:30:11",1,"None. Donation by check."]
[56902,"EF50-000271",5,"PayPal",1,1956,"N","2021-10-09","2021-10-09T21:31:10","2021-10-09T21:31:10",1,"None. Donation by check."]
[56903,"F50-000211",64,"CC",1,1964,"N","2021-10-10T05:28:20","2021-10-10T05:28:22","2021-10-10T05:28:22",1,64]
[56904,"F50-000212",63.51,"CC",1,1963,"N","2021-10-10T15:14:31","2021-10-10T15:14:33","2021-10-10T15:14:33",1,63.51]
[56905,"F50-000213",100,"CC",1,1963,"N","2021-10-11T00:24:54","2021-10-11T00:24:56","2021-10-11T00:24:56",1,100]
[56906,"F50-000214",250,"CC",1,1967,"N","2021-10-11T01:00:40","2021-10-11T01:00:42","2021-10-11T01:00:42",1,250]
[56907,"F50-000215",365,"CC",1,1969,"N","2021-10-11T01:08:19","2021-10-11T01:08:20","2021-10-11T01:08:20",1,365]
[56908,"F50-000216",100,"CC",1,1958,"N","2021-10-11T01:52:47","2021-10-11T01:52:49","2021-10-11T01:52:49",1,100]
[56909,"F50-000217",10,"CC",1,1980,"N","2021-10-11T04:13:26","2021-10-11T04:13:28","2021-10-11T04:13:28",1,10]
[56910,"F50-000218",75,"CC",2,2013,"N","2021-10-11T05:10:55","2021-10-11T05:10:57","2021-10-11T05:10:57",1,75]
[56911,"F50-000219",150,"CC",1,1963,"N","2021-10-11T05:40:02","2021-10-11T05:40:03","2021-10-11T05:40:03",1,150]
[56912,"F50-000220",200,"CC",1,1958,"N","2021-10-11T05:55:27","2021-10-11T05:55:28","2021-10-11T05:55:28",1,200]
[56913,"F50-000221",25,"CC",1,1968,"N","2021-10-11T05:58:43","2021-10-11T05:58:44","2021-10-11T05:58:44",1,25]
[56914,"F50-000222",66,"CC",1,1966,"N","2021-10-11T06:10:01","2021-10-11T06:10:03","2021-10-11T06:10:03",1,66]
[56915,"F50-000223",64,"CC",1,1964,"N","2021-10-11T06:18:59","2021-10-11T06:19:00","2021-10-11T06:19:00",1,64]
[56916,"F50-000224",50,"CC",1,1966,"N","2021-10-11T06:37:18","2021-10-11T06:37:20","2021-10-11T06:37:20",1,50]
[56917,"F50-000225",19.63,"CC",1,1963,"N","2021-10-11T06:44:02","2021-10-11T06:44:04","2021-10-11T06:44:04",1,19.63]
[56918,"F50-000226",64,"CC",1,1964,"N","2021-10-11T06:44:25","2021-10-11T06:44:27","2021-10-11T06:44:27",1,64]
[56919,"F50-000227",19.79,"CC",1,1979,"N","2021-10-11T06:58:42","2021-10-11T06:58:44","2021-10-11T06:58:44",1,19.79]
[56920,"F50-000228",50,"CC",1,1978,"N","2021-10-11T07:00:46","2021-10-11T07:00:47","2021-10-11T07:00:47",1,50]
[56921,"F50-000229",100,"CC",1,1960,"N","2021-10-11T07:05:10","2021-10-11T07:05:12","2021-10-11T07:05:12",1,100]
[56922,"F50-000230",100,"CC",1,1971,"N","2021-10-11T07:09:05","2021-10-11T07:09:06","2021-10-11T07:09:06",1,100]
[56923,"F50-000231",50,"CC",1,1980,"N","2021-10-11T07:19:38","2021-10-11T07:19:40","2021-10-11T07:19:40",1,50]
[56924,"F50-000232",50,"CC",1,1977,"N","2021-10-11T07:23:19","2021-10-11T07:23:21","2021-10-11T07:23:21",1,50]
[56925,"F50-000233",64,"CC",1,1964,"N","2021-10-11T07:35:39","2021-10-11T07:35:41","2021-10-11T07:35:41",1,64]
[56926,"F50-000234",25,"CC",1,1978,"N","2021-10-11T07:38:26","2021-10-11T07:38:28","2021-10-11T07:38:28",1,25]
[56927,"F50-000235",50,"CC",1,1975,"N","2021-10-11T07:48:08","2021-10-11T07:48:10","2021-10-11T07:48:10",1,50]
[56928,"F50-000236",50,"CC",1,1978,"N","2021-10-11T07:50:10","2021-10-11T07:50:12","2021-10-11T07:50:12",1,50]
[56929,"F50-000237",25,"CC",1,1978,"N","2021-10-11T07:52:25","2021-10-11T07:52:27","2021-10-11T07:52:27",1,25]
[56930,"F50-000238",77,"CC",1,1977,"N","2021-10-11T07:52:40","2021-10-11T07:52:41","2021-10-11T07:52:41",1,77]
[56931,"F50-000239",25,"CC",1,1982,"N","2021-10-11T07:56:24","2021-10-11T07:56:26","2021-10-11T07:56:26",1,25]
[56932,"F50-000240",50,"CC",1,1963,"N","2021-10-11T07:57:19","2021-10-11T07:57:20","2021-10-11T07:57:20",1,50]
[56933,"F50-000241",100,"CC",1,1966,"N","2021-10-11T07:58:17","2021-10-11T07:58:18","2021-10-11T07:58:18",1,100]
[56934,"F50-000242",100,"CC",1,1979,"N","2021-10-11T08:03:40","2021-10-11T08:03:41","2021-10-11T08:03:41",1,100]
[56935,"F50-000243",25,"CC",1,1976,"N","2021-10-11T08:12:25","2021-10-11T08:12:26","2021-10-11T08:12:26",1,25]
[56936,"F50-000244",50,"CC",1,1963,"N","2021-10-11T08:13:01","2021-10-11T08:13:03","2021-10-11T08:13:03",1,50]
[56937,"F50-000245",50,"CC",2,2012,"N","2021-10-11T08:16:27","2021-10-11T08:16:29","2021-10-11T08:16:29",1,50]
[56938,"F50-000246",25,"CC",1,1963,"N","2021-10-11T08:24:54","2021-10-11T08:24:55","2021-10-11T08:24:55",1,25]
[56939,"F50-000247",25,"CC",1,1964,"N","2021-10-11T08:25:35","2021-10-11T08:25:37","2021-10-11T08:25:37",1,25]
[56940,"F50-000248",100,"CC",1,1968,"N","2021-10-11T08:26:20","2021-10-11T08:26:21","2021-10-11T08:26:21",1,100]
[56941,"F50-000249",50,"CC",1,1959,"N","2021-10-11T08:31:21","2021-10-11T08:31:23","2021-10-11T08:31:23",1,50]
[56942,"F50-000250",100,"CC",1,1964,"N","2021-10-11T08:40:09","2021-10-11T08:40:10","2021-10-11T08:40:10",1,100]
[56943,"F50-000251",19.77,"CC",1,1977,"N","2021-10-11T08:40:46","2021-10-11T08:40:48","2021-10-11T08:40:48",1,19.77]
[56944,"F50-000252",25,"CC",1,1967,"N","2021-10-11T08:42:10","2021-10-11T08:42:12","2021-10-11T08:42:12",1,25]
[56945,"F50-000253",100,"CC",1,1968,"N","2021-10-11T09:00:00","2021-10-11T09:00:02","2021-10-11T09:00:02",1,100]
[56946,"F50-000254",55,"CC",5,1955,"N","2021-10-11T09:01:50","2021-10-11T09:01:51","2021-10-11T09:01:51",1,55]
[56947,"F50-000255",100,"CC",1,1966,"N","2021-10-11T09:03:08","2021-10-11T09:03:10","2021-10-11T09:03:10",1,100]
[56948,"F50-000256",56,"CC",1,1956,"N","2021-10-11T09:15:47","2021-10-11T09:15:48","2021-10-11T09:15:48",1,56]
[56949,"F50-000257",100,"CC",1,1951,"N","2021-10-11T09:18:46","2021-10-11T09:18:48","2021-10-11T09:18:48",1,100]
[56950,"F50-000258",25,"CC",1,1989,"N","2021-10-11T09:19:48","2021-10-11T09:19:50","2021-10-11T09:19:50",1,25]
[56951,"F50-000259",100,"CC",1,1965,"N","2021-10-11T09:26:48","2021-10-11T09:26:50","2021-10-11T09:26:50",1,100]
[56952,"F50-000260",15,"CC",1,1967,"N","2021-10-11T09:34:35","2021-10-11T09:34:37","2021-10-11T09:34:37",1,15]
[56953,"F50-000261",100,"CC",1,1967,"N","2021-10-11T09:37:45","2021-10-11T09:37:46","2021-10-11T09:37:46",1,100]
[56954,"F50-000262",100,"CC",1,1964,"N","2021-10-11T09:40:45","2021-10-11T09:40:46","2021-10-11T09:40:46",1,100]
[56955,"F50-000263",50,"CC",1,1989,"N","2021-10-11T09:45:16","2021-10-11T09:45:18","2021-10-11T09:45:18",1,50]
[56956,"F50-000264",25,"CC",1,1957,"N","2021-10-11T09:52:30","2021-10-11T09:52:32","2021-10-11T09:52:32",1,25]
[56957,"F50-000265",64,"CC",1,1964,"N","2021-10-11T09:55:20","2021-10-11T09:55:21","2021-10-11T09:55:21",1,64]
[56958,"F50-000266",50,"CC",5,1951,"N","2021-10-11T09:57:37","2021-10-11T09:57:39","2021-10-11T09:57:39",1,50]
[56959,"F50-000267",50,"CC",1,1951,"N","2021-10-11T09:59:46","2021-10-11T09:59:47","2021-10-11T09:59:47",1,50]
[56960,"F50-000268",64,"CC",1,1964,"N","2021-10-11T10:10:19","2021-10-11T10:10:21","2021-10-11T10:10:21",1,64]
[56961,"F50-000269",100,"CC",1,1980,"N","2021-10-11T10:13:58","2021-10-11T10:14:00","2021-10-11T10:14:00",1,100]
[56962,"F50-000270",25,"CC",1,1969,"N","2021-10-11T10:15:49","2021-10-11T10:15:51","2021-10-11T10:15:51",1,25]
[56963,"F50-000271",50,"CC",1,1964,"N","2021-10-11T10:16:52","2021-10-11T10:17:13","2021-10-11T10:17:13",1,50]
[56964,"F50-000272",100,"CC",1,1958,"N","2021-10-11T10:30:51","2021-10-11T10:30:53","2021-10-11T10:30:53",1,100]
[56965,"F50-000273",250,"CC",1,1955,"N","2021-10-11T10:33:31","2021-10-11T10:33:33","2021-10-11T10:33:33",1,250]
[56966,"F50-000274",50,"CC",6,1960,"N","2021-10-11T10:36:19","2021-10-11T10:36:20","2021-10-11T10:36:20",1,50]
[56967,"F50-000275",50,"CC",1,1969,"N","2021-10-11T10:43:55","2021-10-11T10:43:57","2021-10-11T10:43:57",1,50]
[56968,"F50-000276",50,"CC",1,1964,"N","2021-10-11T10:44:40","2021-10-11T10:44:42","2021-10-11T10:44:42",1,50]
[56969,"F50-000277",20,"CC",1,1964,"N","2021-10-11T10:45:22","2021-10-11T10:45:23","2021-10-11T10:45:23",1,20]
[56970,"F50-000278",50,"CC",1,1969,"N","2021-10-11T10:47:50","2021-10-11T10:47:51","2021-10-11T10:47:51",1,50]
[56971,"F50-000279",50,"CC",2,2015,"N","2021-10-11T10:48:06","2021-10-11T10:48:08","2021-10-11T10:48:08",1,50]
[56972,"F50-000280",100,"CC",1,1966,"N","2021-10-11T10:50:43","2021-10-11T10:50:45","2021-10-11T10:50:45",1,100]
[56973,"F50-000281",50,"CC",1,1960,"N","2021-10-11T10:56:07","2021-10-11T10:56:08","2021-10-11T10:56:08",1,50]
[56974,"F50-000282",78,"CC",1,1978,"N","2021-10-11T11:01:54","2021-10-11T11:01:56","2021-10-11T11:01:56",1,78]
[56975,"F50-000283",100,"CC",1,1968,"N","2021-10-11T11:07:56","2021-10-11T11:07:58","2021-10-11T11:07:58",1,100]
[56976,"F50-000284",50,"CC",4,2015,"N","2021-10-11T11:10:36","2021-10-11T11:10:38","2021-10-11T11:10:38",1,50]
[56977,"F50-000285",50,"CC",1,1960,"N","2021-10-11T11:12:40","2021-10-11T11:12:41","2021-10-11T11:12:41",1,50]
[56978,"F50-000286",25,"CC",1,1968,"N","2021-10-11T11:26:18","2021-10-11T11:26:19","2021-10-11T11:26:19",1,25]
[56979,"F50-000287",50,"CC",1,1978,"N","2021-10-11T11:27:33","2021-10-11T11:27:34","2021-10-11T11:27:34",1,50]
[56980,"F50-000288",200,"CC",1,1978,"N","2021-10-11T11:39:40","2021-10-11T11:39:42","2021-10-11T11:39:42",1,200]
[56981,"F50-000289",250,"CC",1,1978,"N","2021-10-11T11:52:56","2021-10-11T11:52:57","2021-10-11T11:52:57",1,250]
[56982,"F50-000290",50,"CC",1,1966,"N","2021-10-11T11:57:06","2021-10-11T11:57:07","2021-10-11T11:57:07",1,50]
[56983,"F50-000291",25,"CC",1,1955,"N","2021-10-11T12:04:54","2021-10-11T12:04:56","2021-10-11T12:04:56",1,25]
[56984,"F50-000292",100,"CC",6,1979,"N","2021-10-11T12:07:01","2021-10-11T12:07:02","2021-10-11T12:07:02",1,100]
[56985,"F50-000293",20,"CC",6,1959,"N","2021-10-11T12:10:52","2021-10-11T12:10:54","2021-10-11T12:10:54",1,20]
[56986,"F50-000294",25,"CC",1,1966,"N","2021-10-11T12:12:23","2021-10-11T12:12:25","2021-10-11T12:12:25",1,25]
[56987,"F50-000295",78,"CC",1,1978,"N","2021-10-11T12:19:45","2021-10-11T12:19:47","2021-10-11T12:19:47",1,78]
[56988,"F50-000296",300,"CC",1,1966,"N","2021-10-11T12:39:18","2021-10-11T12:39:20","2021-10-11T12:39:20",1,300]
[56989,"F50-000297",20,"CC",1,1964,"N","2021-10-11T12:39:35","2021-10-11T12:39:37","2021-10-11T12:39:37",1,20]
[56990,"F50-000298",25,"CC",1,1966,"N","2021-10-11T12:42:19","2021-10-11T12:42:21","2021-10-11T12:42:21",1,25]
[56991,"F50-000299",100,"CC",1,1963,"N","2021-10-11T12:57:48","2021-10-11T12:57:49","2021-10-11T12:57:49",1,100]
[56992,"F50-000300",50,"CC",1,1975,"N","2021-10-11T12:58:18","2021-10-11T12:58:20","2021-10-11T12:58:20",1,50]
[56993,"F50-000301",25,"CC",1,1989,"N","2021-10-11T13:22:10","2021-10-11T13:22:12","2021-10-11T13:22:12",1,25]
[56994,"F50-000302",50,"CC",1,1963,"N","2021-10-11T13:39:55","2021-10-11T13:39:57","2021-10-11T13:39:57",1,50]
[56995,"F50-000303",50,"CC",2,2005,"N","2021-10-11T13:43:11","2021-10-11T13:43:12","2021-10-11T13:43:12",1,50]
[56996,"F50-000304",25,"CC",1,1978,"N","2021-10-11T13:48:29","2021-10-11T13:48:30","2021-10-11T13:48:30",1,25]
[56997,"F50-000305",64,"CC",1,1964,"N","2021-10-11T14:15:15","2021-10-11T14:15:17","2021-10-11T14:15:17",1,64]
[56998,"F50-000306",50,"CC",1,1975,"N","2021-10-11T14:40:15","2021-10-11T14:40:16","2021-10-11T14:40:16",1,50]
[56999,"F50-000308",77,"CC",1,1977,"N","2021-10-11T14:45:27","2021-10-11T14:45:29","2021-10-11T14:45:29",1,77]
[57000,"F50-000309",19.77,"CC",1,1977,"N","2021-10-11T14:46:26","2021-10-11T14:46:28","2021-10-11T14:46:28",1,19.77]
[57001,"F50-000310",50,"CC",1,1957,"N","2021-10-11T15:00:20","2021-10-11T15:00:21","2021-10-11T15:00:21",1,50]
[57002,"F50-000311",25,"CC",1,1977,"N","2021-10-11T15:06:44","2021-10-11T15:06:46","2021-10-11T15:06:46",1,25]
[57003,"F50-000312",77,"CC",1,1977,"N","2021-10-11T15:10:20","2021-10-11T15:10:21","2021-10-11T15:10:21",1,77]
[57004,"F50-000313",50,"CC",1,1958,"N","2021-10-11T15:12:56","2021-10-11T15:12:59","2021-10-11T15:12:59",1,50]
[57005,"F50-000314",64,"CC",1,1964,"N","2021-10-11T15:20:14","2021-10-11T15:20:16","2021-10-11T15:20:16",1,64]
[57006,"F50-000315",19.77,"CC",1,1977,"N","2021-10-11T15:22:24","2021-10-11T15:22:26","2021-10-11T15:22:26",1,19.77]
[57007,"F50-000316",25,"CC",1,1957,"N","2021-10-11T15:38:59","2021-10-11T15:39:00","2021-10-11T15:39:00",1,25]
[57008,"F50-000317",100,"CC",1,1968,"N","2021-10-11T16:16:30","2021-10-11T16:16:33","2021-10-11T16:16:33",1,100]
[57009,"F50-000318",25,"CC",1,1957,"N","2021-10-11T16:23:20","2021-10-11T16:23:21","2021-10-11T16:23:21",1,25]
[57010,"F50-000319",25,"CC",1,1975,"N","2021-10-11T16:33:01","2021-10-11T16:33:04","2021-10-11T16:33:04",1,25]
[57011,"F50-000320",50,"CC",1,1957,"N","2021-10-11T16:38:01","2021-10-11T16:38:03","2021-10-11T16:38:03",1,50]
[57012,"F50-000321",100,"CC",1,1958,"N","2021-10-11T16:40:54","2021-10-11T16:40:56","2021-10-11T16:40:56",1,100]
[57013,"F50-000322",100,"CC",1,1966,"N","2021-10-11T16:46:45","2021-10-11T16:46:46","2021-10-11T16:46:46",1,100]
[57014,"F50-000323",25,"CC",1,1969,"N","2021-10-11T16:56:57","2021-10-11T16:56:58","2021-10-11T16:56:58",1,25]
[57015,"F50-000324",25.77,"CC",1,1977,"N","2021-10-11T16:57:48","2021-10-11T16:57:50","2021-10-11T16:57:50",1,25.77]
[57016,"F50-000325",150,"CC",1,1963,"N","2021-10-11T17:29:19","2021-10-11T17:29:21","2021-10-11T17:29:21",1,150]
[57017,"F50-000326",19.79,"CC",6,1979,"N","2021-10-11T17:30:03","2021-10-11T17:30:05","2021-10-11T17:30:05",1,19.79]
[57018,"F50-000327",100,"CC",1,1965,"N","2021-10-11T17:59:30","2021-10-11T17:59:31","2021-10-11T17:59:31",1,100]
[57019,"F50-000328",100,"CC",1,1965,"N","2021-10-11T18:01:12","2021-10-11T18:01:14","2021-10-11T18:01:14",1,100]
[57020,"F50-000329",77,"CC",1,1977,"N","2021-10-11T18:13:07","2021-10-11T18:13:09","2021-10-11T18:13:09",1,77]
[57021,"F50-000330",50,"CC",1,1969,"N","2021-10-11T18:31:42","2021-10-11T18:31:43","2021-10-11T18:31:43",1,50]
[57022,"F50-000331",100,"CC",1,1965,"N","2021-10-11T18:49:13","2021-10-11T18:49:14","2021-10-11T18:49:14",1,100]
[57023,"F50-000332",77,"CC",1,1977,"N","2021-10-11T19:13:16","2021-10-11T19:13:18","2021-10-11T19:13:18",1,77]
[57024,"F50-000333",25,"CC",1,1968,"N","2021-10-11T19:18:32","2021-10-11T19:18:34","2021-10-11T19:18:34",1,25]
[57025,"F50-000334",25,"CC",1,1977,"N","2021-10-11T19:35:32","2021-10-11T19:35:34","2021-10-11T19:35:34",1,25]
[57026,"F50-000335",50,"CC",2,2016,"N","2021-10-11T20:07:56","2021-10-11T20:07:57","2021-10-11T20:07:57",1,50]
[57027,"F50-000336",50,"CC",1,1969,"N","2021-10-11T21:33:32","2021-10-11T21:33:34","2021-10-11T21:33:34",1,50]
[57028,"F50-000337",64,"CC",1,1964,"N","2021-10-11T21:55:25","2021-10-11T21:55:26","2021-10-11T21:55:26",1,64]
[57029,"F50-000338",25,"CC",1,1959,"N","2021-10-11T22:55:56","2021-10-11T22:55:58","2021-10-11T22:55:58",1,25]
[57030,"F50-000339",64,"CC",1,1964,"N","2021-10-11T23:32:43","2021-10-11T23:32:44","2021-10-11T23:32:44",1,64]
[57031,"F50-000340",100,"CC",1,1948,"N","2021-10-11T23:38:42","2021-10-11T23:38:44","2021-10-11T23:38:44",1,100]
[57032,"F50-000341",100,"CC",1,1980,"N","2021-10-12T00:01:41","2021-10-12T00:01:43","2021-10-12T00:01:43",1,100]
[57033,"F50-000342",50,"CC",1,1979,"N","2021-10-12T07:34:19","2021-10-12T07:34:22","2021-10-12T07:34:22",1,50]
[57034,"F50-000343",200,"CC",1,1977,"N","2021-10-12T07:39:16","2021-10-12T07:39:18","2021-10-12T07:39:18",1,200]
[57035,"F50-000344",103,"CC",1,1975,"N","2021-10-12T08:31:02","2021-10-12T08:31:04","2021-10-12T08:31:04",1,103]
[57036,"F50-000345",100,"CC",1,1992,"N","2021-10-12T08:42:06","2021-10-12T08:42:08","2021-10-12T08:42:08",1,100]
[57037,"F50-000346",50,"CC",1,1978,"N","2021-10-12T09:01:57","2021-10-12T09:01:59","2021-10-12T09:01:59",1,50]
[57038,"F50-000347",30,"CC",1,1979,"N","2021-10-12T09:35:31","2021-10-12T09:35:33","2021-10-12T09:35:33",1,30]
[57039,"F50-000348",25,"CC",5,1946,"N","2021-10-12T09:39:10","2021-10-12T09:39:11","2021-10-12T09:39:11",1,25]
[57040,"F50-000349",30,"CC",1,1966,"N","2021-10-12T09:47:24","2021-10-12T09:47:25","2021-10-12T09:47:25",1,30]
[57041,"F50-000350",19.77,"CC",1,1977,"N","2021-10-12T10:16:29","2021-10-12T10:16:31","2021-10-12T10:16:31",1,19.77]
[57042,"F50-000351",50,"CC",1,1966,"N","2021-10-12T10:58:51","2021-10-12T10:58:53","2021-10-12T10:58:53",1,50]
[57043,"F50-000352",100,"CC",1,1964,"N","2021-10-12T10:59:25","2021-10-12T10:59:27","2021-10-12T10:59:27",1,100]
[57044,"F50-000353",10,"CC",1,1969,"N","2021-10-12T11:00:29","2021-10-12T11:00:31","2021-10-12T11:00:31",1,10]
[57045,"F50-000354",25,"CC",1,1956,"N","2021-10-12T11:25:18","2021-10-12T11:25:20","2021-10-12T11:25:20",1,25]
[57046,"F50-000355",777.77,"CC",1,1977,"N","2021-10-12T11:32:35","2021-10-12T11:32:37","2021-10-12T11:32:37",1,777.77]
[57047,"F50-000356",100,"CC",1,1987,"N","2021-10-12T11:41:14","2021-10-12T11:41:16","2021-10-12T11:41:16",1,100]
[57048,"F50-000357",100,"CC",1,1966,"N","2021-10-12T12:54:13","2021-10-12T12:54:15","2021-10-12T12:54:15",1,100]
[57049,"F50-000358",10.66,"CC",1,1966,"N","2021-10-12T13:21:42","2021-10-12T13:21:43","2021-10-12T13:21:43",1,10.66]
[57050,"F50-000359",50,"CC",1,1966,"N","2021-10-12T13:22:07","2021-10-12T13:22:08","2021-10-12T13:22:08",1,50]
[57051,"F50-000360",300,"CC",2,null,"N","2021-10-12T13:37:18","2021-10-12T13:37:20","2021-10-12T13:37:20",1,300]
[57052,"F50-000361",35,"CC",1,1959,"N","2021-10-12T15:13:47","2021-10-12T15:13:49","2021-10-12T15:13:49",1,35]
[57053,"F50-000362",25,"CC",1,1966,"N","2021-10-12T15:53:36","2021-10-12T15:53:38","2021-10-12T15:53:38",1,25]
[57054,"F50-000363",1000,"CC",1,1949,"N","2021-10-12T15:58:41","2021-10-12T15:58:43","2021-10-12T15:58:43",1,1000]
[57055,"F50-000366",64,"CC",1,1964,"N","2021-10-12T16:03:58","2021-10-12T16:04:00","2021-10-12T16:04:00",1,64]
[57056,"F50-000367",50,"CC",2,2006,"N","2021-10-12T16:20:32","2021-10-12T16:20:34","2021-10-12T16:20:34",1,50]
[57057,"F50-000368",100,"CC",1,1966,"N","2021-10-12T16:52:41","2021-10-12T16:52:42","2021-10-12T16:52:42",1,100]
[57058,"F50-000369",50,"CC",1,1966,"N","2021-10-12T17:14:36","2021-10-12T17:14:38","2021-10-12T17:14:38",1,50]
[57059,"F50-000370",50,"CC",1,1964,"N","2021-10-12T17:23:23","2021-10-12T17:23:25","2021-10-12T17:23:25",1,50]
[57060,"F50-000371",64,"CC",1,1964,"N","2021-10-12T17:44:04","2021-10-12T17:44:05","2021-10-12T17:44:05",1,64]
[57061,"F50-000372",100,"CC",6,1966,"N","2021-10-12T19:32:42","2021-10-12T19:32:44","2021-10-12T19:32:44",1,100]
[57062,"F50-000373",19.63,"CC",1,1963,"N","2021-10-12T20:52:59","2021-10-12T20:53:01","2021-10-12T20:53:01",1,19.63]
[57063,"F50-000374",100,"CC",1,1964,"N","2021-10-12T22:50:17","2021-10-12T22:50:19","2021-10-12T22:50:19",1,100]
[57064,"F50-000375",20,"CC",1,1980,"N","2021-10-13T00:20:58","2021-10-13T00:21:00","2021-10-13T00:21:00",1,20]
[57065,"F50-000379",100,"CC",1,1978,"N","2021-10-13T08:23:18","2021-10-13T08:23:20","2021-10-13T08:23:20",1,100]
[57066,"F50-000380",25,"CC",1,1966,"N","2021-10-13T08:45:46","2021-10-13T08:45:49","2021-10-13T08:45:49",1,25]
[57067,"F50-000381",50,"CC",null,1966,"N","2021-10-13T08:52:55","2021-10-13T08:52:57","2021-10-13T08:52:57",1,50]
[57068,"F50-000382",100,"CC",1,1977,"N","2021-10-13T09:03:11","2021-10-13T09:03:13","2021-10-13T09:03:13",1,100]
[57069,"F50-000383",200,"CC",2,2010,"N","2021-10-13T11:14:35","2021-10-13T11:14:37","2021-10-13T11:14:37",1,200]
[57070,"F50-000384",19.97,"CC",1,1997,"N","2021-10-13T12:16:01","2021-10-13T12:16:03","2021-10-13T12:16:03",1,19.97]
[57071,"F50-000385",50,"CC",2,2012,"N","2021-10-13T12:21:09","2021-10-13T12:21:11","2021-10-13T12:21:11",1,50]
[57072,"F50-000386",50,"CC",1,1968,"N","2021-10-13T13:00:56","2021-10-13T13:00:59","2021-10-13T13:00:59",1,50]
[57073,"F50-000387",50,"CC",1,1969,"N","2021-10-13T14:51:33","2021-10-13T14:51:35","2021-10-13T14:51:35",1,50]
[57074,"F50-000388",50,"CC",2,2015,"N","2021-10-13T14:54:36","2021-10-13T14:54:37","2021-10-13T14:54:37",1,50]
[57075,"F50-000389",50,"CC",1,1964,"N","2021-10-13T15:24:25","2021-10-13T15:24:26","2021-10-13T15:24:26",1,50]
[57076,"F50-000390",264,"CC",1,1964,"N","2021-10-13T15:58:56","2021-10-13T15:58:57","2021-10-13T15:58:57",1,264]
[57077,"F50-000391",100,"CC",1,1975,"N","2021-10-13T20:39:05","2021-10-13T20:39:07","2021-10-13T20:39:07",1,100]
[57078,"F50-000392",25,"CC",1,1957,"N","2021-10-13T23:35:03","2021-10-13T23:35:05","2021-10-13T23:35:05",1,25]
[57079,"F50-000393",25,"CC",1,1956,"N","2021-10-14T04:37:54","2021-10-14T04:37:57","2021-10-14T04:37:57",1,25]
[57080,"F50-000394",25,"CC",1,1975,"N","2021-10-14T10:27:26","2021-10-14T10:27:28","2021-10-14T10:27:28",1,25]
[57081,"F50-000395",55,"CC",1,1955,"N","2021-10-14T10:38:10","2021-10-14T10:38:12","2021-10-14T10:38:12",1,55]
[57082,"F50-000396",25,"CC",1,1979,"N","2021-10-14T11:22:15","2021-10-14T11:22:17","2021-10-14T11:22:17",1,25]
[57083,"F50-000397",25,"CC",1,2019,"N","2021-10-14T15:21:02","2021-10-14T15:21:04","2021-10-14T15:21:04",1,25]
[57084,"F50-000398",25,"CC",1,2020,"N","2021-10-14T15:26:10","2021-10-14T15:26:11","2021-10-14T15:26:11",1,25]
[57085,"F50-000399",200,"CC",1,1962,"N","2021-10-14T19:05:57","2021-10-14T19:05:59","2021-10-14T19:05:59",1,200]
[57086,"F50-000400",100,"CC",1,1978,"N","2021-10-14T19:42:22","2021-10-14T19:42:24","2021-10-14T19:42:24",1,100]
[57087,"F50-000401",50,"CC",null,1957,"N","2021-10-14T21:50:49","2021-10-14T21:50:51","2021-10-14T21:50:51",1,50]
[57088,"F50-000402",50,"CC",null,1978,"N","2021-10-15T06:55:10","2021-10-15T06:55:12","2021-10-15T06:55:12",1,50]
[57089,"F50-000403",50.77,"CC",1,1977,"N","2021-10-15T09:53:21","2021-10-15T09:53:22","2021-10-15T09:53:22",1,50.77]
[57090,"F50-000404",250,"CC",1,1975,"N","2021-10-15T10:01:02","2021-10-15T10:01:04","2021-10-15T10:01:04",1,250]
[57091,"F50-000405",50,"CC",1,1987,"N","2021-10-15T11:58:27","2021-10-15T11:58:29","2021-10-15T11:58:29",1,50]
[57092,"F50-000406",10,"CC",1,1958,"N","2021-10-15T16:24:05","2021-10-15T16:24:07","2021-10-15T16:24:07",1,10]
[57093,"EF50-000272",100,"Personal Check",5,1946,"N","2021-10-11","2021-10-15T16:49:19","2021-10-15T16:49:19",1,"None. Donation by check."]
[57094,"EF50-000273",55,"Personal Check",1,1955,"N","2021-10-09","2021-10-15T16:53:57","2021-10-15T16:53:57",1,"None. Donation by check."]
[57095,"EF50-000274",25,"Personal Check",1,1958,"N","2021-10-11","2021-10-15T16:55:47","2021-10-15T16:55:47",1,"None. Donation by check."]
[57096,"EF50-000275",40,"Personal Check",1,1948,"N","2021-10-08","2021-10-15T16:57:19","2021-10-15T16:57:19",1,"None. Donation by check."]
[57097,"EF50-000276",25,"Personal Check",1,1969,"N","2021-10-09","2021-10-15T16:58:45","2021-10-15T16:58:45",1,"None. Donation by check."]
[57098,"EF50-000277",64,"Personal Check",1,1964,"N","2021-10-13","2021-10-15T17:00:14","2021-10-15T17:00:14",1,"None. Donation by check."]
[57099,"EF50-000278",50,"Personal Check",1,1966,"N","2021-10-11","2021-10-15T17:01:25","2021-10-15T17:01:25",1,"None. Donation by check."]
[57100,"EF50-000279",250,"Personal Check",1,1946,"N","2021-10-12","2021-10-15T17:03:04","2021-10-15T17:03:04",1,"None. Donation by check."]
[57101,"EF50-000280",100,"Personal Check",2,2014,"N","2021-10-11","2021-10-15T17:05:47","2021-10-15T17:05:47",1,"None. Donation by check."]
[57102,"EF50-000281",250,"Personal Check",1,1955,"N","2021-10-09","2021-10-15T17:08:39","2021-10-15T17:08:39",1,"None. Donation by check."]
[57103,"EF50-000282",100,"Personal Check",1,1964,"N","2021-10-11","2021-10-15T17:12:19","2021-10-15T17:12:19",1,"None. Donation by check."]
[57104,"EF50-000283",50,"Personal Check",1,1986,"N","2021-10-05","2021-10-15T17:16:08","2021-10-15T17:16:08",1,"None. Donation by check."]
[57105,"EF50-000284",66,"Personal Check",1,1966,"N","2021-10-09","2021-10-15T17:22:04","2021-10-15T17:22:04",1,"None. Donation by check."]
[57106,"EF50-000285",25,"Personal Check",1,1968,"N","2021-10-05","2021-10-15T17:24:39","2021-10-15T17:24:39",1,"None. Donation by check."]
[57107,"EF50-000286",64,"Personal Check",1,1964,"N","2021-10-06","2021-10-15T17:26:30","2021-10-15T17:26:30",1,"None. Donation by check."]
[57108,"EF50-000287",50,"Personal Check",1,1955,"N","2021-10-06","2021-10-15T17:29:20","2021-10-15T17:29:20",1,"None. Donation by check."]
[57109,"EF50-000288",25,"Personal Check",1,1989,"N","2021-10-06","2021-10-15T17:30:35","2021-10-15T17:30:35",1,"None. Donation by check."]
[57110,"EF50-000289",100,"Personal Check",1,1960,"N","2021-10-07","2021-10-15T17:31:43","2021-10-15T17:31:43",1,"None. Donation by check."]
[57111,"EF50-000290",200,"Personal Check",1,1949,"N","2021-10-07","2021-10-15T17:33:02","2021-10-15T17:33:02",1,"None. Donation by check."]
[57112,"EF50-000291",250,"Personal Check",1,1969,"N","2021-10-06","2021-10-15T17:43:59","2021-10-15T17:43:59",1,"None. Donation by check."]
[57113,"EF50-000292",555,"Personal Check",1,1955,"N","2021-10-12","2021-10-15T17:47:22","2021-10-15T17:47:22",1,"None. Donation by check."]
[57114,"EF50-000293",100,"PayPal",1,1975,"N","2021-10-11","2021-10-15T18:05:05","2021-10-15T18:05:05",1,"None. Donation by check."]
[57115,"EF50-000294",19.79,"PayPal",1,1979,"N","2021-10-11","2021-10-15T18:07:27","2021-10-15T18:07:27",1,"None. Donation by check."]
[57116,"EF50-000295",100,"PayPal",1,1968,"N","2021-10-11","2021-10-15T18:09:16","2021-10-15T18:09:16",1,"None. Donation by check."]
[57117,"EF50-000296",5,"PayPal",1,1968,"N","2021-10-11","2021-10-15T18:13:09","2021-10-15T18:13:09",1,"None. Donation by check."]
[57118,"EF50-000297",100,"PayPal",1,1969,"N","2021-10-11","2021-10-15T18:16:01","2021-10-15T18:16:01",1,"None. Donation by check."]
[57119,"EF50-000298",25,"PayPal",1,1979,"N","2021-10-11","2021-10-15T18:23:46","2021-10-15T18:23:46",1,"None. Donation by check."]
[57120,"EF50-000299",10,"PayPal",1,1981,"N","2021-10-11","2021-10-15T18:25:30","2021-10-15T18:25:30",1,"None. Donation by check."]
[57121,"EF50-000300",100,"PayPal",2,2010,"N","2021-10-11","2021-10-15T18:26:28","2021-10-15T18:26:28",1,"None. Donation by check."]
[57122,"EF50-000301",50,"PayPal",1,1975,"N","2021-10-11","2021-10-15T18:27:25","2021-10-15T18:27:25",1,"None. Donation by check."]
[57123,"EF50-000302",30,"PayPal",1,1987,"N","2021-10-11","2021-10-15T18:28:39","2021-10-15T18:28:39",1,"None. Donation by check."]
[57124,"EF50-000303",25,"PayPal",1,1958,"N","2021-10-11","2021-10-15T18:29:55","2021-10-15T18:29:55",1,"None. Donation by check."]
[57125,"EF50-000304",50,"PayPal",4,1963,"N","2021-10-11","2021-10-15T18:33:36","2021-10-15T18:35:04",1,"None. Donation by check."]
[57126,"EF50-000305",10,"PayPal",1,1978,"N","2021-10-11","2021-10-15T18:36:30","2021-10-15T18:36:30",1,"None. Donation by check."]
[57127,"EF50-000306",50,"PayPal",1,1957,"N","2021-10-11","2021-10-15T18:37:38","2021-10-15T18:37:38",1,"None. Donation by check."]
[57128,"EF50-000307",25,"PayPal",1,1978,"N","2021-10-11","2021-10-15T18:38:52","2021-10-15T18:38:52",1,"None. Donation by check."]
[57129,"EF50-000308",50,"PayPal",1,1958,"N","2021-10-11","2021-10-15T18:40:08","2021-10-15T18:40:08",1,"None. Donation by check."]
[57130,"EF50-000309",25,"PayPal",1,1958,"N","2021-10-11","2021-10-15T18:41:16","2021-10-15T18:41:16",1,"None. Donation by check."]
[57131,"EF50-000310",100,"PayPal",1,1980,"N","2021-10-11","2021-10-15T18:42:38","2021-10-15T18:42:38",1,"None. Donation by check."]
[57132,"EF50-000311",50,"PayPal",2,2007,"N","2021-10-11","2021-10-15T18:44:01","2021-10-15T18:44:01",1,"None. Donation by check."]
[57133,"EF50-000312",50,"PayPal",1,1969,"N","2021-10-11","2021-10-15T18:45:08","2021-10-15T18:45:08",1,"None. Donation by check."]
[57134,"EF50-000313",100,"PayPal",1,1948,"N","2021-10-11","2021-10-15T18:46:08","2021-10-15T18:46:08",1,"None. Donation by check."]
[57135,"EF50-000314",30,"PayPal",1,1966,"N","2021-10-11","2021-10-15T18:47:06","2021-10-15T18:47:06",1,"None. Donation by check."]
[57136,"EF50-000315",100,"PayPal",1,1978,"N","2021-10-11","2021-10-15T18:48:18","2021-10-15T18:48:18",1,"None. Donation by check."]
[57137,"EF50-000316",30,"PayPal",1,1967,"N","2021-10-11","2021-10-15T19:05:05","2021-10-15T19:05:05",1,"None. Donation by check."]
[57138,"EF50-000317",35,"PayPal",1,1977,"N","2021-10-11","2021-10-15T19:06:23","2021-10-15T19:06:23",1,"None. Donation by check."]
[57139,"EF50-000318",196.3,"PayPal",1,1963,"N","2021-10-11","2021-10-15T19:07:35","2021-10-15T19:07:35",1,"None. Donation by check."]
[57140,"EF50-000319",250,"PayPal",1,1977,"N","2021-10-11","2021-10-15T19:08:31","2021-10-15T19:08:31",1,"None. Donation by check."]
[57141,"EF50-000320",25,"PayPal",1,1977,"N","2021-10-11","2021-10-15T19:09:48","2021-10-15T19:09:48",1,"None. Donation by check."]
[57142,"EF50-000321",30,"PayPal",1,1968,"N","2021-10-11","2021-10-15T19:11:40","2021-10-15T19:11:40",1,"None. Donation by check."]
[57143,"EF50-000322",100,"PayPal",2,2001,"N","2021-10-12","2021-10-15T19:13:23","2021-10-15T19:13:49",1,"None. Donation by check."]
[57144,"EF50-000323",25,"PayPal",2,2003,"N","2021-10-12","2021-10-15T19:15:44","2021-10-15T19:15:44",1,"None. Donation by check."]
[57145,"EF50-000324",25,"PayPal",4,null,"N","2021-10-12","2021-10-15T19:26:12","2021-10-15T19:26:12",1,"None. Donation by check."]
[57146,"EF50-000325",100,"PayPal",1,2011,"N","2021-10-12","2021-10-15T19:27:42","2021-10-15T19:27:42",1,"None. Donation by check."]
[57147,"EF50-000326",25,"PayPal",2,2020,"N","2021-10-12","2021-10-15T19:29:23","2021-10-15T19:29:23",1,"None. Donation by check."]
[57148,"EF50-000327",25,"PayPal",1,1975,"N","2021-10-12","2021-10-15T19:30:34","2021-10-15T19:30:34",1,"None. Donation by check."]
[57149,"EF50-000328",10,"PayPal",1,1980,"N","2021-10-13","2021-10-15T19:31:33","2021-10-15T19:31:33",1,"None. Donation by check."]
[57150,"EF50-000329",200,"PayPal",2,2008,"N","2021-10-13","2021-10-15T19:32:42","2021-10-15T19:32:42",1,"None. Donation by check."]
[57151,"EF50-000330",200,"PayPal",2,2010,"N","2021-10-13","2021-10-15T19:33:39","2021-10-15T19:33:39",1,"None. Donation by check."]
[57152,"F50-000407",10,"CC",2,2009,"N","2021-10-16T12:47:35","2021-10-16T12:47:36","2021-10-16T12:47:36",1,10]
[57153,"F50-000408",50,"CC",1,1975,"N","2021-10-16T19:47:55","2021-10-16T19:47:56","2021-10-16T19:47:56",1,50]
[57154,"F50-000409",25,"CC",1,1964,"N","2021-10-17T09:15:15","2021-10-17T09:15:18","2021-10-17T09:15:18",1,25]
[57155,"F50-000410",50,"CC",1,1958,"N","2021-10-17T11:04:44","2021-10-17T11:04:45","2021-10-17T11:04:45",1,50]
[57156,"F50-000411",78,"CC",1,1926,"N","2021-10-17T13:19:08","2021-10-17T13:19:09","2021-10-17T13:19:09",1,78]
[57157,"F50-000412",25,"CC",1,1981,"N","2021-10-17T14:30:50","2021-10-17T14:30:51","2021-10-17T14:30:51",1,25]
[57158,"F50-000413",25,"CC",1,1969,"N","2021-10-17T16:54:11","2021-10-17T16:54:13","2021-10-17T16:54:13",1,25]
[57159,"F50-000414",50,"CC",1,1968,"N","2021-10-18T10:33:43","2021-10-18T10:33:44","2021-10-18T10:33:44",1,50]
[57160,"F50-000415",25,"CC",1,2019,"N","2021-10-18T13:49:52","2021-10-18T13:49:53","2021-10-18T13:49:53",1,25]
[57161,"F50-000416",25,"CC",1,1969,"N","2021-10-18T14:23:16","2021-10-18T14:23:17","2021-10-18T14:23:17",1,25]
[57162,"F50-000417",55,"CC",5,1955,"N","2021-10-18T14:55:32","2021-10-18T14:55:34","2021-10-18T14:55:34",1,55]
[57163,"F50-000418",100,"CC",8,2012,"N","2021-10-18T16:55:12","2021-10-18T16:55:14","2021-10-18T16:55:14",1,100]
[57164,"F50-000419",100,"CC",1,1966,"N","2021-10-18T18:14:22","2021-10-18T18:14:24","2021-10-18T18:14:24",1,100]
[57165,"F50-000420",20,"CC",1,1956,"N","2021-10-18T18:23:45","2021-10-18T18:23:47","2021-10-18T18:23:47",1,20]
[57166,"F50-000421",50,"CC",2,2005,"N","2021-10-18T18:31:48","2021-10-18T18:31:50","2021-10-18T18:31:50",1,50]
[57167,"F50-000422",19.79,"CC",1,1979,"N","2021-10-18T18:34:53","2021-10-18T18:34:55","2021-10-18T18:34:55",1,19.79]
[57168,"F50-000423",10,"CC",null,1926,"N","2021-10-18T18:37:33","2021-10-18T18:37:35","2021-10-18T18:37:35",1,10]
[57169,"F50-000424",19.79,"CC",1,1979,"N","2021-10-18T18:37:49","2021-10-18T18:37:50","2021-10-18T18:37:50",1,19.79]
[57170,"F50-000425",25,"CC",1,1964,"N","2021-10-18T18:39:27","2021-10-18T18:39:28","2021-10-18T18:39:28",1,25]
[57171,"F50-000426",100,"CC",null,1968,"N","2021-10-18T18:40:12","2021-10-18T18:40:13","2021-10-18T18:40:13",1,100]
[57172,"F50-000427",100,"CC",1,1968,"N","2021-10-18T18:47:20","2021-10-18T18:47:22","2021-10-18T18:47:22",1,100]
[57173,"F50-000428",100,"CC",2,2015,"N","2021-10-18T18:54:49","2021-10-18T18:54:50","2021-10-18T18:54:50",1,100]
[57174,"F50-000429",50,"CC",1,1975,"N","2021-10-18T18:55:38","2021-10-18T18:55:40","2021-10-18T18:55:40",1,50]
[57175,"F50-000430",25,"CC",1,1964,"N","2021-10-18T18:56:41","2021-10-18T18:56:42","2021-10-18T18:56:42",1,25]
[57176,"F50-000431",100,"CC",1,1980,"N","2021-10-18T19:02:51","2021-10-18T19:02:53","2021-10-18T19:02:53",1,100]
[57177,"F50-000432",79,"CC",1,1979,"N","2021-10-18T19:07:42","2021-10-18T19:07:44","2021-10-18T19:07:44",1,79]
[57178,"F50-000433",25,"CC",2,2006,"N","2021-10-18T19:10:22","2021-10-18T19:10:23","2021-10-18T19:10:23",1,25]
[57179,"F50-000434",100,"CC",1,1964,"N","2021-10-18T19:15:18","2021-10-18T19:15:20","2021-10-18T19:15:20",1,100]
[57180,"F50-000435",50,"CC",1,1968,"N","2021-10-18T19:17:13","2021-10-18T19:17:15","2021-10-18T19:17:15",1,50]
[57181,"F50-000436",100,"CC",1,1956,"N","2021-10-18T19:19:39","2021-10-18T19:19:41","2021-10-18T19:19:41",1,100]
[57182,"F50-000437",19.89,"CC",1,1989,"N","2021-10-18T19:23:46","2021-10-18T19:23:48","2021-10-18T19:23:48",1,19.89]
[57183,"F50-000438",19.63,"CC",1,1963,"N","2021-10-18T19:25:41","2021-10-18T19:25:42","2021-10-18T19:25:42",1,19.63]
[57184,"F50-000439",100,"CC",5,1964,"N","2021-10-18T19:28:31","2021-10-18T19:28:33","2021-10-18T19:28:33",1,100]
[57185,"F50-000440",50,"CC",1,1968,"N","2021-10-18T19:29:50","2021-10-18T19:29:52","2021-10-18T19:29:52",1,50]
[57186,"F50-000441",25,"CC",1,1965,"N","2021-10-18T19:31:13","2021-10-18T19:31:14","2021-10-18T19:31:14",1,25]
[57187,"F50-000442",50,"CC",1,1978,"N","2021-10-18T19:35:26","2021-10-18T19:35:28","2021-10-18T19:35:28",1,50]
[57188,"F50-000443",50,"CC",null,1966,"N","2021-10-18T19:49:13","2021-10-18T19:49:15","2021-10-18T19:49:15",1,50]
[57189,"F50-000444",250,"CC",5,1958,"N","2021-10-18T19:50:50","2021-10-18T19:50:51","2021-10-18T19:50:51",1,250]
[57190,"F50-000445",100,"CC",2,2010,"N","2021-10-18T19:52:25","2021-10-18T19:52:27","2021-10-18T19:52:27",1,100]
[57191,"F50-000446",25,"CC",1,1963,"N","2021-10-18T19:53:14","2021-10-18T19:53:15","2021-10-18T19:53:15",1,25]
[57192,"F50-000447",100,"CC",2,2015,"N","2021-10-18T19:54:49","2021-10-18T19:54:51","2021-10-18T19:54:51",1,100]
[57193,"F50-000448",50,"CC",1,1980,"N","2021-10-18T19:59:51","2021-10-18T19:59:53","2021-10-18T19:59:53",1,50]
[57194,"F50-000449",50,"CC",1,1959,"N","2021-10-18T20:07:58","2021-10-18T20:07:59","2021-10-18T20:07:59",1,50]
[57195,"F50-000450",12,"CC",1,1995,"N","2021-10-18T20:20:51","2021-10-18T20:20:52","2021-10-18T20:20:52",1,12]
[57196,"F50-000451",35,"CC",1,1969,"N","2021-10-18T20:22:23","2021-10-18T20:22:25","2021-10-18T20:22:25",1,35]
[57197,"F50-000452",100,"CC",5,1968,"N","2021-10-18T20:27:30","2021-10-18T20:27:32","2021-10-18T20:27:32",1,100]
[57198,"F50-000453",50,"CC",5,1965,"N","2021-10-18T20:45:37","2021-10-18T20:45:39","2021-10-18T20:45:39",1,50]
[57199,"F50-000454",50,"CC",1,1968,"N","2021-10-18T20:52:42","2021-10-18T20:52:44","2021-10-18T20:52:44",1,50]
[57200,"F50-000455",64,"CC",1,1964,"N","2021-10-18T20:55:49","2021-10-18T20:55:50","2021-10-18T20:55:50",1,64]
[57201,"F50-000456",19.79,"CC",1,1979,"N","2021-10-18T20:57:57","2021-10-18T20:57:59","2021-10-18T20:57:59",1,19.79]
[57202,"F50-000457",64,"CC",1,1964,"N","2021-10-18T21:02:35","2021-10-18T21:02:37","2021-10-18T21:02:37",1,64]

{"sheet":"Sheet11","index":7,"n_rows":62,"n_cols":1,"rows_kept":62,"cut":false,"hidden":true,"merged":[]}
[1]
[2]
[3]
[4]
[5]
[6]
[7]
[8]
[9]
[10]
[11]
[12]
[13]
[14]
[15]
[16]
[17]
[18]
[19]
[20]
[21]
[22]
[23]
[24]
[25]
[26]
[27]
[28]
[29]
[30]
[31]
[32]
[33]
[34]
[35]
[36]
[37]
[38]
[39]
[40]
[41]
[42]
[43]
[44]
[45]
[46]
[47]
[48]
[49]
[50]
[51]
[52]
[53]
[54]
[55]
[56]
[57]
[58]
[59]
[60]
[61]
[62]